-- https://www.phpmyadmin.net/
--
-- Servidor: localhost
-- Tiempo de generación: 13-04-2019 a las 18:48:00
-- Versión del servidor: 5.7.25-0ubuntu0.18.04.2
-- Versión de PHP: 7.2.15-0ubuntu0.18.04.2

START TRANSACTION;



--
-- Base de datos: `paso2019`
--
CREATE DATABASE IF NOT EXISTS `paso2019` DEFAULT CHARACTER SET utf8 COLLATE utf8_general_ci;
USE `paso2019`;

-- --------------------------------------------------------

--
-- Estructura de tabla para la tabla `cb_candidatos`
--

CREATE TABLE IF NOT EXISTS `cb_candidatos` (
  `idcandidato` int(11) NOT NULL AUTO_INCREMENT,
  `idcargo` int(11) NOT NULL,
  `idpartido` int(11) NOT NULL,
  `idlinea` int(11) NOT NULL,
  `idzona` int(11) NOT NULL,
  `lista` varchar(255) NOT NULL,
  `nombre` varchar(50) NOT NULL,
  `imagen` varchar(250) NOT NULL,
  `orden` int(11) NOT NULL,
  `color` varchar(7) DEFAULT NULL,
  PRIMARY KEY (`idcandidato`),
  KEY `idlinea` (`idlinea`),
  KEY `idpartido` (`idpartido`),
  KEY `idcargo` (`idcargo`),
  KEY `idzona` (`idzona`),
  KEY `orden` (`orden`)
) ENGINE=InnoDB DEFAULT CHARSET=utf8;

--
-- Volcado de datos para la tabla `cb_candidatos`
--

INSERT INTO `cb_candidatos` (`idcandidato`, `idcargo`, `idpartido`, `idlinea`, `idzona`, `lista`, `nombre`, `imagen`, `orden`, `color`) VALUES
(4, 1, 2, 13, 3, 'Compromiso', 'KNEETEMAN', '', 10, NULL),
(5, 2, 2, 13, 3, 'Compromiso', 'ZITTERKOPF', '', 10, NULL),
(6, 1, 2, 15, 1, 'Cambiando Juntos', 'MELCHIORI', '', 10, NULL),
(7, 2, 2, 15, 1, 'Cambiando Juntos', 'LEISSA', '', 10, NULL),
(8, 1, 2, 16, 2, 'Cambiando Juntos', 'SITTNER', '', 10, NULL),
(9, 2, 2, 16, 2, 'Cambiando Juntos', 'SPOMER', '', 10, NULL),
(10, 1, 2, 17, 3, 'CAMBIANDO JUNTOS', 'BENEDETTI', '', 10, NULL),
(11, 2, 2, 17, 3, 'CAMBIANDO JUNTOS', 'VECCHIO', '', 10, NULL),
(12, 1, 2, 18, 5, 'CAMBIANDO JUNTOS', 'HOLZMANN', '', 10, NULL),
(13, 2, 2, 18, 5, 'CAMBIANDO JUNTOS', 'AIZAGA', '', 10, NULL),
(14, 1, 1, 4, 6, 'Unión Ciudadana', 'CONTI', '', 10, NULL),
(15, 2, 1, 4, 6, 'Unión Ciudadana', 'GODOY', '', 10, NULL),
(16, 1, 1, 6, 5, 'Todos Para Creer', 'SOSA', '', 10, NULL),
(17, 2, 1, 6, 5, 'Todos Para Creer', 'SANCHEZ', '', 10, NULL),
(18, 1, 1, 9, 5, 'Creer Todos Juntos', 'CONSTANTINO', '', 10, NULL),
(19, 2, 1, 9, 5, 'Creer Todos Juntos', 'MURGUIA', '', 10, NULL),
(20, 1, 1, 30, 1, 'CREER ENTRE RIOS', 'PIAGGIO', '', 10, NULL),
(21, 2, 1, 30, 1, 'CREER ENTRE RIOS', 'BOARI', '', 10, NULL),
(22, 1, 1, 31, 2, 'Creer Entre Ríos', 'DIAZ CHAVES', '', 10, NULL),
(23, 2, 1, 31, 2, 'Creer Entre Ríos', 'CALLEGARI', '', 10, NULL),
(24, 1, 1, 32, 3, 'Creer Entre Ríos', 'HASSELL', '', 10, NULL),
(25, 2, 1, 31, 3, 'Creer Entre Ríos', 'TOMAS', '', 10, NULL),
(26, 1, 1, 33, 4, 'Creer Entre Rios', 'FEYT', '', 10, NULL),
(27, 2, 1, 33, 4, 'Creer Entre Rios', 'HAUSCH', '', 10, NULL),
(28, 1, 1, 34, 6, 'Creer Entre Ríos', 'CARDOZO', '', 10, NULL),
(29, 2, 1, 34, 6, 'Creer Entre Ríos', 'RIERA', '', 10, NULL),
(30, 1, 1, 35, 7, 'Creer Entre Ríos', 'ROMERO', '', 10, NULL),
(31, 2, 1, 35, 7, 'Creer Entre Ríos', 'BENEDETTI', '', 10, NULL),
(32, 1, 1, 45, 1, 'Juntos por Gualeguaychu', 'ROKO', '', 10, NULL),
(33, 2, 1, 45, 1, 'Juntos por Gualeguaychu', 'IRAZU', '', 10, NULL),
(34, 1, 8, 46, 4, 'Frente Para Todos', 'MARTINEZ', '', 10, NULL),
(35, 2, 8, 46, 4, 'Frente Para Todos', 'MOHLINGER', '', 10, NULL),
(36, 1, 4, 1, 1, 'Gualeguaychu Entre Todos', 'CARRAZZA', '', 10, NULL),
(37, 2, 4, 1, 1, 'Gualeguaychu Entre Todos', 'CASTILLO', '', 10, NULL),
(38, 1, 9, 2, 4, 'INTRANSIGENCIA POPULAR DE URDINARRAIN', 'LEDRI', '', 10, NULL),
(39, 2, 9, 2, 4, 'INTRANSIGENCIA POPULAR DE URDINARRAIN', 'GONZALEZ', '', 10, NULL),
(40, 1, 10, 8, 6, '#SEGUIMO!!!', 'DAVICO', '', 10, NULL),
(41, 2, 10, 8, 6, '#SEGUIMO!!!', 'GUARNUCCIO', '', 10, NULL),
(42, 1, 13, 28, 1, 'Progresismo Popular', 'LEUZE', '', 10, NULL),
(43, 2, 13, 28, 1, 'Progresismo Popular', 'AGUILAR', '', 10, NULL),
(44, 1, 12, 29, 7, 'Somos Carbó', 'DEGANUTTI', '', 10, NULL),
(45, 2, 12, 29, 7, 'Somos Carbó', 'CACERES', '', 10, NULL),
(46, 1, 7, 3, 3, 'VOLVER A NACER', 'KNEETEMAN', '', 10, NULL),
(47, 2, 7, 3, 3, 'VOLVER A NACER', 'RICALDE', '', 10, NULL),
(48, 1, 11, 44, 6, 'Somos Pueblo Belgrano', 'MARTINEZ', '', 10, NULL),
(49, 2, 11, 44, 6, 'Somos Pueblo Belgrano', 'BORCHES', '', 10, NULL),
(50, 5, 1, 55, 21, 'DIGNIDAD PERONISTA', 'CHARADIA', '', 10, NULL),
(51, 5, 2, 53, 21, 'Cambiando Juntos', 'BENEDETTI', '', 10, NULL),
(52, 5, 13, 47, 21, 'Progresismo Popular', 'ROMERO', '', 10, NULL),
(53, 5, 13, 48, 21, 'Alternativa Progresista', 'ALBANECE', '', 10, NULL),
(54, 5, 14, 49, 21, 'SER', 'LAPLACETTE', '', 10, NULL),
(55, 5, 1, 56, 21, 'ALTERNATIVA PARA EL PROGRESO PJ', 'GERDAU', '', 10, NULL),
(56, 5, 1, 50, 21, 'Creer Entre Ríos', 'MARADEY', '', 10, NULL),
(57, 5, 15, 51, 21, 'Nueva Izquierda', 'ANDREATTA', '', 10, NULL),
(58, 5, 16, 52, 21, 'Confederación Vecinalista Entre Ríos', 'ARENAS', '', 10, NULL),
(59, 4, 1, 55, 21, 'DIGNIDAD PERONISTA', 'SANCHEZ LOPEZ', '', 10, NULL),
(60, 4, 2, 53, 21, 'Cambiando Juntos', 'VITOR', '', 10, NULL),
(61, 4, 13, 47, 21, 'Progresismo Popular', 'MEILLARD', '', 10, NULL),
(62, 4, 13, 48, 21, 'Alternativa Progresista', 'MAGNI', '', 10, NULL),
(63, 4, 14, 49, 21, 'SER', 'MILOCCO', '', 10, NULL),
(64, 4, 1, 50, 21, 'Creer Entre Ríos', 'SOLANAS', '', 10, NULL),
(65, 4, 15, 51, 21, 'Nueva Izquierda', 'BURGOS', '', 10, NULL),
(66, 4, 1, 54, 21, 'Lealtad y Dignidad de Entre Rios', 'IVASCOV', '', 10, NULL),
(67, 4, 16, 52, 21, 'Confederación Vecinalista Entre Ríos', 'OLIVETTI', '', 10, NULL),
(68, 3, 2, 53, 21, 'Cambiando Juntos', 'BENEDETTI', '', 10, NULL),
(69, 3, 13, 47, 21, 'Progresismo Popular', 'LOPEZ', '', 10, NULL),
(70, 3, 13, 48, 21, 'Alternativa Progresista', 'BARZOLA', '', 10, NULL),
(71, 3, 14, 49, 21, 'SER', 'ACEBAL', '', 10, NULL),
(72, 3, 1, 50, 21, 'Creer Entre Ríos', 'BORDET', '', 10, NULL),
(73, 3, 15, 51, 21, 'Nueva Izquierda', 'MEINERS', '', 10, NULL),
(74, 3, 16, 52, 21, 'Confederación Vecinalista Entre Ríos', 'SAPETTI', '', 10, NULL),
(75, 3, 17, 57, 21, 'Blanco/Nulo/Otro', 'Blanco/Nulo/Otro', '', 10, NULL),
(76, 4, 17, 57, 21, 'Blanco/Nulo/Otro', 'Blanco/Nulo/Otro', '', 10, NULL),
(77, 5, 17, 57, 21, 'Blanco/Nulo/Otro', 'Blanco/Nulo/Otro', '', 10, NULL),
(78, 1, 17, 57, 21, 'Blanco/Nulo/Otro', 'Blanco/Nulo/Otro', '', 10, NULL),
(79, 2, 17, 57, 21, 'Blanco/Nulo/Otro', 'Blanco/Nulo/Otro', '', 10, NULL);

-- --------------------------------------------------------

--
-- Estructura de tabla para la tabla `cb_cargos`
--

CREATE TABLE IF NOT EXISTS `cb_cargos` (
  `idcargo` int(11) NOT NULL AUTO_INCREMENT,
  `nombre` varchar(40) NOT NULL,
  `orden` int(11) NOT NULL,
  PRIMARY KEY (`idcargo`),
  KEY `orden` (`orden`)
) ENGINE=InnoDB DEFAULT CHARSET=utf8;

--
-- Volcado de datos para la tabla `cb_cargos`
--

INSERT INTO `cb_cargos` (`idcargo`, `nombre`, `orden`) VALUES
(1, 'Intendente', 40),
(2, 'Concejales', 50),
(3, 'Gobernador', 10),
(4, 'Diputados', 20),
(5, 'Senadores', 30);

-- --------------------------------------------------------

--
-- Estructura de tabla para la tabla `cb_escrutinio`
--

CREATE TABLE IF NOT EXISTS `cb_escrutinio` (
  `idescrutinio` int(11) NOT NULL AUTO_INCREMENT,
  `mesa` int(11) NOT NULL,
  `idcandidato` int(11) NOT NULL,
  `votos` int(11) NOT NULL,
  PRIMARY KEY (`idescrutinio`),
  UNIQUE KEY `mesa` (`mesa`,`idcandidato`)
) ENGINE=InnoDB DEFAULT CHARSET=utf8;

--
-- Volcado de datos para la tabla `cb_escrutinio`
--

INSERT INTO `cb_escrutinio` (`idescrutinio`, `mesa`, `idcandidato`, `votos`) VALUES
(1, 2041, 0, 0),
(2, 2041, 1, 0),
(3, 2041, 2, 0),
(4, 2041, 3, 0),
(5, 2041, 4, 0),
(6, 2041, 5, 0),
(7, 2041, 6, 55),
(8, 2041, 7, 55),
(9, 2041, 8, 0),
(10, 2041, 9, 0),
(11, 2041, 10, 0),
(12, 2041, 11, 0),
(13, 2041, 12, 0),
(14, 2041, 13, 0),
(15, 2041, 14, 0),
(16, 2041, 15, 0),
(17, 2041, 16, 0),
(18, 2041, 17, 0),
(19, 2041, 18, 0),
(20, 2041, 19, 0),
(21, 2041, 20, 120),
(22, 2041, 21, 120),
(23, 2041, 22, 0),
(24, 2041, 23, 0),
(25, 2041, 24, 0),
(26, 2041, 25, 0),
(27, 2041, 26, 0),
(28, 2041, 27, 0),
(29, 2041, 28, 0),
(30, 2041, 29, 0),
(31, 2041, 30, 0),
(32, 2041, 31, 0),
(33, 2041, 32, 60),
(34, 2041, 33, 60),
(35, 2041, 34, 0),
(36, 2041, 35, 0),
(37, 2041, 36, 7),
(38, 2041, 37, 7),
(39, 2041, 38, 0),
(40, 2041, 39, 0),
(41, 2041, 40, 0),
(42, 2041, 41, 0),
(43, 2041, 42, 9),
(44, 2041, 43, 9),
(45, 2041, 44, 0),
(46, 2041, 45, 0),
(47, 2041, 46, 0),
(48, 2041, 47, 0),
(49, 2041, 48, 0),
(50, 2041, 49, 0),
(51, 2041, 50, 3),
(52, 2041, 51, 55),
(53, 2041, 52, 9),
(54, 2041, 53, 12),
(55, 2041, 54, 11),
(56, 2041, 55, 1),
(57, 2041, 56, 180),
(58, 2041, 57, 3),
(59, 2041, 58, 0),
(60, 2041, 59, 3),
(61, 2041, 60, 55),
(62, 2041, 61, 9),
(63, 2041, 62, 12),
(64, 2041, 63, 11),
(65, 2041, 64, 180),
(66, 2041, 65, 3),
(67, 2041, 66, 2),
(68, 2041, 67, 0),
(69, 2041, 68, 55),
(70, 2041, 69, 9),
(71, 2041, 70, 12),
(72, 2041, 71, 11),
(73, 2041, 72, 180),
(74, 2041, 73, 3),
(75, 2041, 74, 0),
(76, 2041, 75, 22),
(77, 2041, 76, 17),
(78, 2041, 77, 18),
(79, 2041, 78, 41),
(80, 2041, 79, 41),
(81, 2042, 0, 0),
(82, 2042, 1, 0),
(83, 2042, 2, 0),
(84, 2042, 3, 0),
(85, 2042, 4, 0),
(86, 2042, 5, 0),
(87, 2042, 6, 30),
(88, 2042, 7, 30),
(89, 2042, 8, 0),
(90, 2042, 9, 0),
(91, 2042, 10, 0),
(92, 2042, 11, 0),
(93, 2042, 12, 0),
(94, 2042, 13, 0),
(95, 2042, 14, 0),
(96, 2042, 15, 0),
(97, 2042, 16, 0),
(98, 2042, 17, 0),
(99, 2042, 18, 0),
(100, 2042, 19, 0),
(101, 2042, 20, 87),
(102, 2042, 21, 87),
(103, 2042, 22, 0),
(104, 2042, 23, 0),
(105, 2042, 24, 0),
(106, 2042, 25, 0),
(107, 2042, 26, 0),
(108, 2042, 27, 0),
(109, 2042, 28, 0),
(110, 2042, 29, 0),
(111, 2042, 30, 0),
(112, 2042, 31, 0),
(113, 2042, 32, 15),
(114, 2042, 33, 15),
(115, 2042, 34, 0),
(116, 2042, 35, 0),
(117, 2042, 36, 8),
(118, 2042, 37, 8),
(119, 2042, 38, 0),
(120, 2042, 39, 0),
(121, 2042, 40, 0),
(122, 2042, 41, 0),
(123, 2042, 42, 12),
(124, 2042, 43, 12),
(125, 2042, 44, 0),
(126, 2042, 45, 0),
(127, 2042, 46, 0),
(128, 2042, 47, 0),
(129, 2042, 48, 0),
(130, 2042, 49, 0),
(131, 2042, 50, 10),
(132, 2042, 51, 30),
(133, 2042, 52, 12),
(134, 2042, 53, 10),
(135, 2042, 54, 4),
(136, 2042, 55, 5),
(137, 2042, 56, 87),
(138, 2042, 57, 1),
(139, 2042, 58, 3),
(140, 2042, 59, 10),
(141, 2042, 60, 30),
(142, 2042, 61, 12),
(143, 2042, 62, 10),
(144, 2042, 63, 4),
(145, 2042, 64, 87),
(146, 2042, 65, 1),
(147, 2042, 66, 5),
(148, 2042, 67, 3),
(149, 2042, 68, 30),
(150, 2042, 69, 12),
(151, 2042, 70, 10),
(152, 2042, 71, 4),
(153, 2042, 72, 87),
(154, 2042, 73, 1),
(155, 2042, 74, 3),
(156, 2042, 75, 23),
(157, 2042, 76, 8),
(158, 2042, 77, 8),
(159, 2042, 78, 18),
(160, 2042, 79, 18),
(161, 2052, 0, 0),
(162, 2052, 1, 0),
(163, 2052, 2, 0),
(164, 2052, 3, 0),
(165, 2052, 4, 0),
(166, 2052, 5, 0),
(167, 2052, 6, 0),
(168, 2052, 7, 0),
(169, 2052, 8, 0),
(170, 2052, 9, 0),
(171, 2052, 10, 0),
(172, 2052, 11, 0),
(173, 2052, 12, 0),
(174, 2052, 13, 0),
(175, 2052, 14, 0),
(176, 2052, 15, 0),
(177, 2052, 16, 0),
(178, 2052, 17, 0),
(179, 2052, 18, 0),
(180, 2052, 19, 0),
(181, 2052, 20, 0),
(182, 2052, 21, 0),
(183, 2052, 22, 0),
(184, 2052, 23, 0),
(185, 2052, 24, 0),
(186, 2052, 25, 0),
(187, 2052, 26, 0),
(188, 2052, 27, 0),
(189, 2052, 28, 0),
(190, 2052, 29, 0),
(191, 2052, 30, 0),
(192, 2052, 31, 0),
(193, 2052, 32, 0),
(194, 2052, 33, 0),
(195, 2052, 34, 0),
(196, 2052, 35, 0),
(197, 2052, 36, 0),
(198, 2052, 37, 1),
(199, 2052, 38, 0),
(200, 2052, 39, 0),
(201, 2052, 40, 0),
(202, 2052, 41, 0),
(203, 2052, 42, 0),
(204, 2052, 43, 0),
(205, 2052, 44, 0),
(206, 2052, 45, 0),
(207, 2052, 46, 0),
(208, 2052, 47, 0),
(209, 2052, 48, 0),
(210, 2052, 49, 0),
(211, 2052, 50, 0),
(212, 2052, 51, 0),
(213, 2052, 52, 0),
(214, 2052, 53, 0),
(215, 2052, 54, 0),
(216, 2052, 55, 0),
(217, 2052, 56, 0),
(218, 2052, 57, 0),
(219, 2052, 58, 0),
(220, 2052, 59, 0),
(221, 2052, 60, 0),
(222, 2052, 61, 0),
(223, 2052, 62, 0),
(224, 2052, 63, 0),
(225, 2052, 64, 0),
(226, 2052, 65, 0),
(227, 2052, 66, 0),
(228, 2052, 67, 0),
(229, 2052, 68, 3),
(230, 2052, 69, 0),
(231, 2052, 70, 0),
(232, 2052, 71, 0),
(233, 2052, 72, 0),
(234, 2052, 73, 0),
(235, 2052, 74, 0),
(236, 2052, 75, 0),
(237, 2052, 76, 0),
(238, 2052, 77, 0),
(239, 2052, 78, 0),
(240, 2052, 79, 0),
(241, 1876, 0, 0),
(242, 1876, 1, 0),
(243, 1876, 2, 0),
(244, 1876, 3, 0),
(245, 1876, 4, 0),
(246, 1876, 5, 0),
(247, 1876, 6, 75),
(248, 1876, 7, 75),
(249, 1876, 8, 0),
(250, 1876, 9, 0),
(251, 1876, 10, 0),
(252, 1876, 11, 0),
(253, 1876, 12, 0),
(254, 1876, 13, 0),
(255, 1876, 14, 0),
(256, 1876, 15, 0),
(257, 1876, 16, 0),
(258, 1876, 17, 0),
(259, 1876, 18, 0),
(260, 1876, 19, 0),
(261, 1876, 20, 210),
(262, 1876, 21, 210),
(263, 1876, 22, 0),
(264, 1876, 23, 0),
(265, 1876, 24, 0),
(266, 1876, 25, 0),
(267, 1876, 26, 0),
(268, 1876, 27, 0),
(269, 1876, 28, 0),
(270, 1876, 29, 0),
(271, 1876, 30, 0),
(272, 1876, 31, 0),
(273, 1876, 32, 30),
(274, 1876, 33, 30),
(275, 1876, 34, 0),
(276, 1876, 35, 0),
(277, 1876, 36, 6),
(278, 1876, 37, 6),
(279, 1876, 38, 0),
(280, 1876, 39, 0),
(281, 1876, 40, 0),
(282, 1876, 41, 0),
(283, 1876, 42, 5),
(284, 1876, 43, 5),
(285, 1876, 44, 0),
(286, 1876, 45, 0),
(287, 1876, 46, 0),
(288, 1876, 47, 0),
(289, 1876, 48, 0),
(290, 1876, 49, 0),
(291, 1876, 50, 2),
(292, 1876, 51, 75),
(293, 1876, 52, 5),
(294, 1876, 53, 1),
(295, 1876, 54, 4),
(296, 1876, 55, 1),
(297, 1876, 56, 225),
(298, 1876, 57, 1),
(299, 1876, 58, 0),
(300, 1876, 59, 2),
(301, 1876, 60, 75),
(302, 1876, 61, 5),
(303, 1876, 62, 1),
(304, 1876, 63, 4),
(305, 1876, 64, 225),
(306, 1876, 65, 1),
(307, 1876, 66, 1),
(308, 1876, 67, 0),
(309, 1876, 68, 75),
(310, 1876, 69, 5),
(311, 1876, 70, 1),
(312, 1876, 71, 4),
(313, 1876, 72, 230),
(314, 1876, 73, 1),
(315, 1876, 74, 0),
(316, 1876, 75, 10),
(317, 1876, 76, 12),
(318, 1876, 77, 12),
(319, 1876, 78, 0),
(320, 1876, 79, 0),
(321, 1877, 0, 0),
(322, 1877, 1, 0),
(323, 1877, 2, 0),
(324, 1877, 3, 0),
(325, 1877, 4, 0),
(326, 1877, 5, 0),
(327, 1877, 6, 0),
(328, 1877, 7, 10),
(329, 1877, 8, 0),
(330, 1877, 9, 0),
(331, 1877, 10, 0),
(332, 1877, 11, 0),
(333, 1877, 12, 0),
(334, 1877, 13, 0),
(335, 1877, 14, 0),
(336, 1877, 15, 0),
(337, 1877, 16, 0),
(338, 1877, 17, 0),
(339, 1877, 18, 0),
(340, 1877, 19, 0),
(341, 1877, 20, 230),
(342, 1877, 21, 200),
(343, 1877, 22, 0),
(344, 1877, 23, 0),
(345, 1877, 24, 0),
(346, 1877, 25, 0),
(347, 1877, 26, 0),
(348, 1877, 27, 0),
(349, 1877, 28, 0),
(350, 1877, 29, 0),
(351, 1877, 30, 0),
(352, 1877, 31, 0),
(353, 1877, 32, 0),
(354, 1877, 33, 0),
(355, 1877, 34, 0),
(356, 1877, 35, 0),
(357, 1877, 36, 30),
(358, 1877, 37, 0),
(359, 1877, 38, 0),
(360, 1877, 39, 0),
(361, 1877, 40, 0),
(362, 1877, 41, 0),
(363, 1877, 42, 0),
(364, 1877, 43, 0),
(365, 1877, 44, 0),
(366, 1877, 45, 0),
(367, 1877, 46, 0),
(368, 1877, 47, 0),
(369, 1877, 48, 0),
(370, 1877, 49, 0),
(371, 1877, 50, 0),
(372, 1877, 51, 0),
(373, 1877, 52, 0),
(374, 1877, 53, 0),
(375, 1877, 54, 0),
(376, 1877, 55, 0),
(377, 1877, 56, 200),
(378, 1877, 57, 0),
(379, 1877, 58, 0),
(380, 1877, 59, 30),
(381, 1877, 60, 50),
(382, 1877, 61, 1),
(383, 1877, 62, 0),
(384, 1877, 63, 0),
(385, 1877, 64, 100),
(386, 1877, 65, 0),
(387, 1877, 66, 50),
(388, 1877, 67, 0),
(389, 1877, 68, 50),
(390, 1877, 69, 40),
(391, 1877, 70, 0),
(392, 1877, 71, 0),
(393, 1877, 72, 250),
(394, 1877, 73, 0),
(395, 1877, 74, 0),
(396, 1877, 75, 0),
(397, 1877, 76, 0),
(398, 1877, 77, 0),
(399, 1877, 78, 0),
(400, 1877, 79, 0),
(401, 2075, 0, 0),
(402, 2075, 1, 0),
(403, 2075, 2, 0),
(404, 2075, 3, 0),
(405, 2075, 4, 0),
(406, 2075, 5, 0),
(407, 2075, 6, 5),
(408, 2075, 7, 5),
(409, 2075, 8, 0),
(410, 2075, 9, 0),
(411, 2075, 10, 0),
(412, 2075, 11, 0),
(413, 2075, 12, 0),
(414, 2075, 13, 0),
(415, 2075, 14, 0),
(416, 2075, 15, 0),
(417, 2075, 16, 0),
(418, 2075, 17, 0),
(419, 2075, 18, 0),
(420, 2075, 19, 0),
(421, 2075, 20, 260),
(422, 2075, 21, 270),
(423, 2075, 22, 0),
(424, 2075, 23, 0),
(425, 2075, 24, 0),
(426, 2075, 25, 0),
(427, 2075, 26, 0),
(428, 2075, 27, 0),
(429, 2075, 28, 0),
(430, 2075, 29, 0),
(431, 2075, 30, 0),
(432, 2075, 31, 0),
(433, 2075, 32, 10),
(434, 2075, 33, 10),
(435, 2075, 34, 0),
(436, 2075, 35, 0),
(437, 2075, 36, 10),
(438, 2075, 37, 10),
(439, 2075, 38, 0),
(440, 2075, 39, 0),
(441, 2075, 40, 0),
(442, 2075, 41, 0),
(443, 2075, 42, 21),
(444, 2075, 43, 21),
(445, 2075, 44, 0),
(446, 2075, 45, 0),
(447, 2075, 46, 0),
(448, 2075, 47, 0),
(449, 2075, 48, 0),
(450, 2075, 49, 0),
(451, 2075, 50, 10),
(452, 2075, 51, 20),
(453, 2075, 52, 30),
(454, 2075, 53, 10),
(455, 2075, 54, 10),
(456, 2075, 55, 10),
(457, 2075, 56, 200),
(458, 2075, 57, 10),
(459, 2075, 58, 6),
(460, 2075, 59, 10),
(461, 2075, 60, 10),
(462, 2075, 61, 40),
(463, 2075, 62, 20),
(464, 2075, 63, 13),
(465, 2075, 64, 200),
(466, 2075, 65, 2),
(467, 2075, 66, 10),
(468, 2075, 67, 1),
(469, 2075, 68, 50),
(470, 2075, 69, 30),
(471, 2075, 70, 20),
(472, 2075, 71, 1),
(473, 2075, 72, 200),
(474, 2075, 73, 3),
(475, 2075, 74, 2),
(476, 2075, 75, 0),
(477, 2075, 76, 0),
(478, 2075, 77, 0),
(479, 2075, 78, 0),
(480, 2075, 79, 0),
(481, 1929, 0, 0),
(482, 1929, 1, 0),
(483, 1929, 2, 0),
(484, 1929, 3, 0),
(485, 1929, 4, 0),
(486, 1929, 5, 0),
(487, 1929, 6, 75),
(488, 1929, 7, 75),
(489, 1929, 8, 0),
(490, 1929, 9, 0),
(491, 1929, 10, 0),
(492, 1929, 11, 0),
(493, 1929, 12, 0),
(494, 1929, 13, 0),
(495, 1929, 14, 0),
(496, 1929, 15, 0),
(497, 1929, 16, 0),
(498, 1929, 17, 0),
(499, 1929, 18, 0),
(500, 1929, 19, 0),
(501, 1929, 20, 210),
(502, 1929, 21, 210),
(503, 1929, 22, 0),
(504, 1929, 23, 0),
(505, 1929, 24, 0),
(506, 1929, 25, 0),
(507, 1929, 26, 0),
(508, 1929, 27, 0),
(509, 1929, 28, 0),
(510, 1929, 29, 0),
(511, 1929, 30, 0),
(512, 1929, 31, 0),
(513, 1929, 32, 40),
(514, 1929, 33, 0),
(515, 1929, 34, 0),
(516, 1929, 35, 0),
(517, 1929, 36, 6),
(518, 1929, 37, 0),
(519, 1929, 38, 0),
(520, 1929, 39, 0),
(521, 1929, 40, 0),
(522, 1929, 41, 0),
(523, 1929, 42, 5),
(524, 1929, 43, 5),
(525, 1929, 44, 0),
(526, 1929, 45, 0),
(527, 1929, 46, 0),
(528, 1929, 47, 0),
(529, 1929, 48, 0),
(530, 1929, 49, 0),
(531, 1929, 50, 2),
(532, 1929, 51, 75),
(533, 1929, 52, 5),
(534, 1929, 53, 1),
(535, 1929, 54, 4),
(536, 1929, 55, 1),
(537, 1929, 56, 225),
(538, 1929, 57, 1),
(539, 1929, 58, 0),
(540, 1929, 59, 12),
(541, 1929, 60, 75),
(542, 1929, 61, 0),
(543, 1929, 62, 1),
(544, 1929, 63, 4),
(545, 1929, 64, 0),
(546, 1929, 65, 1),
(547, 1929, 66, 0),
(548, 1929, 67, 0),
(549, 1929, 68, 75),
(550, 1929, 69, 5),
(551, 1929, 70, 1),
(552, 1929, 71, 4),
(553, 1929, 72, 240),
(554, 1929, 73, 1),
(555, 1929, 74, 0),
(556, 1929, 75, 10),
(557, 1929, 76, 12),
(558, 1929, 77, 12),
(559, 1929, 78, 0),
(560, 1929, 79, 0),
(561, 2076, 0, 0),
(562, 2076, 1, 0),
(563, 2076, 2, 0),
(564, 2076, 3, 0),
(565, 2076, 4, 0),
(566, 2076, 5, 0),
(567, 2076, 6, 5),
(568, 2076, 7, 5),
(569, 2076, 8, 0),
(570, 2076, 9, 0),
(571, 2076, 10, 0),
(572, 2076, 11, 0),
(573, 2076, 12, 0),
(574, 2076, 13, 0),
(575, 2076, 14, 0),
(576, 2076, 15, 0),
(577, 2076, 16, 0),
(578, 2076, 17, 0),
(579, 2076, 18, 0),
(580, 2076, 19, 0),
(581, 2076, 20, 260),
(582, 2076, 21, 260),
(583, 2076, 22, 0),
(584, 2076, 23, 0),
(585, 2076, 24, 0),
(586, 2076, 25, 0),
(587, 2076, 26, 0),
(588, 2076, 27, 0),
(589, 2076, 28, 0),
(590, 2076, 29, 0),
(591, 2076, 30, 0),
(592, 2076, 31, 0),
(593, 2076, 32, 10),
(594, 2076, 33, 10),
(595, 2076, 34, 0),
(596, 2076, 35, 0),
(597, 2076, 36, 10),
(598, 2076, 37, 10),
(599, 2076, 38, 0),
(600, 2076, 39, 0),
(601, 2076, 40, 0),
(602, 2076, 41, 0),
(603, 2076, 42, 21),
(604, 2076, 43, 21),
(605, 2076, 44, 0),
(606, 2076, 45, 0),
(607, 2076, 46, 0),
(608, 2076, 47, 0),
(609, 2076, 48, 0),
(610, 2076, 49, 0),
(611, 2076, 50, 10),
(612, 2076, 51, 20),
(613, 2076, 52, 30),
(614, 2076, 53, 10),
(615, 2076, 54, 10),
(616, 2076, 55, 10),
(617, 2076, 56, 200),
(618, 2076, 57, 10),
(619, 2076, 58, 6),
(620, 2076, 59, 10),
(621, 2076, 60, 10),
(622, 2076, 61, 40),
(623, 2076, 62, 20),
(624, 2076, 63, 13),
(625, 2076, 64, 200),
(626, 2076, 65, 2),
(627, 2076, 66, 10),
(628, 2076, 67, 1),
(629, 2076, 68, 50),
(630, 2076, 69, 30),
(631, 2076, 70, 20),
(632, 2076, 71, 1),
(633, 2076, 72, 200),
(634, 2076, 73, 3),
(635, 2076, 74, 2),
(636, 2076, 75, 0),
(637, 2076, 76, 0),
(638, 2076, 77, 0),
(639, 2076, 78, 0),
(640, 2076, 79, 0),
(641, 1887, 0, 0),
(642, 1887, 1, 0),
(643, 1887, 2, 0),
(644, 1887, 3, 0),
(645, 1887, 4, 0),
(646, 1887, 5, 0),
(647, 1887, 6, 50),
(648, 1887, 7, 50),
(649, 1887, 8, 0),
(650, 1887, 9, 0),
(651, 1887, 10, 0),
(652, 1887, 11, 0),
(653, 1887, 12, 0),
(654, 1887, 13, 0),
(655, 1887, 14, 0),
(656, 1887, 15, 0),
(657, 1887, 16, 0),
(658, 1887, 17, 0),
(659, 1887, 18, 0),
(660, 1887, 19, 0),
(661, 1887, 20, 280),
(662, 1887, 21, 280),
(663, 1887, 22, 0),
(664, 1887, 23, 0),
(665, 1887, 24, 0),
(666, 1887, 25, 0),
(667, 1887, 26, 0),
(668, 1887, 27, 0),
(669, 1887, 28, 0),
(670, 1887, 29, 0),
(671, 1887, 30, 0),
(672, 1887, 31, 0),
(673, 1887, 32, 0),
(674, 1887, 33, 0),
(675, 1887, 34, 0),
(676, 1887, 35, 0),
(677, 1887, 36, 0),
(678, 1887, 37, 0),
(679, 1887, 38, 0),
(680, 1887, 39, 0),
(681, 1887, 40, 0),
(682, 1887, 41, 0),
(683, 1887, 42, 0),
(684, 1887, 43, 0),
(685, 1887, 44, 0),
(686, 1887, 45, 0),
(687, 1887, 46, 0),
(688, 1887, 47, 0),
(689, 1887, 48, 0),
(690, 1887, 49, 0),
(691, 1887, 50, 0),
(692, 1887, 51, 50),
(693, 1887, 52, 0),
(694, 1887, 53, 0),
(695, 1887, 54, 0),
(696, 1887, 55, 0),
(697, 1887, 56, 280),
(698, 1887, 57, 0),
(699, 1887, 58, 0),
(700, 1887, 59, 0),
(701, 1887, 60, 20),
(702, 1887, 61, 0),
(703, 1887, 62, 0),
(704, 1887, 63, 0),
(705, 1887, 64, 280),
(706, 1887, 65, 0),
(707, 1887, 66, 0),
(708, 1887, 67, 0),
(709, 1887, 68, 50),
(710, 1887, 69, 0),
(711, 1887, 70, 0),
(712, 1887, 71, 0),
(713, 1887, 72, 280),
(714, 1887, 73, 0),
(715, 1887, 74, 0),
(716, 1887, 75, 0),
(717, 1887, 76, 0),
(718, 1887, 77, 5),
(719, 1887, 78, 0),
(720, 1887, 79, 0),
(721, 2077, 0, 0),
(722, 2077, 1, 0),
(723, 2077, 2, 0),
(724, 2077, 3, 0),
(725, 2077, 4, 0),
(726, 2077, 5, 0),
(727, 2077, 6, 5),
(728, 2077, 7, 5),
(729, 2077, 8, 0),
(730, 2077, 9, 0),
(731, 2077, 10, 0),
(732, 2077, 11, 0),
(733, 2077, 12, 0),
(734, 2077, 13, 0),
(735, 2077, 14, 0),
(736, 2077, 15, 0),
(737, 2077, 16, 0),
(738, 2077, 17, 0),
(739, 2077, 18, 0),
(740, 2077, 19, 0),
(741, 2077, 20, 260),
(742, 2077, 21, 260),
(743, 2077, 22, 0),
(744, 2077, 23, 0),
(745, 2077, 24, 0),
(746, 2077, 25, 0),
(747, 2077, 26, 0),
(748, 2077, 27, 0),
(749, 2077, 28, 0),
(750, 2077, 29, 0),
(751, 2077, 30, 0),
(752, 2077, 31, 0),
(753, 2077, 32, 10),
(754, 2077, 33, 10),
(755, 2077, 34, 0),
(756, 2077, 35, 0),
(757, 2077, 36, 10),
(758, 2077, 37, 10),
(759, 2077, 38, 0),
(760, 2077, 39, 0),
(761, 2077, 40, 0),
(762, 2077, 41, 0),
(763, 2077, 42, 21),
(764, 2077, 43, 21),
(765, 2077, 44, 0),
(766, 2077, 45, 0),
(767, 2077, 46, 0),
(768, 2077, 47, 0),
(769, 2077, 48, 0),
(770, 2077, 49, 0),
(771, 2077, 50, 10),
(772, 2077, 51, 20),
(773, 2077, 52, 30),
(774, 2077, 53, 10),
(775, 2077, 54, 10),
(776, 2077, 55, 10),
(777, 2077, 56, 200),
(778, 2077, 57, 10),
(779, 2077, 58, 6),
(780, 2077, 59, 10),
(781, 2077, 60, 10),
(782, 2077, 61, 40),
(783, 2077, 62, 20),
(784, 2077, 63, 13),
(785, 2077, 64, 200),
(786, 2077, 65, 2),
(787, 2077, 66, 10),
(788, 2077, 67, 1),
(789, 2077, 68, 50),
(790, 2077, 69, 30),
(791, 2077, 70, 20),
(792, 2077, 71, 1),
(793, 2077, 72, 200),
(794, 2077, 73, 3),
(795, 2077, 74, 2),
(796, 2077, 75, 0),
(797, 2077, 76, 0),
(798, 2077, 77, 0),
(799, 2077, 78, 0),
(800, 2077, 79, 0),
(801, 2017, 0, 0),
(802, 2017, 1, 0),
(803, 2017, 2, 0),
(804, 2017, 3, 0),
(805, 2017, 4, 0),
(806, 2017, 5, 0),
(807, 2017, 6, 55),
(808, 2017, 7, 55),
(809, 2017, 8, 0),
(810, 2017, 9, 0),
(811, 2017, 10, 0),
(812, 2017, 11, 0),
(813, 2017, 12, 0),
(814, 2017, 13, 0),
(815, 2017, 14, 0),
(816, 2017, 15, 0),
(817, 2017, 16, 0),
(818, 2017, 17, 0),
(819, 2017, 18, 0),
(820, 2017, 19, 0),
(821, 2017, 20, 129),
(822, 2017, 21, 125),
(823, 2017, 22, 0),
(824, 2017, 23, 0),
(825, 2017, 24, 0),
(826, 2017, 25, 0),
(827, 2017, 26, 0),
(828, 2017, 27, 0),
(829, 2017, 28, 0),
(830, 2017, 29, 0),
(831, 2017, 30, 0),
(832, 2017, 31, 0),
(833, 2017, 32, 60),
(834, 2017, 33, 60),
(835, 2017, 34, 0),
(836, 2017, 35, 0),
(837, 2017, 36, 7),
(838, 2017, 37, 7),
(839, 2017, 38, 0),
(840, 2017, 39, 0),
(841, 2017, 40, 0),
(842, 2017, 41, 0),
(843, 2017, 42, 0),
(844, 2017, 43, 9),
(845, 2017, 44, 0),
(846, 2017, 45, 0),
(847, 2017, 46, 0),
(848, 2017, 47, 0),
(849, 2017, 48, 0),
(850, 2017, 49, 0),
(851, 2017, 50, 3),
(852, 2017, 51, 55),
(853, 2017, 52, 9),
(854, 2017, 53, 12),
(855, 2017, 54, 11),
(856, 2017, 55, 1),
(857, 2017, 56, 180),
(858, 2017, 57, 3),
(859, 2017, 58, 0),
(860, 2017, 59, 3),
(861, 2017, 60, 55),
(862, 2017, 61, 9),
(863, 2017, 62, 12),
(864, 2017, 63, 11),
(865, 2017, 64, 180),
(866, 2017, 65, 3),
(867, 2017, 66, 2),
(868, 2017, 67, 0),
(869, 2017, 68, 55),
(870, 2017, 69, 9),
(871, 2017, 70, 12),
(872, 2017, 71, 11),
(873, 2017, 72, 180),
(874, 2017, 73, 3),
(875, 2017, 74, 0),
(876, 2017, 75, 24),
(877, 2017, 76, 17),
(878, 2017, 77, 0),
(879, 2017, 78, 0),
(880, 2017, 79, 38),
(881, 2078, 0, 0),
(882, 2078, 1, 0),
(883, 2078, 2, 0),
(884, 2078, 3, 0),
(885, 2078, 4, 0),
(886, 2078, 5, 0),
(887, 2078, 6, 19),
(888, 2078, 7, 46),
(889, 2078, 8, 0),
(890, 2078, 9, 0),
(891, 2078, 10, 0),
(892, 2078, 11, 0),
(893, 2078, 12, 0),
(894, 2078, 13, 0),
(895, 2078, 14, 0),
(896, 2078, 15, 0),
(897, 2078, 16, 0),
(898, 2078, 17, 0),
(899, 2078, 18, 0),
(900, 2078, 19, 0),
(901, 2078, 20, 0),
(902, 2078, 21, 100),
(903, 2078, 22, 0),
(904, 2078, 23, 0),
(905, 2078, 24, 0),
(906, 2078, 25, 0),
(907, 2078, 26, 0),
(908, 2078, 27, 0),
(909, 2078, 28, 0),
(910, 2078, 29, 0),
(911, 2078, 30, 0),
(912, 2078, 31, 0),
(913, 2078, 32, 33),
(914, 2078, 33, 34),
(915, 2078, 34, 0),
(916, 2078, 35, 0),
(917, 2078, 36, 45),
(918, 2078, 37, 78),
(919, 2078, 38, 0),
(920, 2078, 39, 0),
(921, 2078, 40, 0),
(922, 2078, 41, 0),
(923, 2078, 42, 9),
(924, 2078, 43, 0),
(925, 2078, 44, 0),
(926, 2078, 45, 0),
(927, 2078, 46, 0),
(928, 2078, 47, 0),
(929, 2078, 48, 0),
(930, 2078, 49, 0),
(931, 2078, 50, 66),
(932, 2078, 51, 10),
(933, 2078, 52, 99),
(934, 2078, 53, 9),
(935, 2078, 54, 0),
(936, 2078, 55, 0),
(937, 2078, 56, 100),
(938, 2078, 57, 0),
(939, 2078, 58, 9),
(940, 2078, 59, 20),
(941, 2078, 60, 18),
(942, 2078, 61, 66),
(943, 2078, 62, 0),
(944, 2078, 63, 0),
(945, 2078, 64, 100),
(946, 2078, 65, 9),
(947, 2078, 66, 50),
(948, 2078, 67, 9),
(949, 2078, 68, 16),
(950, 2078, 69, 45),
(951, 2078, 70, 9),
(952, 2078, 71, 9),
(953, 2078, 72, 100),
(954, 2078, 73, 9),
(955, 2078, 74, 9),
(956, 2078, 75, 9),
(957, 2078, 76, 99),
(958, 2078, 77, 9),
(959, 2078, 78, 9),
(960, 2078, 79, 9),
(961, 1889, 0, 0),
(962, 1889, 1, 0),
(963, 1889, 2, 0),
(964, 1889, 3, 0),
(965, 1889, 4, 0),
(966, 1889, 5, 0),
(967, 1889, 6, 75),
(968, 1889, 7, 75),
(969, 1889, 8, 0),
(970, 1889, 9, 0),
(971, 1889, 10, 0),
(972, 1889, 11, 0),
(973, 1889, 12, 0),
(974, 1889, 13, 0),
(975, 1889, 14, 0),
(976, 1889, 15, 0),
(977, 1889, 16, 0),
(978, 1889, 17, 0),
(979, 1889, 18, 0),
(980, 1889, 19, 0),
(981, 1889, 20, 210),
(982, 1889, 21, 210),
(983, 1889, 22, 0),
(984, 1889, 23, 0),
(985, 1889, 24, 0),
(986, 1889, 25, 0),
(987, 1889, 26, 0),
(988, 1889, 27, 0),
(989, 1889, 28, 0),
(990, 1889, 29, 0),
(991, 1889, 30, 0),
(992, 1889, 31, 0),
(993, 1889, 32, 30),
(994, 1889, 33, 30),
(995, 1889, 34, 0),
(996, 1889, 35, 0),
(997, 1889, 36, 6),
(998, 1889, 37, 6),
(999, 1889, 38, 0),
(1000, 1889, 39, 0),
(1001, 1889, 40, 0),
(1002, 1889, 41, 0),
(1003, 1889, 42, 5),
(1004, 1889, 43, 5),
(1005, 1889, 44, 0),
(1006, 1889, 45, 0),
(1007, 1889, 46, 0),
(1008, 1889, 47, 0),
(1009, 1889, 48, 0),
(1010, 1889, 49, 0),
(1011, 1889, 50, 2),
(1012, 1889, 51, 75),
(1013, 1889, 52, 5),
(1014, 1889, 53, 1),
(1015, 1889, 54, 4),
(1016, 1889, 55, 1),
(1017, 1889, 56, 225),
(1018, 1889, 57, 1),
(1019, 1889, 58, 0),
(1020, 1889, 59, 2),
(1021, 1889, 60, 75),
(1022, 1889, 61, 5),
(1023, 1889, 62, 1),
(1024, 1889, 63, 4),
(1025, 1889, 64, 225),
(1026, 1889, 65, 1),
(1027, 1889, 66, 1),
(1028, 1889, 67, 0),
(1029, 1889, 68, 75),
(1030, 1889, 69, 5),
(1031, 1889, 70, 1),
(1032, 1889, 71, 4),
(1033, 1889, 72, 230),
(1034, 1889, 73, 1),
(1035, 1889, 74, 0),
(1036, 1889, 75, 10),
(1037, 1889, 76, 12),
(1038, 1889, 77, 12),
(1039, 1889, 78, 0),
(1040, 1889, 79, 0),
(1041, 1998, 0, 0),
(1042, 1998, 1, 0),
(1043, 1998, 2, 0),
(1044, 1998, 3, 0),
(1045, 1998, 4, 0),
(1046, 1998, 5, 0),
(1047, 1998, 6, 1),
(1048, 1998, 7, 1),
(1049, 1998, 8, 0),
(1050, 1998, 9, 0),
(1051, 1998, 10, 0),
(1052, 1998, 11, 0),
(1053, 1998, 12, 0),
(1054, 1998, 13, 0),
(1055, 1998, 14, 0),
(1056, 1998, 15, 0),
(1057, 1998, 16, 0),
(1058, 1998, 17, 0),
(1059, 1998, 18, 0),
(1060, 1998, 19, 0),
(1061, 1998, 20, 289),
(1062, 1998, 21, 289),
(1063, 1998, 22, 0),
(1064, 1998, 23, 0),
(1065, 1998, 24, 0),
(1066, 1998, 25, 0),
(1067, 1998, 26, 0),
(1068, 1998, 27, 0),
(1069, 1998, 28, 0),
(1070, 1998, 29, 0),
(1071, 1998, 30, 0),
(1072, 1998, 31, 0),
(1073, 1998, 32, 0),
(1074, 1998, 33, 0),
(1075, 1998, 34, 0),
(1076, 1998, 35, 0),
(1077, 1998, 36, 0),
(1078, 1998, 37, 0),
(1079, 1998, 38, 0),
(1080, 1998, 39, 0),
(1081, 1998, 40, 0),
(1082, 1998, 41, 0),
(1083, 1998, 42, 0),
(1084, 1998, 43, 0),
(1085, 1998, 44, 0),
(1086, 1998, 45, 0),
(1087, 1998, 46, 0),
(1088, 1998, 47, 0),
(1089, 1998, 48, 0),
(1090, 1998, 49, 0),
(1091, 1998, 50, 0),
(1092, 1998, 51, 1),
(1093, 1998, 52, 0),
(1094, 1998, 53, 0),
(1095, 1998, 54, 0),
(1096, 1998, 55, 0),
(1097, 1998, 56, 289),
(1098, 1998, 57, 0),
(1099, 1998, 58, 0),
(1100, 1998, 59, 0),
(1101, 1998, 60, 1),
(1102, 1998, 61, 0),
(1103, 1998, 62, 0),
(1104, 1998, 63, 0),
(1105, 1998, 64, 289),
(1106, 1998, 65, 0),
(1107, 1998, 66, 0),
(1108, 1998, 67, 0),
(1109, 1998, 68, 1),
(1110, 1998, 69, 0),
(1111, 1998, 70, 0),
(1112, 1998, 71, 0),
(1113, 1998, 72, 289),
(1114, 1998, 73, 0),
(1115, 1998, 74, 0),
(1116, 1998, 75, 0),
(1117, 1998, 76, 0),
(1118, 1998, 77, 0),
(1119, 1998, 78, 0),
(1120, 1998, 79, 0),
(1121, 2079, 0, 0),
(1122, 2079, 1, 0),
(1123, 2079, 2, 0),
(1124, 2079, 3, 0),
(1125, 2079, 4, 0),
(1126, 2079, 5, 0),
(1127, 2079, 6, 25),
(1128, 2079, 7, 25),
(1129, 2079, 8, 0),
(1130, 2079, 9, 0),
(1131, 2079, 10, 0),
(1132, 2079, 11, 0),
(1133, 2079, 12, 0),
(1134, 2079, 13, 0),
(1135, 2079, 14, 0),
(1136, 2079, 15, 0),
(1137, 2079, 16, 0),
(1138, 2079, 17, 0),
(1139, 2079, 18, 0),
(1140, 2079, 19, 0),
(1141, 2079, 20, 300),
(1142, 2079, 21, 300),
(1143, 2079, 22, 0),
(1144, 2079, 23, 0),
(1145, 2079, 24, 0),
(1146, 2079, 25, 0),
(1147, 2079, 26, 0),
(1148, 2079, 27, 0),
(1149, 2079, 28, 0),
(1150, 2079, 29, 0),
(1151, 2079, 30, 0),
(1152, 2079, 31, 0),
(1153, 2079, 32, 25),
(1154, 2079, 33, 25),
(1155, 2079, 34, 0),
(1156, 2079, 35, 0),
(1157, 2079, 36, 0),
(1158, 2079, 37, 0),
(1159, 2079, 38, 0),
(1160, 2079, 39, 0),
(1161, 2079, 40, 0),
(1162, 2079, 41, 0),
(1163, 2079, 42, 0),
(1164, 2079, 43, 0),
(1165, 2079, 44, 0),
(1166, 2079, 45, 0),
(1167, 2079, 46, 0),
(1168, 2079, 47, 0),
(1169, 2079, 48, 0),
(1170, 2079, 49, 0),
(1171, 2079, 50, 0),
(1172, 2079, 51, 50),
(1173, 2079, 52, 0),
(1174, 2079, 53, 0),
(1175, 2079, 54, 0),
(1176, 2079, 55, 0),
(1177, 2079, 56, 300),
(1178, 2079, 57, 0),
(1179, 2079, 58, 0),
(1180, 2079, 59, 0),
(1181, 2079, 60, 50),
(1182, 2079, 61, 0),
(1183, 2079, 62, 0),
(1184, 2079, 63, 0),
(1185, 2079, 64, 300),
(1186, 2079, 65, 0),
(1187, 2079, 66, 0),
(1188, 2079, 67, 0),
(1189, 2079, 68, 50),
(1190, 2079, 69, 0),
(1191, 2079, 70, 0),
(1192, 2079, 71, 0),
(1193, 2079, 72, 300),
(1194, 2079, 73, 0),
(1195, 2079, 74, 0),
(1196, 2079, 75, 0),
(1197, 2079, 76, 0),
(1198, 2079, 77, 0),
(1199, 2079, 78, 0),
(1200, 2079, 79, 0),
(1201, 2018, 0, 0),
(1202, 2018, 1, 0),
(1203, 2018, 2, 0),
(1204, 2018, 3, 0),
(1205, 2018, 4, 0),
(1206, 2018, 5, 0),
(1207, 2018, 6, 75),
(1208, 2018, 7, 75),
(1209, 2018, 8, 0),
(1210, 2018, 9, 0),
(1211, 2018, 10, 0),
(1212, 2018, 11, 0),
(1213, 2018, 12, 0),
(1214, 2018, 13, 0),
(1215, 2018, 14, 0),
(1216, 2018, 15, 0),
(1217, 2018, 16, 0),
(1218, 2018, 17, 0),
(1219, 2018, 18, 0),
(1220, 2018, 19, 0),
(1221, 2018, 20, 210),
(1222, 2018, 21, 210),
(1223, 2018, 22, 0),
(1224, 2018, 23, 0),
(1225, 2018, 24, 0),
(1226, 2018, 25, 0),
(1227, 2018, 26, 0),
(1228, 2018, 27, 0),
(1229, 2018, 28, 0),
(1230, 2018, 29, 0),
(1231, 2018, 30, 0),
(1232, 2018, 31, 0),
(1233, 2018, 32, 30),
(1234, 2018, 33, 30),
(1235, 2018, 34, 0),
(1236, 2018, 35, 0),
(1237, 2018, 36, 6),
(1238, 2018, 37, 6),
(1239, 2018, 38, 0),
(1240, 2018, 39, 0),
(1241, 2018, 40, 0),
(1242, 2018, 41, 0),
(1243, 2018, 42, 5),
(1244, 2018, 43, 5),
(1245, 2018, 44, 0),
(1246, 2018, 45, 0),
(1247, 2018, 46, 0),
(1248, 2018, 47, 0),
(1249, 2018, 48, 0),
(1250, 2018, 49, 0),
(1251, 2018, 50, 2),
(1252, 2018, 51, 75),
(1253, 2018, 52, 5),
(1254, 2018, 53, 1),
(1255, 2018, 54, 4),
(1256, 2018, 55, 1),
(1257, 2018, 56, 225),
(1258, 2018, 57, 1),
(1259, 2018, 58, 0),
(1260, 2018, 59, 2),
(1261, 2018, 60, 75),
(1262, 2018, 61, 5),
(1263, 2018, 62, 1),
(1264, 2018, 63, 4),
(1265, 2018, 64, 225),
(1266, 2018, 65, 1),
(1267, 2018, 66, 0),
(1268, 2018, 67, 0),
(1269, 2018, 68, 75),
(1270, 2018, 69, 5),
(1271, 2018, 70, 1),
(1272, 2018, 71, 4),
(1273, 2018, 72, 230),
(1274, 2018, 73, 1),
(1275, 2018, 74, 0),
(1276, 2018, 75, 10),
(1277, 2018, 76, 12),
(1278, 2018, 77, 12),
(1279, 2018, 78, 0),
(1280, 2018, 79, 0),
(1281, 2080, 0, 0),
(1282, 2080, 1, 0),
(1283, 2080, 2, 0),
(1284, 2080, 3, 0),
(1285, 2080, 4, 0),
(1286, 2080, 5, 0),
(1287, 2080, 6, 0),
(1288, 2080, 7, 0),
(1289, 2080, 8, 0),
(1290, 2080, 9, 0),
(1291, 2080, 10, 0),
(1292, 2080, 11, 0),
(1293, 2080, 12, 0),
(1294, 2080, 13, 0),
(1295, 2080, 14, 0),
(1296, 2080, 15, 0),
(1297, 2080, 16, 0),
(1298, 2080, 17, 0),
(1299, 2080, 18, 0),
(1300, 2080, 19, 0),
(1301, 2080, 20, 50),
(1302, 2080, 21, 50),
(1303, 2080, 22, 0),
(1304, 2080, 23, 0),
(1305, 2080, 24, 0),
(1306, 2080, 25, 0),
(1307, 2080, 26, 0),
(1308, 2080, 27, 0),
(1309, 2080, 28, 0),
(1310, 2080, 29, 0),
(1311, 2080, 30, 0),
(1312, 2080, 31, 0),
(1313, 2080, 32, 100),
(1314, 2080, 33, 100),
(1315, 2080, 34, 0),
(1316, 2080, 35, 0),
(1317, 2080, 36, 0),
(1318, 2080, 37, 0),
(1319, 2080, 38, 0),
(1320, 2080, 39, 0),
(1321, 2080, 40, 0),
(1322, 2080, 41, 0),
(1323, 2080, 42, 0),
(1324, 2080, 43, 0),
(1325, 2080, 44, 0),
(1326, 2080, 45, 0),
(1327, 2080, 46, 0),
(1328, 2080, 47, 0),
(1329, 2080, 48, 0),
(1330, 2080, 49, 0),
(1331, 2080, 50, 0),
(1332, 2080, 51, 50),
(1333, 2080, 52, 0),
(1334, 2080, 53, 0),
(1335, 2080, 54, 0),
(1336, 2080, 55, 0),
(1337, 2080, 56, 50),
(1338, 2080, 57, 0),
(1339, 2080, 58, 0),
(1340, 2080, 59, 0),
(1341, 2080, 60, 50),
(1342, 2080, 61, 0),
(1343, 2080, 62, 0),
(1344, 2080, 63, 0),
(1345, 2080, 64, 50),
(1346, 2080, 65, 0),
(1347, 2080, 66, 0),
(1348, 2080, 67, 0),
(1349, 2080, 68, 50),
(1350, 2080, 69, 0),
(1351, 2080, 70, 0),
(1352, 2080, 71, 0),
(1353, 2080, 72, 50),
(1354, 2080, 73, 0),
(1355, 2080, 74, 0),
(1356, 2080, 75, 0),
(1357, 2080, 76, 0),
(1358, 2080, 77, 0),
(1359, 2080, 78, 0),
(1360, 2080, 79, 0),
(1361, 2081, 0, 0),
(1362, 2081, 1, 0),
(1363, 2081, 2, 0),
(1364, 2081, 3, 0),
(1365, 2081, 4, 0),
(1366, 2081, 5, 0),
(1367, 2081, 6, 250),
(1368, 2081, 7, 250),
(1369, 2081, 8, 0),
(1370, 2081, 9, 0),
(1371, 2081, 10, 0),
(1372, 2081, 11, 0),
(1373, 2081, 12, 0),
(1374, 2081, 13, 0),
(1375, 2081, 14, 0),
(1376, 2081, 15, 0),
(1377, 2081, 16, 0),
(1378, 2081, 17, 0),
(1379, 2081, 18, 0),
(1380, 2081, 19, 0),
(1381, 2081, 20, 25),
(1382, 2081, 21, 25),
(1383, 2081, 22, 0),
(1384, 2081, 23, 0),
(1385, 2081, 24, 0),
(1386, 2081, 25, 0),
(1387, 2081, 26, 0),
(1388, 2081, 27, 0),
(1389, 2081, 28, 0),
(1390, 2081, 29, 0),
(1391, 2081, 30, 0),
(1392, 2081, 31, 0),
(1393, 2081, 32, 100),
(1394, 2081, 33, 100),
(1395, 2081, 34, 0),
(1396, 2081, 35, 0),
(1397, 2081, 36, 15),
(1398, 2081, 37, 15),
(1399, 2081, 38, 0),
(1400, 2081, 39, 0),
(1401, 2081, 40, 0),
(1402, 2081, 41, 0),
(1403, 2081, 42, 15),
(1404, 2081, 43, 15),
(1405, 2081, 44, 0),
(1406, 2081, 45, 0),
(1407, 2081, 46, 0),
(1408, 2081, 47, 0),
(1409, 2081, 48, 0),
(1410, 2081, 49, 0),
(1411, 2081, 50, 15),
(1412, 2081, 51, 250),
(1413, 2081, 52, 15),
(1414, 2081, 53, 15),
(1415, 2081, 54, 15),
(1416, 2081, 55, 15),
(1417, 2081, 56, 25),
(1418, 2081, 57, 15),
(1419, 2081, 58, 15),
(1420, 2081, 59, 15),
(1421, 2081, 60, 250),
(1422, 2081, 61, 15),
(1423, 2081, 62, 15),
(1424, 2081, 63, 15),
(1425, 2081, 64, 25),
(1426, 2081, 65, 15),
(1427, 2081, 66, 15),
(1428, 2081, 67, 15),
(1429, 2081, 68, 250),
(1430, 2081, 69, 15),
(1431, 2081, 70, 15),
(1432, 2081, 71, 15),
(1433, 2081, 72, 25),
(1434, 2081, 73, 15),
(1435, 2081, 74, 15),
(1436, 2081, 75, 5),
(1437, 2081, 76, 5),
(1438, 2081, 77, 5),
(1439, 2081, 78, 5),
(1440, 2081, 79, 5),
(1441, 1930, 0, 0),
(1442, 1930, 1, 0),
(1443, 1930, 2, 0),
(1444, 1930, 3, 0),
(1445, 1930, 4, 0),
(1446, 1930, 5, 0),
(1447, 1930, 6, 0),
(1448, 1930, 7, 0),
(1449, 1930, 8, 0),
(1450, 1930, 9, 0),
(1451, 1930, 10, 0),
(1452, 1930, 11, 0),
(1453, 1930, 12, 0),
(1454, 1930, 13, 0),
(1455, 1930, 14, 0),
(1456, 1930, 15, 0),
(1457, 1930, 16, 0),
(1458, 1930, 17, 0),
(1459, 1930, 18, 0),
(1460, 1930, 19, 0),
(1461, 1930, 20, 0),
(1462, 1930, 21, 0),
(1463, 1930, 22, 0),
(1464, 1930, 23, 0),
(1465, 1930, 24, 0),
(1466, 1930, 25, 0),
(1467, 1930, 26, 0),
(1468, 1930, 27, 0),
(1469, 1930, 28, 0),
(1470, 1930, 29, 0),
(1471, 1930, 30, 0),
(1472, 1930, 31, 0),
(1473, 1930, 32, 0),
(1474, 1930, 33, 0),
(1475, 1930, 34, 0),
(1476, 1930, 35, 0),
(1477, 1930, 36, 0),
(1478, 1930, 37, 0),
(1479, 1930, 38, 0),
(1480, 1930, 39, 0),
(1481, 1930, 40, 0),
(1482, 1930, 41, 0),
(1483, 1930, 42, 0),
(1484, 1930, 43, 0),
(1485, 1930, 44, 0),
(1486, 1930, 45, 0),
(1487, 1930, 46, 0),
(1488, 1930, 47, 0),
(1489, 1930, 48, 0),
(1490, 1930, 49, 0),
(1491, 1930, 50, 0),
(1492, 1930, 51, 0),
(1493, 1930, 52, 0),
(1494, 1930, 53, 0),
(1495, 1930, 54, 0),
(1496, 1930, 55, 0),
(1497, 1930, 56, 225),
(1498, 1930, 57, 0),
(1499, 1930, 58, 0),
(1500, 1930, 59, 0),
(1501, 1930, 60, 0),
(1502, 1930, 61, 0),
(1503, 1930, 62, 0),
(1504, 1930, 63, 0),
(1505, 1930, 64, 0),
(1506, 1930, 65, 0),
(1507, 1930, 66, 0),
(1508, 1930, 67, 0),
(1509, 1930, 68, 0),
(1510, 1930, 69, 0),
(1511, 1930, 70, 0),
(1512, 1930, 71, 0),
(1513, 1930, 72, 230),
(1514, 1930, 73, 0),
(1515, 1930, 74, 0),
(1516, 1930, 75, 0),
(1517, 1930, 76, 0),
(1518, 1930, 77, 0),
(1519, 1930, 78, 0),
(1520, 1930, 79, 10),
(1521, 2019, 0, 0),
(1522, 2019, 1, 0),
(1523, 2019, 2, 0),
(1524, 2019, 3, 0),
(1525, 2019, 4, 0),
(1526, 2019, 5, 0),
(1527, 2019, 6, 0),
(1528, 2019, 7, 1),
(1529, 2019, 8, 0),
(1530, 2019, 9, 0),
(1531, 2019, 10, 0),
(1532, 2019, 11, 0),
(1533, 2019, 12, 0),
(1534, 2019, 13, 0),
(1535, 2019, 14, 0),
(1536, 2019, 15, 0),
(1537, 2019, 16, 0),
(1538, 2019, 17, 0),
(1539, 2019, 18, 0),
(1540, 2019, 19, 0),
(1541, 2019, 20, 200),
(1542, 2019, 21, 200),
(1543, 2019, 22, 0),
(1544, 2019, 23, 0),
(1545, 2019, 24, 0),
(1546, 2019, 25, 0),
(1547, 2019, 26, 0),
(1548, 2019, 27, 0),
(1549, 2019, 28, 0),
(1550, 2019, 29, 0),
(1551, 2019, 30, 0),
(1552, 2019, 31, 0),
(1553, 2019, 32, 1),
(1554, 2019, 33, 1),
(1555, 2019, 34, 0),
(1556, 2019, 35, 0),
(1557, 2019, 36, 1),
(1558, 2019, 37, 1),
(1559, 2019, 38, 0),
(1560, 2019, 39, 0),
(1561, 2019, 40, 0),
(1562, 2019, 41, 0),
(1563, 2019, 42, 1),
(1564, 2019, 43, 1),
(1565, 2019, 44, 0),
(1566, 2019, 45, 0),
(1567, 2019, 46, 0),
(1568, 2019, 47, 0),
(1569, 2019, 48, 0),
(1570, 2019, 49, 0),
(1571, 2019, 50, 1),
(1572, 2019, 51, 1),
(1573, 2019, 52, 1),
(1574, 2019, 53, 0),
(1575, 2019, 54, 0),
(1576, 2019, 55, 1),
(1577, 2019, 56, 200),
(1578, 2019, 57, 0),
(1579, 2019, 58, 0),
(1580, 2019, 59, 1),
(1581, 2019, 60, 1),
(1582, 2019, 61, 1),
(1583, 2019, 62, 0),
(1584, 2019, 63, 0),
(1585, 2019, 64, 200),
(1586, 2019, 65, 1),
(1587, 2019, 66, 1),
(1588, 2019, 67, 1),
(1589, 2019, 68, 1),
(1590, 2019, 69, 0),
(1591, 2019, 70, 0),
(1592, 2019, 71, 1),
(1593, 2019, 72, 200),
(1594, 2019, 73, 0),
(1595, 2019, 74, 0),
(1596, 2019, 75, 30),
(1597, 2019, 76, 30),
(1598, 2019, 77, 30),
(1599, 2019, 78, 30),
(1600, 2019, 79, 30),
(1601, 2020, 0, 0),
(1602, 2020, 1, 0),
(1603, 2020, 2, 0),
(1604, 2020, 3, 0),
(1605, 2020, 4, 0),
(1606, 2020, 5, 0),
(1607, 2020, 6, 0),
(1608, 2020, 7, 0),
(1609, 2020, 8, 0),
(1610, 2020, 9, 0),
(1611, 2020, 10, 0),
(1612, 2020, 11, 0),
(1613, 2020, 12, 0),
(1614, 2020, 13, 0),
(1615, 2020, 14, 0),
(1616, 2020, 15, 0),
(1617, 2020, 16, 0),
(1618, 2020, 17, 0),
(1619, 2020, 18, 0),
(1620, 2020, 19, 0),
(1621, 2020, 20, 340),
(1622, 2020, 21, 340),
(1623, 2020, 22, 0),
(1624, 2020, 23, 0),
(1625, 2020, 24, 0),
(1626, 2020, 25, 0),
(1627, 2020, 26, 0),
(1628, 2020, 27, 0),
(1629, 2020, 28, 0),
(1630, 2020, 29, 0),
(1631, 2020, 30, 0),
(1632, 2020, 31, 0),
(1633, 2020, 32, 0),
(1634, 2020, 33, 10),
(1635, 2020, 34, 0),
(1636, 2020, 35, 0),
(1637, 2020, 36, 0),
(1638, 2020, 37, 0),
(1639, 2020, 38, 0),
(1640, 2020, 39, 0),
(1641, 2020, 40, 0),
(1642, 2020, 41, 0),
(1643, 2020, 42, 0),
(1644, 2020, 43, 0),
(1645, 2020, 44, 0),
(1646, 2020, 45, 0),
(1647, 2020, 46, 0),
(1648, 2020, 47, 0),
(1649, 2020, 48, 0),
(1650, 2020, 49, 0),
(1651, 2020, 50, 10),
(1652, 2020, 51, 0),
(1653, 2020, 52, 0),
(1654, 2020, 53, 0),
(1655, 2020, 54, 0),
(1656, 2020, 55, 0),
(1657, 2020, 56, 340),
(1658, 2020, 57, 0),
(1659, 2020, 58, 0),
(1660, 2020, 59, 10),
(1661, 2020, 60, 10),
(1662, 2020, 61, 0),
(1663, 2020, 62, 0),
(1664, 2020, 63, 10),
(1665, 2020, 64, 340),
(1666, 2020, 65, 0),
(1667, 2020, 66, 10),
(1668, 2020, 67, 1),
(1669, 2020, 68, 10),
(1670, 2020, 69, 0),
(1671, 2020, 70, 0),
(1672, 2020, 71, 0),
(1673, 2020, 72, 340),
(1674, 2020, 73, 0),
(1675, 2020, 74, 0),
(1676, 2020, 75, 0),
(1677, 2020, 76, 1),
(1678, 2020, 77, 0),
(1679, 2020, 78, 1),
(1680, 2020, 79, 1),
(1681, 2021, 0, 0),
(1682, 2021, 1, 0),
(1683, 2021, 2, 0),
(1684, 2021, 3, 0),
(1685, 2021, 4, 0),
(1686, 2021, 5, 0),
(1687, 2021, 6, 2),
(1688, 2021, 7, 2),
(1689, 2021, 8, 0),
(1690, 2021, 9, 0),
(1691, 2021, 10, 0),
(1692, 2021, 11, 0),
(1693, 2021, 12, 0),
(1694, 2021, 13, 0),
(1695, 2021, 14, 0),
(1696, 2021, 15, 0),
(1697, 2021, 16, 0),
(1698, 2021, 17, 0),
(1699, 2021, 18, 0),
(1700, 2021, 19, 0),
(1701, 2021, 20, 100),
(1702, 2021, 21, 100),
(1703, 2021, 22, 0),
(1704, 2021, 23, 0),
(1705, 2021, 24, 0),
(1706, 2021, 25, 0),
(1707, 2021, 26, 0),
(1708, 2021, 27, 0),
(1709, 2021, 28, 0),
(1710, 2021, 29, 0),
(1711, 2021, 30, 0),
(1712, 2021, 31, 0),
(1713, 2021, 32, 10),
(1714, 2021, 33, 10),
(1715, 2021, 34, 0),
(1716, 2021, 35, 0),
(1717, 2021, 36, 2),
(1718, 2021, 37, 2),
(1719, 2021, 38, 0),
(1720, 2021, 39, 0),
(1721, 2021, 40, 0),
(1722, 2021, 41, 0),
(1723, 2021, 42, 2),
(1724, 2021, 43, 2),
(1725, 2021, 44, 0),
(1726, 2021, 45, 0),
(1727, 2021, 46, 0),
(1728, 2021, 47, 0),
(1729, 2021, 48, 0),
(1730, 2021, 49, 0),
(1731, 2021, 50, 10),
(1732, 2021, 51, 2),
(1733, 2021, 52, 2),
(1734, 2021, 53, 2),
(1735, 2021, 54, 5),
(1736, 2021, 55, 10),
(1737, 2021, 56, 100),
(1738, 2021, 57, 5),
(1739, 2021, 58, 5),
(1740, 2021, 59, 10),
(1741, 2021, 60, 2),
(1742, 2021, 61, 2),
(1743, 2021, 62, 2),
(1744, 2021, 63, 5),
(1745, 2021, 64, 100),
(1746, 2021, 65, 5),
(1747, 2021, 66, 10),
(1748, 2021, 67, 5),
(1749, 2021, 68, 10),
(1750, 2021, 69, 2),
(1751, 2021, 70, 2),
(1752, 2021, 71, 5),
(1753, 2021, 72, 100),
(1754, 2021, 73, 5),
(1755, 2021, 74, 0),
(1756, 2021, 75, 10),
(1757, 2021, 76, 10),
(1758, 2021, 77, 10),
(1759, 2021, 78, 10),
(1760, 2021, 79, 0),
(1761, 1919, 0, 0),
(1762, 1919, 1, 0),
(1763, 1919, 2, 0),
(1764, 1919, 3, 0),
(1765, 1919, 4, 0),
(1766, 1919, 5, 0),
(1767, 1919, 6, 75),
(1768, 1919, 7, 75),
(1769, 1919, 8, 0),
(1770, 1919, 9, 0),
(1771, 1919, 10, 0),
(1772, 1919, 11, 0),
(1773, 1919, 12, 0),
(1774, 1919, 13, 0),
(1775, 1919, 14, 0),
(1776, 1919, 15, 0),
(1777, 1919, 16, 0),
(1778, 1919, 17, 0),
(1779, 1919, 18, 0),
(1780, 1919, 19, 0),
(1781, 1919, 20, 210),
(1782, 1919, 21, 210),
(1783, 1919, 22, 0),
(1784, 1919, 23, 0),
(1785, 1919, 24, 0),
(1786, 1919, 25, 0),
(1787, 1919, 26, 0),
(1788, 1919, 27, 0),
(1789, 1919, 28, 0),
(1790, 1919, 29, 0),
(1791, 1919, 30, 0),
(1792, 1919, 31, 0),
(1793, 1919, 32, 30),
(1794, 1919, 33, 30),
(1795, 1919, 34, 0),
(1796, 1919, 35, 0),
(1797, 1919, 36, 6),
(1798, 1919, 37, 6),
(1799, 1919, 38, 0),
(1800, 1919, 39, 0),
(1801, 1919, 40, 0),
(1802, 1919, 41, 0),
(1803, 1919, 42, 5),
(1804, 1919, 43, 5),
(1805, 1919, 44, 0),
(1806, 1919, 45, 0),
(1807, 1919, 46, 0),
(1808, 1919, 47, 0),
(1809, 1919, 48, 0),
(1810, 1919, 49, 0),
(1811, 1919, 50, 2),
(1812, 1919, 51, 75),
(1813, 1919, 52, 5),
(1814, 1919, 53, 1),
(1815, 1919, 54, 4),
(1816, 1919, 55, 1),
(1817, 1919, 56, 225),
(1818, 1919, 57, 1),
(1819, 1919, 58, 0),
(1820, 1919, 59, 2),
(1821, 1919, 60, 75),
(1822, 1919, 61, 5),
(1823, 1919, 62, 1),
(1824, 1919, 63, 4),
(1825, 1919, 64, 225),
(1826, 1919, 65, 1),
(1827, 1919, 66, 1),
(1828, 1919, 67, 0),
(1829, 1919, 68, 75),
(1830, 1919, 69, 5),
(1831, 1919, 70, 1),
(1832, 1919, 71, 4),
(1833, 1919, 72, 230),
(1834, 1919, 73, 1),
(1835, 1919, 74, 0),
(1836, 1919, 75, 10),
(1837, 1919, 76, 12),
(1838, 1919, 77, 12),
(1839, 1919, 78, 0),
(1840, 1919, 79, 0),
(1841, 2022, 0, 0),
(1842, 2022, 1, 0),
(1843, 2022, 2, 0),
(1844, 2022, 3, 0),
(1845, 2022, 4, 0),
(1846, 2022, 5, 0),
(1847, 2022, 6, 25),
(1848, 2022, 7, 25),
(1849, 2022, 8, 0),
(1850, 2022, 9, 0),
(1851, 2022, 10, 0),
(1852, 2022, 11, 0),
(1853, 2022, 12, 0),
(1854, 2022, 13, 0),
(1855, 2022, 14, 0),
(1856, 2022, 15, 0),
(1857, 2022, 16, 0),
(1858, 2022, 17, 0),
(1859, 2022, 18, 0),
(1860, 2022, 19, 0),
(1861, 2022, 20, 28),
(1862, 2022, 21, 0),
(1863, 2022, 22, 0),
(1864, 2022, 23, 0),
(1865, 2022, 24, 0),
(1866, 2022, 25, 0),
(1867, 2022, 26, 0),
(1868, 2022, 27, 0),
(1869, 2022, 28, 0),
(1870, 2022, 29, 0),
(1871, 2022, 30, 0),
(1872, 2022, 31, 0),
(1873, 2022, 32, 2),
(1874, 2022, 33, 28),
(1875, 2022, 34, 0),
(1876, 2022, 35, 0),
(1877, 2022, 36, 25),
(1878, 2022, 37, 28),
(1879, 2022, 38, 0),
(1880, 2022, 39, 0),
(1881, 2022, 40, 0),
(1882, 2022, 41, 0),
(1883, 2022, 42, 2),
(1884, 2022, 43, 2),
(1885, 2022, 44, 0),
(1886, 2022, 45, 0),
(1887, 2022, 46, 0),
(1888, 2022, 47, 0),
(1889, 2022, 48, 0),
(1890, 2022, 49, 0),
(1891, 2022, 50, 2),
(1892, 2022, 51, 2),
(1893, 2022, 52, 2),
(1894, 2022, 53, 82),
(1895, 2022, 54, 2),
(1896, 2022, 55, 0),
(1897, 2022, 56, 20),
(1898, 2022, 57, 28),
(1899, 2022, 58, 2),
(1900, 2022, 59, 20),
(1901, 2022, 60, 2),
(1902, 2022, 61, 2),
(1903, 2022, 62, 2),
(1904, 2022, 63, 2),
(1905, 2022, 64, 20),
(1906, 2022, 65, 23),
(1907, 2022, 66, 20),
(1908, 2022, 67, 28),
(1909, 2022, 68, 28),
(1910, 2022, 69, 2),
(1911, 2022, 70, 28),
(1912, 2022, 71, 2),
(1913, 2022, 72, 200),
(1914, 2022, 73, 25),
(1915, 2022, 74, 28),
(1916, 2022, 75, 82),
(1917, 2022, 76, 25),
(1918, 2022, 77, 25),
(1919, 2022, 78, 0),
(1920, 2022, 79, 0),
(1921, 1928, 0, 0),
(1922, 1928, 1, 0),
(1923, 1928, 2, 0),
(1924, 1928, 3, 0),
(1925, 1928, 4, 0),
(1926, 1928, 5, 0),
(1927, 1928, 6, 30),
(1928, 1928, 7, 30),
(1929, 1928, 8, 0),
(1930, 1928, 9, 0),
(1931, 1928, 10, 0),
(1932, 1928, 11, 0),
(1933, 1928, 12, 0),
(1934, 1928, 13, 0),
(1935, 1928, 14, 0),
(1936, 1928, 15, 0),
(1937, 1928, 16, 0),
(1938, 1928, 17, 0),
(1939, 1928, 18, 0),
(1940, 1928, 19, 0),
(1941, 1928, 20, 0),
(1942, 1928, 21, 87),
(1943, 1928, 22, 0),
(1944, 1928, 23, 0),
(1945, 1928, 24, 0),
(1946, 1928, 25, 0),
(1947, 1928, 26, 0),
(1948, 1928, 27, 0),
(1949, 1928, 28, 0),
(1950, 1928, 29, 0),
(1951, 1928, 30, 0),
(1952, 1928, 31, 0),
(1953, 1928, 32, 15),
(1954, 1928, 33, 25),
(1955, 1928, 34, 0),
(1956, 1928, 35, 0),
(1957, 1928, 36, 8),
(1958, 1928, 37, 8),
(1959, 1928, 38, 0),
(1960, 1928, 39, 0),
(1961, 1928, 40, 0),
(1962, 1928, 41, 0),
(1963, 1928, 42, 12),
(1964, 1928, 43, 12),
(1965, 1928, 44, 0),
(1966, 1928, 45, 0),
(1967, 1928, 46, 0),
(1968, 1928, 47, 0),
(1969, 1928, 48, 0),
(1970, 1928, 49, 0),
(1971, 1928, 50, 10),
(1972, 1928, 51, 30),
(1973, 1928, 52, 12),
(1974, 1928, 53, 10),
(1975, 1928, 54, 4),
(1976, 1928, 55, 5),
(1977, 1928, 56, 87),
(1978, 1928, 57, 1),
(1979, 1928, 58, 0),
(1980, 1928, 59, 10),
(1981, 1928, 60, 30),
(1982, 1928, 61, 12),
(1983, 1928, 62, 10),
(1984, 1928, 63, 4),
(1985, 1928, 64, 87),
(1986, 1928, 65, 1),
(1987, 1928, 66, 5),
(1988, 1928, 67, 0),
(1989, 1928, 68, 30),
(1990, 1928, 69, 12),
(1991, 1928, 70, 10),
(1992, 1928, 71, 4),
(1993, 1928, 72, 87),
(1994, 1928, 73, 1),
(1995, 1928, 74, 0),
(1996, 1928, 75, 23),
(1997, 1928, 76, 8),
(1998, 1928, 77, 8),
(1999, 1928, 78, 18),
(2000, 1928, 79, 18),
(2001, 2023, 0, 0),
(2002, 2023, 1, 0),
(2003, 2023, 2, 0),
(2004, 2023, 3, 0),
(2005, 2023, 4, 0),
(2006, 2023, 5, 0),
(2007, 2023, 6, 10),
(2008, 2023, 7, 10),
(2009, 2023, 8, 0),
(2010, 2023, 9, 0),
(2011, 2023, 10, 0),
(2012, 2023, 11, 0),
(2013, 2023, 12, 0),
(2014, 2023, 13, 0),
(2015, 2023, 14, 0),
(2016, 2023, 15, 0),
(2017, 2023, 16, 0),
(2018, 2023, 17, 0),
(2019, 2023, 18, 0),
(2020, 2023, 19, 0),
(2021, 2023, 20, 10),
(2022, 2023, 21, 10),
(2023, 2023, 22, 0),
(2024, 2023, 23, 0),
(2025, 2023, 24, 0),
(2026, 2023, 25, 0),
(2027, 2023, 26, 0),
(2028, 2023, 27, 0),
(2029, 2023, 28, 0),
(2030, 2023, 29, 0),
(2031, 2023, 30, 0),
(2032, 2023, 31, 0),
(2033, 2023, 32, 10),
(2034, 2023, 33, 0),
(2035, 2023, 34, 0),
(2036, 2023, 35, 0),
(2037, 2023, 36, 10),
(2038, 2023, 37, 10),
(2039, 2023, 38, 0),
(2040, 2023, 39, 0),
(2041, 2023, 40, 0),
(2042, 2023, 41, 0),
(2043, 2023, 42, 10),
(2044, 2023, 43, 10),
(2045, 2023, 44, 0),
(2046, 2023, 45, 0),
(2047, 2023, 46, 0),
(2048, 2023, 47, 0),
(2049, 2023, 48, 0),
(2050, 2023, 49, 0),
(2051, 2023, 50, 10),
(2052, 2023, 51, 10),
(2053, 2023, 52, 10),
(2054, 2023, 53, 10),
(2055, 2023, 54, 10),
(2056, 2023, 55, 10),
(2057, 2023, 56, 10),
(2058, 2023, 57, 10),
(2059, 2023, 58, 10),
(2060, 2023, 59, 10),
(2061, 2023, 60, 10),
(2062, 2023, 61, 10),
(2063, 2023, 62, 10),
(2064, 2023, 63, 10),
(2065, 2023, 64, 10),
(2066, 2023, 65, 10),
(2067, 2023, 66, 10),
(2068, 2023, 67, 10),
(2069, 2023, 68, 20),
(2070, 2023, 69, 10),
(2071, 2023, 70, 10),
(2072, 2023, 71, 10),
(2073, 2023, 72, 10),
(2074, 2023, 73, 10),
(2075, 2023, 74, 10),
(2076, 2023, 75, 100),
(2077, 2023, 76, 100),
(2078, 2023, 77, 100),
(2079, 2023, 78, 100),
(2080, 2023, 79, 100),
(2081, 2024, 0, 0),
(2082, 2024, 1, 0),
(2083, 2024, 2, 0),
(2084, 2024, 3, 0),
(2085, 2024, 4, 0),
(2086, 2024, 5, 0),
(2087, 2024, 6, 10),
(2088, 2024, 7, 10),
(2089, 2024, 8, 0),
(2090, 2024, 9, 0),
(2091, 2024, 10, 0),
(2092, 2024, 11, 0),
(2093, 2024, 12, 0),
(2094, 2024, 13, 0),
(2095, 2024, 14, 0),
(2096, 2024, 15, 0),
(2097, 2024, 16, 0),
(2098, 2024, 17, 0),
(2099, 2024, 18, 0),
(2100, 2024, 19, 0),
(2101, 2024, 20, 100),
(2102, 2024, 21, 100),
(2103, 2024, 22, 0),
(2104, 2024, 23, 0),
(2105, 2024, 24, 0),
(2106, 2024, 25, 0),
(2107, 2024, 26, 0),
(2108, 2024, 27, 0),
(2109, 2024, 28, 0),
(2110, 2024, 29, 0),
(2111, 2024, 30, 0),
(2112, 2024, 31, 0),
(2113, 2024, 32, 10),
(2114, 2024, 33, 10),
(2115, 2024, 34, 0),
(2116, 2024, 35, 0),
(2117, 2024, 36, 10),
(2118, 2024, 37, 10),
(2119, 2024, 38, 0),
(2120, 2024, 39, 0),
(2121, 2024, 40, 0),
(2122, 2024, 41, 0),
(2123, 2024, 42, 10),
(2124, 2024, 43, 10),
(2125, 2024, 44, 0),
(2126, 2024, 45, 0),
(2127, 2024, 46, 0),
(2128, 2024, 47, 0),
(2129, 2024, 48, 0),
(2130, 2024, 49, 0),
(2131, 2024, 50, 10),
(2132, 2024, 51, 10),
(2133, 2024, 52, 10),
(2134, 2024, 53, 10),
(2135, 2024, 54, 10),
(2136, 2024, 55, 10),
(2137, 2024, 56, 100),
(2138, 2024, 57, 10),
(2139, 2024, 58, 10),
(2140, 2024, 59, 0),
(2141, 2024, 60, 10),
(2142, 2024, 61, 10),
(2143, 2024, 62, 10),
(2144, 2024, 63, 10),
(2145, 2024, 64, 100),
(2146, 2024, 65, 10),
(2147, 2024, 66, 10),
(2148, 2024, 67, 10),
(2149, 2024, 68, 10),
(2150, 2024, 69, 10),
(2151, 2024, 70, 10),
(2152, 2024, 71, 10),
(2153, 2024, 72, 100),
(2154, 2024, 73, 10),
(2155, 2024, 74, 10),
(2156, 2024, 75, 100),
(2157, 2024, 76, 100),
(2158, 2024, 77, 100),
(2159, 2024, 78, 100),
(2160, 2024, 79, 100),
(2161, 2006, 0, 0),
(2162, 2006, 1, 0),
(2163, 2006, 2, 0),
(2164, 2006, 3, 0),
(2165, 2006, 4, 0),
(2166, 2006, 5, 0),
(2167, 2006, 6, 75),
(2168, 2006, 7, 75),
(2169, 2006, 8, 0),
(2170, 2006, 9, 0),
(2171, 2006, 10, 0),
(2172, 2006, 11, 0),
(2173, 2006, 12, 0),
(2174, 2006, 13, 0),
(2175, 2006, 14, 0),
(2176, 2006, 15, 0),
(2177, 2006, 16, 0),
(2178, 2006, 17, 0),
(2179, 2006, 18, 0),
(2180, 2006, 19, 0),
(2181, 2006, 20, 210),
(2182, 2006, 21, 210),
(2183, 2006, 22, 0),
(2184, 2006, 23, 0),
(2185, 2006, 24, 0),
(2186, 2006, 25, 0),
(2187, 2006, 26, 0),
(2188, 2006, 27, 0),
(2189, 2006, 28, 0),
(2190, 2006, 29, 0),
(2191, 2006, 30, 0),
(2192, 2006, 31, 0),
(2193, 2006, 32, 30),
(2194, 2006, 33, 30),
(2195, 2006, 34, 0),
(2196, 2006, 35, 0),
(2197, 2006, 36, 6),
(2198, 2006, 37, 6),
(2199, 2006, 38, 0),
(2200, 2006, 39, 0),
(2201, 2006, 40, 0),
(2202, 2006, 41, 0),
(2203, 2006, 42, 5),
(2204, 2006, 43, 5),
(2205, 2006, 44, 0),
(2206, 2006, 45, 0),
(2207, 2006, 46, 0),
(2208, 2006, 47, 0),
(2209, 2006, 48, 0),
(2210, 2006, 49, 0),
(2211, 2006, 50, 2),
(2212, 2006, 51, 75),
(2213, 2006, 52, 5),
(2214, 2006, 53, 0),
(2215, 2006, 54, 4),
(2216, 2006, 55, 0),
(2217, 2006, 56, 225),
(2218, 2006, 57, 1),
(2219, 2006, 58, 0),
(2220, 2006, 59, 2),
(2221, 2006, 60, 75),
(2222, 2006, 61, 15),
(2223, 2006, 62, 1),
(2224, 2006, 63, 4),
(2225, 2006, 64, 225),
(2226, 2006, 65, 1),
(2227, 2006, 66, 0),
(2228, 2006, 67, 0),
(2229, 2006, 68, 75),
(2230, 2006, 69, 5),
(2231, 2006, 70, 1),
(2232, 2006, 71, 4),
(2233, 2006, 72, 230),
(2234, 2006, 73, 1),
(2235, 2006, 74, 0),
(2236, 2006, 75, 10),
(2237, 2006, 76, 12),
(2238, 2006, 77, 12),
(2239, 2006, 78, 0),
(2240, 2006, 79, 0),
(2241, 1980, 0, 0),
(2242, 1980, 1, 0),
(2243, 1980, 2, 0),
(2244, 1980, 3, 0),
(2245, 1980, 4, 0),
(2246, 1980, 5, 0),
(2247, 1980, 6, 75),
(2248, 1980, 7, 75),
(2249, 1980, 8, 0),
(2250, 1980, 9, 0),
(2251, 1980, 10, 0),
(2252, 1980, 11, 0),
(2253, 1980, 12, 0),
(2254, 1980, 13, 0),
(2255, 1980, 14, 0),
(2256, 1980, 15, 0),
(2257, 1980, 16, 0),
(2258, 1980, 17, 0),
(2259, 1980, 18, 0),
(2260, 1980, 19, 0),
(2261, 1980, 20, 210),
(2262, 1980, 21, 210),
(2263, 1980, 22, 0),
(2264, 1980, 23, 0),
(2265, 1980, 24, 0),
(2266, 1980, 25, 0),
(2267, 1980, 26, 0),
(2268, 1980, 27, 0),
(2269, 1980, 28, 0),
(2270, 1980, 29, 0),
(2271, 1980, 30, 0),
(2272, 1980, 31, 0),
(2273, 1980, 32, 30),
(2274, 1980, 33, 30),
(2275, 1980, 34, 0),
(2276, 1980, 35, 0),
(2277, 1980, 36, 6),
(2278, 1980, 37, 6),
(2279, 1980, 38, 0),
(2280, 1980, 39, 0),
(2281, 1980, 40, 0),
(2282, 1980, 41, 0),
(2283, 1980, 42, 5),
(2284, 1980, 43, 5),
(2285, 1980, 44, 0),
(2286, 1980, 45, 0),
(2287, 1980, 46, 0),
(2288, 1980, 47, 0),
(2289, 1980, 48, 0),
(2290, 1980, 49, 0),
(2291, 1980, 50, 2),
(2292, 1980, 51, 75),
(2293, 1980, 52, 5),
(2294, 1980, 53, 1),
(2295, 1980, 54, 4),
(2296, 1980, 55, 1),
(2297, 1980, 56, 225),
(2298, 1980, 57, 1),
(2299, 1980, 58, 0),
(2300, 1980, 59, 2),
(2301, 1980, 60, 75),
(2302, 1980, 61, 5),
(2303, 1980, 62, 1),
(2304, 1980, 63, 4),
(2305, 1980, 64, 225),
(2306, 1980, 65, 1),
(2307, 1980, 66, 1),
(2308, 1980, 67, 0),
(2309, 1980, 68, 75),
(2310, 1980, 69, 5),
(2311, 1980, 70, 1),
(2312, 1980, 71, 4),
(2313, 1980, 72, 230),
(2314, 1980, 73, 1),
(2315, 1980, 74, 0),
(2316, 1980, 75, 10),
(2317, 1980, 76, 12),
(2318, 1980, 77, 12),
(2319, 1980, 78, 0),
(2320, 1980, 79, 0),
(2321, 1966, 0, 0),
(2322, 1966, 1, 0),
(2323, 1966, 2, 0),
(2324, 1966, 3, 0),
(2325, 1966, 4, 0),
(2326, 1966, 5, 0),
(2327, 1966, 6, 75),
(2328, 1966, 7, 75),
(2329, 1966, 8, 0),
(2330, 1966, 9, 0),
(2331, 1966, 10, 0),
(2332, 1966, 11, 0),
(2333, 1966, 12, 0),
(2334, 1966, 13, 0),
(2335, 1966, 14, 0),
(2336, 1966, 15, 0),
(2337, 1966, 16, 0),
(2338, 1966, 17, 0),
(2339, 1966, 18, 0),
(2340, 1966, 19, 0),
(2341, 1966, 20, 210),
(2342, 1966, 21, 210),
(2343, 1966, 22, 0),
(2344, 1966, 23, 0),
(2345, 1966, 24, 0),
(2346, 1966, 25, 0),
(2347, 1966, 26, 0),
(2348, 1966, 27, 0),
(2349, 1966, 28, 0),
(2350, 1966, 29, 0),
(2351, 1966, 30, 0),
(2352, 1966, 31, 0),
(2353, 1966, 32, 30),
(2354, 1966, 33, 30),
(2355, 1966, 34, 0),
(2356, 1966, 35, 0),
(2357, 1966, 36, 6),
(2358, 1966, 37, 6),
(2359, 1966, 38, 0),
(2360, 1966, 39, 0),
(2361, 1966, 40, 0),
(2362, 1966, 41, 0),
(2363, 1966, 42, 5),
(2364, 1966, 43, 5),
(2365, 1966, 44, 0),
(2366, 1966, 45, 0),
(2367, 1966, 46, 0),
(2368, 1966, 47, 0),
(2369, 1966, 48, 0),
(2370, 1966, 49, 0),
(2371, 1966, 50, 2),
(2372, 1966, 51, 75),
(2373, 1966, 52, 5),
(2374, 1966, 53, 1),
(2375, 1966, 54, 4),
(2376, 1966, 55, 1),
(2377, 1966, 56, 225),
(2378, 1966, 57, 1),
(2379, 1966, 58, 0),
(2380, 1966, 59, 2),
(2381, 1966, 60, 75),
(2382, 1966, 61, 5),
(2383, 1966, 62, 1),
(2384, 1966, 63, 4),
(2385, 1966, 64, 225),
(2386, 1966, 65, 1),
(2387, 1966, 66, 1),
(2388, 1966, 67, 0),
(2389, 1966, 68, 75),
(2390, 1966, 69, 5),
(2391, 1966, 70, 1),
(2392, 1966, 71, 4),
(2393, 1966, 72, 230),
(2394, 1966, 73, 1),
(2395, 1966, 74, 0),
(2396, 1966, 75, 10),
(2397, 1966, 76, 12),
(2398, 1966, 77, 12),
(2399, 1966, 78, 0),
(2400, 1966, 79, 0),
(2401, 1890, 0, 0),
(2402, 1890, 1, 0),
(2403, 1890, 2, 0),
(2404, 1890, 3, 0),
(2405, 1890, 4, 0),
(2406, 1890, 5, 0),
(2407, 1890, 6, 75),
(2408, 1890, 7, 75),
(2409, 1890, 8, 0),
(2410, 1890, 9, 0),
(2411, 1890, 10, 0),
(2412, 1890, 11, 0),
(2413, 1890, 12, 0),
(2414, 1890, 13, 0),
(2415, 1890, 14, 0),
(2416, 1890, 15, 0),
(2417, 1890, 16, 0),
(2418, 1890, 17, 0),
(2419, 1890, 18, 0),
(2420, 1890, 19, 0),
(2421, 1890, 20, 210),
(2422, 1890, 21, 210),
(2423, 1890, 22, 0),
(2424, 1890, 23, 0),
(2425, 1890, 24, 0),
(2426, 1890, 25, 0),
(2427, 1890, 26, 0),
(2428, 1890, 27, 0),
(2429, 1890, 28, 0),
(2430, 1890, 29, 0),
(2431, 1890, 30, 0),
(2432, 1890, 31, 0),
(2433, 1890, 32, 30),
(2434, 1890, 33, 30),
(2435, 1890, 34, 0),
(2436, 1890, 35, 0),
(2437, 1890, 36, 6),
(2438, 1890, 37, 6),
(2439, 1890, 38, 0),
(2440, 1890, 39, 0),
(2441, 1890, 40, 0),
(2442, 1890, 41, 0),
(2443, 1890, 42, 5),
(2444, 1890, 43, 5),
(2445, 1890, 44, 0),
(2446, 1890, 45, 0),
(2447, 1890, 46, 0),
(2448, 1890, 47, 0),
(2449, 1890, 48, 0),
(2450, 1890, 49, 0),
(2451, 1890, 50, 2),
(2452, 1890, 51, 75),
(2453, 1890, 52, 5),
(2454, 1890, 53, 1),
(2455, 1890, 54, 4),
(2456, 1890, 55, 1),
(2457, 1890, 56, 225),
(2458, 1890, 57, 1),
(2459, 1890, 58, 0),
(2460, 1890, 59, 2),
(2461, 1890, 60, 75),
(2462, 1890, 61, 5),
(2463, 1890, 62, 1),
(2464, 1890, 63, 4),
(2465, 1890, 64, 225),
(2466, 1890, 65, 1),
(2467, 1890, 66, 1),
(2468, 1890, 67, 0),
(2469, 1890, 68, 75),
(2470, 1890, 69, 5),
(2471, 1890, 70, 1),
(2472, 1890, 71, 4),
(2473, 1890, 72, 230),
(2474, 1890, 73, 1),
(2475, 1890, 74, 0),
(2476, 1890, 75, 10),
(2477, 1890, 76, 12),
(2478, 1890, 77, 12),
(2479, 1890, 78, 0),
(2480, 1890, 79, 0),
(2481, 1945, 0, 0),
(2482, 1945, 1, 0),
(2483, 1945, 2, 0),
(2484, 1945, 3, 0),
(2485, 1945, 4, 0),
(2486, 1945, 5, 0),
(2487, 1945, 6, 75),
(2488, 1945, 7, 75),
(2489, 1945, 8, 0),
(2490, 1945, 9, 0),
(2491, 1945, 10, 0),
(2492, 1945, 11, 0),
(2493, 1945, 12, 0),
(2494, 1945, 13, 0),
(2495, 1945, 14, 0),
(2496, 1945, 15, 0),
(2497, 1945, 16, 0),
(2498, 1945, 17, 0),
(2499, 1945, 18, 0),
(2500, 1945, 19, 0),
(2501, 1945, 20, 210),
(2502, 1945, 21, 210),
(2503, 1945, 22, 0),
(2504, 1945, 23, 0),
(2505, 1945, 24, 0),
(2506, 1945, 25, 0),
(2507, 1945, 26, 0),
(2508, 1945, 27, 0),
(2509, 1945, 28, 0),
(2510, 1945, 29, 0),
(2511, 1945, 30, 0),
(2512, 1945, 31, 0),
(2513, 1945, 32, 30),
(2514, 1945, 33, 30),
(2515, 1945, 34, 0),
(2516, 1945, 35, 0),
(2517, 1945, 36, 6),
(2518, 1945, 37, 6),
(2519, 1945, 38, 0),
(2520, 1945, 39, 0),
(2521, 1945, 40, 0),
(2522, 1945, 41, 0),
(2523, 1945, 42, 5),
(2524, 1945, 43, 5),
(2525, 1945, 44, 0),
(2526, 1945, 45, 0),
(2527, 1945, 46, 0),
(2528, 1945, 47, 0),
(2529, 1945, 48, 0),
(2530, 1945, 49, 0),
(2531, 1945, 50, 0),
(2532, 1945, 51, 75),
(2533, 1945, 52, 5),
(2534, 1945, 53, 1),
(2535, 1945, 54, 4),
(2536, 1945, 55, 1),
(2537, 1945, 56, 225),
(2538, 1945, 57, 1),
(2539, 1945, 58, 0),
(2540, 1945, 59, 2),
(2541, 1945, 60, 75),
(2542, 1945, 61, 5),
(2543, 1945, 62, 1),
(2544, 1945, 63, 4),
(2545, 1945, 64, 225),
(2546, 1945, 65, 1),
(2547, 1945, 66, 0),
(2548, 1945, 67, 0),
(2549, 1945, 68, 75),
(2550, 1945, 69, 5),
(2551, 1945, 70, 11),
(2552, 1945, 71, 4),
(2553, 1945, 72, 230),
(2554, 1945, 73, 1),
(2555, 1945, 74, 0),
(2556, 1945, 75, 10),
(2557, 1945, 76, 12),
(2558, 1945, 77, 12),
(2559, 1945, 78, 1),
(2560, 1945, 79, 0),
(2561, 1899, 0, 0),
(2562, 1899, 1, 0),
(2563, 1899, 2, 0),
(2564, 1899, 3, 0),
(2565, 1899, 4, 0),
(2566, 1899, 5, 0),
(2567, 1899, 6, 75),
(2568, 1899, 7, 75),
(2569, 1899, 8, 0),
(2570, 1899, 9, 0),
(2571, 1899, 10, 0),
(2572, 1899, 11, 0),
(2573, 1899, 12, 0),
(2574, 1899, 13, 0),
(2575, 1899, 14, 0),
(2576, 1899, 15, 0),
(2577, 1899, 16, 0),
(2578, 1899, 17, 0),
(2579, 1899, 18, 0),
(2580, 1899, 19, 0),
(2581, 1899, 20, 210),
(2582, 1899, 21, 210),
(2583, 1899, 22, 0),
(2584, 1899, 23, 0),
(2585, 1899, 24, 0),
(2586, 1899, 25, 0),
(2587, 1899, 26, 0),
(2588, 1899, 27, 0),
(2589, 1899, 28, 0),
(2590, 1899, 29, 0),
(2591, 1899, 30, 0),
(2592, 1899, 31, 0),
(2593, 1899, 32, 30),
(2594, 1899, 33, 30),
(2595, 1899, 34, 0),
(2596, 1899, 35, 0),
(2597, 1899, 36, 6),
(2598, 1899, 37, 6),
(2599, 1899, 38, 0),
(2600, 1899, 39, 0),
(2601, 1899, 40, 0),
(2602, 1899, 41, 0),
(2603, 1899, 42, 5),
(2604, 1899, 43, 5),
(2605, 1899, 44, 0),
(2606, 1899, 45, 0),
(2607, 1899, 46, 0),
(2608, 1899, 47, 0),
(2609, 1899, 48, 0),
(2610, 1899, 49, 0),
(2611, 1899, 50, 2),
(2612, 1899, 51, 75),
(2613, 1899, 52, 5),
(2614, 1899, 53, 1),
(2615, 1899, 54, 4),
(2616, 1899, 55, 1),
(2617, 1899, 56, 225),
(2618, 1899, 57, 1),
(2619, 1899, 58, 0),
(2620, 1899, 59, 2),
(2621, 1899, 60, 75),
(2622, 1899, 61, 5),
(2623, 1899, 62, 1),
(2624, 1899, 63, 4),
(2625, 1899, 64, 225),
(2626, 1899, 65, 1),
(2627, 1899, 66, 1),
(2628, 1899, 67, 0),
(2629, 1899, 68, 75),
(2630, 1899, 69, 5),
(2631, 1899, 70, 1),
(2632, 1899, 71, 4),
(2633, 1899, 72, 230),
(2634, 1899, 73, 1),
(2635, 1899, 74, 0),
(2636, 1899, 75, 10),
(2637, 1899, 76, 12),
(2638, 1899, 77, 12),
(2639, 1899, 78, 0),
(2640, 1899, 79, 0),
(2641, 1920, 0, 0),
(2642, 1920, 1, 0),
(2643, 1920, 2, 0),
(2644, 1920, 3, 0),
(2645, 1920, 4, 0),
(2646, 1920, 5, 0),
(2647, 1920, 6, 75),
(2648, 1920, 7, 75),
(2649, 1920, 8, 0),
(2650, 1920, 9, 0),
(2651, 1920, 10, 0),
(2652, 1920, 11, 0),
(2653, 1920, 12, 0),
(2654, 1920, 13, 0),
(2655, 1920, 14, 0),
(2656, 1920, 15, 0),
(2657, 1920, 16, 0),
(2658, 1920, 17, 0),
(2659, 1920, 18, 0),
(2660, 1920, 19, 0),
(2661, 1920, 20, 210),
(2662, 1920, 21, 210),
(2663, 1920, 22, 0),
(2664, 1920, 23, 0);
INSERT INTO `cb_escrutinio` (`idescrutinio`, `mesa`, `idcandidato`, `votos`) VALUES
(2665, 1920, 24, 0),
(2666, 1920, 25, 0),
(2667, 1920, 26, 0),
(2668, 1920, 27, 0),
(2669, 1920, 28, 0),
(2670, 1920, 29, 0),
(2671, 1920, 30, 0),
(2672, 1920, 31, 0),
(2673, 1920, 32, 30),
(2674, 1920, 33, 30),
(2675, 1920, 34, 0),
(2676, 1920, 35, 0),
(2677, 1920, 36, 6),
(2678, 1920, 37, 6),
(2679, 1920, 38, 0),
(2680, 1920, 39, 0),
(2681, 1920, 40, 0),
(2682, 1920, 41, 0),
(2683, 1920, 42, 5),
(2684, 1920, 43, 5),
(2685, 1920, 44, 0),
(2686, 1920, 45, 0),
(2687, 1920, 46, 0),
(2688, 1920, 47, 0),
(2689, 1920, 48, 0),
(2690, 1920, 49, 0),
(2691, 1920, 50, 2),
(2692, 1920, 51, 75),
(2693, 1920, 52, 5),
(2694, 1920, 53, 1),
(2695, 1920, 54, 4),
(2696, 1920, 55, 1),
(2697, 1920, 56, 225),
(2698, 1920, 57, 1),
(2699, 1920, 58, 0),
(2700, 1920, 59, 2),
(2701, 1920, 60, 75),
(2702, 1920, 61, 5),
(2703, 1920, 62, 1),
(2704, 1920, 63, 4),
(2705, 1920, 64, 225),
(2706, 1920, 65, 1),
(2707, 1920, 66, 1),
(2708, 1920, 67, 0),
(2709, 1920, 68, 75),
(2710, 1920, 69, 5),
(2711, 1920, 70, 1),
(2712, 1920, 71, 4),
(2713, 1920, 72, 230),
(2714, 1920, 73, 1),
(2715, 1920, 74, 0),
(2716, 1920, 75, 10),
(2717, 1920, 76, 12),
(2718, 1920, 77, 12),
(2719, 1920, 78, 0),
(2720, 1920, 79, 0),
(2721, 1921, 0, 0),
(2722, 1921, 1, 0),
(2723, 1921, 2, 0),
(2724, 1921, 3, 0),
(2725, 1921, 4, 0),
(2726, 1921, 5, 0),
(2727, 1921, 6, 75),
(2728, 1921, 7, 75),
(2729, 1921, 8, 0),
(2730, 1921, 9, 0),
(2731, 1921, 10, 0),
(2732, 1921, 11, 0),
(2733, 1921, 12, 0),
(2734, 1921, 13, 0),
(2735, 1921, 14, 0),
(2736, 1921, 15, 0),
(2737, 1921, 16, 0),
(2738, 1921, 17, 0),
(2739, 1921, 18, 0),
(2740, 1921, 19, 0),
(2741, 1921, 20, 210),
(2742, 1921, 21, 210),
(2743, 1921, 22, 0),
(2744, 1921, 23, 0),
(2745, 1921, 24, 0),
(2746, 1921, 25, 0),
(2747, 1921, 26, 0),
(2748, 1921, 27, 0),
(2749, 1921, 28, 0),
(2750, 1921, 29, 0),
(2751, 1921, 30, 0),
(2752, 1921, 31, 0),
(2753, 1921, 32, 30),
(2754, 1921, 33, 30),
(2755, 1921, 34, 0),
(2756, 1921, 35, 0),
(2757, 1921, 36, 6),
(2758, 1921, 37, 6),
(2759, 1921, 38, 0),
(2760, 1921, 39, 0),
(2761, 1921, 40, 0),
(2762, 1921, 41, 0),
(2763, 1921, 42, 5),
(2764, 1921, 43, 5),
(2765, 1921, 44, 0),
(2766, 1921, 45, 0),
(2767, 1921, 46, 0),
(2768, 1921, 47, 0),
(2769, 1921, 48, 0),
(2770, 1921, 49, 0),
(2771, 1921, 50, 2),
(2772, 1921, 51, 75),
(2773, 1921, 52, 5),
(2774, 1921, 53, 1),
(2775, 1921, 54, 4),
(2776, 1921, 55, 1),
(2777, 1921, 56, 225),
(2778, 1921, 57, 1),
(2779, 1921, 58, 0),
(2780, 1921, 59, 2),
(2781, 1921, 60, 75),
(2782, 1921, 61, 5),
(2783, 1921, 62, 1),
(2784, 1921, 63, 4),
(2785, 1921, 64, 225),
(2786, 1921, 65, 1),
(2787, 1921, 66, 1),
(2788, 1921, 67, 0),
(2789, 1921, 68, 75),
(2790, 1921, 69, 5),
(2791, 1921, 70, 1),
(2792, 1921, 71, 4),
(2793, 1921, 72, 230),
(2794, 1921, 73, 1),
(2795, 1921, 74, 0),
(2796, 1921, 75, 10),
(2797, 1921, 76, 12),
(2798, 1921, 77, 12),
(2799, 1921, 78, 0),
(2800, 1921, 79, 0),
(2801, 1931, 0, 0),
(2802, 1931, 1, 0),
(2803, 1931, 2, 0),
(2804, 1931, 3, 0),
(2805, 1931, 4, 0),
(2806, 1931, 5, 0),
(2807, 1931, 6, 75),
(2808, 1931, 7, 75),
(2809, 1931, 8, 0),
(2810, 1931, 9, 0),
(2811, 1931, 10, 0),
(2812, 1931, 11, 0),
(2813, 1931, 12, 0),
(2814, 1931, 13, 0),
(2815, 1931, 14, 0),
(2816, 1931, 15, 0),
(2817, 1931, 16, 0),
(2818, 1931, 17, 0),
(2819, 1931, 18, 0),
(2820, 1931, 19, 0),
(2821, 1931, 20, 210),
(2822, 1931, 21, 210),
(2823, 1931, 22, 0),
(2824, 1931, 23, 0),
(2825, 1931, 24, 0),
(2826, 1931, 25, 0),
(2827, 1931, 26, 0),
(2828, 1931, 27, 0),
(2829, 1931, 28, 0),
(2830, 1931, 29, 0),
(2831, 1931, 30, 0),
(2832, 1931, 31, 0),
(2833, 1931, 32, 30),
(2834, 1931, 33, 30),
(2835, 1931, 34, 0),
(2836, 1931, 35, 0),
(2837, 1931, 36, 6),
(2838, 1931, 37, 6),
(2839, 1931, 38, 0),
(2840, 1931, 39, 0),
(2841, 1931, 40, 0),
(2842, 1931, 41, 0),
(2843, 1931, 42, 5),
(2844, 1931, 43, 5),
(2845, 1931, 44, 0),
(2846, 1931, 45, 0),
(2847, 1931, 46, 0),
(2848, 1931, 47, 0),
(2849, 1931, 48, 0),
(2850, 1931, 49, 0),
(2851, 1931, 50, 2),
(2852, 1931, 51, 75),
(2853, 1931, 52, 5),
(2854, 1931, 53, 1),
(2855, 1931, 54, 4),
(2856, 1931, 55, 1),
(2857, 1931, 56, 225),
(2858, 1931, 57, 1),
(2859, 1931, 58, 0),
(2860, 1931, 59, 2),
(2861, 1931, 60, 75),
(2862, 1931, 61, 5),
(2863, 1931, 62, 1),
(2864, 1931, 63, 4),
(2865, 1931, 64, 225),
(2866, 1931, 65, 1),
(2867, 1931, 66, 1),
(2868, 1931, 67, 0),
(2869, 1931, 68, 75),
(2870, 1931, 69, 5),
(2871, 1931, 70, 1),
(2872, 1931, 71, 4),
(2873, 1931, 72, 230),
(2874, 1931, 73, 1),
(2875, 1931, 74, 0),
(2876, 1931, 75, 10),
(2877, 1931, 76, 12),
(2878, 1931, 77, 12),
(2879, 1931, 78, 0),
(2880, 1931, 79, 0),
(2881, 1879, 0, 0),
(2882, 1879, 1, 0),
(2883, 1879, 2, 0),
(2884, 1879, 3, 0),
(2885, 1879, 4, 0),
(2886, 1879, 5, 0),
(2887, 1879, 6, 50),
(2888, 1879, 7, 50),
(2889, 1879, 8, 0),
(2890, 1879, 9, 0),
(2891, 1879, 10, 0),
(2892, 1879, 11, 0),
(2893, 1879, 12, 0),
(2894, 1879, 13, 0),
(2895, 1879, 14, 0),
(2896, 1879, 15, 0),
(2897, 1879, 16, 0),
(2898, 1879, 17, 0),
(2899, 1879, 18, 0),
(2900, 1879, 19, 0),
(2901, 1879, 20, 200),
(2902, 1879, 21, 200),
(2903, 1879, 22, 0),
(2904, 1879, 23, 0),
(2905, 1879, 24, 0),
(2906, 1879, 25, 0),
(2907, 1879, 26, 0),
(2908, 1879, 27, 0),
(2909, 1879, 28, 0),
(2910, 1879, 29, 0),
(2911, 1879, 30, 0),
(2912, 1879, 31, 0),
(2913, 1879, 32, 50),
(2914, 1879, 33, 50),
(2915, 1879, 34, 0),
(2916, 1879, 35, 0),
(2917, 1879, 36, 0),
(2918, 1879, 37, 0),
(2919, 1879, 38, 0),
(2920, 1879, 39, 0),
(2921, 1879, 40, 0),
(2922, 1879, 41, 0),
(2923, 1879, 42, 0),
(2924, 1879, 43, 0),
(2925, 1879, 44, 0),
(2926, 1879, 45, 0),
(2927, 1879, 46, 0),
(2928, 1879, 47, 0),
(2929, 1879, 48, 0),
(2930, 1879, 49, 0),
(2931, 1879, 50, 0),
(2932, 1879, 51, 0),
(2933, 1879, 52, 0),
(2934, 1879, 53, 0),
(2935, 1879, 54, 0),
(2936, 1879, 55, 50),
(2937, 1879, 56, 200),
(2938, 1879, 57, 0),
(2939, 1879, 58, 0),
(2940, 1879, 59, 0),
(2941, 1879, 60, 0),
(2942, 1879, 61, 0),
(2943, 1879, 62, 0),
(2944, 1879, 63, 0),
(2945, 1879, 64, 200),
(2946, 1879, 65, 0),
(2947, 1879, 66, 0),
(2948, 1879, 67, 50),
(2949, 1879, 68, 50),
(2950, 1879, 69, 0),
(2951, 1879, 70, 0),
(2952, 1879, 71, 0),
(2953, 1879, 72, 200),
(2954, 1879, 73, 0),
(2955, 1879, 74, 50),
(2956, 1879, 75, 0),
(2957, 1879, 76, 50),
(2958, 1879, 77, 50),
(2959, 1879, 78, 0),
(2960, 1879, 79, 0);

-- --------------------------------------------------------

--
-- Estructura de tabla para la tabla `cb_escrutinioinfo`
--

CREATE TABLE IF NOT EXISTS `cb_escrutinioinfo` (
  `auto` int(11) NOT NULL AUTO_INCREMENT,
  `mesa` int(11) NOT NULL,
  `iduser` int(11) NOT NULL,
  `fecha` varchar(20) NOT NULL,
  `sobres` int(11) NOT NULL,
  PRIMARY KEY (`auto`),
  KEY `iduser` (`iduser`),
  KEY `mesa` (`mesa`)
) ENGINE=InnoDB DEFAULT CHARSET=utf8;

--
-- Volcado de datos para la tabla `cb_escrutinioinfo`
--

INSERT INTO `cb_escrutinioinfo` (`auto`, `mesa`, `iduser`, `fecha`, `sobres`) VALUES
(1, 2041, 14, '2019-04-12 17:38:57', 292),
(2, 2042, 14, '2019-04-12 17:41:35', 170),
(3, 2052, 16, '2019-04-12 17:52:15', 200),
(4, 1876, 6, '2019-04-12 18:22:26', 292),
(5, 1876, 6, '2019-04-12 18:43:57', 292),
(6, 1877, 18, '2019-04-12 19:40:53', 295),
(7, 2075, 2, '2019-04-12 19:40:56', 350),
(8, 1929, 26, '2019-04-12 19:41:55', 326),
(9, 2076, 2, '2019-04-12 19:42:03', 200),
(10, 1887, 18, '2019-04-12 19:42:51', 330),
(11, 1929, 26, '2019-04-12 19:44:13', 326),
(12, 2077, 2, '2019-04-12 19:44:32', 350),
(13, 1876, 17, '2019-04-12 19:44:48', 292),
(14, 2017, 40, '2019-04-12 19:45:20', 292),
(15, 2078, 2, '2019-04-12 19:45:36', 300),
(16, 1877, 17, '2019-04-12 19:45:42', 350),
(17, 1889, 20, '2019-04-12 19:50:13', 326),
(18, 1929, 26, '2019-04-12 19:50:18', 326),
(19, 1998, 30, '2019-04-12 19:51:16', 290),
(20, 1889, 20, '2019-04-12 19:51:30', 326),
(21, 2079, 2, '2019-04-12 19:51:34', 350),
(22, 2018, 40, '2019-04-12 19:52:35', 346),
(23, 2080, 2, '2019-04-12 19:52:40', 200),
(24, 1889, 20, '2019-04-12 19:53:57', 326),
(25, 2081, 2, '2019-04-12 19:54:03', 350),
(26, 1930, 26, '2019-04-12 19:54:12', 326),
(27, 2019, 40, '2019-04-12 19:55:31', 350),
(28, 2020, 40, '2019-04-12 19:58:07', 350),
(29, 2021, 40, '2019-04-12 19:59:52', 350),
(30, 1919, 24, '2019-04-12 20:00:55', 326),
(31, 2022, 40, '2019-04-12 20:01:03', 348),
(32, 1919, 24, '2019-04-12 20:01:27', 326),
(33, 1928, 25, '2019-04-12 20:01:46', 70),
(34, 2023, 40, '2019-04-12 20:02:10', 350),
(35, 1889, 20, '2019-04-12 20:05:18', 326),
(36, 2024, 40, '2019-04-12 20:09:00', 350),
(37, 2006, 38, '2019-04-12 20:11:37', 350),
(38, 1980, 35, '2019-04-12 20:12:20', 326),
(39, 2006, 38, '2019-04-12 20:12:35', 350),
(40, 1889, 20, '2019-04-12 20:14:02', 326),
(41, 1966, 34, '2019-04-12 20:15:09', 326),
(42, 1890, 20, '2019-04-12 20:19:02', 326),
(43, 2006, 38, '2019-04-12 20:24:38', 326),
(44, 1966, 1, '2019-04-12 20:24:40', 326),
(45, 1945, 31, '2019-04-12 20:24:57', 326),
(46, 1966, 34, '2019-04-12 20:28:48', 326),
(47, 1899, 20, '2019-04-12 20:33:44', 326),
(48, 1899, 20, '2019-04-12 20:33:44', 326),
(49, 1920, 24, '2019-04-12 20:33:49', 326),
(50, 2075, 9, '2019-04-12 20:34:58', 350),
(51, 1890, 20, '2019-04-12 20:41:47', 326),
(52, 1890, 20, '2019-04-12 20:41:48', 326),
(53, 1890, 20, '2019-04-12 20:42:20', 326),
(54, 1890, 20, '2019-04-12 20:42:20', 326),
(55, 1899, 20, '2019-04-12 20:46:05', 326),
(56, 1899, 20, '2019-04-12 20:46:06', 326),
(57, 1899, 20, '2019-04-12 20:50:17', 326),
(58, 1899, 20, '2019-04-12 20:50:18', 326),
(59, 1890, 20, '2019-04-12 20:51:22', 326),
(60, 1890, 20, '2019-04-12 20:51:23', 326),
(61, 2075, 44, '2019-04-12 20:52:01', 306),
(62, 1921, 24, '2019-04-12 20:52:42', 326),
(63, 1980, 4, '2019-04-12 20:54:05', 326),
(64, 1921, 24, '2019-04-12 20:55:10', 326),
(65, 1921, 24, '2019-04-12 20:56:15', 326),
(66, 2076, 44, '2019-04-12 20:57:30', 306),
(67, 2077, 44, '2019-04-12 21:03:08', 306),
(68, 1931, 27, '2019-04-12 21:31:47', 326),
(69, 1879, 17, '2019-04-13 13:10:26', 300),
(70, 1887, 1, '2019-04-13 18:15:58', 330);

-- --------------------------------------------------------

--
-- Estructura de tabla para la tabla `cb_lineas`
--

CREATE TABLE IF NOT EXISTS `cb_lineas` (
  `idlinea` int(11) NOT NULL AUTO_INCREMENT,
  `jurisdiccion` varchar(100) DEFAULT NULL,
  `numero` varchar(6) NOT NULL,
  `nombre` varchar(40) NOT NULL,
  `idpartido` int(11) NOT NULL,
  `orden` int(11) NOT NULL,
  PRIMARY KEY (`idlinea`),
  KEY `numero` (`numero`),
  KEY `idpartido` (`idpartido`),
  KEY `orden` (`orden`)
) ENGINE=InnoDB DEFAULT CHARSET=utf8;

--
-- Volcado de datos para la tabla `cb_lineas`
--

INSERT INTO `cb_lineas` (`idlinea`, `jurisdiccion`, `numero`, `nombre`, `idpartido`, `orden`) VALUES
(1, 'Ciudad Gualeguaychú', '889', 'Gualeguaychu Entre Todos', 4, 10),
(2, 'Urdinarrain', '888', 'INTRANSIGENCIA POPULAR DE URDINARRAIN', 9, 20),
(3, 'Larroque', '7', 'VOLVER A NACER', 7, 30),
(4, 'Pueblo Gral. Belgrano', '65', 'Unión Ciudadana', 1, 40),
(5, 'Irazusta', '61', 'Todos Para Creer', 1, 50),
(6, 'Gilbert', '61', 'Todos Para Creer', 1, 60),
(7, 'Pastor Britos - Faustino Parera', '61', 'Todos Para Creer', 1, 70),
(8, 'Pueblo Gral. Belgrano', '601', '#SEGUIMO!!!', 10, 80),
(9, 'Gilbert', '59', 'Creer Todos Juntos', 1, 90),
(10, 'Irazusta', '59', 'Creer Todos Juntos', 1, 100),
(11, 'Pastor Britos - Faustino Parera', '59', 'Creer Todos Juntos', 1, 110),
(12, 'Urdinarrain', '525', 'Frente Para Todos', 8, 120),
(13, 'Larroque', '502 B', 'Compromiso', 2, 130),
(14, 'Perdices', '502 B', 'Cambiando Juntos', 2, 140),
(15, 'Gualeguaychú', '502 A', 'Cambiando Juntos', 2, 150),
(16, 'Aldea San Antonio', '502 A', 'Cambiando Juntos', 2, 160),
(17, 'Larroque', '502 A', 'CAMBIANDO JUNTOS', 2, 170),
(18, 'Gilbert', '502 A', 'CAMBIANDO JUNTOS', 2, 180),
(19, 'Irazusta', '502 A', 'Cambiando Juntos', 2, 190),
(20, 'Costa Uruguay Norte', '502 A', 'Cambiando Juntos', 2, 200),
(21, 'Pastor Britos - Faustino Parera', '502 A', 'CAMBIANDO JUNTOS', 2, 210),
(22, 'Las Mercedes', '502 A', 'Cambiando Juntos', 2, 220),
(23, 'Distrito Talitas', '502 A', 'Cambiando Juntos', 2, 230),
(24, 'Estación Escriña', '502 A', 'Cambiando Juntos', 2, 240),
(25, 'Costa Uruguay Sur', '502 A', 'Cambiando Juntos', 2, 250),
(26, 'Costa San Antonio', '502 A', 'Cambiando Juntos', 2, 260),
(27, 'Rincón del Gato y Rincón del Cinto', '502 A', 'Cambiando Juntos', 2, 270),
(28, 'Ciudad Gualeguaychú', '50 B', 'Progresismo Popular', 13, 280),
(29, 'Enrique Carbó', '33', 'Somos Carbó', 12, 290),
(30, 'Ciudad Gualeguaychú', '2', 'CREER ENTRE RIOS', 1, 300),
(31, 'Aldea San Antonio', '2', 'Creer Entre Ríos', 1, 310),
(32, 'Larroque', '2', 'Creer Entre Ríos', 1, 320),
(33, 'Urdinarrain', '2', 'Creer Entre Rios', 1, 330),
(34, 'Pueblo Gral. Belgrano', '2', 'Creer Entre Ríos', 1, 340),
(35, 'Enrique Carbó', '2', 'Creer Entre Ríos', 1, 350),
(36, 'Aldea San Juan', '2', 'Creer Entre Ríos', 1, 360),
(37, 'General Almada', '2', 'Creer Entre Ríos', 1, 370),
(38, 'Las Mercedes', '2', 'Creer Entre Ríos', 1, 380),
(39, 'Distrito Talitas', '2', 'Creer Entre Ríos', 1, 390),
(40, 'Costa Uruguay Sur', '2', 'Creer Entre Ríos', 1, 400),
(41, 'Perdices', '2', 'Creer Entre Ríos', 2, 410),
(42, 'Costa San Antonio', '2', 'Creer Entre Ríos', 2, 420),
(43, 'Rincón del Gato y Rincón del Cinto', '2', 'Creer Entre Ríos', 2, 430),
(44, 'Pueblo Gral. Belgrano', '13', 'Somos Pueblo Belgrano', 11, 440),
(45, 'Gualeguaychú', '101', 'Juntos por Gualeguaychu', 2, 450),
(46, 'Urdinarrain', '525', 'Frente Para Todos', 8, 300),
(47, NULL, '50 B', 'Progresismo Popular', 13, 0),
(48, NULL, '50 A', 'Alternativa Progresista', 13, 0),
(49, NULL, '5', 'SER', 14, 0),
(50, NULL, '2', 'Creer Entre Ríos', 1, 1),
(51, NULL, '187', 'Nueva Izquierda', 15, 0),
(52, NULL, '15', 'Confederación Vecinalista Entre Ríos', 16, 0),
(53, NULL, '502 A', 'Cambiando Juntos', 2, 0),
(54, NULL, '17', 'Lealtad y Dignidad de Entre Rios', 1, 2),
(55, NULL, '75', 'DIGNIDAD PERONISTA', 1, 3),
(56, NULL, '432', 'ALTERNATIVA PARA EL PROGRESO PJ', 1, 5),
(57, NULL, '000', 'Blanco/Nulo/Otro', 17, 9990);

-- --------------------------------------------------------

--
-- Estructura de tabla para la tabla `cb_partidos`
--

CREATE TABLE IF NOT EXISTS `cb_partidos` (
  `idpartido` int(11) NOT NULL AUTO_INCREMENT,
  `numero` varchar(6) NOT NULL,
  `nombre` varchar(100) NOT NULL,
  `imagen` varchar(80) NOT NULL,
  `color` varchar(32) NOT NULL,
  `orden` int(11) NOT NULL,
  PRIMARY KEY (`idpartido`),
  KEY `numero` (`numero`),
  KEY `orden` (`orden`)
) ENGINE=InnoDB DEFAULT CHARSET=utf8;

--
-- Volcado de datos para la tabla `cb_partidos`
--

INSERT INTO `cb_partidos` (`idpartido`, `numero`, `nombre`, `imagen`, `color`, `orden`) VALUES
(1, '1', 'Frente Justicialista Creer Entre Ríos', '/VotoNulo_landscape_1_7.png', '#0087C6', 10),
(2, '1', 'Alianza Cambiemos', '/VotoNulo_landscape_1_7.png', '#F8CC06', 20),
(3, '1', 'Frente Vecinal Gualeguaychú ', '/VotoNulo_landscape_1_7.png', '#2DCC70', 30),
(4, '1', 'Gualeguaychú Entre Todos', '/VotoNulo_landscape_1_7.png', '#8A8B8D', 40),
(5, '1', 'Nuevo Espacio Gualeguaychú', '/VotoNulo_landscape_1_7.png', '#8A8B8D', 50),
(6, '1', 'Todos por Gualeguaychú ', '/VotoNulo_landscape_1_7.png', '#8A8B8D', 60),
(7, '1', 'Somos Larroque', '/VotoNulo_landscape_1_7.png', '#8A8B8D', 70),
(8, '1', 'Frente para Todos por Urdinarrain', '/VotoNulo_landscape_1_7.png', '#8A8B8D', 80),
(9, '1', 'Intransigencia Popular de Urdinarrain', '/VotoNulo_landscape_1_7.png', '#8A8B8D', 90),
(10, '1', 'Nueva Generación ', '/VotoNulo_landscape_1_7.png', '#8A8B8D', 100),
(11, '1', 'Somos Pueblo Belgrano ', '/VotoNulo_landscape_1_7.png', '#8A8B8D', 110),
(12, '1', 'Somos Carbó ', '/VotoNulo_landscape_1_7.png', '#8A8B8D', 120),
(13, '1', 'Partido Socialista', '/VotoNulo_landscape_1_7.png', '#E11F27', 130),
(14, '5', 'SER', '', '#7C369E', 140),
(15, '1', 'Nueva Izquierda', '', '#BB0000', 150),
(16, '0', 'Confederación Vecinalista Entre Ríos', '', '#0168b5', 160),
(17, '0', 'Otro', '', '#333333', 9990);

-- --------------------------------------------------------

--
-- Estructura de tabla para la tabla `cb_rg_circuitos`
--

CREATE TABLE IF NOT EXISTS `cb_rg_circuitos` (
  `idcircuito` int(11) NOT NULL AUTO_INCREMENT,
  `numero` varchar(11) NOT NULL,
  `nombre` varchar(40) NOT NULL,
  `idzona` int(11) NOT NULL,
  PRIMARY KEY (`idcircuito`),
  KEY `idzona` (`idzona`)
) ENGINE=InnoDB DEFAULT CHARSET=utf8;

--
-- Volcado de datos para la tabla `cb_rg_circuitos`
--

INSERT INTO `cb_rg_circuitos` (`idcircuito`, `numero`, `nombre`, `idzona`) VALUES
(1, '182', 'Gualeguaychú Norte', 1),
(2, '183', 'Gualeguaychú Sud', 1),
(3, '184', 'Suburbio Norte Gualeguaychú', 1),
(4, '185', 'Suburbio Sud Gualeguaychú', 1),
(5, '188', 'Ejido Este Gualeguaychú', 1),
(6, '200', 'Aldea San Antonio', 2),
(7, '192', 'Villa Larroque', 3),
(8, '198', 'Urdinarrain', 4),
(9, '202', 'Gilbert', 5),
(10, '189', 'Pueblo Gral. Belgrano', 6),
(11, '195 - A', 'Enrique Carbó', 7),
(12, '193', 'IRAZUSTA', 8),
(13, '201', 'ALDEA SAN JUAN', 9),
(14, '187', 'COSTA URUGUAY NORTE', 10),
(15, '205', 'BRITOS', 11),
(16, '203', 'PEGUAJO NORTE', 12),
(17, '194', 'DOS HERMANAS', 13),
(18, '196', 'CUCHILLA REDONDA', 14),
(19, '206', 'TALITAS', 15),
(20, '202 - A', 'ESCRIÑA', 16),
(21, '186', 'COSTA URUGUAY SUR', 17),
(22, '190', 'PERDICES', 18),
(23, '207', 'COSTA SAN ANTONIO', 19),
(24, '204', 'RINCON DEL GATO', 20),
(25, '191', 'PEHUAJO SUR', 0),
(26, '197', 'CEIBAS', 0),
(27, '199', 'COLONIA FLORIDA DEL OESTE', 0),
(28, '195', 'ALARCÓN', 0),
(29, '0', 'Provincial', 21);

-- --------------------------------------------------------

--
-- Estructura de tabla para la tabla `cb_rg_escuelas`
--

CREATE TABLE IF NOT EXISTS `cb_rg_escuelas` (
  `idescuela` int(11) NOT NULL AUTO_INCREMENT,
  `idcircuito` int(11) NOT NULL,
  `nombre` varchar(60) CHARACTER SET utf8 COLLATE utf8_unicode_ci NOT NULL,
  `direccion` varchar(60) NOT NULL,
  `mesas` int(11) NOT NULL,
  `mesainicio` int(11) NOT NULL,
  `mesafin` int(11) NOT NULL,
  PRIMARY KEY (`idescuela`),
  KEY `idcircuito` (`idcircuito`)
) ENGINE=InnoDB DEFAULT CHARSET=utf8;

--
-- Volcado de datos para la tabla `cb_rg_escuelas`
--

INSERT INTO `cb_rg_escuelas` (`idescuela`, `idcircuito`, `nombre`, `direccion`, `mesas`, `mesainicio`, `mesafin`) VALUES
(1, 1, 'ESC PROV N° 1 \"GUILLERMO RAWSON\"', 'LUIS N PALMA 602', 13, 1876, 1888),
(2, 1, 'ESC PRIV Nº 64 \"LA SAGRADA FAMILIA\"', 'URQUIZA 1478', 11, 1889, 1899),
(3, 1, 'ESC PROV Nº 4 \"GERVASIO MENDEZ\"', 'RIVADAVIA 962', 12, 1900, 1911),
(4, 1, 'ESC PROV Nº 58 \"PROF A VILLALBA\"', 'SAN JUAN 1242', 7, 1912, 1918),
(5, 1, 'E.E.T. N° 2 \"PBRO JOSE M COLOMBO\"', '9 DE JULIO 195', 10, 1919, 1928),
(6, 2, 'ESC NORM SUP N° 14 \"OLEGARIO VICTOR ANDRADE\"', 'GERVASIO MENDEZ 676', 16, 1929, 1944),
(7, 2, 'ESC PROV Nº 36 \"FCO HERNANDEZ LOPEZ JORDAN\"', 'MORENO 342', 8, 1945, 1952),
(8, 2, 'COLEGIO SUPERIOR \"LUIS CLAVARINO\"', '25 DE MAYO 497', 5, 1953, 1957),
(9, 2, 'ESC PROV N° 105 “ISLAS MALVINAS”', 'ROCAMORA 515', 8, 1958, 1965),
(10, 2, 'ESC PROV N° 17 “HEROES DE MALVINAS”', 'AYACUCHO Y GOLDARACENA', 8, 1966, 1973),
(11, 2, 'ESC PROV Nº 2 \"DOMINGO MATHEU\"', 'ANDRADE 325', 6, 1974, 1979),
(12, 2, 'E.E.T. N° 1 “JOSE MARIA SOBRAL”', 'SAN MARTIN 1067', 10, 1980, 1989),
(13, 2, 'ESC PROV N° 20 “DOMINGO FAUSTINO SARMIENTO”', 'AVDA. DEL VALLE 749', 8, 1990, 1997),
(14, 3, 'ESC PROV Nº 90 \"JOSE S ALVAREZ\"', 'RODO 1450', 8, 1998, 2005),
(15, 3, 'ESC PRIV Nº 105 \"M S DE CLAVARINO\"', 'PUERTO ARGENTINO Y LESTONNAC', 11, 2006, 2016),
(16, 3, 'ESC PROV N° 8 \"CNEL. ROSENDO M. FRAGA\"', 'BVARD MONTANA 546', 8, 2017, 2024),
(17, 3, 'ESC PROV N° 2 “PROF PABLO HAEDO”', 'BVARD MONTANA Y NOGOYA', 6, 2025, 2030),
(18, 3, 'ESC PROV N° 106 “DR CARLOS PELLEGRINI”', 'PRIMERA JUNTA 1148', 4, 2031, 2034),
(19, 3, 'ESC PRIV N° D-125 “SAGRADO CORAZÓN”', 'BVARD DANERI 401', 6, 2035, 2040),
(20, 4, 'ESC PROV Nº 94 \"FRANCISCO RAMIREZ\"', 'MIGUEL PEREDA 2390', 11, 2041, 2051),
(21, 4, 'ESC PROV Nº 9 \"LEOPOLDO HERRERA\"', 'MONTEVIDEO 867', 11, 2052, 2062),
(22, 4, 'ESC PROV Nº 88 \"LOS FUNDADORES\"', 'ASISCLO MENDEZ 1235', 6, 2063, 2068),
(23, 4, 'ESC PROV N° 5 “SOLDADO CARLOS MOSTO”', 'JOSE B ZUBIAUR 1176', 6, 2069, 2074),
(24, 4, 'ESC PROV N° 35 “REPUBLICA DE CHILE”', 'MAESTRO LUIS BOZZANO 650', 7, 2075, 2081),
(25, 4, 'ESC PROV N° 69 “MERCEDES DE BALCARCE”', 'LÓPEZ Y PLANES 4', 7, 2082, 2088),
(26, 21, 'ESC PROV Nº 66 \"BARTOLITO MITRE\"', 'COSTA URUGUAY SUR', 2, 2089, 2090),
(27, 14, 'ESC PROV Nº 110 \"SEMANA DE MAYO\"', 'CALLE 7 Y 4', 1, 2091, 2091),
(28, 5, 'ESC PROV N° 109 \"JUAN ZORRILLA DE SAN MARTIN\"', 'CALLE 6 Y 9 - C URUGUAY NORTE', 1, 2092, 2092),
(29, 10, 'ESC PROV Nº 113 \"INF DE MARINA C LASALA\"', '20 DE JUNIO Y F FIOROTTO', 8, 2093, 2100),
(30, 22, 'ESC PROV Nº 38 \"DAVID DELLA CHIESSA\"', 'RUTA NACIONAL 14 KM 25', 1, 2101, 2101),
(31, 25, 'ESC PROV Nº 18 \"JOSE M ESTRADA\"', 'RUTA PROVINCIAL 16', 1, 2102, 2102),
(32, 7, 'ESC PRIV Nº 66 \"JOSE M ESTRADA\"', 'URQUIZA 350', 9, 2103, 2111),
(33, 7, 'ESC PROV Nº 93 \"FAUSTINO SUAREZ\"', 'URQUIZA 561', 9, 2112, 2120),
(34, 12, 'ESC PROV Nº 19 \"DANIEL ELIAS\"', 'AV GRAL SAN MARTIN S/N', 2, 2121, 2122),
(35, 17, 'ESC PROV Nº 97 \"LA RIOJA\"', 'RUTA PROV 11 - LAS MERCEDES', 1, 2123, 2123),
(36, 11, 'ESC PROV Nº 92 \"LUIS DOELLO JURADO\"', 'GRAL URQUIZA 818 - EST CARBO', 3, 2124, 2126),
(37, 18, 'ESC PROV Nº 95 \"PROVINCIA DE MISIONES\"', 'RUTA PROVINCIAL 16', 1, 2127, 2127),
(38, 26, 'ESC PROV Nº 77 \"DEL HORNERO\"', 'ARROYO ÑANCAY', 1, 2128, 2128),
(39, 8, 'ESC PRIV Nº 63 \"MARIANO MORENO\"', '23 DE SEPTIEMBRE 210', 6, 2129, 2134),
(40, 8, 'ESC PROV Nº 25 \"CASEROS\"', 'RIVADAVIA 350', 6, 2135, 2140),
(41, 8, 'ESC PROV Nº 103 \"GRAL URDINARRAIN\"', 'L N ALEM Y L VEGA', 6, 2141, 2146),
(42, 8, 'ESC PROV N° 16 “COLEGIO DE URDINARRAIN”', 'BVARD H. YRIGOYEN 240', 6, 2147, 2152),
(43, 27, 'ESC PROV Nº 61 \"ALBERTO GERCHUNOFF\"', 'COLONIA LA FLORIDA', 1, 2153, 2153),
(44, 6, 'ESC PROV Nº 24 \"PATRICIAS ARGENTINAS\"', 'AVDA DE LOS INMIGRANTES 568', 5, 2154, 2158),
(45, 13, 'ESC PROV Nº 21 \"GRAL SAN MARTIN\"', 'ALDEA SAN JUAN', 1, 2159, 2159),
(46, 9, 'ESC PROV Nº 27 \"MARIANO MORENO\"', 'ACCESO A SAN JOSE (EX RUTA 20)', 3, 2160, 2162),
(47, 20, 'ESC PROV N° 28 \"PRESIDENTE SARMIENTO\"', 'ESTACION ESCRIÑA', 1, 2163, 2163),
(48, 16, 'ESC PROV Nº 98 \"S/N\"', 'ESTACION ALMADA', 1, 2164, 2164),
(49, 24, 'ESC PROV Nº 39 \"PERITO MORENO\"', 'CPO LA SOMBRA-RUTA PROV 20 KM 22', 1, 2165, 2165),
(50, 15, 'ESC PROV Nº 23 \"DOLORES COSTA DE URQUIZA\"', 'ESTACION PARERA', 1, 2166, 2166),
(51, 19, 'ESC PROV Nº 16 \"REMEDIOS E DE SAN MARTIN\"', 'CPO DE ORESTES TAFFAREL', 1, 2167, 2167),
(52, 23, 'ESC PROV Nº 29 \"SALVADOR MARIA DEL CARRIL\"', 'COSTA SAN ANTONIO', 1, 2168, 2168);

-- --------------------------------------------------------

--
-- Estructura de tabla para la tabla `cb_rg_mesas`
--

CREATE TABLE IF NOT EXISTS `cb_rg_mesas` (
  `idmesa` int(11) NOT NULL AUTO_INCREMENT,
  `numero` int(11) NOT NULL,
  `idescuela` int(11) NOT NULL,
  `votantes` int(11) NOT NULL,
  `active` enum('N','Y','C','A') NOT NULL,
  PRIMARY KEY (`idmesa`),
  KEY `numero` (`numero`),
  KEY `idescuela` (`idescuela`),
  KEY `active` (`active`)
) ENGINE=InnoDB DEFAULT CHARSET=utf8;

--
-- Volcado de datos para la tabla `cb_rg_mesas`
--

INSERT INTO `cb_rg_mesas` (`idmesa`, `numero`, `idescuela`, `votantes`, `active`) VALUES
(1, 1876, 1, 350, 'C'),
(2, 1877, 1, 350, 'C'),
(3, 1878, 1, 350, 'N'),
(4, 1879, 1, 350, 'C'),
(5, 1880, 1, 350, 'N'),
(6, 1881, 1, 350, 'N'),
(7, 1882, 1, 350, 'N'),
(8, 1883, 1, 350, 'N'),
(9, 1884, 1, 350, 'N'),
(10, 1885, 1, 350, 'N'),
(11, 1886, 1, 350, 'N'),
(12, 1887, 1, 350, 'C'),
(13, 1888, 1, 350, 'N'),
(14, 1889, 2, 350, 'Y'),
(15, 1890, 2, 350, 'C'),
(16, 1891, 2, 350, 'N'),
(17, 1892, 2, 350, 'N'),
(18, 1893, 2, 350, 'N'),
(19, 1894, 2, 350, 'N'),
(20, 1895, 2, 350, 'N'),
(21, 1896, 2, 350, 'N'),
(22, 1897, 2, 350, 'N'),
(23, 1898, 2, 350, 'N'),
(24, 1899, 2, 350, 'C'),
(25, 1900, 3, 350, 'N'),
(26, 1901, 3, 350, 'N'),
(27, 1902, 3, 350, 'N'),
(28, 1903, 3, 350, 'N'),
(29, 1904, 3, 350, 'N'),
(30, 1905, 3, 350, 'N'),
(31, 1906, 3, 350, 'N'),
(32, 1907, 3, 350, 'N'),
(33, 1908, 3, 350, 'N'),
(34, 1909, 3, 350, 'N'),
(35, 1910, 3, 350, 'N'),
(36, 1911, 3, 350, 'N'),
(37, 1912, 4, 350, 'N'),
(38, 1913, 4, 350, 'N'),
(39, 1914, 4, 350, 'N'),
(40, 1915, 4, 350, 'N'),
(41, 1916, 4, 350, 'N'),
(42, 1917, 4, 350, 'N'),
(43, 1918, 4, 350, 'N'),
(44, 1919, 5, 350, 'Y'),
(45, 1920, 5, 350, 'C'),
(46, 1921, 5, 350, 'C'),
(47, 1922, 5, 350, 'N'),
(48, 1923, 5, 350, 'N'),
(49, 1924, 5, 350, 'N'),
(50, 1925, 5, 350, 'N'),
(51, 1926, 5, 350, 'N'),
(52, 1927, 5, 350, 'N'),
(53, 1928, 5, 56, 'C'),
(54, 1929, 6, 350, 'C'),
(55, 1930, 6, 350, 'C'),
(56, 1931, 6, 350, 'C'),
(57, 1932, 6, 350, 'N'),
(58, 1933, 6, 350, 'N'),
(59, 1934, 6, 350, 'N'),
(60, 1935, 6, 350, 'N'),
(61, 1936, 6, 350, 'N'),
(62, 1937, 6, 350, 'N'),
(63, 1938, 6, 350, 'N'),
(64, 1939, 6, 350, 'N'),
(65, 1940, 6, 350, 'N'),
(66, 1941, 6, 350, 'N'),
(67, 1942, 6, 350, 'N'),
(68, 1943, 6, 350, 'N'),
(69, 1944, 6, 350, 'N'),
(70, 1945, 7, 350, 'C'),
(71, 1946, 7, 350, 'N'),
(72, 1947, 7, 350, 'N'),
(73, 1948, 7, 350, 'N'),
(74, 1949, 7, 350, 'N'),
(75, 1950, 7, 350, 'N'),
(76, 1951, 7, 350, 'N'),
(77, 1952, 7, 350, 'N'),
(78, 1953, 8, 350, 'N'),
(79, 1954, 8, 350, 'N'),
(80, 1955, 8, 350, 'N'),
(81, 1956, 8, 350, 'N'),
(82, 1957, 8, 350, 'N'),
(83, 1958, 9, 350, 'N'),
(84, 1959, 9, 350, 'N'),
(85, 1960, 9, 350, 'N'),
(86, 1961, 9, 350, 'N'),
(87, 1962, 9, 350, 'N'),
(88, 1963, 9, 350, 'N'),
(89, 1964, 9, 350, 'N'),
(90, 1965, 9, 350, 'N'),
(91, 1966, 10, 350, 'C'),
(92, 1967, 10, 350, 'N'),
(93, 1968, 10, 350, 'N'),
(94, 1969, 10, 350, 'N'),
(95, 1970, 10, 350, 'N'),
(96, 1971, 10, 350, 'N'),
(97, 1972, 10, 350, 'N'),
(98, 1973, 10, 350, 'N'),
(99, 1974, 11, 350, 'N'),
(100, 1975, 11, 350, 'N'),
(101, 1976, 11, 350, 'N'),
(102, 1977, 11, 350, 'N'),
(103, 1978, 11, 350, 'N'),
(104, 1979, 11, 350, 'N'),
(105, 1980, 12, 350, 'C'),
(106, 1981, 12, 350, 'N'),
(107, 1982, 12, 350, 'N'),
(108, 1983, 12, 350, 'N'),
(109, 1984, 12, 350, 'N'),
(110, 1985, 12, 350, 'N'),
(111, 1986, 12, 350, 'N'),
(112, 1987, 12, 350, 'N'),
(113, 1988, 12, 350, 'N'),
(114, 1989, 12, 350, 'N'),
(115, 1990, 13, 350, 'N'),
(116, 1991, 13, 350, 'N'),
(117, 1992, 13, 350, 'N'),
(118, 1993, 13, 350, 'N'),
(119, 1994, 13, 350, 'N'),
(120, 1995, 13, 350, 'N'),
(121, 1996, 13, 350, 'N'),
(122, 1997, 13, 117, 'N'),
(123, 1998, 14, 350, 'C'),
(124, 1999, 14, 350, 'N'),
(125, 2000, 14, 350, 'N'),
(126, 2001, 14, 350, 'N'),
(127, 2002, 14, 350, 'N'),
(128, 2003, 14, 350, 'N'),
(129, 2004, 14, 350, 'N'),
(130, 2005, 14, 350, 'N'),
(131, 2006, 15, 350, 'C'),
(132, 2007, 15, 350, 'N'),
(133, 2008, 15, 350, 'N'),
(134, 2009, 15, 350, 'N'),
(135, 2010, 15, 350, 'N'),
(136, 2011, 15, 350, 'N'),
(137, 2012, 15, 350, 'N'),
(138, 2013, 15, 350, 'N'),
(139, 2014, 15, 350, 'N'),
(140, 2015, 15, 350, 'N'),
(141, 2016, 15, 350, 'N'),
(142, 2017, 16, 350, 'C'),
(143, 2018, 16, 350, 'C'),
(144, 2019, 16, 350, 'C'),
(145, 2020, 16, 350, 'C'),
(146, 2021, 16, 350, 'C'),
(147, 2022, 16, 350, 'C'),
(148, 2023, 16, 350, 'C'),
(149, 2024, 16, 350, 'C'),
(150, 2025, 17, 350, 'N'),
(151, 2026, 17, 350, 'N'),
(152, 2027, 17, 350, 'N'),
(153, 2028, 17, 350, 'N'),
(154, 2029, 17, 350, 'N'),
(155, 2030, 17, 350, 'N'),
(156, 2031, 18, 350, 'N'),
(157, 2032, 18, 350, 'N'),
(158, 2033, 18, 350, 'N'),
(159, 2034, 18, 350, 'N'),
(160, 2035, 19, 350, 'N'),
(161, 2036, 19, 350, 'N'),
(162, 2037, 19, 350, 'N'),
(163, 2038, 19, 350, 'N'),
(164, 2039, 19, 189, 'N'),
(165, 2040, 19, 188, 'N'),
(166, 2041, 20, 350, 'A'),
(167, 2042, 20, 350, 'C'),
(168, 2043, 20, 350, 'N'),
(169, 2044, 20, 350, 'N'),
(170, 2045, 20, 350, 'N'),
(171, 2046, 20, 350, 'N'),
(172, 2047, 20, 350, 'N'),
(173, 2048, 20, 350, 'N'),
(174, 2049, 20, 350, 'N'),
(175, 2050, 20, 350, 'N'),
(176, 2051, 20, 350, 'N'),
(177, 2052, 21, 350, 'C'),
(178, 2053, 21, 350, 'N'),
(179, 2054, 21, 350, 'N'),
(180, 2055, 21, 350, 'N'),
(181, 2056, 21, 350, 'N'),
(182, 2057, 21, 350, 'N'),
(183, 2058, 21, 350, 'N'),
(184, 2059, 21, 350, 'N'),
(185, 2060, 21, 350, 'N'),
(186, 2061, 21, 350, 'N'),
(187, 2062, 21, 350, 'N'),
(188, 2063, 22, 350, 'N'),
(189, 2064, 22, 350, 'N'),
(190, 2065, 22, 350, 'N'),
(191, 2066, 22, 350, 'N'),
(192, 2067, 22, 350, 'N'),
(193, 2068, 22, 350, 'N'),
(194, 2069, 23, 350, 'N'),
(195, 2070, 23, 350, 'N'),
(196, 2071, 23, 350, 'N'),
(197, 2072, 23, 350, 'N'),
(198, 2073, 23, 350, 'N'),
(199, 2074, 23, 350, 'N'),
(200, 2075, 24, 350, 'C'),
(201, 2076, 24, 350, 'C'),
(202, 2077, 24, 350, 'C'),
(203, 2078, 24, 350, 'C'),
(204, 2079, 24, 350, 'C'),
(205, 2080, 24, 350, 'C'),
(206, 2081, 24, 350, 'C'),
(207, 2082, 25, 350, 'N'),
(208, 2083, 25, 350, 'N'),
(209, 2084, 25, 350, 'N'),
(210, 2085, 25, 350, 'N'),
(211, 2086, 25, 350, 'N'),
(212, 2087, 25, 350, 'N'),
(213, 2088, 25, 218, 'N'),
(214, 2089, 26, 189, 'N'),
(215, 2090, 26, 189, 'N'),
(216, 2091, 27, 141, 'N'),
(217, 2092, 28, 92, 'N'),
(218, 2093, 29, 350, 'N'),
(219, 2094, 29, 350, 'N'),
(220, 2095, 29, 350, 'N'),
(221, 2096, 29, 350, 'N'),
(222, 2097, 29, 350, 'N'),
(223, 2098, 29, 350, 'N'),
(224, 2099, 29, 350, 'N'),
(225, 2100, 29, 165, 'N'),
(226, 2101, 30, 195, 'N'),
(227, 2102, 31, 126, 'N'),
(228, 2103, 32, 350, 'N'),
(229, 2104, 32, 350, 'N'),
(230, 2105, 32, 350, 'N'),
(231, 2106, 32, 350, 'N'),
(232, 2107, 32, 350, 'N'),
(233, 2108, 32, 350, 'N'),
(234, 2109, 32, 350, 'N'),
(235, 2110, 32, 350, 'N'),
(236, 2111, 32, 350, 'N'),
(237, 2112, 33, 350, 'N'),
(238, 2113, 33, 350, 'N'),
(239, 2114, 33, 350, 'N'),
(240, 2115, 33, 350, 'N'),
(241, 2116, 33, 350, 'N'),
(242, 2117, 33, 350, 'N'),
(243, 2118, 33, 350, 'N'),
(244, 2119, 33, 350, 'N'),
(245, 2120, 33, 220, 'N'),
(246, 2121, 34, 179, 'N'),
(247, 2122, 34, 179, 'N'),
(248, 2123, 35, 123, 'N'),
(249, 2124, 36, 350, 'N'),
(250, 2125, 36, 350, 'N'),
(251, 2126, 36, 179, 'N'),
(252, 2127, 37, 95, 'N'),
(253, 2128, 38, 13, 'N'),
(254, 2129, 39, 350, 'N'),
(255, 2130, 39, 350, 'N'),
(256, 2131, 39, 350, 'N'),
(257, 2132, 39, 350, 'N'),
(258, 2133, 39, 350, 'N'),
(259, 2134, 39, 350, 'N'),
(260, 2135, 40, 350, 'N'),
(261, 2136, 40, 350, 'N'),
(262, 2137, 40, 350, 'N'),
(263, 2138, 40, 350, 'N'),
(264, 2139, 40, 350, 'N'),
(265, 2140, 40, 350, 'N'),
(266, 2141, 41, 350, 'N'),
(267, 2142, 41, 350, 'N'),
(268, 2143, 41, 350, 'N'),
(269, 2144, 41, 350, 'N'),
(270, 2145, 41, 350, 'N'),
(271, 2146, 41, 350, 'N'),
(272, 2147, 42, 350, 'N'),
(273, 2148, 42, 350, 'N'),
(274, 2149, 42, 350, 'N'),
(275, 2150, 42, 350, 'N'),
(276, 2151, 42, 350, 'N'),
(277, 2152, 42, 209, 'N'),
(278, 2153, 43, 17, 'N'),
(279, 2154, 44, 350, 'N'),
(280, 2155, 44, 350, 'N'),
(281, 2156, 44, 350, 'N'),
(282, 2157, 44, 350, 'N'),
(283, 2158, 44, 207, 'N'),
(284, 2159, 45, 251, 'N'),
(285, 2160, 46, 350, 'N'),
(286, 2161, 46, 350, 'N'),
(287, 2162, 46, 341, 'N'),
(288, 2163, 47, 80, 'N'),
(289, 2164, 48, 173, 'N'),
(290, 2165, 49, 179, 'N'),
(291, 2166, 50, 269, 'N'),
(292, 2167, 51, 128, 'N'),
(293, 2168, 52, 68, 'N');

-- --------------------------------------------------------

--
-- Estructura de tabla para la tabla `cb_rg_mesas_bkp`
--

CREATE TABLE IF NOT EXISTS `cb_rg_mesas_bkp` (
  `idmesa` int(11) NOT NULL AUTO_INCREMENT,
  `numero` int(11) NOT NULL,
  `idescuela` int(11) NOT NULL,
  `votantes` int(11) NOT NULL,
  `active` enum('N','Y') NOT NULL,
  PRIMARY KEY (`idmesa`)
) ENGINE=InnoDB DEFAULT CHARSET=utf8;

-- --------------------------------------------------------

--
-- Estructura de tabla para la tabla `cb_rg_zonas`
--

CREATE TABLE IF NOT EXISTS `cb_rg_zonas` (
  `idzona` int(11) NOT NULL AUTO_INCREMENT,
  `nombre` varchar(40) NOT NULL,
  PRIMARY KEY (`idzona`)
) ENGINE=InnoDB DEFAULT CHARSET=utf8;

--
-- Volcado de datos para la tabla `cb_rg_zonas`
--

INSERT INTO `cb_rg_zonas` (`idzona`, `nombre`) VALUES
(1, 'Gualeguaychú'),
(2, 'Aldea San Antonio'),
(3, 'Larroque'),
(4, 'Urdinarrain'),
(5, 'Gilbert'),
(6, 'Pueblo Gral. Belgrano'),
(7, 'Enrique Carbó'),
(8, 'Irazusta'),
(9, 'Aldea San Juan'),
(10, 'Costa Uruguay Norte'),
(11, 'Pastor Britos - Faustino Parera'),
(12, 'General Almada'),
(13, 'Las Mercedes'),
(14, 'Cuchilla Redonda'),
(15, 'Distrito Talitas'),
(16, 'Estación Escriña'),
(17, 'Costa Uruguay Sur'),
(18, 'Perdices'),
(19, 'Costa San Antonio'),
(20, 'Rincón del Gato y Rincón del Cinto'),
(21, 'Provincial');

-- --------------------------------------------------------

--
-- Estructura de tabla para la tabla `cb_votantes`
--

CREATE TABLE IF NOT EXISTS `cb_votantes` (
  `matricula` varchar(10) NOT NULL,
  `clase` varchar(4) NOT NULL,
  `apellidos` varchar(60) NOT NULL,
  `nombres` varchar(60) NOT NULL,
  `profesion` varchar(60) NOT NULL,
  `domicilio` varchar(100) NOT NULL,
  `analf` varchar(1) NOT NULL,
  `tipodni` varchar(8) NOT NULL,
  `secc` int(11) NOT NULL,
  `circ` int(11) NOT NULL,
  `mesa` int(11) NOT NULL,
  `sexo` varchar(1) NOT NULL,
  `adf` int(11) NOT NULL,
  `orden` int(11) NOT NULL,
  `codpp` int(11) NOT NULL
) ENGINE=InnoDB DEFAULT CHARSET=utf8;
COMMIT;

