--
--


SELECT pg_catalog.set_config('search_path', '', false);



--
-- Name: about_aboutconfig; Type: TABLE; Schema: public; Owner: -
--

CREATE TABLE public.about_aboutconfig (
    id integer NOT NULL,
    image character varying(100) NOT NULL,
    title character varying(128) NOT NULL,
    header text NOT NULL,
    description text NOT NULL,
    text text NOT NULL,
    btn_text character varying(90) NOT NULL,
    btn_url character varying(200) NOT NULL,
    updated timestamp with time zone NOT NULL,
    alt_image character varying(128) NOT NULL,
    title_image character varying(128) NOT NULL
);


--
-- Name: about_aboutconfig_id_seq; Type: SEQUENCE; Schema: public; Owner: -
--

CREATE SEQUENCE public.about_aboutconfig_id_seq
    AS integer
    START WITH 1
    INCREMENT BY 1
    NO MINVALUE
    NO MAXVALUE
    CACHE 1;


--
-- Name: about_aboutconfig_id_seq; Type: SEQUENCE OWNED BY; Schema: public; Owner: -
--

ALTER SEQUENCE public.about_aboutconfig_id_seq OWNED BY public.about_aboutconfig.id;


--
-- Name: admin_honeypot_loginattempt; Type: TABLE; Schema: public; Owner: -
--

CREATE TABLE public.admin_honeypot_loginattempt (
    id integer NOT NULL,
    username character varying(255),
    ip_address inet,
    session_key character varying(50),
    user_agent text,
    "timestamp" timestamp with time zone NOT NULL,
    path text
);


--
-- Name: admin_honeypot_loginattempt_id_seq; Type: SEQUENCE; Schema: public; Owner: -
--

CREATE SEQUENCE public.admin_honeypot_loginattempt_id_seq
    AS integer
    START WITH 1
    INCREMENT BY 1
    NO MINVALUE
    NO MAXVALUE
    CACHE 1;


--
-- Name: admin_honeypot_loginattempt_id_seq; Type: SEQUENCE OWNED BY; Schema: public; Owner: -
--

ALTER SEQUENCE public.admin_honeypot_loginattempt_id_seq OWNED BY public.admin_honeypot_loginattempt.id;


--
-- Name: attachable_blocks_attachableblock; Type: TABLE; Schema: public; Owner: -
--

CREATE TABLE public.attachable_blocks_attachableblock (
    id integer NOT NULL,
    label character varying(128) NOT NULL,
    visible boolean NOT NULL,
    created timestamp with time zone NOT NULL,
    updated timestamp with time zone NOT NULL,
    content_type_id integer
);


--
-- Name: attachable_blocks_attachableblock_id_seq; Type: SEQUENCE; Schema: public; Owner: -
--

CREATE SEQUENCE public.attachable_blocks_attachableblock_id_seq
    AS integer
    START WITH 1
    INCREMENT BY 1
    NO MINVALUE
    NO MAXVALUE
    CACHE 1;


--
-- Name: attachable_blocks_attachableblock_id_seq; Type: SEQUENCE OWNED BY; Schema: public; Owner: -
--

ALTER SEQUENCE public.attachable_blocks_attachableblock_id_seq OWNED BY public.attachable_blocks_attachableblock.id;


--
-- Name: attachable_blocks_attachablereference; Type: TABLE; Schema: public; Owner: -
--

CREATE TABLE public.attachable_blocks_attachablereference (
    id integer NOT NULL,
    object_id integer NOT NULL,
    ajax boolean NOT NULL,
    set_name character varying(32) NOT NULL,
    sort_order integer NOT NULL,
    block_id integer NOT NULL,
    block_ct_id integer,
    content_type_id integer NOT NULL
);


--
-- Name: attachable_blocks_attachablereference_id_seq; Type: SEQUENCE; Schema: public; Owner: -
--

CREATE SEQUENCE public.attachable_blocks_attachablereference_id_seq
    AS integer
    START WITH 1
    INCREMENT BY 1
    NO MINVALUE
    NO MAXVALUE
    CACHE 1;


--
-- Name: attachable_blocks_attachablereference_id_seq; Type: SEQUENCE OWNED BY; Schema: public; Owner: -
--

ALTER SEQUENCE public.attachable_blocks_attachablereference_id_seq OWNED BY public.attachable_blocks_attachablereference.id;


--
-- Name: auth_group; Type: TABLE; Schema: public; Owner: -
--

CREATE TABLE public.auth_group (
    id integer NOT NULL,
    name character varying(80) NOT NULL
);


--
-- Name: auth_group_id_seq; Type: SEQUENCE; Schema: public; Owner: -
--

CREATE SEQUENCE public.auth_group_id_seq
    AS integer
    START WITH 1
    INCREMENT BY 1
    NO MINVALUE
    NO MAXVALUE
    CACHE 1;


--
-- Name: auth_group_id_seq; Type: SEQUENCE OWNED BY; Schema: public; Owner: -
--

ALTER SEQUENCE public.auth_group_id_seq OWNED BY public.auth_group.id;


--
-- Name: auth_group_permissions; Type: TABLE; Schema: public; Owner: -
--

CREATE TABLE public.auth_group_permissions (
    id integer NOT NULL,
    group_id integer NOT NULL,
    permission_id integer NOT NULL
);


--
-- Name: auth_group_permissions_id_seq; Type: SEQUENCE; Schema: public; Owner: -
--

CREATE SEQUENCE public.auth_group_permissions_id_seq
    AS integer
    START WITH 1
    INCREMENT BY 1
    NO MINVALUE
    NO MAXVALUE
    CACHE 1;


--
-- Name: auth_group_permissions_id_seq; Type: SEQUENCE OWNED BY; Schema: public; Owner: -
--

ALTER SEQUENCE public.auth_group_permissions_id_seq OWNED BY public.auth_group_permissions.id;


--
-- Name: auth_permission; Type: TABLE; Schema: public; Owner: -
--

CREATE TABLE public.auth_permission (
    id integer NOT NULL,
    name character varying(255) NOT NULL,
    content_type_id integer NOT NULL,
    codename character varying(100) NOT NULL
);


--
-- Name: auth_permission_id_seq; Type: SEQUENCE; Schema: public; Owner: -
--

CREATE SEQUENCE public.auth_permission_id_seq
    AS integer
    START WITH 1
    INCREMENT BY 1
    NO MINVALUE
    NO MAXVALUE
    CACHE 1;


--
-- Name: auth_permission_id_seq; Type: SEQUENCE OWNED BY; Schema: public; Owner: -
--

ALTER SEQUENCE public.auth_permission_id_seq OWNED BY public.auth_permission.id;


--
-- Name: ckeditor_pagefile; Type: TABLE; Schema: public; Owner: -
--

CREATE TABLE public.ckeditor_pagefile (
    id integer NOT NULL,
    app_name character varying(30) NOT NULL,
    model_name character varying(30) NOT NULL,
    instance_id integer NOT NULL,
    file character varying(100) NOT NULL
);


--
-- Name: ckeditor_pagefile_id_seq; Type: SEQUENCE; Schema: public; Owner: -
--

CREATE SEQUENCE public.ckeditor_pagefile_id_seq
    AS integer
    START WITH 1
    INCREMENT BY 1
    NO MINVALUE
    NO MAXVALUE
    CACHE 1;


--
-- Name: ckeditor_pagefile_id_seq; Type: SEQUENCE OWNED BY; Schema: public; Owner: -
--

ALTER SEQUENCE public.ckeditor_pagefile_id_seq OWNED BY public.ckeditor_pagefile.id;


--
-- Name: ckeditor_pagephoto; Type: TABLE; Schema: public; Owner: -
--

CREATE TABLE public.ckeditor_pagephoto (
    id integer NOT NULL,
    app_name character varying(30) NOT NULL,
    model_name character varying(30) NOT NULL,
    instance_id integer NOT NULL,
    photo character varying(100) NOT NULL,
    photo_crop character varying(32) NOT NULL
);


--
-- Name: ckeditor_pagephoto_id_seq; Type: SEQUENCE; Schema: public; Owner: -
--

CREATE SEQUENCE public.ckeditor_pagephoto_id_seq
    AS integer
    START WITH 1
    INCREMENT BY 1
    NO MINVALUE
    NO MAXVALUE
    CACHE 1;


--
-- Name: ckeditor_pagephoto_id_seq; Type: SEQUENCE OWNED BY; Schema: public; Owner: -
--

ALTER SEQUENCE public.ckeditor_pagephoto_id_seq OWNED BY public.ckeditor_pagephoto.id;


--
-- Name: ckeditor_simplephoto; Type: TABLE; Schema: public; Owner: -
--

CREATE TABLE public.ckeditor_simplephoto (
    id integer NOT NULL,
    app_name character varying(30) NOT NULL,
    model_name character varying(30) NOT NULL,
    instance_id integer NOT NULL,
    photo character varying(100) NOT NULL
);


--
-- Name: ckeditor_simplephoto_id_seq; Type: SEQUENCE; Schema: public; Owner: -
--

CREATE SEQUENCE public.ckeditor_simplephoto_id_seq
    AS integer
    START WITH 1
    INCREMENT BY 1
    NO MINVALUE
    NO MAXVALUE
    CACHE 1;


--
-- Name: ckeditor_simplephoto_id_seq; Type: SEQUENCE OWNED BY; Schema: public; Owner: -
--

ALTER SEQUENCE public.ckeditor_simplephoto_id_seq OWNED BY public.ckeditor_simplephoto.id;


--
-- Name: contacts_address; Type: TABLE; Schema: public; Owner: -
--

CREATE TABLE public.contacts_address (
    id integer NOT NULL,
    address character varying(255) NOT NULL,
    city character varying(255) NOT NULL,
    region character varying(64) NOT NULL,
    zip character varying(32) NOT NULL,
    coords character varying(32) NOT NULL,
    sort_order integer NOT NULL,
    updated timestamp with time zone NOT NULL,
    CONSTRAINT contacts_address_sort_order_check CHECK ((sort_order >= 0))
);


--
-- Name: contacts_address_id_seq; Type: SEQUENCE; Schema: public; Owner: -
--

CREATE SEQUENCE public.contacts_address_id_seq
    AS integer
    START WITH 1
    INCREMENT BY 1
    NO MINVALUE
    NO MAXVALUE
    CACHE 1;


--
-- Name: contacts_address_id_seq; Type: SEQUENCE OWNED BY; Schema: public; Owner: -
--

ALTER SEQUENCE public.contacts_address_id_seq OWNED BY public.contacts_address.id;


--
-- Name: contacts_contactblock; Type: TABLE; Schema: public; Owner: -
--

CREATE TABLE public.contacts_contactblock (
    attachableblock_ptr_id integer NOT NULL,
    header text NOT NULL,
    description text NOT NULL,
    btn_text character varying(90) NOT NULL
);


--
-- Name: contacts_contactformblock; Type: TABLE; Schema: public; Owner: -
--

CREATE TABLE public.contacts_contactformblock (
    attachableblock_ptr_id integer NOT NULL,
    header character varying(128) NOT NULL,
    description text NOT NULL,
    btn_text character varying(90) NOT NULL
);


--
-- Name: contacts_contactsconfig; Type: TABLE; Schema: public; Owner: -
--

CREATE TABLE public.contacts_contactsconfig (
    id integer NOT NULL,
    image character varying(100) NOT NULL,
    title character varying(128) NOT NULL,
    header text NOT NULL,
    description text NOT NULL,
    text text NOT NULL,
    btn_text character varying(90) NOT NULL,
    btn_url character varying(200) NOT NULL,
    updated timestamp with time zone NOT NULL,
    facebook_btn_text character varying(30) NOT NULL,
    facebook_url character varying(200) NOT NULL,
    alt_image character varying(128) NOT NULL,
    title_image character varying(128) NOT NULL
);


--
-- Name: contacts_contactsconfig_id_seq; Type: SEQUENCE; Schema: public; Owner: -
--

CREATE SEQUENCE public.contacts_contactsconfig_id_seq
    AS integer
    START WITH 1
    INCREMENT BY 1
    NO MINVALUE
    NO MAXVALUE
    CACHE 1;


--
-- Name: contacts_contactsconfig_id_seq; Type: SEQUENCE OWNED BY; Schema: public; Owner: -
--

ALTER SEQUENCE public.contacts_contactsconfig_id_seq OWNED BY public.contacts_contactsconfig.id;


--
-- Name: contacts_contactsthankyouconfig; Type: TABLE; Schema: public; Owner: -
--

CREATE TABLE public.contacts_contactsthankyouconfig (
    id integer NOT NULL,
    image character varying(100) NOT NULL,
    title character varying(128) NOT NULL,
    header text NOT NULL,
    description text NOT NULL,
    text text NOT NULL,
    btn_text character varying(90) NOT NULL,
    btn_url character varying(200) NOT NULL,
    updated timestamp with time zone NOT NULL,
    alt_image character varying(128) NOT NULL,
    title_image character varying(128) NOT NULL
);


--
-- Name: contacts_contactsthankyouconfig_id_seq; Type: SEQUENCE; Schema: public; Owner: -
--

CREATE SEQUENCE public.contacts_contactsthankyouconfig_id_seq
    AS integer
    START WITH 1
    INCREMENT BY 1
    NO MINVALUE
    NO MAXVALUE
    CACHE 1;


--
-- Name: contacts_contactsthankyouconfig_id_seq; Type: SEQUENCE OWNED BY; Schema: public; Owner: -
--

ALTER SEQUENCE public.contacts_contactsthankyouconfig_id_seq OWNED BY public.contacts_contactsthankyouconfig.id;


--
-- Name: contacts_message; Type: TABLE; Schema: public; Owner: -
--

CREATE TABLE public.contacts_message (
    id integer NOT NULL,
    name character varying(128) NOT NULL,
    phone character varying(32) NOT NULL,
    message text NOT NULL,
    date timestamp with time zone NOT NULL,
    referer text NOT NULL,
    is_spam boolean NOT NULL,
    email character varying(254) NOT NULL
);


--
-- Name: contacts_message_id_seq; Type: SEQUENCE; Schema: public; Owner: -
--

CREATE SEQUENCE public.contacts_message_id_seq
    AS integer
    START WITH 1
    INCREMENT BY 1
    NO MINVALUE
    NO MAXVALUE
    CACHE 1;


--
-- Name: contacts_message_id_seq; Type: SEQUENCE OWNED BY; Schema: public; Owner: -
--

ALTER SEQUENCE public.contacts_message_id_seq OWNED BY public.contacts_message.id;


--
-- Name: contacts_notificationreceiver; Type: TABLE; Schema: public; Owner: -
--

CREATE TABLE public.contacts_notificationreceiver (
    id integer NOT NULL,
    email character varying(254) NOT NULL,
    config_id integer NOT NULL,
    visible boolean NOT NULL
);


--
-- Name: contacts_notificationreceiver_id_seq; Type: SEQUENCE; Schema: public; Owner: -
--

CREATE SEQUENCE public.contacts_notificationreceiver_id_seq
    AS integer
    START WITH 1
    INCREMENT BY 1
    NO MINVALUE
    NO MAXVALUE
    CACHE 1;


--
-- Name: contacts_notificationreceiver_id_seq; Type: SEQUENCE OWNED BY; Schema: public; Owner: -
--

ALTER SEQUENCE public.contacts_notificationreceiver_id_seq OWNED BY public.contacts_notificationreceiver.id;


--
-- Name: contacts_openinghours; Type: TABLE; Schema: public; Owner: -
--

CREATE TABLE public.contacts_openinghours (
    id integer NOT NULL,
    weekdays character varying(255) NOT NULL,
    start_time time without time zone,
    end_time time without time zone,
    address_id integer NOT NULL
);


--
-- Name: contacts_openinghours_id_seq; Type: SEQUENCE; Schema: public; Owner: -
--

CREATE SEQUENCE public.contacts_openinghours_id_seq
    AS integer
    START WITH 1
    INCREMENT BY 1
    NO MINVALUE
    NO MAXVALUE
    CACHE 1;


--
-- Name: contacts_openinghours_id_seq; Type: SEQUENCE OWNED BY; Schema: public; Owner: -
--

ALTER SEQUENCE public.contacts_openinghours_id_seq OWNED BY public.contacts_openinghours.id;


--
-- Name: contacts_phonenumber; Type: TABLE; Schema: public; Owner: -
--

CREATE TABLE public.contacts_phonenumber (
    id integer NOT NULL,
    number character varying(255) NOT NULL,
    sort_order integer NOT NULL,
    address_id integer NOT NULL,
    CONSTRAINT contacts_phonenumber_sort_order_check CHECK ((sort_order >= 0))
);


--
-- Name: contacts_phonenumber_id_seq; Type: SEQUENCE; Schema: public; Owner: -
--

CREATE SEQUENCE public.contacts_phonenumber_id_seq
    AS integer
    START WITH 1
    INCREMENT BY 1
    NO MINVALUE
    NO MAXVALUE
    CACHE 1;


--
-- Name: contacts_phonenumber_id_seq; Type: SEQUENCE OWNED BY; Schema: public; Owner: -
--

ALTER SEQUENCE public.contacts_phonenumber_id_seq OWNED BY public.contacts_phonenumber.id;


--
-- Name: contacts_specialofferconfig; Type: TABLE; Schema: public; Owner: -
--

CREATE TABLE public.contacts_specialofferconfig (
    id integer NOT NULL,
    header character varying(127) NOT NULL,
    description text NOT NULL,
    btn_text character varying(256) NOT NULL,
    visible boolean NOT NULL
);


--
-- Name: contacts_specialofferconfig_id_seq; Type: SEQUENCE; Schema: public; Owner: -
--

CREATE SEQUENCE public.contacts_specialofferconfig_id_seq
    AS integer
    START WITH 1
    INCREMENT BY 1
    NO MINVALUE
    NO MAXVALUE
    CACHE 1;


--
-- Name: contacts_specialofferconfig_id_seq; Type: SEQUENCE OWNED BY; Schema: public; Owner: -
--

ALTER SEQUENCE public.contacts_specialofferconfig_id_seq OWNED BY public.contacts_specialofferconfig.id;


--
-- Name: contacts_specialofferrequest; Type: TABLE; Schema: public; Owner: -
--

CREATE TABLE public.contacts_specialofferrequest (
    id integer NOT NULL,
    email character varying(254) NOT NULL,
    date timestamp with time zone NOT NULL,
    referer character varying(511) NOT NULL
);


--
-- Name: contacts_specialofferrequest_id_seq; Type: SEQUENCE; Schema: public; Owner: -
--

CREATE SEQUENCE public.contacts_specialofferrequest_id_seq
    AS integer
    START WITH 1
    INCREMENT BY 1
    NO MINVALUE
    NO MAXVALUE
    CACHE 1;


--
-- Name: contacts_specialofferrequest_id_seq; Type: SEQUENCE OWNED BY; Schema: public; Owner: -
--

ALTER SEQUENCE public.contacts_specialofferrequest_id_seq OWNED BY public.contacts_specialofferrequest.id;


--
-- Name: contacts_specialofferthankyouconfig; Type: TABLE; Schema: public; Owner: -
--

CREATE TABLE public.contacts_specialofferthankyouconfig (
    id integer NOT NULL,
    image character varying(100) NOT NULL,
    title_image character varying(128) NOT NULL,
    alt_image character varying(128) NOT NULL,
    title character varying(128) NOT NULL,
    header text NOT NULL,
    description text NOT NULL,
    text text NOT NULL,
    btn_text character varying(90) NOT NULL,
    btn_url character varying(200) NOT NULL,
    updated timestamp with time zone NOT NULL
);


--
-- Name: contacts_specialofferthankyouconfig_id_seq; Type: SEQUENCE; Schema: public; Owner: -
--

CREATE SEQUENCE public.contacts_specialofferthankyouconfig_id_seq
    AS integer
    START WITH 1
    INCREMENT BY 1
    NO MINVALUE
    NO MAXVALUE
    CACHE 1;


--
-- Name: contacts_specialofferthankyouconfig_id_seq; Type: SEQUENCE OWNED BY; Schema: public; Owner: -
--

ALTER SEQUENCE public.contacts_specialofferthankyouconfig_id_seq OWNED BY public.contacts_specialofferthankyouconfig.id;


--
-- Name: contacts_stopword; Type: TABLE; Schema: public; Owner: -
--

CREATE TABLE public.contacts_stopword (
    id integer NOT NULL,
    word character varying(50) NOT NULL,
    config_id integer NOT NULL
);


--
-- Name: contacts_stopword_id_seq; Type: SEQUENCE; Schema: public; Owner: -
--

CREATE SEQUENCE public.contacts_stopword_id_seq
    AS integer
    START WITH 1
    INCREMENT BY 1
    NO MINVALUE
    NO MAXVALUE
    CACHE 1;


--
-- Name: contacts_stopword_id_seq; Type: SEQUENCE OWNED BY; Schema: public; Owner: -
--

ALTER SEQUENCE public.contacts_stopword_id_seq OWNED BY public.contacts_stopword.id;


--
-- Name: django_admin_log; Type: TABLE; Schema: public; Owner: -
--

CREATE TABLE public.django_admin_log (
    id integer NOT NULL,
    action_time timestamp with time zone NOT NULL,
    object_id text,
    object_repr character varying(200) NOT NULL,
    action_flag smallint NOT NULL,
    change_message text NOT NULL,
    content_type_id integer,
    user_id integer NOT NULL,
    CONSTRAINT django_admin_log_action_flag_check CHECK ((action_flag >= 0))
);


--
-- Name: django_admin_log_id_seq; Type: SEQUENCE; Schema: public; Owner: -
--

CREATE SEQUENCE public.django_admin_log_id_seq
    AS integer
    START WITH 1
    INCREMENT BY 1
    NO MINVALUE
    NO MAXVALUE
    CACHE 1;


--
-- Name: django_admin_log_id_seq; Type: SEQUENCE OWNED BY; Schema: public; Owner: -
--

ALTER SEQUENCE public.django_admin_log_id_seq OWNED BY public.django_admin_log.id;


--
-- Name: django_content_type; Type: TABLE; Schema: public; Owner: -
--

CREATE TABLE public.django_content_type (
    id integer NOT NULL,
    app_label character varying(100) NOT NULL,
    model character varying(100) NOT NULL
);


--
-- Name: django_content_type_id_seq; Type: SEQUENCE; Schema: public; Owner: -
--

CREATE SEQUENCE public.django_content_type_id_seq
    AS integer
    START WITH 1
    INCREMENT BY 1
    NO MINVALUE
    NO MAXVALUE
    CACHE 1;


--
-- Name: django_content_type_id_seq; Type: SEQUENCE OWNED BY; Schema: public; Owner: -
--

ALTER SEQUENCE public.django_content_type_id_seq OWNED BY public.django_content_type.id;


--
-- Name: django_cron_cronjoblog; Type: TABLE; Schema: public; Owner: -
--

CREATE TABLE public.django_cron_cronjoblog (
    id integer NOT NULL,
    code character varying(64) NOT NULL,
    start_time timestamp with time zone NOT NULL,
    end_time timestamp with time zone NOT NULL,
    is_success boolean NOT NULL,
    message text NOT NULL,
    ran_at_time time without time zone
);


--
-- Name: django_cron_cronjoblog_id_seq; Type: SEQUENCE; Schema: public; Owner: -
--

CREATE SEQUENCE public.django_cron_cronjoblog_id_seq
    AS integer
    START WITH 1
    INCREMENT BY 1
    NO MINVALUE
    NO MAXVALUE
    CACHE 1;


--
-- Name: django_cron_cronjoblog_id_seq; Type: SEQUENCE OWNED BY; Schema: public; Owner: -
--

ALTER SEQUENCE public.django_cron_cronjoblog_id_seq OWNED BY public.django_cron_cronjoblog.id;


--
-- Name: django_migrations; Type: TABLE; Schema: public; Owner: -
--

CREATE TABLE public.django_migrations (
    id integer NOT NULL,
    app character varying(255) NOT NULL,
    name character varying(255) NOT NULL,
    applied timestamp with time zone NOT NULL
);


--
-- Name: django_migrations_id_seq; Type: SEQUENCE; Schema: public; Owner: -
--

CREATE SEQUENCE public.django_migrations_id_seq
    AS integer
    START WITH 1
    INCREMENT BY 1
    NO MINVALUE
    NO MAXVALUE
    CACHE 1;


--
-- Name: django_migrations_id_seq; Type: SEQUENCE OWNED BY; Schema: public; Owner: -
--

ALTER SEQUENCE public.django_migrations_id_seq OWNED BY public.django_migrations.id;


--
-- Name: django_session; Type: TABLE; Schema: public; Owner: -
--

CREATE TABLE public.django_session (
    session_key character varying(40) NOT NULL,
    session_data text NOT NULL,
    expire_date timestamp with time zone NOT NULL
);


--
-- Name: django_site; Type: TABLE; Schema: public; Owner: -
--

CREATE TABLE public.django_site (
    id integer NOT NULL,
    domain character varying(100) NOT NULL,
    name character varying(50) NOT NULL
);


--
-- Name: django_site_id_seq; Type: SEQUENCE; Schema: public; Owner: -
--

CREATE SEQUENCE public.django_site_id_seq
    AS integer
    START WITH 1
    INCREMENT BY 1
    NO MINVALUE
    NO MAXVALUE
    CACHE 1;


--
-- Name: django_site_id_seq; Type: SEQUENCE OWNED BY; Schema: public; Owner: -
--

ALTER SEQUENCE public.django_site_id_seq OWNED BY public.django_site.id;


--
-- Name: faq_faqconfig; Type: TABLE; Schema: public; Owner: -
--

CREATE TABLE public.faq_faqconfig (
    id integer NOT NULL,
    image character varying(100) NOT NULL,
    title character varying(128) NOT NULL,
    header text NOT NULL,
    description text NOT NULL,
    text text NOT NULL,
    btn_text character varying(90) NOT NULL,
    btn_url character varying(200) NOT NULL,
    updated timestamp with time zone NOT NULL,
    alt_image character varying(128) NOT NULL,
    title_image character varying(128) NOT NULL
);


--
-- Name: faq_faqconfig_id_seq; Type: SEQUENCE; Schema: public; Owner: -
--

CREATE SEQUENCE public.faq_faqconfig_id_seq
    AS integer
    START WITH 1
    INCREMENT BY 1
    NO MINVALUE
    NO MAXVALUE
    CACHE 1;


--
-- Name: faq_faqconfig_id_seq; Type: SEQUENCE OWNED BY; Schema: public; Owner: -
--

ALTER SEQUENCE public.faq_faqconfig_id_seq OWNED BY public.faq_faqconfig.id;


--
-- Name: faq_question; Type: TABLE; Schema: public; Owner: -
--

CREATE TABLE public.faq_question (
    id integer NOT NULL,
    question text NOT NULL,
    answer text NOT NULL,
    sort_order integer NOT NULL,
    visible boolean NOT NULL
);


--
-- Name: faq_question_id_seq; Type: SEQUENCE; Schema: public; Owner: -
--

CREATE SEQUENCE public.faq_question_id_seq
    AS integer
    START WITH 1
    INCREMENT BY 1
    NO MINVALUE
    NO MAXVALUE
    CACHE 1;


--
-- Name: faq_question_id_seq; Type: SEQUENCE OWNED BY; Schema: public; Owner: -
--

ALTER SEQUENCE public.faq_question_id_seq OWNED BY public.faq_question.id;


--
-- Name: gallery_galleryitembase; Type: TABLE; Schema: public; Owner: -
--

CREATE TABLE public.gallery_galleryitembase (
    id integer NOT NULL,
    object_id integer NOT NULL,
    description text NOT NULL,
    sort_order integer NOT NULL,
    created timestamp with time zone NOT NULL,
    changed timestamp with time zone NOT NULL,
    content_type_id integer NOT NULL,
    self_type_id integer NOT NULL,
    CONSTRAINT gallery_galleryitembase_sort_order_check CHECK ((sort_order >= 0))
);


--
-- Name: gallery_galleryitembase_id_seq; Type: SEQUENCE; Schema: public; Owner: -
--

CREATE SEQUENCE public.gallery_galleryitembase_id_seq
    AS integer
    START WITH 1
    INCREMENT BY 1
    NO MINVALUE
    NO MAXVALUE
    CACHE 1;


--
-- Name: gallery_galleryitembase_id_seq; Type: SEQUENCE OWNED BY; Schema: public; Owner: -
--

ALTER SEQUENCE public.gallery_galleryitembase_id_seq OWNED BY public.gallery_galleryitembase.id;


--
-- Name: google_maps_mapandaddress; Type: TABLE; Schema: public; Owner: -
--

CREATE TABLE public.google_maps_mapandaddress (
    id integer NOT NULL,
    address character varying(255) NOT NULL,
    longitude double precision NOT NULL,
    latitude double precision NOT NULL
);


--
-- Name: google_maps_mapandaddress_id_seq; Type: SEQUENCE; Schema: public; Owner: -
--

CREATE SEQUENCE public.google_maps_mapandaddress_id_seq
    AS integer
    START WITH 1
    INCREMENT BY 1
    NO MINVALUE
    NO MAXVALUE
    CACHE 1;


--
-- Name: google_maps_mapandaddress_id_seq; Type: SEQUENCE OWNED BY; Schema: public; Owner: -
--

ALTER SEQUENCE public.google_maps_mapandaddress_id_seq OWNED BY public.google_maps_mapandaddress.id;


--
-- Name: main_advantage; Type: TABLE; Schema: public; Owner: -
--

CREATE TABLE public.main_advantage (
    id integer NOT NULL,
    title character varying(127) NOT NULL,
    icon character varying(100) NOT NULL,
    "order" smallint NOT NULL,
    config_id integer NOT NULL,
    CONSTRAINT main_advantage_order_check CHECK (("order" >= 0))
);


--
-- Name: main_advantage_id_seq; Type: SEQUENCE; Schema: public; Owner: -
--

CREATE SEQUENCE public.main_advantage_id_seq
    AS integer
    START WITH 1
    INCREMENT BY 1
    NO MINVALUE
    NO MAXVALUE
    CACHE 1;


--
-- Name: main_advantage_id_seq; Type: SEQUENCE OWNED BY; Schema: public; Owner: -
--

ALTER SEQUENCE public.main_advantage_id_seq OWNED BY public.main_advantage.id;


--
-- Name: main_advantagesblock; Type: TABLE; Schema: public; Owner: -
--

CREATE TABLE public.main_advantagesblock (
    attachableblock_ptr_id integer NOT NULL,
    header character varying(127) NOT NULL
);


--
-- Name: main_award; Type: TABLE; Schema: public; Owner: -
--

CREATE TABLE public.main_award (
    id integer NOT NULL,
    image character varying(100) NOT NULL,
    title_image character varying(128) NOT NULL,
    alt_image character varying(128) NOT NULL,
    link character varying(200),
    visible boolean NOT NULL,
    sort_order integer NOT NULL
);


--
-- Name: main_award_id_seq; Type: SEQUENCE; Schema: public; Owner: -
--

CREATE SEQUENCE public.main_award_id_seq
    AS integer
    START WITH 1
    INCREMENT BY 1
    NO MINVALUE
    NO MAXVALUE
    CACHE 1;


--
-- Name: main_award_id_seq; Type: SEQUENCE OWNED BY; Schema: public; Owner: -
--

ALTER SEQUENCE public.main_award_id_seq OWNED BY public.main_award.id;


--
-- Name: main_awardblock; Type: TABLE; Schema: public; Owner: -
--

CREATE TABLE public.main_awardblock (
    attachableblock_ptr_id integer NOT NULL,
    header character varying(127) NOT NULL
);


--
-- Name: main_mainpageconfig; Type: TABLE; Schema: public; Owner: -
--

CREATE TABLE public.main_mainpageconfig (
    id integer NOT NULL,
    updated timestamp with time zone NOT NULL,
    btn_text character varying(90) NOT NULL,
    btn_url character varying(200) NOT NULL,
    description text NOT NULL,
    header text NOT NULL,
    text text NOT NULL,
    title character varying(128) NOT NULL,
    image character varying(100) NOT NULL,
    alt_image character varying(128) NOT NULL,
    title_image character varying(128) NOT NULL
);


--
-- Name: main_mainpageconfig_id_seq; Type: SEQUENCE; Schema: public; Owner: -
--

CREATE SEQUENCE public.main_mainpageconfig_id_seq
    AS integer
    START WITH 1
    INCREMENT BY 1
    NO MINVALUE
    NO MAXVALUE
    CACHE 1;


--
-- Name: main_mainpageconfig_id_seq; Type: SEQUENCE OWNED BY; Schema: public; Owner: -
--

ALTER SEQUENCE public.main_mainpageconfig_id_seq OWNED BY public.main_mainpageconfig.id;


--
-- Name: portfolio_blockgallery; Type: TABLE; Schema: public; Owner: -
--

CREATE TABLE public.portfolio_blockgallery (
    id integer NOT NULL
);


--
-- Name: portfolio_blockgallery_id_seq; Type: SEQUENCE; Schema: public; Owner: -
--

CREATE SEQUENCE public.portfolio_blockgallery_id_seq
    AS integer
    START WITH 1
    INCREMENT BY 1
    NO MINVALUE
    NO MAXVALUE
    CACHE 1;


--
-- Name: portfolio_blockgallery_id_seq; Type: SEQUENCE OWNED BY; Schema: public; Owner: -
--

ALTER SEQUENCE public.portfolio_blockgallery_id_seq OWNED BY public.portfolio_blockgallery.id;


--
-- Name: portfolio_galleryblock; Type: TABLE; Schema: public; Owner: -
--

CREATE TABLE public.portfolio_galleryblock (
    attachableblock_ptr_id integer NOT NULL,
    header character varying(128) NOT NULL,
    description text NOT NULL,
    btn_text character varying(90) NOT NULL,
    gallery_id integer
);


--
-- Name: portfolio_mediagalleryblockimageitem; Type: TABLE; Schema: public; Owner: -
--

CREATE TABLE public.portfolio_mediagalleryblockimageitem (
    galleryitembase_ptr_id integer NOT NULL,
    image character varying(100) NOT NULL,
    image_crop character varying(32) NOT NULL,
    image_alt character varying(255) NOT NULL
);


--
-- Name: portfolio_portfolioconfig; Type: TABLE; Schema: public; Owner: -
--

CREATE TABLE public.portfolio_portfolioconfig (
    id integer NOT NULL,
    image character varying(100) NOT NULL,
    title character varying(128) NOT NULL,
    header text NOT NULL,
    description text NOT NULL,
    text text NOT NULL,
    btn_text character varying(90) NOT NULL,
    btn_url character varying(200) NOT NULL,
    updated timestamp with time zone NOT NULL,
    gallery_id integer,
    alt_image character varying(128) NOT NULL,
    title_image character varying(128) NOT NULL
);


--
-- Name: portfolio_portfolioconfig_id_seq; Type: SEQUENCE; Schema: public; Owner: -
--

CREATE SEQUENCE public.portfolio_portfolioconfig_id_seq
    AS integer
    START WITH 1
    INCREMENT BY 1
    NO MINVALUE
    NO MAXVALUE
    CACHE 1;


--
-- Name: portfolio_portfolioconfig_id_seq; Type: SEQUENCE OWNED BY; Schema: public; Owner: -
--

ALTER SEQUENCE public.portfolio_portfolioconfig_id_seq OWNED BY public.portfolio_portfolioconfig.id;


--
-- Name: portfolio_portfoliogallery; Type: TABLE; Schema: public; Owner: -
--

CREATE TABLE public.portfolio_portfoliogallery (
    id integer NOT NULL
);


--
-- Name: portfolio_portfoliogallery_id_seq; Type: SEQUENCE; Schema: public; Owner: -
--

CREATE SEQUENCE public.portfolio_portfoliogallery_id_seq
    AS integer
    START WITH 1
    INCREMENT BY 1
    NO MINVALUE
    NO MAXVALUE
    CACHE 1;


--
-- Name: portfolio_portfoliogallery_id_seq; Type: SEQUENCE OWNED BY; Schema: public; Owner: -
--

ALTER SEQUENCE public.portfolio_portfoliogallery_id_seq OWNED BY public.portfolio_portfoliogallery.id;


--
-- Name: portfolio_portfoliogalleryimageitem; Type: TABLE; Schema: public; Owner: -
--

CREATE TABLE public.portfolio_portfoliogalleryimageitem (
    galleryitembase_ptr_id integer NOT NULL,
    image character varying(100) NOT NULL,
    image_crop character varying(32) NOT NULL,
    image_alt character varying(255) NOT NULL
);


--
-- Name: privacy_privacypolicyconfig; Type: TABLE; Schema: public; Owner: -
--

CREATE TABLE public.privacy_privacypolicyconfig (
    id integer NOT NULL,
    image character varying(100) NOT NULL,
    title character varying(128) NOT NULL,
    header text NOT NULL,
    description text NOT NULL,
    text text NOT NULL,
    btn_text character varying(90) NOT NULL,
    btn_url character varying(200) NOT NULL,
    updated timestamp with time zone NOT NULL,
    alt_image character varying(128) NOT NULL,
    title_image character varying(128) NOT NULL
);


--
-- Name: privacy_privacypolicyconfig_id_seq; Type: SEQUENCE; Schema: public; Owner: -
--

CREATE SEQUENCE public.privacy_privacypolicyconfig_id_seq
    AS integer
    START WITH 1
    INCREMENT BY 1
    NO MINVALUE
    NO MAXVALUE
    CACHE 1;


--
-- Name: privacy_privacypolicyconfig_id_seq; Type: SEQUENCE OWNED BY; Schema: public; Owner: -
--

ALTER SEQUENCE public.privacy_privacypolicyconfig_id_seq OWNED BY public.privacy_privacypolicyconfig.id;


--
-- Name: rating_ratingvote; Type: TABLE; Schema: public; Owner: -
--

CREATE TABLE public.rating_ratingvote (
    id integer NOT NULL,
    ip inet NOT NULL,
    rating smallint NOT NULL,
    date timestamp with time zone NOT NULL
);


--
-- Name: rating_ratingvote_id_seq; Type: SEQUENCE; Schema: public; Owner: -
--

CREATE SEQUENCE public.rating_ratingvote_id_seq
    AS integer
    START WITH 1
    INCREMENT BY 1
    NO MINVALUE
    NO MAXVALUE
    CACHE 1;


--
-- Name: rating_ratingvote_id_seq; Type: SEQUENCE OWNED BY; Schema: public; Owner: -
--

ALTER SEQUENCE public.rating_ratingvote_id_seq OWNED BY public.rating_ratingvote.id;


--
-- Name: seo_counter; Type: TABLE; Schema: public; Owner: -
--

CREATE TABLE public.seo_counter (
    id integer NOT NULL,
    label character varying(128) NOT NULL,
    "position" character varying(12) NOT NULL,
    content text NOT NULL,
    sort_order integer NOT NULL
);


--
-- Name: seo_counter_id_seq; Type: SEQUENCE; Schema: public; Owner: -
--

CREATE SEQUENCE public.seo_counter_id_seq
    AS integer
    START WITH 1
    INCREMENT BY 1
    NO MINVALUE
    NO MAXVALUE
    CACHE 1;


--
-- Name: seo_counter_id_seq; Type: SEQUENCE OWNED BY; Schema: public; Owner: -
--

ALTER SEQUENCE public.seo_counter_id_seq OWNED BY public.seo_counter.id;


--
-- Name: seo_redirect; Type: TABLE; Schema: public; Owner: -
--

CREATE TABLE public.seo_redirect (
    id integer NOT NULL,
    old_path character varying(200) NOT NULL,
    new_path character varying(200) NOT NULL,
    permanent boolean NOT NULL,
    note text NOT NULL,
    created date NOT NULL,
    last_usage date
);


--
-- Name: seo_redirect_id_seq; Type: SEQUENCE; Schema: public; Owner: -
--

CREATE SEQUENCE public.seo_redirect_id_seq
    AS integer
    START WITH 1
    INCREMENT BY 1
    NO MINVALUE
    NO MAXVALUE
    CACHE 1;


--
-- Name: seo_redirect_id_seq; Type: SEQUENCE OWNED BY; Schema: public; Owner: -
--

ALTER SEQUENCE public.seo_redirect_id_seq OWNED BY public.seo_redirect.id;


--
-- Name: seo_seoconfig; Type: TABLE; Schema: public; Owner: -
--

CREATE TABLE public.seo_seoconfig (
    id integer NOT NULL,
    title character varying(128) NOT NULL,
    keywords text NOT NULL,
    description text NOT NULL
);


--
-- Name: seo_seoconfig_id_seq; Type: SEQUENCE; Schema: public; Owner: -
--

CREATE SEQUENCE public.seo_seoconfig_id_seq
    AS integer
    START WITH 1
    INCREMENT BY 1
    NO MINVALUE
    NO MAXVALUE
    CACHE 1;


--
-- Name: seo_seoconfig_id_seq; Type: SEQUENCE OWNED BY; Schema: public; Owner: -
--

ALTER SEQUENCE public.seo_seoconfig_id_seq OWNED BY public.seo_seoconfig.id;


--
-- Name: seo_seodata; Type: TABLE; Schema: public; Owner: -
--

CREATE TABLE public.seo_seodata (
    id integer NOT NULL,
    object_id integer NOT NULL,
    title character varying(128) NOT NULL,
    keywords text NOT NULL,
    description text NOT NULL,
    canonical character varying(200) NOT NULL,
    noindex boolean NOT NULL,
    og_title character varying(255) NOT NULL,
    og_image character varying(100) NOT NULL,
    og_description text NOT NULL,
    content_type_id integer NOT NULL,
    content text NOT NULL,
    CONSTRAINT seo_seodata_object_id_check CHECK ((object_id >= 0))
);


--
-- Name: seo_seodata_id_seq; Type: SEQUENCE; Schema: public; Owner: -
--

CREATE SEQUENCE public.seo_seodata_id_seq
    AS integer
    START WITH 1
    INCREMENT BY 1
    NO MINVALUE
    NO MAXVALUE
    CACHE 1;


--
-- Name: seo_seodata_id_seq; Type: SEQUENCE OWNED BY; Schema: public; Owner: -
--

ALTER SEQUENCE public.seo_seodata_id_seq OWNED BY public.seo_seodata.id;


--
-- Name: services_service; Type: TABLE; Schema: public; Owner: -
--

CREATE TABLE public.services_service (
    id integer NOT NULL,
    image character varying(100) NOT NULL,
    title character varying(128) NOT NULL,
    header text NOT NULL,
    description text NOT NULL,
    text text NOT NULL,
    btn_text character varying(90) NOT NULL,
    btn_url character varying(200) NOT NULL,
    updated timestamp with time zone NOT NULL,
    slug character varying(64) NOT NULL,
    visible boolean NOT NULL,
    sort_order integer NOT NULL,
    preview character varying(100) NOT NULL,
    alt_image character varying(128) NOT NULL,
    alt_preview character varying(128) NOT NULL,
    title_image character varying(128) NOT NULL,
    title_preview character varying(128) NOT NULL,
    CONSTRAINT services_service_sort_order_check CHECK ((sort_order >= 0))
);


--
-- Name: services_service_id_seq; Type: SEQUENCE; Schema: public; Owner: -
--

CREATE SEQUENCE public.services_service_id_seq
    AS integer
    START WITH 1
    INCREMENT BY 1
    NO MINVALUE
    NO MAXVALUE
    CACHE 1;


--
-- Name: services_service_id_seq; Type: SEQUENCE OWNED BY; Schema: public; Owner: -
--

ALTER SEQUENCE public.services_service_id_seq OWNED BY public.services_service.id;


--
-- Name: services_servicebenefit; Type: TABLE; Schema: public; Owner: -
--

CREATE TABLE public.services_servicebenefit (
    id integer NOT NULL,
    title character varying(127) NOT NULL,
    description text NOT NULL,
    icon character varying(100) NOT NULL,
    "order" smallint NOT NULL,
    config_id integer NOT NULL,
    CONSTRAINT services_servicebenefit_order_check CHECK (("order" >= 0))
);


--
-- Name: services_servicebenefit_id_seq; Type: SEQUENCE; Schema: public; Owner: -
--

CREATE SEQUENCE public.services_servicebenefit_id_seq
    AS integer
    START WITH 1
    INCREMENT BY 1
    NO MINVALUE
    NO MAXVALUE
    CACHE 1;


--
-- Name: services_servicebenefit_id_seq; Type: SEQUENCE OWNED BY; Schema: public; Owner: -
--

ALTER SEQUENCE public.services_servicebenefit_id_seq OWNED BY public.services_servicebenefit.id;


--
-- Name: services_servicebenefitsblock; Type: TABLE; Schema: public; Owner: -
--

CREATE TABLE public.services_servicebenefitsblock (
    attachableblock_ptr_id integer NOT NULL,
    header character varying(128) NOT NULL,
    description text NOT NULL
);


--
-- Name: services_serviceblock; Type: TABLE; Schema: public; Owner: -
--

CREATE TABLE public.services_serviceblock (
    attachableblock_ptr_id integer NOT NULL,
    header character varying(128) NOT NULL,
    btn_text character varying(90) NOT NULL
);


--
-- Name: services_servicesconfig; Type: TABLE; Schema: public; Owner: -
--

CREATE TABLE public.services_servicesconfig (
    id integer NOT NULL,
    image character varying(100) NOT NULL,
    title character varying(128) NOT NULL,
    header text NOT NULL,
    description text NOT NULL,
    text text NOT NULL,
    btn_text character varying(90) NOT NULL,
    btn_url character varying(200) NOT NULL,
    updated timestamp with time zone NOT NULL,
    alt_image character varying(128) NOT NULL,
    title_image character varying(128) NOT NULL
);


--
-- Name: services_servicesconfig_id_seq; Type: SEQUENCE; Schema: public; Owner: -
--

CREATE SEQUENCE public.services_servicesconfig_id_seq
    AS integer
    START WITH 1
    INCREMENT BY 1
    NO MINVALUE
    NO MAXVALUE
    CACHE 1;


--
-- Name: services_servicesconfig_id_seq; Type: SEQUENCE OWNED BY; Schema: public; Owner: -
--

ALTER SEQUENCE public.services_servicesconfig_id_seq OWNED BY public.services_servicesconfig.id;


--
-- Name: social_networks_feedpost; Type: TABLE; Schema: public; Owner: -
--

CREATE TABLE public.social_networks_feedpost (
    id integer NOT NULL,
    network character varying(32) NOT NULL,
    text text NOT NULL,
    url character varying(200) NOT NULL,
    scheduled boolean NOT NULL,
    object_id integer,
    created timestamp with time zone NOT NULL,
    posted timestamp with time zone,
    content_type_id integer,
    CONSTRAINT social_networks_feedpost_object_id_check CHECK ((object_id >= 0))
);


--
-- Name: social_networks_feedpost_id_seq; Type: SEQUENCE; Schema: public; Owner: -
--

CREATE SEQUENCE public.social_networks_feedpost_id_seq
    AS integer
    START WITH 1
    INCREMENT BY 1
    NO MINVALUE
    NO MAXVALUE
    CACHE 1;


--
-- Name: social_networks_feedpost_id_seq; Type: SEQUENCE OWNED BY; Schema: public; Owner: -
--

ALTER SEQUENCE public.social_networks_feedpost_id_seq OWNED BY public.social_networks_feedpost.id;


--
-- Name: social_networks_socialconfig; Type: TABLE; Schema: public; Owner: -
--

CREATE TABLE public.social_networks_socialconfig (
    id integer NOT NULL,
    google_apikey character varying(48) NOT NULL,
    twitter_client_id character varying(48) NOT NULL,
    twitter_client_secret character varying(64) NOT NULL,
    twitter_access_token character varying(64) NOT NULL,
    twitter_access_token_secret character varying(64) NOT NULL,
    facebook_access_token text NOT NULL,
    linkedin_access_token text NOT NULL,
    instagram_client_id character varying(48) NOT NULL,
    instagram_client_secret character varying(48) NOT NULL,
    instagram_access_token character varying(64) NOT NULL,
    updated timestamp with time zone NOT NULL,
    linkedin_client_secret character varying(48) NOT NULL,
    linkedin_client_id character varying(48) NOT NULL,
    facebook_client_id character varying(48) NOT NULL,
    facebook_client_secret character varying(64) NOT NULL
);


--
-- Name: social_networks_socialconfig_id_seq; Type: SEQUENCE; Schema: public; Owner: -
--

CREATE SEQUENCE public.social_networks_socialconfig_id_seq
    AS integer
    START WITH 1
    INCREMENT BY 1
    NO MINVALUE
    NO MAXVALUE
    CACHE 1;


--
-- Name: social_networks_socialconfig_id_seq; Type: SEQUENCE OWNED BY; Schema: public; Owner: -
--

ALTER SEQUENCE public.social_networks_socialconfig_id_seq OWNED BY public.social_networks_socialconfig.id;


--
-- Name: social_networks_sociallink; Type: TABLE; Schema: public; Owner: -
--

CREATE TABLE public.social_networks_sociallink (
    id integer NOT NULL,
    provider character varying(16) NOT NULL,
    url character varying(200) NOT NULL,
    "order" integer NOT NULL
);


--
-- Name: social_networks_sociallink_id_seq; Type: SEQUENCE; Schema: public; Owner: -
--

CREATE SEQUENCE public.social_networks_sociallink_id_seq
    AS integer
    START WITH 1
    INCREMENT BY 1
    NO MINVALUE
    NO MAXVALUE
    CACHE 1;


--
-- Name: social_networks_sociallink_id_seq; Type: SEQUENCE OWNED BY; Schema: public; Owner: -
--

ALTER SEQUENCE public.social_networks_sociallink_id_seq OWNED BY public.social_networks_sociallink.id;


--
-- Name: social_networks_sociallinks; Type: TABLE; Schema: public; Owner: -
--

CREATE TABLE public.social_networks_sociallinks (
    id integer NOT NULL,
    social_facebook character varying(255) NOT NULL,
    social_twitter character varying(255) NOT NULL,
    social_google character varying(255) NOT NULL,
    updated timestamp with time zone NOT NULL,
    social_instagram character varying(255) NOT NULL
);


--
-- Name: social_networks_sociallinks_id_seq; Type: SEQUENCE; Schema: public; Owner: -
--

CREATE SEQUENCE public.social_networks_sociallinks_id_seq
    AS integer
    START WITH 1
    INCREMENT BY 1
    NO MINVALUE
    NO MAXVALUE
    CACHE 1;


--
-- Name: social_networks_sociallinks_id_seq; Type: SEQUENCE OWNED BY; Schema: public; Owner: -
--

ALTER SEQUENCE public.social_networks_sociallinks_id_seq OWNED BY public.social_networks_sociallinks.id;


--
-- Name: testimonials_testimonials; Type: TABLE; Schema: public; Owner: -
--

CREATE TABLE public.testimonials_testimonials (
    id integer NOT NULL,
    name character varying(28) NOT NULL,
    text text NOT NULL,
    visible boolean NOT NULL,
    sort_order integer NOT NULL
);


--
-- Name: testimonials_testimonials_id_seq; Type: SEQUENCE; Schema: public; Owner: -
--

CREATE SEQUENCE public.testimonials_testimonials_id_seq
    AS integer
    START WITH 1
    INCREMENT BY 1
    NO MINVALUE
    NO MAXVALUE
    CACHE 1;


--
-- Name: testimonials_testimonials_id_seq; Type: SEQUENCE OWNED BY; Schema: public; Owner: -
--

ALTER SEQUENCE public.testimonials_testimonials_id_seq OWNED BY public.testimonials_testimonials.id;


--
-- Name: testimonials_testimonialsblock; Type: TABLE; Schema: public; Owner: -
--

CREATE TABLE public.testimonials_testimonialsblock (
    attachableblock_ptr_id integer NOT NULL,
    header character varying(128) NOT NULL,
    btn_text character varying(90) NOT NULL
);


--
-- Name: testimonials_testimonialsconfig; Type: TABLE; Schema: public; Owner: -
--

CREATE TABLE public.testimonials_testimonialsconfig (
    id integer NOT NULL,
    image character varying(100) NOT NULL,
    title character varying(128) NOT NULL,
    header text NOT NULL,
    description text NOT NULL,
    text text NOT NULL,
    btn_text character varying(90) NOT NULL,
    btn_url character varying(200) NOT NULL,
    updated timestamp with time zone NOT NULL,
    alt_image character varying(128) NOT NULL,
    title_image character varying(128) NOT NULL
);


--
-- Name: testimonials_testimonialsconfig_id_seq; Type: SEQUENCE; Schema: public; Owner: -
--

CREATE SEQUENCE public.testimonials_testimonialsconfig_id_seq
    AS integer
    START WITH 1
    INCREMENT BY 1
    NO MINVALUE
    NO MAXVALUE
    CACHE 1;


--
-- Name: testimonials_testimonialsconfig_id_seq; Type: SEQUENCE OWNED BY; Schema: public; Owner: -
--

ALTER SEQUENCE public.testimonials_testimonialsconfig_id_seq OWNED BY public.testimonials_testimonialsconfig.id;


--
-- Name: users_customuser; Type: TABLE; Schema: public; Owner: -
--

CREATE TABLE public.users_customuser (
    id integer NOT NULL,
    password character varying(128) NOT NULL,
    last_login timestamp with time zone,
    is_superuser boolean NOT NULL,
    username character varying(150) NOT NULL,
    first_name character varying(30) NOT NULL,
    last_name character varying(30) NOT NULL,
    email character varying(254) NOT NULL,
    is_staff boolean NOT NULL,
    is_active boolean NOT NULL,
    date_joined timestamp with time zone NOT NULL
);


--
-- Name: users_customuser_groups; Type: TABLE; Schema: public; Owner: -
--

CREATE TABLE public.users_customuser_groups (
    id integer NOT NULL,
    customuser_id integer NOT NULL,
    group_id integer NOT NULL
);


--
-- Name: users_customuser_groups_id_seq; Type: SEQUENCE; Schema: public; Owner: -
--

CREATE SEQUENCE public.users_customuser_groups_id_seq
    AS integer
    START WITH 1
    INCREMENT BY 1
    NO MINVALUE
    NO MAXVALUE
    CACHE 1;


--
-- Name: users_customuser_groups_id_seq; Type: SEQUENCE OWNED BY; Schema: public; Owner: -
--

ALTER SEQUENCE public.users_customuser_groups_id_seq OWNED BY public.users_customuser_groups.id;


--
-- Name: users_customuser_id_seq; Type: SEQUENCE; Schema: public; Owner: -
--

CREATE SEQUENCE public.users_customuser_id_seq
    AS integer
    START WITH 1
    INCREMENT BY 1
    NO MINVALUE
    NO MAXVALUE
    CACHE 1;


--
-- Name: users_customuser_id_seq; Type: SEQUENCE OWNED BY; Schema: public; Owner: -
--

ALTER SEQUENCE public.users_customuser_id_seq OWNED BY public.users_customuser.id;


--
-- Name: users_customuser_user_permissions; Type: TABLE; Schema: public; Owner: -
--

CREATE TABLE public.users_customuser_user_permissions (
    id integer NOT NULL,
    customuser_id integer NOT NULL,
    permission_id integer NOT NULL
);


--
-- Name: users_customuser_user_permissions_id_seq; Type: SEQUENCE; Schema: public; Owner: -
--

CREATE SEQUENCE public.users_customuser_user_permissions_id_seq
    AS integer
    START WITH 1
    INCREMENT BY 1
    NO MINVALUE
    NO MAXVALUE
    CACHE 1;


--
-- Name: users_customuser_user_permissions_id_seq; Type: SEQUENCE OWNED BY; Schema: public; Owner: -
--

ALTER SEQUENCE public.users_customuser_user_permissions_id_seq OWNED BY public.users_customuser_user_permissions.id;


--
-- Name: about_aboutconfig id; Type: DEFAULT; Schema: public; Owner: -
--

ALTER TABLE ONLY public.about_aboutconfig ALTER COLUMN id SET DEFAULT nextval('public.about_aboutconfig_id_seq'::regclass);


--
-- Name: admin_honeypot_loginattempt id; Type: DEFAULT; Schema: public; Owner: -
--

ALTER TABLE ONLY public.admin_honeypot_loginattempt ALTER COLUMN id SET DEFAULT nextval('public.admin_honeypot_loginattempt_id_seq'::regclass);


--
-- Name: attachable_blocks_attachableblock id; Type: DEFAULT; Schema: public; Owner: -
--

ALTER TABLE ONLY public.attachable_blocks_attachableblock ALTER COLUMN id SET DEFAULT nextval('public.attachable_blocks_attachableblock_id_seq'::regclass);


--
-- Name: attachable_blocks_attachablereference id; Type: DEFAULT; Schema: public; Owner: -
--

ALTER TABLE ONLY public.attachable_blocks_attachablereference ALTER COLUMN id SET DEFAULT nextval('public.attachable_blocks_attachablereference_id_seq'::regclass);


--
-- Name: auth_group id; Type: DEFAULT; Schema: public; Owner: -
--

ALTER TABLE ONLY public.auth_group ALTER COLUMN id SET DEFAULT nextval('public.auth_group_id_seq'::regclass);


--
-- Name: auth_group_permissions id; Type: DEFAULT; Schema: public; Owner: -
--

ALTER TABLE ONLY public.auth_group_permissions ALTER COLUMN id SET DEFAULT nextval('public.auth_group_permissions_id_seq'::regclass);


--
-- Name: auth_permission id; Type: DEFAULT; Schema: public; Owner: -
--

ALTER TABLE ONLY public.auth_permission ALTER COLUMN id SET DEFAULT nextval('public.auth_permission_id_seq'::regclass);


--
-- Name: ckeditor_pagefile id; Type: DEFAULT; Schema: public; Owner: -
--

ALTER TABLE ONLY public.ckeditor_pagefile ALTER COLUMN id SET DEFAULT nextval('public.ckeditor_pagefile_id_seq'::regclass);


--
-- Name: ckeditor_pagephoto id; Type: DEFAULT; Schema: public; Owner: -
--

ALTER TABLE ONLY public.ckeditor_pagephoto ALTER COLUMN id SET DEFAULT nextval('public.ckeditor_pagephoto_id_seq'::regclass);


--
-- Name: ckeditor_simplephoto id; Type: DEFAULT; Schema: public; Owner: -
--

ALTER TABLE ONLY public.ckeditor_simplephoto ALTER COLUMN id SET DEFAULT nextval('public.ckeditor_simplephoto_id_seq'::regclass);


--
-- Name: contacts_address id; Type: DEFAULT; Schema: public; Owner: -
--

ALTER TABLE ONLY public.contacts_address ALTER COLUMN id SET DEFAULT nextval('public.contacts_address_id_seq'::regclass);


--
-- Name: contacts_contactsconfig id; Type: DEFAULT; Schema: public; Owner: -
--

ALTER TABLE ONLY public.contacts_contactsconfig ALTER COLUMN id SET DEFAULT nextval('public.contacts_contactsconfig_id_seq'::regclass);


--
-- Name: contacts_contactsthankyouconfig id; Type: DEFAULT; Schema: public; Owner: -
--

ALTER TABLE ONLY public.contacts_contactsthankyouconfig ALTER COLUMN id SET DEFAULT nextval('public.contacts_contactsthankyouconfig_id_seq'::regclass);


--
-- Name: contacts_message id; Type: DEFAULT; Schema: public; Owner: -
--

ALTER TABLE ONLY public.contacts_message ALTER COLUMN id SET DEFAULT nextval('public.contacts_message_id_seq'::regclass);


--
-- Name: contacts_notificationreceiver id; Type: DEFAULT; Schema: public; Owner: -
--

ALTER TABLE ONLY public.contacts_notificationreceiver ALTER COLUMN id SET DEFAULT nextval('public.contacts_notificationreceiver_id_seq'::regclass);


--
-- Name: contacts_openinghours id; Type: DEFAULT; Schema: public; Owner: -
--

ALTER TABLE ONLY public.contacts_openinghours ALTER COLUMN id SET DEFAULT nextval('public.contacts_openinghours_id_seq'::regclass);


--
-- Name: contacts_phonenumber id; Type: DEFAULT; Schema: public; Owner: -
--

ALTER TABLE ONLY public.contacts_phonenumber ALTER COLUMN id SET DEFAULT nextval('public.contacts_phonenumber_id_seq'::regclass);


--
-- Name: contacts_specialofferconfig id; Type: DEFAULT; Schema: public; Owner: -
--

ALTER TABLE ONLY public.contacts_specialofferconfig ALTER COLUMN id SET DEFAULT nextval('public.contacts_specialofferconfig_id_seq'::regclass);


--
-- Name: contacts_specialofferrequest id; Type: DEFAULT; Schema: public; Owner: -
--

ALTER TABLE ONLY public.contacts_specialofferrequest ALTER COLUMN id SET DEFAULT nextval('public.contacts_specialofferrequest_id_seq'::regclass);


--
-- Name: contacts_specialofferthankyouconfig id; Type: DEFAULT; Schema: public; Owner: -
--

ALTER TABLE ONLY public.contacts_specialofferthankyouconfig ALTER COLUMN id SET DEFAULT nextval('public.contacts_specialofferthankyouconfig_id_seq'::regclass);


--
-- Name: contacts_stopword id; Type: DEFAULT; Schema: public; Owner: -
--

ALTER TABLE ONLY public.contacts_stopword ALTER COLUMN id SET DEFAULT nextval('public.contacts_stopword_id_seq'::regclass);


--
-- Name: django_admin_log id; Type: DEFAULT; Schema: public; Owner: -
--

ALTER TABLE ONLY public.django_admin_log ALTER COLUMN id SET DEFAULT nextval('public.django_admin_log_id_seq'::regclass);


--
-- Name: django_content_type id; Type: DEFAULT; Schema: public; Owner: -
--

ALTER TABLE ONLY public.django_content_type ALTER COLUMN id SET DEFAULT nextval('public.django_content_type_id_seq'::regclass);


--
-- Name: django_cron_cronjoblog id; Type: DEFAULT; Schema: public; Owner: -
--

ALTER TABLE ONLY public.django_cron_cronjoblog ALTER COLUMN id SET DEFAULT nextval('public.django_cron_cronjoblog_id_seq'::regclass);


--
-- Name: django_migrations id; Type: DEFAULT; Schema: public; Owner: -
--

ALTER TABLE ONLY public.django_migrations ALTER COLUMN id SET DEFAULT nextval('public.django_migrations_id_seq'::regclass);


--
-- Name: django_site id; Type: DEFAULT; Schema: public; Owner: -
--

ALTER TABLE ONLY public.django_site ALTER COLUMN id SET DEFAULT nextval('public.django_site_id_seq'::regclass);


--
-- Name: faq_faqconfig id; Type: DEFAULT; Schema: public; Owner: -
--

ALTER TABLE ONLY public.faq_faqconfig ALTER COLUMN id SET DEFAULT nextval('public.faq_faqconfig_id_seq'::regclass);


--
-- Name: faq_question id; Type: DEFAULT; Schema: public; Owner: -
--

ALTER TABLE ONLY public.faq_question ALTER COLUMN id SET DEFAULT nextval('public.faq_question_id_seq'::regclass);


--
-- Name: gallery_galleryitembase id; Type: DEFAULT; Schema: public; Owner: -
--

ALTER TABLE ONLY public.gallery_galleryitembase ALTER COLUMN id SET DEFAULT nextval('public.gallery_galleryitembase_id_seq'::regclass);


--
-- Name: google_maps_mapandaddress id; Type: DEFAULT; Schema: public; Owner: -
--

ALTER TABLE ONLY public.google_maps_mapandaddress ALTER COLUMN id SET DEFAULT nextval('public.google_maps_mapandaddress_id_seq'::regclass);


--
-- Name: main_advantage id; Type: DEFAULT; Schema: public; Owner: -
--

ALTER TABLE ONLY public.main_advantage ALTER COLUMN id SET DEFAULT nextval('public.main_advantage_id_seq'::regclass);


--
-- Name: main_award id; Type: DEFAULT; Schema: public; Owner: -
--

ALTER TABLE ONLY public.main_award ALTER COLUMN id SET DEFAULT nextval('public.main_award_id_seq'::regclass);


--
-- Name: main_mainpageconfig id; Type: DEFAULT; Schema: public; Owner: -
--

ALTER TABLE ONLY public.main_mainpageconfig ALTER COLUMN id SET DEFAULT nextval('public.main_mainpageconfig_id_seq'::regclass);


--
-- Name: portfolio_blockgallery id; Type: DEFAULT; Schema: public; Owner: -
--

ALTER TABLE ONLY public.portfolio_blockgallery ALTER COLUMN id SET DEFAULT nextval('public.portfolio_blockgallery_id_seq'::regclass);


--
-- Name: portfolio_portfolioconfig id; Type: DEFAULT; Schema: public; Owner: -
--

ALTER TABLE ONLY public.portfolio_portfolioconfig ALTER COLUMN id SET DEFAULT nextval('public.portfolio_portfolioconfig_id_seq'::regclass);


--
-- Name: portfolio_portfoliogallery id; Type: DEFAULT; Schema: public; Owner: -
--

ALTER TABLE ONLY public.portfolio_portfoliogallery ALTER COLUMN id SET DEFAULT nextval('public.portfolio_portfoliogallery_id_seq'::regclass);


--
-- Name: privacy_privacypolicyconfig id; Type: DEFAULT; Schema: public; Owner: -
--

ALTER TABLE ONLY public.privacy_privacypolicyconfig ALTER COLUMN id SET DEFAULT nextval('public.privacy_privacypolicyconfig_id_seq'::regclass);


--
-- Name: rating_ratingvote id; Type: DEFAULT; Schema: public; Owner: -
--

ALTER TABLE ONLY public.rating_ratingvote ALTER COLUMN id SET DEFAULT nextval('public.rating_ratingvote_id_seq'::regclass);


--
-- Name: seo_counter id; Type: DEFAULT; Schema: public; Owner: -
--

ALTER TABLE ONLY public.seo_counter ALTER COLUMN id SET DEFAULT nextval('public.seo_counter_id_seq'::regclass);


--
-- Name: seo_redirect id; Type: DEFAULT; Schema: public; Owner: -
--

ALTER TABLE ONLY public.seo_redirect ALTER COLUMN id SET DEFAULT nextval('public.seo_redirect_id_seq'::regclass);


--
-- Name: seo_seoconfig id; Type: DEFAULT; Schema: public; Owner: -
--

ALTER TABLE ONLY public.seo_seoconfig ALTER COLUMN id SET DEFAULT nextval('public.seo_seoconfig_id_seq'::regclass);


--
-- Name: seo_seodata id; Type: DEFAULT; Schema: public; Owner: -
--

ALTER TABLE ONLY public.seo_seodata ALTER COLUMN id SET DEFAULT nextval('public.seo_seodata_id_seq'::regclass);


--
-- Name: services_service id; Type: DEFAULT; Schema: public; Owner: -
--

ALTER TABLE ONLY public.services_service ALTER COLUMN id SET DEFAULT nextval('public.services_service_id_seq'::regclass);


--
-- Name: services_servicebenefit id; Type: DEFAULT; Schema: public; Owner: -
--

ALTER TABLE ONLY public.services_servicebenefit ALTER COLUMN id SET DEFAULT nextval('public.services_servicebenefit_id_seq'::regclass);


--
-- Name: services_servicesconfig id; Type: DEFAULT; Schema: public; Owner: -
--

ALTER TABLE ONLY public.services_servicesconfig ALTER COLUMN id SET DEFAULT nextval('public.services_servicesconfig_id_seq'::regclass);


--
-- Name: social_networks_feedpost id; Type: DEFAULT; Schema: public; Owner: -
--

ALTER TABLE ONLY public.social_networks_feedpost ALTER COLUMN id SET DEFAULT nextval('public.social_networks_feedpost_id_seq'::regclass);


--
-- Name: social_networks_socialconfig id; Type: DEFAULT; Schema: public; Owner: -
--

ALTER TABLE ONLY public.social_networks_socialconfig ALTER COLUMN id SET DEFAULT nextval('public.social_networks_socialconfig_id_seq'::regclass);


--
-- Name: social_networks_sociallink id; Type: DEFAULT; Schema: public; Owner: -
--

ALTER TABLE ONLY public.social_networks_sociallink ALTER COLUMN id SET DEFAULT nextval('public.social_networks_sociallink_id_seq'::regclass);


--
-- Name: social_networks_sociallinks id; Type: DEFAULT; Schema: public; Owner: -
--

ALTER TABLE ONLY public.social_networks_sociallinks ALTER COLUMN id SET DEFAULT nextval('public.social_networks_sociallinks_id_seq'::regclass);


--
-- Name: testimonials_testimonials id; Type: DEFAULT; Schema: public; Owner: -
--

ALTER TABLE ONLY public.testimonials_testimonials ALTER COLUMN id SET DEFAULT nextval('public.testimonials_testimonials_id_seq'::regclass);


--
-- Name: testimonials_testimonialsconfig id; Type: DEFAULT; Schema: public; Owner: -
--

ALTER TABLE ONLY public.testimonials_testimonialsconfig ALTER COLUMN id SET DEFAULT nextval('public.testimonials_testimonialsconfig_id_seq'::regclass);


--
-- Name: users_customuser id; Type: DEFAULT; Schema: public; Owner: -
--

ALTER TABLE ONLY public.users_customuser ALTER COLUMN id SET DEFAULT nextval('public.users_customuser_id_seq'::regclass);


--
-- Name: users_customuser_groups id; Type: DEFAULT; Schema: public; Owner: -
--

ALTER TABLE ONLY public.users_customuser_groups ALTER COLUMN id SET DEFAULT nextval('public.users_customuser_groups_id_seq'::regclass);


--
-- Name: users_customuser_user_permissions id; Type: DEFAULT; Schema: public; Owner: -
--

ALTER TABLE ONLY public.users_customuser_user_permissions ALTER COLUMN id SET DEFAULT nextval('public.users_customuser_user_permissions_id_seq'::regclass);


--
-- Data for Name: about_aboutconfig; Type: TABLE DATA; Schema: public; Owner: -
--

COPY public.about_aboutconfig (id, image, title, header, description, text, btn_text, btn_url, updated, alt_image, title_image) FROM stdin;
1	std_page/header/image_1_7MI3Q2o.jpg	About Us	About Us	Our mission is to provide extraordinary landscape lighting services using innovative designs, eco-friendly materials, and unmatched customer support.	<h2>Who We Are</h2>\r\n\r\n<p>\r\n  Illumination Concepts Inc is a family-owned company specializing in residential and commercial landscape lighting projects in the Austin and surrounding areas. With over 26 years of experience, we design custom solutions based on the goals of our customers and specific needs of each project to achieve high quality lighting installations.&nbsp;\r\n</p>\r\n\r\n<p>\r\n  Illumination Concepts, Inc. is a proud member of the National Association of remodelers Institute, Austin Branch), the Association of Outdoor Professionals, the International Academy of Architectural Landscaping Lighting, and the Home Builders Association.\r\n</p>\r\n\r\n<p class="page-images multi-image">\r\n  <img alt="House, nearby garden, palm tree, and paved area lit by outdoor lighting, in an evening background," data-crop="" data-description="T3V0ZG9vciUyMGxpZ2h0aW5nJTIwYmVhdXRpZmllcyUyMHRoZSUyMGxvb2slMjBvZiUyMHRoZSUyMGhvdXNl" data-id="1" data-source="/media/page_photos/0000/photo_1.jpg?_=1626763146" height="576" sizes="100vw" src="/media/page_photos/0000/photo_1.normal.jpg" srcset="/media/page_photos/0000/photo_1.wide.jpg?_=1626763146 1024w, /media/page_photos/0000/photo_1.normal.jpg?_=1626763146 800w, /media/page_photos/0000/photo_1.mobile.jpg?_=1626763147 480w" title="A beautiful display of outdoor lighting on a house" width="1024" />\r\n  \r\n  <img alt="A wide frame capture of a mansion shining bright against the night sky due to lighting installation" data-crop="" data-description="TGlnaHRpbmclMjBpbnN0YWxsYXRpb24lMjBjYW4lMjBsaWdodGVuJTIwdXAlMjB5b3VyJTIwaG9tZSUyMGluJTIwdGhlJTIwZGFyaw==" data-id="2" data-source="/media/page_photos/0000/photo_2.jpg?_=1626763147" height="576" sizes="100vw" src="/media/page_photos/0000/photo_2.normal.jpg" srcset="/media/page_photos/0000/photo_2.wide.jpg?_=1626763147 1024w, /media/page_photos/0000/photo_2.normal.jpg?_=1626763147 800w, /media/page_photos/0000/photo_2.mobile.jpg?_=1626763147 480w" title="A mansion exhibiting the glow of lighting installation" width="1024" />\r\n</p>\r\n\r\n<div class="extra-list" data-widget-name="div">\r\n  <p>\r\n    <strong>We Are Experts</strong>\r\n  </p>\r\n\r\n  <p>\r\n    We have over 26 years of experience specialising in custom residential outdoor lighting solutions.\r\n  </p>\r\n\r\n  <p>\r\n    <strong>We Are Eco-Friendly</strong>\r\n  </p>\r\n\r\n  <p>\r\n    Our materials are eco-friendly that leave the smallest eco-footprint possible to our planet. We use the newest LED technology that simplifies maintenance, ensures better lighting quality, and cut costs effectively.\r\n  </p>\r\n\r\n  <p>\r\n    <strong>We Use High Quality Materials</strong>\r\n  </p>\r\n\r\n  <p>\r\n    Everything we use such as the bulbs, lighting fixtures, and transformers are of the highest quality and they won&rsquo;t wear out after only a couple of years.\r\n  </p>\r\n\r\n  <p>\r\n    <strong>We Guarantee Satisfaction</strong>\r\n  </p>\r\n\r\n  <p>\r\n    Our goal is our client&rsquo;s satisfaction and we aim at building long lasting customer relationships.\r\n  </p>\r\n</div>\r\n	Ready to Light Up Your Space		2022-02-24 13:56:41.682716+00		
\.


--
-- Data for Name: admin_honeypot_loginattempt; Type: TABLE DATA; Schema: public; Owner: -
--

COPY public.admin_honeypot_loginattempt (id, username, ip_address, session_key, user_agent, "timestamp", path) FROM stdin;
1	adminu	144.217.10.40	\N	Mozilla/5.0 (Windows NT 6.1) AppleWebKit/537.36 (KHTML, like Gecko) Chrome/41.0.2226.0 Safari/537.36	2021-09-07 16:37:35.269542+00	/admin/login/?next=/admin/
2	admin	144.217.10.40	\N	Mozilla/5.0 (Windows NT 6.1) AppleWebKit/537.36 (KHTML, like Gecko) Chrome/41.0.2226.0 Safari/537.36	2021-09-07 16:37:36.395418+00	/admin/login/?next=/admin/
3	adminu	144.217.10.40	\N	Mozilla/5.0 (Windows NT 5.1) AppleWebKit/537.36 (KHTML, like Gecko) Chrome/41.0.2228.0 Safari/537.36	2021-09-07 16:44:05.17357+00	/admin/login/?next=/admin/
4	admin	144.217.10.40	\N	Mozilla/5.0 (Windows NT 5.1) AppleWebKit/537.36 (KHTML, like Gecko) Chrome/41.0.2228.0 Safari/537.36	2021-09-07 16:44:06.825577+00	/admin/login/?next=/admin/
5	adminu	144.217.10.40	\N	Mozilla/5.0 (Windows NT 6.0) AppleWebKit/537.36 (KHTML, like Gecko) Chrome/41.0.2228.0 Safari/537.36	2021-09-07 16:50:35.753395+00	/admin/login/?next=/admin/
6	admin	144.217.10.40	\N	Mozilla/5.0 (Windows NT 6.0) AppleWebKit/537.36 (KHTML, like Gecko) Chrome/41.0.2228.0 Safari/537.36	2021-09-07 16:50:37.701842+00	/admin/login/?next=/admin/
7	adminu	144.217.10.40	\N	Mozilla/5.0 (Windows NT 6.2; WOW64) AppleWebKit/537.36 (KHTML, like Gecko) Chrome/41.0.2226.0 Safari/537.36	2021-09-07 16:56:40.653043+00	/admin/login/?next=/admin/
8	austinlandscapelighting	144.217.10.40	\N	Mozilla/5.0 (Windows NT 6.2; WOW64) AppleWebKit/537.36 (KHTML, like Gecko) Chrome/41.0.2226.0 Safari/537.36	2021-09-07 16:56:41.940226+00	/admin/login/?next=/admin/
9	adminu	144.217.10.40	\N	Mozilla/5.0 (Windows NT 6.1) AppleWebKit/537.36 (KHTML, like Gecko) Chrome/41.0.2227.1 Safari/537.36	2021-09-07 17:02:32.00817+00	/admin/login/?next=/admin/
10	admin	144.217.10.40	\N	Mozilla/5.0 (Windows NT 6.1) AppleWebKit/537.36 (KHTML, like Gecko) Chrome/41.0.2227.1 Safari/537.36	2021-09-07 17:02:33.202818+00	/admin/login/?next=/admin/
11	adminu	144.217.10.40	\N	Mozilla/5.0 (Windows NT 6.2; WOW64) AppleWebKit/537.36 (KHTML, like Gecko) Chrome/41.0.2228.0 Safari/537.36	2021-09-07 17:08:28.015897+00	/admin/login/?next=/admin/
12	admin	144.217.10.40	\N	Mozilla/5.0 (Windows NT 6.2; WOW64) AppleWebKit/537.36 (KHTML, like Gecko) Chrome/41.0.2228.0 Safari/537.36	2021-09-07 17:08:29.184435+00	/admin/login/?next=/admin/
13	adminu	144.217.10.40	\N	Mozilla/5.0 (Windows NT 5.1) AppleWebKit/537.36 (KHTML, like Gecko) Chrome/41.0.2226.0 Safari/537.36	2021-09-07 17:14:17.663136+00	/admin/login/?next=/admin/
14	admin	144.217.10.40	\N	Mozilla/5.0 (Windows NT 5.1) AppleWebKit/537.36 (KHTML, like Gecko) Chrome/41.0.2226.0 Safari/537.36	2021-09-07 17:14:18.936693+00	/admin/login/?next=/admin/
15	adminu	144.217.10.40	\N	Mozilla/5.0 (Windows NT 6.0) AppleWebKit/537.36 (KHTML, like Gecko) Chrome/41.0.2224.3 Safari/537.36	2021-09-07 17:20:03.977699+00	/admin/login/?next=/admin/
16	admin	144.217.10.40	\N	Mozilla/5.0 (Windows NT 6.0) AppleWebKit/537.36 (KHTML, like Gecko) Chrome/41.0.2224.3 Safari/537.36	2021-09-07 17:20:05.142921+00	/admin/login/?next=/admin/
17	adminu	144.217.10.40	\N	Mozilla/5.0 (Windows NT 6.1) AppleWebKit/537.36 (KHTML, like Gecko) Chrome/41.0.2227.1 Safari/537.36	2021-09-07 17:26:03.140428+00	/admin/login/?next=/admin/
18	admin	144.217.10.40	\N	Mozilla/5.0 (Windows NT 6.1) AppleWebKit/537.36 (KHTML, like Gecko) Chrome/41.0.2227.1 Safari/537.36	2021-09-07 17:26:04.325064+00	/admin/login/?next=/admin/
19	adminu	144.217.10.40	\N	Mozilla/5.0 (Windows NT 6.0) AppleWebKit/537.36 (KHTML, like Gecko) Chrome/41.0.2226.0 Safari/537.36	2021-09-07 17:31:46.609353+00	/admin/login/?next=/admin/
20	austinlandscapelighting	144.217.10.40	\N	Mozilla/5.0 (Windows NT 6.0) AppleWebKit/537.36 (KHTML, like Gecko) Chrome/41.0.2226.0 Safari/537.36	2021-09-07 17:31:47.789505+00	/admin/login/?next=/admin/
21	adminu	144.217.10.40	\N	Mozilla/5.0 (Windows NT 6.2) AppleWebKit/537.36 (KHTML, like Gecko) Chrome/41.0.2226.0 Safari/537.36	2021-09-07 17:37:54.667987+00	/admin/login/?next=/admin/
22	admin	144.217.10.40	\N	Mozilla/5.0 (Windows NT 6.2) AppleWebKit/537.36 (KHTML, like Gecko) Chrome/41.0.2226.0 Safari/537.36	2021-09-07 17:37:55.90929+00	/admin/login/?next=/admin/
23	adminu	144.217.10.40	\N	Mozilla/5.0 (Windows NT 6.2) AppleWebKit/537.36 (KHTML, like Gecko) Chrome/41.0.2224.3 Safari/537.36	2021-09-07 17:43:39.974819+00	/admin/login/?next=/admin/
24	austinlandscapelighting	144.217.10.40	\N	Mozilla/5.0 (Windows NT 6.2) AppleWebKit/537.36 (KHTML, like Gecko) Chrome/41.0.2224.3 Safari/537.36	2021-09-07 17:43:41.244402+00	/admin/login/?next=/admin/
25	adminu	144.217.10.40	\N	Mozilla/5.0 (Windows NT 5.1) AppleWebKit/537.36 (KHTML, like Gecko) Chrome/41.0.2226.0 Safari/537.36	2021-09-07 17:49:33.172051+00	/admin/login/?next=/admin/
26	austinlandscapelighting	144.217.10.40	\N	Mozilla/5.0 (Windows NT 5.1) AppleWebKit/537.36 (KHTML, like Gecko) Chrome/41.0.2226.0 Safari/537.36	2021-09-07 17:49:34.691807+00	/admin/login/?next=/admin/
27	adminu	144.217.10.40	\N	Mozilla/5.0 (Windows NT 6.1; WOW64) AppleWebKit/537.36 (KHTML, like Gecko) Chrome/41.0.2226.0 Safari/537.36	2021-09-07 17:55:17.553922+00	/admin/login/?next=/admin/
28	admin	144.217.10.40	\N	Mozilla/5.0 (Windows NT 6.1; WOW64) AppleWebKit/537.36 (KHTML, like Gecko) Chrome/41.0.2226.0 Safari/537.36	2021-09-07 17:55:18.748485+00	/admin/login/?next=/admin/
29	adminu	144.217.10.40	\N	Mozilla/5.0 (Windows NT 5.1) AppleWebKit/537.36 (KHTML, like Gecko) Chrome/41.0.2225.0 Safari/537.36	2021-09-07 18:01:30.095115+00	/admin/login/?next=/admin/
30	admin	144.217.10.40	\N	Mozilla/5.0 (Windows NT 5.1) AppleWebKit/537.36 (KHTML, like Gecko) Chrome/41.0.2225.0 Safari/537.36	2021-09-07 18:01:31.445442+00	/admin/login/?next=/admin/
31	adminu	144.217.10.40	\N	Mozilla/5.0 (Windows NT 6.1) AppleWebKit/537.36 (KHTML, like Gecko) Chrome/41.0.2228.0 Safari/537.36	2021-09-07 18:07:23.294101+00	/admin/login/?next=/admin/
32	admin	144.217.10.40	\N	Mozilla/5.0 (Windows NT 6.1) AppleWebKit/537.36 (KHTML, like Gecko) Chrome/41.0.2228.0 Safari/537.36	2021-09-07 18:07:24.471764+00	/admin/login/?next=/admin/
33	adminu	144.217.10.40	\N	Mozilla/5.0 (Windows NT 6.0; WOW64) AppleWebKit/537.36 (KHTML, like Gecko) Chrome/41.0.2225.0 Safari/537.36	2021-09-07 18:13:11.534656+00	/admin/login/?next=/admin/
34	admin	144.217.10.40	\N	Mozilla/5.0 (Windows NT 6.0; WOW64) AppleWebKit/537.36 (KHTML, like Gecko) Chrome/41.0.2225.0 Safari/537.36	2021-09-07 18:13:12.737924+00	/admin/login/?next=/admin/
35	don@adwizards.com	144.217.10.40	\N	Mozilla/5.0 (Windows NT 10.0; Win64; x64) AppleWebKit/537.36 (KHTML, like Gecko) Chrome/94.0.4606.81 Safari/537.36	2021-10-21 06:13:17.835702+00	/admin/login/?next=/admin/
36	adminu	144.217.10.40	\N	Mozilla/5.0 (Windows NT 6.1) AppleWebKit/537.36 (KHTML, like Gecko) Chrome/41.0.2225.0 Safari/537.36	2021-10-27 07:59:14.156022+00	/admin/login/?next=/admin/
37	admin	144.217.10.40	\N	Mozilla/5.0 (Windows NT 6.1) AppleWebKit/537.36 (KHTML, like Gecko) Chrome/41.0.2225.0 Safari/537.36	2021-10-27 07:59:15.365484+00	/admin/login/?next=/admin/
38	adminu	144.217.10.40	\N	Mozilla/5.0 (Windows NT 6.2) AppleWebKit/537.36 (KHTML, like Gecko) Chrome/41.0.2228.0 Safari/537.36	2021-10-27 08:06:34.959355+00	/admin/login/?next=/admin/
39	admin	144.217.10.40	\N	Mozilla/5.0 (Windows NT 6.2) AppleWebKit/537.36 (KHTML, like Gecko) Chrome/41.0.2228.0 Safari/537.36	2021-10-27 08:06:36.176333+00	/admin/login/?next=/admin/
40	adminu	144.217.10.40	\N	Mozilla/5.0 (Windows NT 5.1) AppleWebKit/537.36 (KHTML, like Gecko) Chrome/41.0.2227.1 Safari/537.36	2021-10-27 08:13:58.327225+00	/admin/login/?next=/admin/
41	admin	144.217.10.40	\N	Mozilla/5.0 (Windows NT 5.1) AppleWebKit/537.36 (KHTML, like Gecko) Chrome/41.0.2227.1 Safari/537.36	2021-10-27 08:13:59.636625+00	/admin/login/?next=/admin/
42	adminu	144.217.10.40	\N	Mozilla/5.0 (Windows NT 5.1) AppleWebKit/537.36 (KHTML, like Gecko) Chrome/41.0.2224.3 Safari/537.36	2021-10-27 08:21:19.639803+00	/admin/login/?next=/admin/
43	austinlandscapelighting	144.217.10.40	\N	Mozilla/5.0 (Windows NT 5.1) AppleWebKit/537.36 (KHTML, like Gecko) Chrome/41.0.2224.3 Safari/537.36	2021-10-27 08:21:20.847262+00	/admin/login/?next=/admin/
44	adminu	144.217.10.40	\N	Mozilla/5.0 (Windows NT 6.1) AppleWebKit/537.36 (KHTML, like Gecko) Chrome/41.0.2227.1 Safari/537.36	2021-10-27 08:28:26.988491+00	/admin/login/?next=/admin/
45	admin	144.217.10.40	\N	Mozilla/5.0 (Windows NT 6.1) AppleWebKit/537.36 (KHTML, like Gecko) Chrome/41.0.2227.1 Safari/537.36	2021-10-27 08:28:28.37947+00	/admin/login/?next=/admin/
46	adminu	144.217.10.40	\N	Mozilla/5.0 (Windows NT 6.0; WOW64) AppleWebKit/537.36 (KHTML, like Gecko) Chrome/41.0.2224.3 Safari/537.36	2021-10-27 08:35:49.265925+00	/admin/login/?next=/admin/
47	admin	144.217.10.40	\N	Mozilla/5.0 (Windows NT 6.0; WOW64) AppleWebKit/537.36 (KHTML, like Gecko) Chrome/41.0.2224.3 Safari/537.36	2021-10-27 08:35:50.567605+00	/admin/login/?next=/admin/
48	adminu	144.217.10.40	\N	Mozilla/5.0 (Windows NT 6.0) AppleWebKit/537.36 (KHTML, like Gecko) Chrome/41.0.2226.0 Safari/537.36	2021-10-27 08:43:14.804279+00	/admin/login/?next=/admin/
49	admin	144.217.10.40	\N	Mozilla/5.0 (Windows NT 6.0) AppleWebKit/537.36 (KHTML, like Gecko) Chrome/41.0.2226.0 Safari/537.36	2021-10-27 08:43:16.228303+00	/admin/login/?next=/admin/
50	adminu	144.217.10.40	\N	Mozilla/5.0 (Windows NT 6.2; WOW64) AppleWebKit/537.36 (KHTML, like Gecko) Chrome/41.0.2227.1 Safari/537.36	2021-10-27 08:51:05.339032+00	/admin/login/?next=/admin/
51	admin	144.217.10.40	\N	Mozilla/5.0 (Windows NT 6.2; WOW64) AppleWebKit/537.36 (KHTML, like Gecko) Chrome/41.0.2227.1 Safari/537.36	2021-10-27 08:51:07.625591+00	/admin/login/?next=/admin/
52	adminu	144.217.10.40	\N	Mozilla/5.0 (Windows NT 6.0) AppleWebKit/537.36 (KHTML, like Gecko) Chrome/41.0.2227.1 Safari/537.36	2021-10-27 08:58:30.862075+00	/admin/login/?next=/admin/
53	admin	144.217.10.40	\N	Mozilla/5.0 (Windows NT 6.0) AppleWebKit/537.36 (KHTML, like Gecko) Chrome/41.0.2227.1 Safari/537.36	2021-10-27 08:58:32.111474+00	/admin/login/?next=/admin/
54	adminu	144.217.10.40	\N	Mozilla/5.0 (Windows NT 6.2) AppleWebKit/537.36 (KHTML, like Gecko) Chrome/41.0.2228.0 Safari/537.36	2021-10-27 09:05:56.291205+00	/admin/login/?next=/admin/
55	austinlandscapelighting	144.217.10.40	\N	Mozilla/5.0 (Windows NT 6.2) AppleWebKit/537.36 (KHTML, like Gecko) Chrome/41.0.2228.0 Safari/537.36	2021-10-27 09:05:58.914876+00	/admin/login/?next=/admin/
56	adminu	144.217.10.40	\N	Mozilla/5.0 (Windows NT 6.1; WOW64) AppleWebKit/537.36 (KHTML, like Gecko) Chrome/41.0.2228.0 Safari/537.36	2021-10-27 09:13:31.940901+00	/admin/login/?next=/admin/
57	admin	144.217.10.40	\N	Mozilla/5.0 (Windows NT 6.1; WOW64) AppleWebKit/537.36 (KHTML, like Gecko) Chrome/41.0.2228.0 Safari/537.36	2021-10-27 09:13:34.010145+00	/admin/login/?next=/admin/
58	adminu	144.217.10.40	\N	Mozilla/5.0 (Windows NT 6.2) AppleWebKit/537.36 (KHTML, like Gecko) Chrome/41.0.2224.3 Safari/537.36	2021-10-27 09:21:59.045678+00	/admin/login/?next=/admin/
59	austinlandscapelighting	144.217.10.40	\N	Mozilla/5.0 (Windows NT 6.2) AppleWebKit/537.36 (KHTML, like Gecko) Chrome/41.0.2224.3 Safari/537.36	2021-10-27 09:22:00.177397+00	/admin/login/?next=/admin/
60	adminu	144.217.10.40	\N	Mozilla/5.0 (Windows NT 6.1) AppleWebKit/537.36 (KHTML, like Gecko) Chrome/41.0.2227.1 Safari/537.36	2021-10-27 09:30:55.585553+00	/admin/login/?next=/admin/
61	austinlandscapelighting	144.217.10.40	\N	Mozilla/5.0 (Windows NT 6.1) AppleWebKit/537.36 (KHTML, like Gecko) Chrome/41.0.2227.1 Safari/537.36	2021-10-27 09:30:57.608323+00	/admin/login/?next=/admin/
62	adminu	144.217.10.40	\N	Mozilla/5.0 (Windows NT 5.1) AppleWebKit/537.36 (KHTML, like Gecko) Chrome/41.0.2227.1 Safari/537.36	2021-10-27 09:38:47.661827+00	/admin/login/?next=/admin/
63	admin	144.217.10.40	\N	Mozilla/5.0 (Windows NT 5.1) AppleWebKit/537.36 (KHTML, like Gecko) Chrome/41.0.2227.1 Safari/537.36	2021-10-27 09:38:49.370376+00	/admin/login/?next=/admin/
64	adminu	144.217.10.40	\N	Mozilla/5.0 (Windows NT 6.2) AppleWebKit/537.36 (KHTML, like Gecko) Chrome/41.0.2228.0 Safari/537.36	2021-10-27 09:46:03.976016+00	/admin/login/?next=/admin/
65	admin	144.217.10.40	\N	Mozilla/5.0 (Windows NT 6.2) AppleWebKit/537.36 (KHTML, like Gecko) Chrome/41.0.2228.0 Safari/537.36	2021-10-27 09:46:05.727357+00	/admin/login/?next=/admin/
66	adminu	144.217.10.40	\N	Mozilla/5.0 (Windows NT 5.1; WOW64) AppleWebKit/537.36 (KHTML, like Gecko) Chrome/41.0.2224.3 Safari/537.36	2021-10-27 09:53:23.056261+00	/admin/login/?next=/admin/
67	admin	144.217.10.40	\N	Mozilla/5.0 (Windows NT 5.1; WOW64) AppleWebKit/537.36 (KHTML, like Gecko) Chrome/41.0.2224.3 Safari/537.36	2021-10-27 09:53:30.109932+00	/admin/login/?next=/admin/
68	adminu	144.217.10.40	\N	Mozilla/5.0 (Windows NT 6.2) AppleWebKit/537.36 (KHTML, like Gecko) Chrome/41.0.2225.0 Safari/537.36	2021-10-27 10:00:41.518508+00	/admin/login/?next=/admin/
69	admin	144.217.10.40	\N	Mozilla/5.0 (Windows NT 6.2) AppleWebKit/537.36 (KHTML, like Gecko) Chrome/41.0.2225.0 Safari/537.36	2021-10-27 10:00:42.969756+00	/admin/login/?next=/admin/
70	adminu	144.217.10.40	\N	Mozilla/5.0 (Windows NT 6.2) AppleWebKit/537.36 (KHTML, like Gecko) Chrome/41.0.2225.0 Safari/537.36	2021-10-27 10:08:04.967928+00	/admin/login/?next=/admin/
71	admin	144.217.10.40	\N	Mozilla/5.0 (Windows NT 6.2) AppleWebKit/537.36 (KHTML, like Gecko) Chrome/41.0.2225.0 Safari/537.36	2021-10-27 10:08:06.556524+00	/admin/login/?next=/admin/
72	adminu	144.217.10.40	\N	Mozilla/5.0 (Windows NT 6.0) AppleWebKit/537.36 (KHTML, like Gecko) Chrome/41.0.2226.0 Safari/537.36	2021-10-27 10:15:33.089082+00	/admin/login/?next=/admin/
73	admin	144.217.10.40	\N	Mozilla/5.0 (Windows NT 6.0) AppleWebKit/537.36 (KHTML, like Gecko) Chrome/41.0.2226.0 Safari/537.36	2021-10-27 10:15:34.243139+00	/admin/login/?next=/admin/
74	adminu	144.217.10.40	\N	Mozilla/5.0 (Windows NT 6.0) AppleWebKit/537.36 (KHTML, like Gecko) Chrome/41.0.2227.1 Safari/537.36	2021-10-27 10:23:06.268388+00	/admin/login/?next=/admin/
75	admin	144.217.10.40	\N	Mozilla/5.0 (Windows NT 6.0) AppleWebKit/537.36 (KHTML, like Gecko) Chrome/41.0.2227.1 Safari/537.36	2021-10-27 10:23:07.462366+00	/admin/login/?next=/admin/
76	adminu	144.217.10.40	\N	Mozilla/5.0 (Windows NT 6.2) AppleWebKit/537.36 (KHTML, like Gecko) Chrome/41.0.2225.0 Safari/537.36	2021-10-27 10:30:12.699127+00	/admin/login/?next=/admin/
77	admin	144.217.10.40	\N	Mozilla/5.0 (Windows NT 6.2) AppleWebKit/537.36 (KHTML, like Gecko) Chrome/41.0.2225.0 Safari/537.36	2021-10-27 10:30:13.854871+00	/admin/login/?next=/admin/
78	adminu	144.217.10.40	\N	Mozilla/5.0 (Windows NT 6.0) AppleWebKit/537.36 (KHTML, like Gecko) Chrome/41.0.2225.0 Safari/537.36	2021-10-27 10:37:19.803648+00	/admin/login/?next=/admin/
79	admin	144.217.10.40	\N	Mozilla/5.0 (Windows NT 6.0) AppleWebKit/537.36 (KHTML, like Gecko) Chrome/41.0.2225.0 Safari/537.36	2021-10-27 10:37:21.269801+00	/admin/login/?next=/admin/
80	adminu	144.217.10.40	\N	Mozilla/5.0 (Windows NT 5.1; WOW64) AppleWebKit/537.36 (KHTML, like Gecko) Chrome/41.0.2226.0 Safari/537.36	2021-10-27 10:44:08.75891+00	/admin/login/?next=/admin/
81	austinlandscapelighting	144.217.10.40	\N	Mozilla/5.0 (Windows NT 5.1; WOW64) AppleWebKit/537.36 (KHTML, like Gecko) Chrome/41.0.2226.0 Safari/537.36	2021-10-27 10:44:10.554212+00	/admin/login/?next=/admin/
82	adminu	144.217.10.40	\N	Mozilla/5.0 (Windows NT 6.1) AppleWebKit/537.36 (KHTML, like Gecko) Chrome/41.0.2224.3 Safari/537.36	2021-10-27 10:50:31.492498+00	/admin/login/?next=/admin/
83	admin	144.217.10.40	\N	Mozilla/5.0 (Windows NT 6.1) AppleWebKit/537.36 (KHTML, like Gecko) Chrome/41.0.2224.3 Safari/537.36	2021-10-27 10:50:32.828007+00	/admin/login/?next=/admin/
84	adminu	144.217.10.40	\N	Mozilla/5.0 (Windows NT 5.1) AppleWebKit/537.36 (KHTML, like Gecko) Chrome/41.0.2226.0 Safari/537.36	2021-10-27 10:57:25.790537+00	/admin/login/?next=/admin/
85	admin	144.217.10.40	\N	Mozilla/5.0 (Windows NT 5.1) AppleWebKit/537.36 (KHTML, like Gecko) Chrome/41.0.2226.0 Safari/537.36	2021-10-27 10:57:27.248116+00	/admin/login/?next=/admin/
86	adminu	144.217.10.40	\N	Mozilla/5.0 (Windows NT 6.2) AppleWebKit/537.36 (KHTML, like Gecko) Chrome/41.0.2224.3 Safari/537.36	2021-10-27 11:04:19.587535+00	/admin/login/?next=/admin/
87	admin	144.217.10.40	\N	Mozilla/5.0 (Windows NT 6.2) AppleWebKit/537.36 (KHTML, like Gecko) Chrome/41.0.2224.3 Safari/537.36	2021-10-27 11:04:21.466706+00	/admin/login/?next=/admin/
88	adminu	144.217.10.40	\N	Mozilla/5.0 (Windows NT 6.1) AppleWebKit/537.36 (KHTML, like Gecko) Chrome/41.0.2225.0 Safari/537.36	2021-10-27 11:11:10.703773+00	/admin/login/?next=/admin/
89	admin	144.217.10.40	\N	Mozilla/5.0 (Windows NT 6.1) AppleWebKit/537.36 (KHTML, like Gecko) Chrome/41.0.2225.0 Safari/537.36	2021-10-27 11:11:12.020428+00	/admin/login/?next=/admin/
90	adminu	144.217.10.40	\N	Mozilla/5.0 (Windows NT 6.2) AppleWebKit/537.36 (KHTML, like Gecko) Chrome/41.0.2228.0 Safari/537.36	2021-10-27 11:20:29.807849+00	/admin/login/?next=/admin/
91	austinlandscapelighting	144.217.10.40	\N	Mozilla/5.0 (Windows NT 6.2) AppleWebKit/537.36 (KHTML, like Gecko) Chrome/41.0.2228.0 Safari/537.36	2021-10-27 11:20:31.076703+00	/admin/login/?next=/admin/
92	adminu	144.217.10.40	\N	Mozilla/5.0 (Windows NT 6.1) AppleWebKit/537.36 (KHTML, like Gecko) Chrome/41.0.2226.0 Safari/537.36	2021-10-27 11:27:18.813122+00	/admin/login/?next=/admin/
93	austinlandscapelighting	144.217.10.40	\N	Mozilla/5.0 (Windows NT 6.1) AppleWebKit/537.36 (KHTML, like Gecko) Chrome/41.0.2226.0 Safari/537.36	2021-10-27 11:27:21.98144+00	/admin/login/?next=/admin/
94	adminu	144.217.10.40	\N	Mozilla/5.0 (Windows NT 6.0; WOW64) AppleWebKit/537.36 (KHTML, like Gecko) Chrome/41.0.2227.1 Safari/537.36	2021-10-27 11:34:09.265483+00	/admin/login/?next=/admin/
95	admin	144.217.10.40	\N	Mozilla/5.0 (Windows NT 6.0; WOW64) AppleWebKit/537.36 (KHTML, like Gecko) Chrome/41.0.2227.1 Safari/537.36	2021-10-27 11:34:10.439923+00	/admin/login/?next=/admin/
96	adminu	144.217.10.40	\N	Mozilla/5.0 (Windows NT 6.0) AppleWebKit/537.36 (KHTML, like Gecko) Chrome/41.0.2228.0 Safari/537.36	2021-10-27 11:41:32.066281+00	/admin/login/?next=/admin/
97	admin	144.217.10.40	\N	Mozilla/5.0 (Windows NT 6.0) AppleWebKit/537.36 (KHTML, like Gecko) Chrome/41.0.2228.0 Safari/537.36	2021-10-27 11:41:33.232401+00	/admin/login/?next=/admin/
98	adminu	144.217.10.40	\N	Mozilla/5.0 (Windows NT 6.0; WOW64) AppleWebKit/537.36 (KHTML, like Gecko) Chrome/41.0.2225.0 Safari/537.36	2021-10-27 11:49:17.122273+00	/admin/login/?next=/admin/
99	austinlandscapelighting	144.217.10.40	\N	Mozilla/5.0 (Windows NT 6.0; WOW64) AppleWebKit/537.36 (KHTML, like Gecko) Chrome/41.0.2225.0 Safari/537.36	2021-10-27 11:49:19.418667+00	/admin/login/?next=/admin/
100	adminu	144.217.10.40	\N	Mozilla/5.0 (Windows NT 6.1; WOW64) AppleWebKit/537.36 (KHTML, like Gecko) Chrome/41.0.2224.3 Safari/537.36	2021-10-27 11:56:12.889142+00	/admin/login/?next=/admin/
101	admin	144.217.10.40	\N	Mozilla/5.0 (Windows NT 6.1; WOW64) AppleWebKit/537.36 (KHTML, like Gecko) Chrome/41.0.2224.3 Safari/537.36	2021-10-27 11:56:14.079705+00	/admin/login/?next=/admin/
102	adminu	144.217.10.40	\N	Mozilla/5.0 (Windows NT 5.1) AppleWebKit/537.36 (KHTML, like Gecko) Chrome/41.0.2225.0 Safari/537.36	2021-10-27 12:03:17.149192+00	/admin/login/?next=/admin/
103	austinlandscapelighting.us	144.217.10.40	\N	Mozilla/5.0 (Windows NT 5.1) AppleWebKit/537.36 (KHTML, like Gecko) Chrome/41.0.2225.0 Safari/537.36	2021-10-27 12:03:19.034298+00	/admin/login/?next=/admin/
104	adminu	144.217.10.40	\N	Mozilla/5.0 (Windows NT 5.1) AppleWebKit/537.36 (KHTML, like Gecko) Chrome/41.0.2227.1 Safari/537.36	2021-10-27 12:10:28.193158+00	/admin/login/?next=/admin/
105	admin	144.217.10.40	\N	Mozilla/5.0 (Windows NT 5.1) AppleWebKit/537.36 (KHTML, like Gecko) Chrome/41.0.2227.1 Safari/537.36	2021-10-27 12:10:29.871702+00	/admin/login/?next=/admin/
106	adminu	144.217.10.40	\N	Mozilla/5.0 (Windows NT 6.1) AppleWebKit/537.36 (KHTML, like Gecko) Chrome/41.0.2228.0 Safari/537.36	2021-10-27 12:17:26.532637+00	/admin/login/?next=/admin/
107	admin	144.217.10.40	\N	Mozilla/5.0 (Windows NT 6.1) AppleWebKit/537.36 (KHTML, like Gecko) Chrome/41.0.2228.0 Safari/537.36	2021-10-27 12:17:27.75364+00	/admin/login/?next=/admin/
108	adminu	144.217.10.40	\N	Mozilla/5.0 (Windows NT 6.1; WOW64) AppleWebKit/537.36 (KHTML, like Gecko) Chrome/41.0.2226.0 Safari/537.36	2021-10-27 12:24:46.21644+00	/admin/login/?next=/admin/
109	admin	144.217.10.40	\N	Mozilla/5.0 (Windows NT 6.1; WOW64) AppleWebKit/537.36 (KHTML, like Gecko) Chrome/41.0.2226.0 Safari/537.36	2021-10-27 12:24:47.60646+00	/admin/login/?next=/admin/
110	adminu	144.217.10.40	\N	Mozilla/5.0 (Windows NT 6.2) AppleWebKit/537.36 (KHTML, like Gecko) Chrome/41.0.2228.0 Safari/537.36	2021-10-27 12:32:21.178545+00	/admin/login/?next=/admin/
111	admin	144.217.10.40	\N	Mozilla/5.0 (Windows NT 6.2) AppleWebKit/537.36 (KHTML, like Gecko) Chrome/41.0.2228.0 Safari/537.36	2021-10-27 12:32:23.832314+00	/admin/login/?next=/admin/
112	adminu	144.217.10.40	\N	Mozilla/5.0 (Windows NT 6.2) AppleWebKit/537.36 (KHTML, like Gecko) Chrome/41.0.2226.0 Safari/537.36	2021-10-27 12:39:41.824492+00	/admin/login/?next=/admin/
113	admin	144.217.10.40	\N	Mozilla/5.0 (Windows NT 6.2) AppleWebKit/537.36 (KHTML, like Gecko) Chrome/41.0.2226.0 Safari/537.36	2021-10-27 12:39:43.523158+00	/admin/login/?next=/admin/
114	adminu	144.217.10.40	\N	Mozilla/5.0 (Windows NT 6.2) AppleWebKit/537.36 (KHTML, like Gecko) Chrome/41.0.2225.0 Safari/537.36	2021-10-27 12:47:26.221498+00	/admin/login/?next=/admin/
115	austinlandscapelighting	144.217.10.40	\N	Mozilla/5.0 (Windows NT 6.2) AppleWebKit/537.36 (KHTML, like Gecko) Chrome/41.0.2225.0 Safari/537.36	2021-10-27 12:47:27.636774+00	/admin/login/?next=/admin/
116	adminu	144.217.10.40	\N	Mozilla/5.0 (Windows NT 6.2) AppleWebKit/537.36 (KHTML, like Gecko) Chrome/41.0.2224.3 Safari/537.36	2021-10-27 12:55:24.671658+00	/admin/login/?next=/admin/
117	austinlandscapelighting	144.217.10.40	\N	Mozilla/5.0 (Windows NT 6.2) AppleWebKit/537.36 (KHTML, like Gecko) Chrome/41.0.2224.3 Safari/537.36	2021-10-27 12:55:25.981721+00	/admin/login/?next=/admin/
118	adminu	144.217.10.40	\N	Mozilla/5.0 (Windows NT 6.0) AppleWebKit/537.36 (KHTML, like Gecko) Chrome/41.0.2225.0 Safari/537.36	2021-10-27 13:03:29.847162+00	/admin/login/?next=/admin/
119	admin	144.217.10.40	\N	Mozilla/5.0 (Windows NT 6.0) AppleWebKit/537.36 (KHTML, like Gecko) Chrome/41.0.2225.0 Safari/537.36	2021-10-27 13:03:31.381349+00	/admin/login/?next=/admin/
120	adminu	144.217.10.40	\N	Mozilla/5.0 (Windows NT 6.2) AppleWebKit/537.36 (KHTML, like Gecko) Chrome/41.0.2225.0 Safari/537.36	2021-10-27 13:12:59.745583+00	/admin/login/?next=/admin/
121	admin	144.217.10.40	\N	Mozilla/5.0 (Windows NT 6.2) AppleWebKit/537.36 (KHTML, like Gecko) Chrome/41.0.2225.0 Safari/537.36	2021-10-27 13:13:01.030058+00	/admin/login/?next=/admin/
122	adminu	144.217.10.40	\N	Mozilla/5.0 (Windows NT 5.1) AppleWebKit/537.36 (KHTML, like Gecko) Chrome/41.0.2227.1 Safari/537.36	2021-10-27 13:20:12.646352+00	/admin/login/?next=/admin/
123	austinlandscapelighting	144.217.10.40	\N	Mozilla/5.0 (Windows NT 5.1) AppleWebKit/537.36 (KHTML, like Gecko) Chrome/41.0.2227.1 Safari/537.36	2021-10-27 13:20:13.98258+00	/admin/login/?next=/admin/
124	adminu	144.217.10.40	\N	Mozilla/5.0 (Windows NT 6.2) AppleWebKit/537.36 (KHTML, like Gecko) Chrome/41.0.2228.0 Safari/537.36	2021-10-27 13:26:50.148054+00	/admin/login/?next=/admin/
125	austinlandscapelighting	144.217.10.40	\N	Mozilla/5.0 (Windows NT 6.2) AppleWebKit/537.36 (KHTML, like Gecko) Chrome/41.0.2228.0 Safari/537.36	2021-10-27 13:26:51.497365+00	/admin/login/?next=/admin/
126	adminu	144.217.10.40	\N	Mozilla/5.0 (Windows NT 6.2) AppleWebKit/537.36 (KHTML, like Gecko) Chrome/41.0.2225.0 Safari/537.36	2021-10-27 13:33:54.776028+00	/admin/login/?next=/admin/
127	admin	144.217.10.40	\N	Mozilla/5.0 (Windows NT 6.2) AppleWebKit/537.36 (KHTML, like Gecko) Chrome/41.0.2225.0 Safari/537.36	2021-10-27 13:33:56.496593+00	/admin/login/?next=/admin/
128	adminu	144.217.10.40	\N	Mozilla/5.0 (Windows NT 6.1) AppleWebKit/537.36 (KHTML, like Gecko) Chrome/41.0.2227.1 Safari/537.36	2021-10-27 13:41:17.091785+00	/admin/login/?next=/admin/
129	austinlandscapelighting	144.217.10.40	\N	Mozilla/5.0 (Windows NT 6.1) AppleWebKit/537.36 (KHTML, like Gecko) Chrome/41.0.2227.1 Safari/537.36	2021-10-27 13:41:18.337361+00	/admin/login/?next=/admin/
130	adminu	144.217.10.40	\N	Mozilla/5.0 (Windows NT 6.0) AppleWebKit/537.36 (KHTML, like Gecko) Chrome/41.0.2228.0 Safari/537.36	2021-10-27 13:48:03.660356+00	/admin/login/?next=/admin/
131	austinlandscapelighting	144.217.10.40	\N	Mozilla/5.0 (Windows NT 6.0) AppleWebKit/537.36 (KHTML, like Gecko) Chrome/41.0.2228.0 Safari/537.36	2021-10-27 13:48:04.978797+00	/admin/login/?next=/admin/
132	adminu	144.217.10.40	\N	Mozilla/5.0 (Windows NT 6.2) AppleWebKit/537.36 (KHTML, like Gecko) Chrome/41.0.2225.0 Safari/537.36	2021-10-27 13:55:52.700203+00	/admin/login/?next=/admin/
133	austinlandscapelighting	144.217.10.40	\N	Mozilla/5.0 (Windows NT 6.2) AppleWebKit/537.36 (KHTML, like Gecko) Chrome/41.0.2225.0 Safari/537.36	2021-10-27 13:55:53.963324+00	/admin/login/?next=/admin/
134	adminu	144.217.10.40	\N	Mozilla/5.0 (Windows NT 6.2) AppleWebKit/537.36 (KHTML, like Gecko) Chrome/41.0.2225.0 Safari/537.36	2021-10-27 14:03:07.902999+00	/admin/login/?next=/admin/
135	austinlandscapelighting	144.217.10.40	\N	Mozilla/5.0 (Windows NT 6.2) AppleWebKit/537.36 (KHTML, like Gecko) Chrome/41.0.2225.0 Safari/537.36	2021-10-27 14:03:09.121233+00	/admin/login/?next=/admin/
136	adminu	144.217.10.40	\N	Mozilla/5.0 (Windows NT 6.2) AppleWebKit/537.36 (KHTML, like Gecko) Chrome/41.0.2228.0 Safari/537.36	2021-10-27 14:10:33.574847+00	/admin/login/?next=/admin/
137	austinlandscapelighting	144.217.10.40	\N	Mozilla/5.0 (Windows NT 6.2) AppleWebKit/537.36 (KHTML, like Gecko) Chrome/41.0.2228.0 Safari/537.36	2021-10-27 14:10:35.214863+00	/admin/login/?next=/admin/
138	adminu	144.217.10.40	\N	Mozilla/5.0 (Windows NT 5.1) AppleWebKit/537.36 (KHTML, like Gecko) Chrome/41.0.2224.3 Safari/537.36	2021-10-27 14:17:28.996735+00	/admin/login/?next=/admin/
139	admin	144.217.10.40	\N	Mozilla/5.0 (Windows NT 5.1) AppleWebKit/537.36 (KHTML, like Gecko) Chrome/41.0.2224.3 Safari/537.36	2021-10-27 14:17:30.980632+00	/admin/login/?next=/admin/
140	adminu	144.217.10.40	\N	Mozilla/5.0 (Windows NT 6.0) AppleWebKit/537.36 (KHTML, like Gecko) Chrome/41.0.2226.0 Safari/537.36	2021-10-27 14:24:19.084247+00	/admin/login/?next=/admin/
141	admin	144.217.10.40	\N	Mozilla/5.0 (Windows NT 6.0) AppleWebKit/537.36 (KHTML, like Gecko) Chrome/41.0.2226.0 Safari/537.36	2021-10-27 14:24:20.444082+00	/admin/login/?next=/admin/
142	adminu	144.217.10.40	\N	Mozilla/5.0 (Windows NT 6.0) AppleWebKit/537.36 (KHTML, like Gecko) Chrome/41.0.2224.3 Safari/537.36	2021-10-27 14:31:12.742506+00	/admin/login/?next=/admin/
143	admin	144.217.10.40	\N	Mozilla/5.0 (Windows NT 6.0) AppleWebKit/537.36 (KHTML, like Gecko) Chrome/41.0.2224.3 Safari/537.36	2021-10-27 14:31:14.091466+00	/admin/login/?next=/admin/
144	adminu	144.217.10.40	\N	Mozilla/5.0 (Windows NT 6.2) AppleWebKit/537.36 (KHTML, like Gecko) Chrome/41.0.2227.1 Safari/537.36	2021-10-27 14:38:14.574719+00	/admin/login/?next=/admin/
145	austinlandscapelighting	144.217.10.40	\N	Mozilla/5.0 (Windows NT 6.2) AppleWebKit/537.36 (KHTML, like Gecko) Chrome/41.0.2227.1 Safari/537.36	2021-10-27 14:38:15.801737+00	/admin/login/?next=/admin/
146	adminu	144.217.10.40	\N	Mozilla/5.0 (Windows NT 6.2) AppleWebKit/537.36 (KHTML, like Gecko) Chrome/41.0.2228.0 Safari/537.36	2021-10-27 14:45:13.908818+00	/admin/login/?next=/admin/
147	admin	144.217.10.40	\N	Mozilla/5.0 (Windows NT 6.2) AppleWebKit/537.36 (KHTML, like Gecko) Chrome/41.0.2228.0 Safari/537.36	2021-10-27 14:45:15.342308+00	/admin/login/?next=/admin/
148	adminu	144.217.10.40	\N	Mozilla/5.0 (Windows NT 5.1) AppleWebKit/537.36 (KHTML, like Gecko) Chrome/41.0.2224.3 Safari/537.36	2021-10-27 14:52:33.269242+00	/admin/login/?next=/admin/
149	austinlandscapelighting	144.217.10.40	\N	Mozilla/5.0 (Windows NT 5.1) AppleWebKit/537.36 (KHTML, like Gecko) Chrome/41.0.2224.3 Safari/537.36	2021-10-27 14:52:34.539501+00	/admin/login/?next=/admin/
150	adminu	144.217.10.40	\N	Mozilla/5.0 (Windows NT 5.1) AppleWebKit/537.36 (KHTML, like Gecko) Chrome/41.0.2228.0 Safari/537.36	2021-10-27 14:59:38.156382+00	/admin/login/?next=/admin/
151	admin	144.217.10.40	\N	Mozilla/5.0 (Windows NT 5.1) AppleWebKit/537.36 (KHTML, like Gecko) Chrome/41.0.2228.0 Safari/537.36	2021-10-27 14:59:39.34198+00	/admin/login/?next=/admin/
152	adminu	144.217.10.40	\N	Mozilla/5.0 (Windows NT 5.1) AppleWebKit/537.36 (KHTML, like Gecko) Chrome/41.0.2227.1 Safari/537.36	2021-10-27 15:06:50.102837+00	/admin/login/?next=/admin/
153	admin	144.217.10.40	\N	Mozilla/5.0 (Windows NT 5.1) AppleWebKit/537.36 (KHTML, like Gecko) Chrome/41.0.2227.1 Safari/537.36	2021-10-27 15:06:51.804828+00	/admin/login/?next=/admin/
154	adminu	144.217.10.40	\N	Mozilla/5.0 (Windows NT 6.1; WOW64) AppleWebKit/537.36 (KHTML, like Gecko) Chrome/41.0.2225.0 Safari/537.36	2021-10-27 15:13:59.10278+00	/admin/login/?next=/admin/
155	austinlandscapelighting	144.217.10.40	\N	Mozilla/5.0 (Windows NT 6.1; WOW64) AppleWebKit/537.36 (KHTML, like Gecko) Chrome/41.0.2225.0 Safari/537.36	2021-10-27 15:14:01.948863+00	/admin/login/?next=/admin/
156	adminu	144.217.10.40	\N	Mozilla/5.0 (Windows NT 5.1) AppleWebKit/537.36 (KHTML, like Gecko) Chrome/41.0.2227.1 Safari/537.36	2021-10-27 15:21:22.346416+00	/admin/login/?next=/admin/
157	austinlandscapelighting	144.217.10.40	\N	Mozilla/5.0 (Windows NT 5.1) AppleWebKit/537.36 (KHTML, like Gecko) Chrome/41.0.2227.1 Safari/537.36	2021-10-27 15:21:25.845723+00	/admin/login/?next=/admin/
158	adminu	144.217.10.40	\N	Mozilla/5.0 (Windows NT 5.1) AppleWebKit/537.36 (KHTML, like Gecko) Chrome/41.0.2228.0 Safari/537.36	2021-10-27 15:28:17.98022+00	/admin/login/?next=/admin/
159	admin	144.217.10.40	\N	Mozilla/5.0 (Windows NT 5.1) AppleWebKit/537.36 (KHTML, like Gecko) Chrome/41.0.2228.0 Safari/537.36	2021-10-27 15:28:19.150308+00	/admin/login/?next=/admin/
160	adminu	144.217.10.40	\N	Mozilla/5.0 (Windows NT 6.2; WOW64) AppleWebKit/537.36 (KHTML, like Gecko) Chrome/41.0.2224.3 Safari/537.36	2021-10-27 15:35:25.582383+00	/admin/login/?next=/admin/
161	austinlandscapelighting	144.217.10.40	\N	Mozilla/5.0 (Windows NT 6.2; WOW64) AppleWebKit/537.36 (KHTML, like Gecko) Chrome/41.0.2224.3 Safari/537.36	2021-10-27 15:35:26.869105+00	/admin/login/?next=/admin/
162	adminu	144.217.10.40	\N	Mozilla/5.0 (Windows NT 5.1) AppleWebKit/537.36 (KHTML, like Gecko) Chrome/41.0.2228.0 Safari/537.36	2021-10-27 15:42:16.997873+00	/admin/login/?next=/admin/
163	admin	144.217.10.40	\N	Mozilla/5.0 (Windows NT 5.1) AppleWebKit/537.36 (KHTML, like Gecko) Chrome/41.0.2228.0 Safari/537.36	2021-10-27 15:42:18.300725+00	/admin/login/?next=/admin/
164	adminu	144.217.10.40	\N	Mozilla/5.0 (Windows NT 5.1) AppleWebKit/537.36 (KHTML, like Gecko) Chrome/41.0.2227.1 Safari/537.36	2021-10-27 15:49:22.398292+00	/admin/login/?next=/admin/
165	admin	144.217.10.40	\N	Mozilla/5.0 (Windows NT 5.1) AppleWebKit/537.36 (KHTML, like Gecko) Chrome/41.0.2227.1 Safari/537.36	2021-10-27 15:49:23.902606+00	/admin/login/?next=/admin/
166	adminu	144.217.10.40	\N	Mozilla/5.0 (Windows NT 6.1) AppleWebKit/537.36 (KHTML, like Gecko) Chrome/41.0.2226.0 Safari/537.36	2021-10-27 15:56:27.154389+00	/admin/login/?next=/admin/
167	austinlandscapelighting	144.217.10.40	\N	Mozilla/5.0 (Windows NT 6.1) AppleWebKit/537.36 (KHTML, like Gecko) Chrome/41.0.2226.0 Safari/537.36	2021-10-27 15:56:28.644555+00	/admin/login/?next=/admin/
168	adminu	144.217.10.40	\N	Mozilla/5.0 (Windows NT 6.2; WOW64) AppleWebKit/537.36 (KHTML, like Gecko) Chrome/41.0.2224.3 Safari/537.36	2021-10-27 16:03:18.915413+00	/admin/login/?next=/admin/
169	austinlandscapelighting	144.217.10.40	\N	Mozilla/5.0 (Windows NT 6.2; WOW64) AppleWebKit/537.36 (KHTML, like Gecko) Chrome/41.0.2224.3 Safari/537.36	2021-10-27 16:03:21.353506+00	/admin/login/?next=/admin/
170	adminu	144.217.10.40	\N	Mozilla/5.0 (Windows NT 6.0) AppleWebKit/537.36 (KHTML, like Gecko) Chrome/41.0.2228.0 Safari/537.36	2021-10-27 16:09:58.559427+00	/admin/login/?next=/admin/
171	admin	144.217.10.40	\N	Mozilla/5.0 (Windows NT 6.0) AppleWebKit/537.36 (KHTML, like Gecko) Chrome/41.0.2228.0 Safari/537.36	2021-10-27 16:09:59.701806+00	/admin/login/?next=/admin/
172	adminu	144.217.10.40	\N	Mozilla/5.0 (Windows NT 6.1) AppleWebKit/537.36 (KHTML, like Gecko) Chrome/41.0.2225.0 Safari/537.36	2021-10-27 16:16:48.577125+00	/admin/login/?next=/admin/
173	admin	144.217.10.40	\N	Mozilla/5.0 (Windows NT 6.1) AppleWebKit/537.36 (KHTML, like Gecko) Chrome/41.0.2225.0 Safari/537.36	2021-10-27 16:16:49.702751+00	/admin/login/?next=/admin/
174	adminu	144.217.10.40	\N	Mozilla/5.0 (Windows NT 5.1) AppleWebKit/537.36 (KHTML, like Gecko) Chrome/41.0.2228.0 Safari/537.36	2021-10-27 16:23:37.951654+00	/admin/login/?next=/admin/
175	austinlandscapelighting	144.217.10.40	\N	Mozilla/5.0 (Windows NT 5.1) AppleWebKit/537.36 (KHTML, like Gecko) Chrome/41.0.2228.0 Safari/537.36	2021-10-27 16:23:39.427883+00	/admin/login/?next=/admin/
176	adminu	144.217.10.40	\N	Mozilla/5.0 (Windows NT 6.0; WOW64) AppleWebKit/537.36 (KHTML, like Gecko) Chrome/41.0.2224.3 Safari/537.36	2021-10-27 16:30:40.98898+00	/admin/login/?next=/admin/
177	admin	144.217.10.40	\N	Mozilla/5.0 (Windows NT 6.0; WOW64) AppleWebKit/537.36 (KHTML, like Gecko) Chrome/41.0.2224.3 Safari/537.36	2021-10-27 16:30:42.389896+00	/admin/login/?next=/admin/
178	adminu	144.217.10.40	\N	Mozilla/5.0 (Windows NT 5.1) AppleWebKit/537.36 (KHTML, like Gecko) Chrome/41.0.2226.0 Safari/537.36	2021-10-27 16:38:00.197613+00	/admin/login/?next=/admin/
179	admin	144.217.10.40	\N	Mozilla/5.0 (Windows NT 5.1) AppleWebKit/537.36 (KHTML, like Gecko) Chrome/41.0.2226.0 Safari/537.36	2021-10-27 16:38:02.02465+00	/admin/login/?next=/admin/
180	adminu	144.217.10.40	\N	Mozilla/5.0 (Windows NT 6.1) AppleWebKit/537.36 (KHTML, like Gecko) Chrome/41.0.2227.1 Safari/537.36	2021-10-27 16:45:20.397464+00	/admin/login/?next=/admin/
181	admin	144.217.10.40	\N	Mozilla/5.0 (Windows NT 6.1) AppleWebKit/537.36 (KHTML, like Gecko) Chrome/41.0.2227.1 Safari/537.36	2021-10-27 16:45:22.592955+00	/admin/login/?next=/admin/
182	adminu	144.217.10.40	\N	Mozilla/5.0 (Windows NT 5.1) AppleWebKit/537.36 (KHTML, like Gecko) Chrome/41.0.2224.3 Safari/537.36	2021-10-27 16:55:25.243706+00	/admin/login/?next=/admin/
183	admin	144.217.10.40	\N	Mozilla/5.0 (Windows NT 5.1) AppleWebKit/537.36 (KHTML, like Gecko) Chrome/41.0.2224.3 Safari/537.36	2021-10-27 16:55:26.846109+00	/admin/login/?next=/admin/
184	adminu	144.217.10.40	\N	Mozilla/5.0 (Windows NT 6.2; WOW64) AppleWebKit/537.36 (KHTML, like Gecko) Chrome/41.0.2227.1 Safari/537.36	2021-10-27 17:02:44.901398+00	/admin/login/?next=/admin/
185	admin	144.217.10.40	\N	Mozilla/5.0 (Windows NT 6.2; WOW64) AppleWebKit/537.36 (KHTML, like Gecko) Chrome/41.0.2227.1 Safari/537.36	2021-10-27 17:02:46.133581+00	/admin/login/?next=/admin/
186	adminu	144.217.10.40	\N	Mozilla/5.0 (Windows NT 6.2) AppleWebKit/537.36 (KHTML, like Gecko) Chrome/41.0.2228.0 Safari/537.36	2021-10-27 17:10:18.374844+00	/admin/login/?next=/admin/
187	austinlandscapelighting	144.217.10.40	\N	Mozilla/5.0 (Windows NT 6.2) AppleWebKit/537.36 (KHTML, like Gecko) Chrome/41.0.2228.0 Safari/537.36	2021-10-27 17:10:19.564896+00	/admin/login/?next=/admin/
188	adminu	144.217.10.40	\N	Mozilla/5.0 (Windows NT 6.0; WOW64) AppleWebKit/537.36 (KHTML, like Gecko) Chrome/41.0.2226.0 Safari/537.36	2021-10-27 17:17:22.535432+00	/admin/login/?next=/admin/
189	admin	144.217.10.40	\N	Mozilla/5.0 (Windows NT 6.0; WOW64) AppleWebKit/537.36 (KHTML, like Gecko) Chrome/41.0.2226.0 Safari/537.36	2021-10-27 17:17:24.57881+00	/admin/login/?next=/admin/
190	adminu	144.217.10.40	\N	Mozilla/5.0 (Windows NT 6.2) AppleWebKit/537.36 (KHTML, like Gecko) Chrome/41.0.2224.3 Safari/537.36	2021-10-27 17:24:41.799388+00	/admin/login/?next=/admin/
191	admin	144.217.10.40	\N	Mozilla/5.0 (Windows NT 6.2) AppleWebKit/537.36 (KHTML, like Gecko) Chrome/41.0.2224.3 Safari/537.36	2021-10-27 17:24:43.931961+00	/admin/login/?next=/admin/
192	adminu	144.217.10.40	\N	Mozilla/5.0 (Windows NT 6.2) AppleWebKit/537.36 (KHTML, like Gecko) Chrome/41.0.2225.0 Safari/537.36	2021-10-27 17:31:55.542913+00	/admin/login/?next=/admin/
193	admin	144.217.10.40	\N	Mozilla/5.0 (Windows NT 6.2) AppleWebKit/537.36 (KHTML, like Gecko) Chrome/41.0.2225.0 Safari/537.36	2021-10-27 17:31:56.809408+00	/admin/login/?next=/admin/
194	adminu	144.217.10.40	\N	Mozilla/5.0 (Windows NT 6.0; WOW64) AppleWebKit/537.36 (KHTML, like Gecko) Chrome/41.0.2227.1 Safari/537.36	2021-10-27 17:39:27.341012+00	/admin/login/?next=/admin/
195	admin	144.217.10.40	\N	Mozilla/5.0 (Windows NT 6.0; WOW64) AppleWebKit/537.36 (KHTML, like Gecko) Chrome/41.0.2227.1 Safari/537.36	2021-10-27 17:39:29.186714+00	/admin/login/?next=/admin/
196	adminu	144.217.10.40	\N	Mozilla/5.0 (Windows NT 6.1) AppleWebKit/537.36 (KHTML, like Gecko) Chrome/41.0.2226.0 Safari/537.36	2021-10-27 17:46:54.588174+00	/admin/login/?next=/admin/
197	admin	144.217.10.40	\N	Mozilla/5.0 (Windows NT 6.1) AppleWebKit/537.36 (KHTML, like Gecko) Chrome/41.0.2226.0 Safari/537.36	2021-10-27 17:46:55.779393+00	/admin/login/?next=/admin/
198	adminu	144.217.10.40	\N	Mozilla/5.0 (Windows NT 6.2; WOW64) AppleWebKit/537.36 (KHTML, like Gecko) Chrome/41.0.2228.0 Safari/537.36	2021-10-27 17:54:09.08031+00	/admin/login/?next=/admin/
199	austinlandscapelighting	144.217.10.40	\N	Mozilla/5.0 (Windows NT 6.2; WOW64) AppleWebKit/537.36 (KHTML, like Gecko) Chrome/41.0.2228.0 Safari/537.36	2021-10-27 17:54:11.823377+00	/admin/login/?next=/admin/
200	adminu	144.217.10.40	\N	Mozilla/5.0 (Windows NT 6.0) AppleWebKit/537.36 (KHTML, like Gecko) Chrome/41.0.2226.0 Safari/537.36	2021-10-27 18:00:59.650524+00	/admin/login/?next=/admin/
201	admin	144.217.10.40	\N	Mozilla/5.0 (Windows NT 6.0) AppleWebKit/537.36 (KHTML, like Gecko) Chrome/41.0.2226.0 Safari/537.36	2021-10-27 18:01:00.842813+00	/admin/login/?next=/admin/
202	adminu	144.217.10.40	\N	Mozilla/5.0 (Windows NT 5.1) AppleWebKit/537.36 (KHTML, like Gecko) Chrome/41.0.2226.0 Safari/537.36	2021-10-27 18:07:53.448151+00	/admin/login/?next=/admin/
203	admin	144.217.10.40	\N	Mozilla/5.0 (Windows NT 5.1) AppleWebKit/537.36 (KHTML, like Gecko) Chrome/41.0.2226.0 Safari/537.36	2021-10-27 18:07:54.737965+00	/admin/login/?next=/admin/
204	adminu	144.217.10.40	\N	Mozilla/5.0 (Windows NT 6.2) AppleWebKit/537.36 (KHTML, like Gecko) Chrome/41.0.2227.1 Safari/537.36	2021-10-27 18:14:42.190694+00	/admin/login/?next=/admin/
205	admin	144.217.10.40	\N	Mozilla/5.0 (Windows NT 6.2) AppleWebKit/537.36 (KHTML, like Gecko) Chrome/41.0.2227.1 Safari/537.36	2021-10-27 18:14:43.581529+00	/admin/login/?next=/admin/
206	adminu	144.217.10.40	\N	Mozilla/5.0 (Windows NT 5.1) AppleWebKit/537.36 (KHTML, like Gecko) Chrome/41.0.2227.1 Safari/537.36	2021-10-27 18:21:35.675137+00	/admin/login/?next=/admin/
207	admin	144.217.10.40	\N	Mozilla/5.0 (Windows NT 5.1) AppleWebKit/537.36 (KHTML, like Gecko) Chrome/41.0.2227.1 Safari/537.36	2021-10-27 18:21:36.927825+00	/admin/login/?next=/admin/
208	adminu	144.217.10.40	\N	Mozilla/5.0 (Windows NT 6.0) AppleWebKit/537.36 (KHTML, like Gecko) Chrome/41.0.2224.3 Safari/537.36	2021-10-27 18:28:50.474543+00	/admin/login/?next=/admin/
209	admin	144.217.10.40	\N	Mozilla/5.0 (Windows NT 6.0) AppleWebKit/537.36 (KHTML, like Gecko) Chrome/41.0.2224.3 Safari/537.36	2021-10-27 18:28:52.58245+00	/admin/login/?next=/admin/
210	adminu	144.217.10.40	\N	Mozilla/5.0 (Windows NT 6.0) AppleWebKit/537.36 (KHTML, like Gecko) Chrome/41.0.2225.0 Safari/537.36	2021-10-27 18:36:08.666339+00	/admin/login/?next=/admin/
211	admin	144.217.10.40	\N	Mozilla/5.0 (Windows NT 6.0) AppleWebKit/537.36 (KHTML, like Gecko) Chrome/41.0.2225.0 Safari/537.36	2021-10-27 18:36:09.835555+00	/admin/login/?next=/admin/
212	adminu	144.217.10.40	\N	Mozilla/5.0 (Windows NT 6.1) AppleWebKit/537.36 (KHTML, like Gecko) Chrome/41.0.2226.0 Safari/537.36	2021-10-27 18:43:31.088705+00	/admin/login/?next=/admin/
213	admin	144.217.10.40	\N	Mozilla/5.0 (Windows NT 6.1) AppleWebKit/537.36 (KHTML, like Gecko) Chrome/41.0.2226.0 Safari/537.36	2021-10-27 18:43:32.294418+00	/admin/login/?next=/admin/
214	adminu	144.217.10.40	\N	Mozilla/5.0 (Windows NT 5.1) AppleWebKit/537.36 (KHTML, like Gecko) Chrome/41.0.2227.1 Safari/537.36	2021-10-27 18:53:11.459256+00	/admin/login/?next=/admin/
215	admin	144.217.10.40	\N	Mozilla/5.0 (Windows NT 5.1) AppleWebKit/537.36 (KHTML, like Gecko) Chrome/41.0.2227.1 Safari/537.36	2021-10-27 18:53:12.727663+00	/admin/login/?next=/admin/
216	adminu	144.217.10.40	\N	Mozilla/5.0 (Windows NT 6.0) AppleWebKit/537.36 (KHTML, like Gecko) Chrome/41.0.2225.0 Safari/537.36	2021-10-27 19:00:21.741381+00	/admin/login/?next=/admin/
217	admin	144.217.10.40	\N	Mozilla/5.0 (Windows NT 6.0) AppleWebKit/537.36 (KHTML, like Gecko) Chrome/41.0.2225.0 Safari/537.36	2021-10-27 19:00:22.896399+00	/admin/login/?next=/admin/
218	adminu	144.217.10.40	\N	Mozilla/5.0 (Windows NT 6.2) AppleWebKit/537.36 (KHTML, like Gecko) Chrome/41.0.2225.0 Safari/537.36	2021-10-27 19:12:20.828144+00	/admin/login/?next=/admin/
219	austinlandscapelighting	144.217.10.40	\N	Mozilla/5.0 (Windows NT 6.2) AppleWebKit/537.36 (KHTML, like Gecko) Chrome/41.0.2225.0 Safari/537.36	2021-10-27 19:12:22.119275+00	/admin/login/?next=/admin/
220	adminu	144.217.10.40	\N	Mozilla/5.0 (Windows NT 6.1) AppleWebKit/537.36 (KHTML, like Gecko) Chrome/41.0.2226.0 Safari/537.36	2021-10-27 19:21:53.575072+00	/admin/login/?next=/admin/
221	austinlandscapelighting	144.217.10.40	\N	Mozilla/5.0 (Windows NT 6.1) AppleWebKit/537.36 (KHTML, like Gecko) Chrome/41.0.2226.0 Safari/537.36	2021-10-27 19:21:54.780426+00	/admin/login/?next=/admin/
222	adminu	144.217.10.40	\N	Mozilla/5.0 (Windows NT 6.1; WOW64) AppleWebKit/537.36 (KHTML, like Gecko) Chrome/41.0.2225.0 Safari/537.36	2021-10-27 19:29:02.727281+00	/admin/login/?next=/admin/
223	admin	144.217.10.40	\N	Mozilla/5.0 (Windows NT 6.1; WOW64) AppleWebKit/537.36 (KHTML, like Gecko) Chrome/41.0.2225.0 Safari/537.36	2021-10-27 19:29:05.059971+00	/admin/login/?next=/admin/
224	adminu	144.217.10.40	\N	Mozilla/5.0 (Windows NT 6.1) AppleWebKit/537.36 (KHTML, like Gecko) Chrome/41.0.2228.0 Safari/537.36	2021-10-27 19:35:55.591813+00	/admin/login/?next=/admin/
225	admin	144.217.10.40	\N	Mozilla/5.0 (Windows NT 6.1) AppleWebKit/537.36 (KHTML, like Gecko) Chrome/41.0.2228.0 Safari/537.36	2021-10-27 19:35:58.471477+00	/admin/login/?next=/admin/
226	adminu	144.217.10.40	\N	Mozilla/5.0 (Windows NT 6.2) AppleWebKit/537.36 (KHTML, like Gecko) Chrome/41.0.2226.0 Safari/537.36	2021-10-27 19:42:49.638736+00	/admin/login/?next=/admin/
227	austinlandscapelighting	144.217.10.40	\N	Mozilla/5.0 (Windows NT 6.2) AppleWebKit/537.36 (KHTML, like Gecko) Chrome/41.0.2226.0 Safari/537.36	2021-10-27 19:42:50.850921+00	/admin/login/?next=/admin/
228	adminu	144.217.10.40	\N	Mozilla/5.0 (Windows NT 6.0) AppleWebKit/537.36 (KHTML, like Gecko) Chrome/41.0.2226.0 Safari/537.36	2021-10-27 19:49:37.073108+00	/admin/login/?next=/admin/
229	austinlandscapelighting	144.217.10.40	\N	Mozilla/5.0 (Windows NT 6.0) AppleWebKit/537.36 (KHTML, like Gecko) Chrome/41.0.2226.0 Safari/537.36	2021-10-27 19:49:38.443224+00	/admin/login/?next=/admin/
230	adminu	144.217.10.40	\N	Mozilla/5.0 (Windows NT 6.0) AppleWebKit/537.36 (KHTML, like Gecko) Chrome/41.0.2226.0 Safari/537.36	2021-10-27 19:56:19.106385+00	/admin/login/?next=/admin/
231	admin	144.217.10.40	\N	Mozilla/5.0 (Windows NT 6.0) AppleWebKit/537.36 (KHTML, like Gecko) Chrome/41.0.2226.0 Safari/537.36	2021-10-27 19:56:20.750923+00	/admin/login/?next=/admin/
232	adminu	144.217.10.40	\N	Mozilla/5.0 (Windows NT 6.0) AppleWebKit/537.36 (KHTML, like Gecko) Chrome/41.0.2224.3 Safari/537.36	2021-10-27 20:03:27.409858+00	/admin/login/?next=/admin/
233	austinlandscapelighting	144.217.10.40	\N	Mozilla/5.0 (Windows NT 6.0) AppleWebKit/537.36 (KHTML, like Gecko) Chrome/41.0.2224.3 Safari/537.36	2021-10-27 20:03:28.810778+00	/admin/login/?next=/admin/
234	adminu	144.217.10.40	\N	Mozilla/5.0 (Windows NT 6.1) AppleWebKit/537.36 (KHTML, like Gecko) Chrome/41.0.2227.1 Safari/537.36	2021-10-27 20:10:18.028474+00	/admin/login/?next=/admin/
235	admin	144.217.10.40	\N	Mozilla/5.0 (Windows NT 6.1) AppleWebKit/537.36 (KHTML, like Gecko) Chrome/41.0.2227.1 Safari/537.36	2021-10-27 20:10:19.34074+00	/admin/login/?next=/admin/
236	adminu	144.217.10.40	\N	Mozilla/5.0 (Windows NT 6.2; WOW64) AppleWebKit/537.36 (KHTML, like Gecko) Chrome/41.0.2224.3 Safari/537.36	2021-10-27 20:17:14.751694+00	/admin/login/?next=/admin/
237	admin	144.217.10.40	\N	Mozilla/5.0 (Windows NT 6.2; WOW64) AppleWebKit/537.36 (KHTML, like Gecko) Chrome/41.0.2224.3 Safari/537.36	2021-10-27 20:17:15.964904+00	/admin/login/?next=/admin/
238	adminu	144.217.10.40	\N	Mozilla/5.0 (Windows NT 5.1) AppleWebKit/537.36 (KHTML, like Gecko) Chrome/41.0.2226.0 Safari/537.36	2021-10-27 20:24:27.412727+00	/admin/login/?next=/admin/
239	admin	144.217.10.40	\N	Mozilla/5.0 (Windows NT 5.1) AppleWebKit/537.36 (KHTML, like Gecko) Chrome/41.0.2226.0 Safari/537.36	2021-10-27 20:24:31.138317+00	/admin/login/?next=/admin/
240	adminu	144.217.10.40	\N	Mozilla/5.0 (Windows NT 6.1) AppleWebKit/537.36 (KHTML, like Gecko) Chrome/41.0.2227.1 Safari/537.36	2021-10-27 20:31:27.019811+00	/admin/login/?next=/admin/
241	austinlandscapelighting	144.217.10.40	\N	Mozilla/5.0 (Windows NT 6.1) AppleWebKit/537.36 (KHTML, like Gecko) Chrome/41.0.2227.1 Safari/537.36	2021-10-27 20:31:28.202674+00	/admin/login/?next=/admin/
242	adminu	144.217.10.40	\N	Mozilla/5.0 (Windows NT 6.1) AppleWebKit/537.36 (KHTML, like Gecko) Chrome/41.0.2224.3 Safari/537.36	2021-10-27 20:38:42.853491+00	/admin/login/?next=/admin/
243	admin	144.217.10.40	\N	Mozilla/5.0 (Windows NT 6.1) AppleWebKit/537.36 (KHTML, like Gecko) Chrome/41.0.2224.3 Safari/537.36	2021-10-27 20:38:44.000726+00	/admin/login/?next=/admin/
244	adminu	144.217.10.40	\N	Mozilla/5.0 (Windows NT 6.1) AppleWebKit/537.36 (KHTML, like Gecko) Chrome/41.0.2228.0 Safari/537.36	2021-10-27 20:45:33.45061+00	/admin/login/?next=/admin/
245	admin	144.217.10.40	\N	Mozilla/5.0 (Windows NT 6.1) AppleWebKit/537.36 (KHTML, like Gecko) Chrome/41.0.2228.0 Safari/537.36	2021-10-27 20:45:36.036542+00	/admin/login/?next=/admin/
246	adminu	144.217.10.40	\N	Mozilla/5.0 (Windows NT 6.1; WOW64) AppleWebKit/537.36 (KHTML, like Gecko) Chrome/41.0.2224.3 Safari/537.36	2021-10-27 20:52:45.085915+00	/admin/login/?next=/admin/
247	admin	144.217.10.40	\N	Mozilla/5.0 (Windows NT 6.1; WOW64) AppleWebKit/537.36 (KHTML, like Gecko) Chrome/41.0.2224.3 Safari/537.36	2021-10-27 20:52:46.308387+00	/admin/login/?next=/admin/
248	adminu	144.217.10.40	\N	Mozilla/5.0 (Windows NT 6.1) AppleWebKit/537.36 (KHTML, like Gecko) Chrome/41.0.2225.0 Safari/537.36	2021-10-27 21:00:19.993166+00	/admin/login/?next=/admin/
249	admin	144.217.10.40	\N	Mozilla/5.0 (Windows NT 6.1) AppleWebKit/537.36 (KHTML, like Gecko) Chrome/41.0.2225.0 Safari/537.36	2021-10-27 21:00:21.445907+00	/admin/login/?next=/admin/
250	adminu	144.217.10.40	\N	Mozilla/5.0 (Windows NT 6.0) AppleWebKit/537.36 (KHTML, like Gecko) Chrome/41.0.2226.0 Safari/537.36	2021-10-27 21:07:53.059237+00	/admin/login/?next=/admin/
251	austinlandscapelighting	144.217.10.40	\N	Mozilla/5.0 (Windows NT 6.0) AppleWebKit/537.36 (KHTML, like Gecko) Chrome/41.0.2226.0 Safari/537.36	2021-10-27 21:07:54.282093+00	/admin/login/?next=/admin/
252	adminu	144.217.10.40	\N	Mozilla/5.0 (Windows NT 6.2) AppleWebKit/537.36 (KHTML, like Gecko) Chrome/41.0.2225.0 Safari/537.36	2021-10-27 21:15:36.943774+00	/admin/login/?next=/admin/
253	admin	144.217.10.40	\N	Mozilla/5.0 (Windows NT 6.2) AppleWebKit/537.36 (KHTML, like Gecko) Chrome/41.0.2225.0 Safari/537.36	2021-10-27 21:15:38.236302+00	/admin/login/?next=/admin/
254	adminu	144.217.10.40	\N	Mozilla/5.0 (Windows NT 6.2) AppleWebKit/537.36 (KHTML, like Gecko) Chrome/41.0.2225.0 Safari/537.36	2021-10-27 21:22:42.778862+00	/admin/login/?next=/admin/
255	admin	144.217.10.40	\N	Mozilla/5.0 (Windows NT 6.2) AppleWebKit/537.36 (KHTML, like Gecko) Chrome/41.0.2225.0 Safari/537.36	2021-10-27 21:22:45.974141+00	/admin/login/?next=/admin/
256	adminu	144.217.10.40	\N	Mozilla/5.0 (Windows NT 6.2; WOW64) AppleWebKit/537.36 (KHTML, like Gecko) Chrome/41.0.2227.1 Safari/537.36	2021-10-27 21:29:38.476418+00	/admin/login/?next=/admin/
257	admin	144.217.10.40	\N	Mozilla/5.0 (Windows NT 6.2; WOW64) AppleWebKit/537.36 (KHTML, like Gecko) Chrome/41.0.2227.1 Safari/537.36	2021-10-27 21:29:40.376364+00	/admin/login/?next=/admin/
258	adminu	144.217.10.40	\N	Mozilla/5.0 (Windows NT 6.0) AppleWebKit/537.36 (KHTML, like Gecko) Chrome/41.0.2224.3 Safari/537.36	2021-10-27 21:36:34.940082+00	/admin/login/?next=/admin/
259	admin	144.217.10.40	\N	Mozilla/5.0 (Windows NT 6.0) AppleWebKit/537.36 (KHTML, like Gecko) Chrome/41.0.2224.3 Safari/537.36	2021-10-27 21:36:36.959666+00	/admin/login/?next=/admin/
260	adminu	144.217.10.40	\N	Mozilla/5.0 (Windows NT 6.1) AppleWebKit/537.36 (KHTML, like Gecko) Chrome/41.0.2225.0 Safari/537.36	2021-10-27 21:43:31.910368+00	/admin/login/?next=/admin/
261	austinlandscapelighting.us	144.217.10.40	\N	Mozilla/5.0 (Windows NT 6.1) AppleWebKit/537.36 (KHTML, like Gecko) Chrome/41.0.2225.0 Safari/537.36	2021-10-27 21:43:35.066646+00	/admin/login/?next=/admin/
262	adminu	144.217.10.40	\N	Mozilla/5.0 (Windows NT 6.2) AppleWebKit/537.36 (KHTML, like Gecko) Chrome/41.0.2227.1 Safari/537.36	2021-10-27 21:50:16.815716+00	/admin/login/?next=/admin/
263	admin	144.217.10.40	\N	Mozilla/5.0 (Windows NT 6.2) AppleWebKit/537.36 (KHTML, like Gecko) Chrome/41.0.2227.1 Safari/537.36	2021-10-27 21:50:17.945162+00	/admin/login/?next=/admin/
264	adminu	144.217.10.40	\N	Mozilla/5.0 (Windows NT 6.0) AppleWebKit/537.36 (KHTML, like Gecko) Chrome/41.0.2227.1 Safari/537.36	2021-10-27 21:57:11.252292+00	/admin/login/?next=/admin/
265	admin	144.217.10.40	\N	Mozilla/5.0 (Windows NT 6.0) AppleWebKit/537.36 (KHTML, like Gecko) Chrome/41.0.2227.1 Safari/537.36	2021-10-27 21:57:12.809136+00	/admin/login/?next=/admin/
266	adminu	144.217.10.40	\N	Mozilla/5.0 (Windows NT 6.2) AppleWebKit/537.36 (KHTML, like Gecko) Chrome/41.0.2226.0 Safari/537.36	2021-10-27 22:03:55.186419+00	/admin/login/?next=/admin/
267	admin	144.217.10.40	\N	Mozilla/5.0 (Windows NT 6.2) AppleWebKit/537.36 (KHTML, like Gecko) Chrome/41.0.2226.0 Safari/537.36	2021-10-27 22:03:56.316726+00	/admin/login/?next=/admin/
268	adminu	144.217.10.40	\N	Mozilla/5.0 (Windows NT 6.1; WOW64) AppleWebKit/537.36 (KHTML, like Gecko) Chrome/41.0.2227.1 Safari/537.36	2021-10-27 22:11:34.386535+00	/admin/login/?next=/admin/
269	austinlandscapelighting	144.217.10.40	\N	Mozilla/5.0 (Windows NT 6.1; WOW64) AppleWebKit/537.36 (KHTML, like Gecko) Chrome/41.0.2227.1 Safari/537.36	2021-10-27 22:11:36.290674+00	/admin/login/?next=/admin/
270	adminu	144.217.10.40	\N	Mozilla/5.0 (Windows NT 5.1) AppleWebKit/537.36 (KHTML, like Gecko) Chrome/41.0.2227.1 Safari/537.36	2021-10-27 22:18:01.966448+00	/admin/login/?next=/admin/
271	admin	144.217.10.40	\N	Mozilla/5.0 (Windows NT 5.1) AppleWebKit/537.36 (KHTML, like Gecko) Chrome/41.0.2227.1 Safari/537.36	2021-10-27 22:18:03.090389+00	/admin/login/?next=/admin/
272	adminu	144.217.10.40	\N	Mozilla/5.0 (Windows NT 5.1) AppleWebKit/537.36 (KHTML, like Gecko) Chrome/41.0.2224.3 Safari/537.36	2021-10-27 22:24:44.229542+00	/admin/login/?next=/admin/
273	admin	144.217.10.40	\N	Mozilla/5.0 (Windows NT 5.1) AppleWebKit/537.36 (KHTML, like Gecko) Chrome/41.0.2224.3 Safari/537.36	2021-10-27 22:24:45.451603+00	/admin/login/?next=/admin/
274	adminu	144.217.10.40	\N	Mozilla/5.0 (Windows NT 6.0) AppleWebKit/537.36 (KHTML, like Gecko) Chrome/41.0.2227.1 Safari/537.36	2021-10-27 22:31:34.281759+00	/admin/login/?next=/admin/
275	admin	144.217.10.40	\N	Mozilla/5.0 (Windows NT 6.0) AppleWebKit/537.36 (KHTML, like Gecko) Chrome/41.0.2227.1 Safari/537.36	2021-10-27 22:31:35.466376+00	/admin/login/?next=/admin/
276	adminu	144.217.10.40	\N	Mozilla/5.0 (Windows NT 6.0) AppleWebKit/537.36 (KHTML, like Gecko) Chrome/41.0.2224.3 Safari/537.36	2021-10-27 22:38:31.810292+00	/admin/login/?next=/admin/
277	austinlandscapelighting.us	144.217.10.40	\N	Mozilla/5.0 (Windows NT 6.0) AppleWebKit/537.36 (KHTML, like Gecko) Chrome/41.0.2224.3 Safari/537.36	2021-10-27 22:38:33.001011+00	/admin/login/?next=/admin/
278	adminu	144.217.10.40	\N	Mozilla/5.0 (Windows NT 5.1) AppleWebKit/537.36 (KHTML, like Gecko) Chrome/41.0.2227.1 Safari/537.36	2021-10-27 22:45:18.007482+00	/admin/login/?next=/admin/
279	admin	144.217.10.40	\N	Mozilla/5.0 (Windows NT 5.1) AppleWebKit/537.36 (KHTML, like Gecko) Chrome/41.0.2227.1 Safari/537.36	2021-10-27 22:45:19.258303+00	/admin/login/?next=/admin/
280	adminu	144.217.10.40	\N	Mozilla/5.0 (Windows NT 6.0; WOW64) AppleWebKit/537.36 (KHTML, like Gecko) Chrome/41.0.2227.1 Safari/537.36	2021-10-27 22:52:22.405944+00	/admin/login/?next=/admin/
281	admin	144.217.10.40	\N	Mozilla/5.0 (Windows NT 6.0; WOW64) AppleWebKit/537.36 (KHTML, like Gecko) Chrome/41.0.2227.1 Safari/537.36	2021-10-27 22:52:24.138306+00	/admin/login/?next=/admin/
282	adminu	144.217.10.40	\N	Mozilla/5.0 (Windows NT 6.0; WOW64) AppleWebKit/537.36 (KHTML, like Gecko) Chrome/41.0.2227.1 Safari/537.36	2021-10-27 23:01:59.758424+00	/admin/login/?next=/admin/
283	austinlandscapelighting	144.217.10.40	\N	Mozilla/5.0 (Windows NT 6.0; WOW64) AppleWebKit/537.36 (KHTML, like Gecko) Chrome/41.0.2227.1 Safari/537.36	2021-10-27 23:02:01.290303+00	/admin/login/?next=/admin/
284	adminu	144.217.10.40	\N	Mozilla/5.0 (Windows NT 6.1) AppleWebKit/537.36 (KHTML, like Gecko) Chrome/41.0.2224.3 Safari/537.36	2021-10-27 23:08:42.780629+00	/admin/login/?next=/admin/
285	admin	144.217.10.40	\N	Mozilla/5.0 (Windows NT 6.1) AppleWebKit/537.36 (KHTML, like Gecko) Chrome/41.0.2224.3 Safari/537.36	2021-10-27 23:08:43.950977+00	/admin/login/?next=/admin/
286	adminu	144.217.10.40	\N	Mozilla/5.0 (Windows NT 5.1; WOW64) AppleWebKit/537.36 (KHTML, like Gecko) Chrome/41.0.2227.1 Safari/537.36	2021-10-27 23:15:33.287964+00	/admin/login/?next=/admin/
287	admin	144.217.10.40	\N	Mozilla/5.0 (Windows NT 5.1; WOW64) AppleWebKit/537.36 (KHTML, like Gecko) Chrome/41.0.2227.1 Safari/537.36	2021-10-27 23:15:34.489574+00	/admin/login/?next=/admin/
288	adminu	144.217.10.40	\N	Mozilla/5.0 (Windows NT 6.1) AppleWebKit/537.36 (KHTML, like Gecko) Chrome/41.0.2226.0 Safari/537.36	2021-10-27 23:22:13.26606+00	/admin/login/?next=/admin/
289	admin	144.217.10.40	\N	Mozilla/5.0 (Windows NT 6.1) AppleWebKit/537.36 (KHTML, like Gecko) Chrome/41.0.2226.0 Safari/537.36	2021-10-27 23:22:16.258275+00	/admin/login/?next=/admin/
290	adminu	144.217.10.40	\N	Mozilla/5.0 (Windows NT 5.1) AppleWebKit/537.36 (KHTML, like Gecko) Chrome/41.0.2224.3 Safari/537.36	2021-10-27 23:29:02.656069+00	/admin/login/?next=/admin/
291	austinlandscapelighting	144.217.10.40	\N	Mozilla/5.0 (Windows NT 5.1) AppleWebKit/537.36 (KHTML, like Gecko) Chrome/41.0.2224.3 Safari/537.36	2021-10-27 23:29:03.859659+00	/admin/login/?next=/admin/
292	adminu	144.217.10.40	\N	Mozilla/5.0 (Windows NT 6.2; WOW64) AppleWebKit/537.36 (KHTML, like Gecko) Chrome/41.0.2224.3 Safari/537.36	2021-10-27 23:35:41.456159+00	/admin/login/?next=/admin/
293	admin	144.217.10.40	\N	Mozilla/5.0 (Windows NT 6.2; WOW64) AppleWebKit/537.36 (KHTML, like Gecko) Chrome/41.0.2224.3 Safari/537.36	2021-10-27 23:35:43.809588+00	/admin/login/?next=/admin/
294	adminu	144.217.10.40	\N	Mozilla/5.0 (Windows NT 5.1) AppleWebKit/537.36 (KHTML, like Gecko) Chrome/41.0.2227.1 Safari/537.36	2021-10-27 23:42:33.929525+00	/admin/login/?next=/admin/
295	austinlandscapelighting	144.217.10.40	\N	Mozilla/5.0 (Windows NT 5.1) AppleWebKit/537.36 (KHTML, like Gecko) Chrome/41.0.2227.1 Safari/537.36	2021-10-27 23:42:36.005333+00	/admin/login/?next=/admin/
296	adminu	144.217.10.40	\N	Mozilla/5.0 (Windows NT 5.1; WOW64) AppleWebKit/537.36 (KHTML, like Gecko) Chrome/41.0.2225.0 Safari/537.36	2021-10-27 23:51:30.09631+00	/admin/login/?next=/admin/
297	austinlandscapelighting	144.217.10.40	\N	Mozilla/5.0 (Windows NT 5.1; WOW64) AppleWebKit/537.36 (KHTML, like Gecko) Chrome/41.0.2225.0 Safari/537.36	2021-10-27 23:51:31.817439+00	/admin/login/?next=/admin/
298	adminu	144.217.10.40	\N	Mozilla/5.0 (Windows NT 5.1) AppleWebKit/537.36 (KHTML, like Gecko) Chrome/41.0.2225.0 Safari/537.36	2021-10-27 23:57:52.132449+00	/admin/login/?next=/admin/
299	admin	144.217.10.40	\N	Mozilla/5.0 (Windows NT 5.1) AppleWebKit/537.36 (KHTML, like Gecko) Chrome/41.0.2225.0 Safari/537.36	2021-10-27 23:57:53.315146+00	/admin/login/?next=/admin/
300	adminu	144.217.10.40	\N	Mozilla/5.0 (Windows NT 6.1) AppleWebKit/537.36 (KHTML, like Gecko) Chrome/41.0.2224.3 Safari/537.36	2021-10-28 00:04:17.597559+00	/admin/login/?next=/admin/
301	admin	144.217.10.40	\N	Mozilla/5.0 (Windows NT 6.1) AppleWebKit/537.36 (KHTML, like Gecko) Chrome/41.0.2224.3 Safari/537.36	2021-10-28 00:04:18.917335+00	/admin/login/?next=/admin/
302	adminu	144.217.10.40	\N	Mozilla/5.0 (Windows NT 6.0; WOW64) AppleWebKit/537.36 (KHTML, like Gecko) Chrome/41.0.2226.0 Safari/537.36	2021-10-28 00:11:02.203536+00	/admin/login/?next=/admin/
303	admin	144.217.10.40	\N	Mozilla/5.0 (Windows NT 6.0; WOW64) AppleWebKit/537.36 (KHTML, like Gecko) Chrome/41.0.2226.0 Safari/537.36	2021-10-28 00:11:06.198206+00	/admin/login/?next=/admin/
304	adminu	144.217.10.40	\N	Mozilla/5.0 (Windows NT 6.0) AppleWebKit/537.36 (KHTML, like Gecko) Chrome/41.0.2227.1 Safari/537.36	2021-10-28 00:17:58.340055+00	/admin/login/?next=/admin/
305	admin	144.217.10.40	\N	Mozilla/5.0 (Windows NT 6.0) AppleWebKit/537.36 (KHTML, like Gecko) Chrome/41.0.2227.1 Safari/537.36	2021-10-28 00:18:00.341702+00	/admin/login/?next=/admin/
306	adminu	144.217.10.40	\N	Mozilla/5.0 (Windows NT 5.1) AppleWebKit/537.36 (KHTML, like Gecko) Chrome/41.0.2226.0 Safari/537.36	2021-10-28 00:27:48.24624+00	/admin/login/?next=/admin/
307	admin	144.217.10.40	\N	Mozilla/5.0 (Windows NT 5.1) AppleWebKit/537.36 (KHTML, like Gecko) Chrome/41.0.2226.0 Safari/537.36	2021-10-28 00:27:49.415462+00	/admin/login/?next=/admin/
308	adminu	144.217.10.40	\N	Mozilla/5.0 (Windows NT 6.0) AppleWebKit/537.36 (KHTML, like Gecko) Chrome/41.0.2227.1 Safari/537.36	2021-10-28 00:35:04.837673+00	/admin/login/?next=/admin/
309	admin	144.217.10.40	\N	Mozilla/5.0 (Windows NT 6.0) AppleWebKit/537.36 (KHTML, like Gecko) Chrome/41.0.2227.1 Safari/537.36	2021-10-28 00:35:06.468186+00	/admin/login/?next=/admin/
310	adminu	144.217.10.40	\N	Mozilla/5.0 (Windows NT 6.0) AppleWebKit/537.36 (KHTML, like Gecko) Chrome/41.0.2226.0 Safari/537.36	2021-10-28 00:46:41.045545+00	/admin/login/?next=/admin/
311	admin	144.217.10.40	\N	Mozilla/5.0 (Windows NT 6.0) AppleWebKit/537.36 (KHTML, like Gecko) Chrome/41.0.2226.0 Safari/537.36	2021-10-28 00:46:42.375848+00	/admin/login/?next=/admin/
312	adminu	144.217.10.40	\N	Mozilla/5.0 (Windows NT 6.1) AppleWebKit/537.36 (KHTML, like Gecko) Chrome/41.0.2227.1 Safari/537.36	2021-10-28 00:53:44.497358+00	/admin/login/?next=/admin/
313	admin	144.217.10.40	\N	Mozilla/5.0 (Windows NT 6.1) AppleWebKit/537.36 (KHTML, like Gecko) Chrome/41.0.2227.1 Safari/537.36	2021-10-28 00:53:45.849035+00	/admin/login/?next=/admin/
314	adminu	144.217.10.40	\N	Mozilla/5.0 (Windows NT 6.2) AppleWebKit/537.36 (KHTML, like Gecko) Chrome/41.0.2226.0 Safari/537.36	2021-10-28 01:00:48.175372+00	/admin/login/?next=/admin/
315	admin	144.217.10.40	\N	Mozilla/5.0 (Windows NT 6.2) AppleWebKit/537.36 (KHTML, like Gecko) Chrome/41.0.2226.0 Safari/537.36	2021-10-28 01:00:49.358252+00	/admin/login/?next=/admin/
316	adminu	144.217.10.40	\N	Mozilla/5.0 (Windows NT 6.1) AppleWebKit/537.36 (KHTML, like Gecko) Chrome/41.0.2226.0 Safari/537.36	2021-10-28 01:07:57.269698+00	/admin/login/?next=/admin/
317	admin	144.217.10.40	\N	Mozilla/5.0 (Windows NT 6.1) AppleWebKit/537.36 (KHTML, like Gecko) Chrome/41.0.2226.0 Safari/537.36	2021-10-28 01:07:58.466812+00	/admin/login/?next=/admin/
318	adminu	144.217.10.40	\N	Mozilla/5.0 (Windows NT 6.2; WOW64) AppleWebKit/537.36 (KHTML, like Gecko) Chrome/41.0.2227.1 Safari/537.36	2021-10-28 01:15:03.09066+00	/admin/login/?next=/admin/
319	admin	144.217.10.40	\N	Mozilla/5.0 (Windows NT 6.2; WOW64) AppleWebKit/537.36 (KHTML, like Gecko) Chrome/41.0.2227.1 Safari/537.36	2021-10-28 01:15:04.571816+00	/admin/login/?next=/admin/
320	adminu	144.217.10.40	\N	Mozilla/5.0 (Windows NT 6.1; WOW64) AppleWebKit/537.36 (KHTML, like Gecko) Chrome/41.0.2225.0 Safari/537.36	2021-10-28 01:23:05.582839+00	/admin/login/?next=/admin/
321	admin	144.217.10.40	\N	Mozilla/5.0 (Windows NT 6.1; WOW64) AppleWebKit/537.36 (KHTML, like Gecko) Chrome/41.0.2225.0 Safari/537.36	2021-10-28 01:23:07.914944+00	/admin/login/?next=/admin/
322	adminu	144.217.10.40	\N	Mozilla/5.0 (Windows NT 6.2) AppleWebKit/537.36 (KHTML, like Gecko) Chrome/41.0.2225.0 Safari/537.36	2021-10-28 01:31:39.489659+00	/admin/login/?next=/admin/
323	admin	144.217.10.40	\N	Mozilla/5.0 (Windows NT 6.2) AppleWebKit/537.36 (KHTML, like Gecko) Chrome/41.0.2225.0 Safari/537.36	2021-10-28 01:31:41.13015+00	/admin/login/?next=/admin/
324	adminu	144.217.10.40	\N	Mozilla/5.0 (Windows NT 5.1) AppleWebKit/537.36 (KHTML, like Gecko) Chrome/41.0.2228.0 Safari/537.36	2021-10-28 01:40:31.203964+00	/admin/login/?next=/admin/
325	admin	144.217.10.40	\N	Mozilla/5.0 (Windows NT 5.1) AppleWebKit/537.36 (KHTML, like Gecko) Chrome/41.0.2228.0 Safari/537.36	2021-10-28 01:40:32.481751+00	/admin/login/?next=/admin/
326	adminu	144.217.10.40	\N	Mozilla/5.0 (Windows NT 6.2; WOW64) AppleWebKit/537.36 (KHTML, like Gecko) Chrome/41.0.2224.3 Safari/537.36	2021-10-28 01:50:06.427178+00	/admin/login/?next=/admin/
327	admin	144.217.10.40	\N	Mozilla/5.0 (Windows NT 6.2; WOW64) AppleWebKit/537.36 (KHTML, like Gecko) Chrome/41.0.2224.3 Safari/537.36	2021-10-28 01:50:09.003766+00	/admin/login/?next=/admin/
328	adminu	144.217.10.40	\N	Mozilla/5.0 (Windows NT 6.2) AppleWebKit/537.36 (KHTML, like Gecko) Chrome/41.0.2224.3 Safari/537.36	2021-12-14 07:39:10.608727+00	/admin/login/?next=/admin/
329	admin	144.217.10.40	\N	Mozilla/5.0 (Windows NT 6.2) AppleWebKit/537.36 (KHTML, like Gecko) Chrome/41.0.2224.3 Safari/537.36	2021-12-14 07:39:21.160628+00	/admin/login/?next=/admin/
330	adminu	144.217.10.40	\N	Mozilla/5.0 (Windows NT 5.1; WOW64) AppleWebKit/537.36 (KHTML, like Gecko) Chrome/41.0.2224.3 Safari/537.36	2021-12-14 08:17:16.235239+00	/admin/login/?next=/admin/
331	admin	144.217.10.40	\N	Mozilla/5.0 (Windows NT 5.1; WOW64) AppleWebKit/537.36 (KHTML, like Gecko) Chrome/41.0.2224.3 Safari/537.36	2021-12-14 08:17:26.84705+00	/admin/login/?next=/admin/
332	adminu	144.217.10.40	\N	Mozilla/5.0 (Windows NT 5.1) AppleWebKit/537.36 (KHTML, like Gecko) Chrome/41.0.2224.3 Safari/537.36	2021-12-14 08:54:58.885942+00	/admin/login/?next=/admin/
333	admin	144.217.10.40	\N	Mozilla/5.0 (Windows NT 5.1) AppleWebKit/537.36 (KHTML, like Gecko) Chrome/41.0.2224.3 Safari/537.36	2021-12-14 08:55:09.456501+00	/admin/login/?next=/admin/
334	adminu	144.217.10.40	\N	Mozilla/5.0 (Windows NT 6.0) AppleWebKit/537.36 (KHTML, like Gecko) Chrome/41.0.2225.0 Safari/537.36	2021-12-14 09:32:26.414781+00	/admin/login/?next=/admin/
335	austinlandscapelighting	144.217.10.40	\N	Mozilla/5.0 (Windows NT 6.0) AppleWebKit/537.36 (KHTML, like Gecko) Chrome/41.0.2225.0 Safari/537.36	2021-12-14 09:32:36.991093+00	/admin/login/?next=/admin/
336	adminu	144.217.10.40	\N	Mozilla/5.0 (Windows NT 6.2; WOW64) AppleWebKit/537.36 (KHTML, like Gecko) Chrome/41.0.2227.1 Safari/537.36	2021-12-14 10:09:53.954384+00	/admin/login/?next=/admin/
337	admin	144.217.10.40	\N	Mozilla/5.0 (Windows NT 6.2; WOW64) AppleWebKit/537.36 (KHTML, like Gecko) Chrome/41.0.2227.1 Safari/537.36	2021-12-14 10:10:04.519737+00	/admin/login/?next=/admin/
338	adminu	144.217.10.40	\N	Mozilla/5.0 (Windows NT 6.1) AppleWebKit/537.36 (KHTML, like Gecko) Chrome/41.0.2224.3 Safari/537.36	2021-12-14 10:47:18.082755+00	/admin/login/?next=/admin/
339	admin	144.217.10.40	\N	Mozilla/5.0 (Windows NT 6.1) AppleWebKit/537.36 (KHTML, like Gecko) Chrome/41.0.2224.3 Safari/537.36	2021-12-14 10:47:28.648667+00	/admin/login/?next=/admin/
340	adminu	144.217.10.40	\N	Mozilla/5.0 (Windows NT 6.2) AppleWebKit/537.36 (KHTML, like Gecko) Chrome/41.0.2224.3 Safari/537.36	2021-12-14 11:24:40.261852+00	/admin/login/?next=/admin/
341	admin	144.217.10.40	\N	Mozilla/5.0 (Windows NT 6.2) AppleWebKit/537.36 (KHTML, like Gecko) Chrome/41.0.2224.3 Safari/537.36	2021-12-14 11:24:50.875184+00	/admin/login/?next=/admin/
342	adminu	144.217.10.40	\N	Mozilla/5.0 (Windows NT 5.1; WOW64) AppleWebKit/537.36 (KHTML, like Gecko) Chrome/41.0.2228.0 Safari/537.36	2021-12-14 12:02:16.915609+00	/admin/login/?next=/admin/
343	admin	144.217.10.40	\N	Mozilla/5.0 (Windows NT 5.1; WOW64) AppleWebKit/537.36 (KHTML, like Gecko) Chrome/41.0.2228.0 Safari/537.36	2021-12-14 12:02:27.481982+00	/admin/login/?next=/admin/
344	adminu	144.217.10.40	\N	Mozilla/5.0 (Windows NT 6.2) AppleWebKit/537.36 (KHTML, like Gecko) Chrome/41.0.2225.0 Safari/537.36	2021-12-14 12:40:00.641218+00	/admin/login/?next=/admin/
345	admin	144.217.10.40	\N	Mozilla/5.0 (Windows NT 6.2) AppleWebKit/537.36 (KHTML, like Gecko) Chrome/41.0.2225.0 Safari/537.36	2021-12-14 12:40:11.231427+00	/admin/login/?next=/admin/
346	adminu	144.217.10.40	\N	Mozilla/5.0 (Windows NT 6.0) AppleWebKit/537.36 (KHTML, like Gecko) Chrome/41.0.2227.1 Safari/537.36	2021-12-14 13:17:35.787153+00	/admin/login/?next=/admin/
347	austinlandscapelighting	144.217.10.40	\N	Mozilla/5.0 (Windows NT 6.0) AppleWebKit/537.36 (KHTML, like Gecko) Chrome/41.0.2227.1 Safari/537.36	2021-12-14 13:17:46.416291+00	/admin/login/?next=/admin/
348	adminu	144.217.10.40	\N	Mozilla/5.0 (Windows NT 6.1) AppleWebKit/537.36 (KHTML, like Gecko) Chrome/41.0.2228.0 Safari/537.36	2021-12-14 13:55:02.119242+00	/admin/login/?next=/admin/
349	admin	144.217.10.40	\N	Mozilla/5.0 (Windows NT 6.1) AppleWebKit/537.36 (KHTML, like Gecko) Chrome/41.0.2228.0 Safari/537.36	2021-12-14 13:55:12.710454+00	/admin/login/?next=/admin/
350	adminu	144.217.10.40	\N	Mozilla/5.0 (Windows NT 5.1) AppleWebKit/537.36 (KHTML, like Gecko) Chrome/41.0.2225.0 Safari/537.36	2021-12-14 14:32:49.298938+00	/admin/login/?next=/admin/
351	austinlandscapelighting	144.217.10.40	\N	Mozilla/5.0 (Windows NT 5.1) AppleWebKit/537.36 (KHTML, like Gecko) Chrome/41.0.2225.0 Safari/537.36	2021-12-14 14:32:59.877606+00	/admin/login/?next=/admin/
352	adminu	144.217.10.40	\N	Mozilla/5.0 (Windows NT 6.2) AppleWebKit/537.36 (KHTML, like Gecko) Chrome/41.0.2225.0 Safari/537.36	2021-12-14 15:10:14.119071+00	/admin/login/?next=/admin/
353	austinlandscapelighting	144.217.10.40	\N	Mozilla/5.0 (Windows NT 6.2) AppleWebKit/537.36 (KHTML, like Gecko) Chrome/41.0.2225.0 Safari/537.36	2021-12-14 15:10:24.748591+00	/admin/login/?next=/admin/
354	adminu	144.217.10.40	\N	Mozilla/5.0 (Windows NT 6.2; WOW64) AppleWebKit/537.36 (KHTML, like Gecko) Chrome/41.0.2228.0 Safari/537.36	2021-12-14 15:48:21.399877+00	/admin/login/?next=/admin/
355	admin	144.217.10.40	\N	Mozilla/5.0 (Windows NT 6.2; WOW64) AppleWebKit/537.36 (KHTML, like Gecko) Chrome/41.0.2228.0 Safari/537.36	2021-12-14 15:48:32.015877+00	/admin/login/?next=/admin/
356	adminu	144.217.10.40	\N	Mozilla/5.0 (Windows NT 6.2) AppleWebKit/537.36 (KHTML, like Gecko) Chrome/41.0.2226.0 Safari/537.36	2021-12-14 16:26:06.412431+00	/admin/login/?next=/admin/
357	admin	144.217.10.40	\N	Mozilla/5.0 (Windows NT 6.2) AppleWebKit/537.36 (KHTML, like Gecko) Chrome/41.0.2226.0 Safari/537.36	2021-12-14 16:26:16.953725+00	/admin/login/?next=/admin/
358	adminu	144.217.10.40	\N	Mozilla/5.0 (Windows NT 5.1) AppleWebKit/537.36 (KHTML, like Gecko) Chrome/41.0.2227.1 Safari/537.36	2021-12-14 17:04:00.935869+00	/admin/login/?next=/admin/
359	admin	144.217.10.40	\N	Mozilla/5.0 (Windows NT 5.1) AppleWebKit/537.36 (KHTML, like Gecko) Chrome/41.0.2227.1 Safari/537.36	2021-12-14 17:04:11.505363+00	/admin/login/?next=/admin/
360	adminu	144.217.10.40	\N	Mozilla/5.0 (Windows NT 6.2; WOW64) AppleWebKit/537.36 (KHTML, like Gecko) Chrome/41.0.2224.3 Safari/537.36	2021-12-14 17:42:41.688754+00	/admin/login/?next=/admin/
361	admin	144.217.10.40	\N	Mozilla/5.0 (Windows NT 6.2; WOW64) AppleWebKit/537.36 (KHTML, like Gecko) Chrome/41.0.2224.3 Safari/537.36	2021-12-14 17:42:52.380364+00	/admin/login/?next=/admin/
362	adminu	144.217.10.40	\N	Mozilla/5.0 (Windows NT 6.1) AppleWebKit/537.36 (KHTML, like Gecko) Chrome/41.0.2227.1 Safari/537.36	2021-12-23 11:56:15.629728+00	/admin/login/?next=/admin/
363	admin@austinlandscapelighting.us	144.217.10.40	\N	Mozilla/5.0 (Windows NT 6.1) AppleWebKit/537.36 (KHTML, like Gecko) Chrome/41.0.2227.1 Safari/537.36	2021-12-23 11:56:26.20175+00	/admin/login/?next=/admin/
364	adminu	144.217.10.40	\N	Mozilla/5.0 (Windows NT 6.0) AppleWebKit/537.36 (KHTML, like Gecko) Chrome/41.0.2226.0 Safari/537.36	2021-12-23 13:26:13.272996+00	/admin/login/?next=/admin/
365	admin@austinlandscapelighting.us	144.217.10.40	\N	Mozilla/5.0 (Windows NT 6.0) AppleWebKit/537.36 (KHTML, like Gecko) Chrome/41.0.2226.0 Safari/537.36	2021-12-23 13:26:23.901185+00	/admin/login/?next=/admin/
366	adminu	144.217.10.40	\N	Mozilla/5.0 (Windows NT 5.1) AppleWebKit/537.36 (KHTML, like Gecko) Chrome/41.0.2225.0 Safari/537.36	2021-12-23 14:56:26.290721+00	/admin/login/?next=/admin/
367	admin@austinlandscapelighting.us	144.217.10.40	\N	Mozilla/5.0 (Windows NT 5.1) AppleWebKit/537.36 (KHTML, like Gecko) Chrome/41.0.2225.0 Safari/537.36	2021-12-23 14:56:36.92213+00	/admin/login/?next=/admin/
368	adminu	144.217.10.40	\N	Mozilla/5.0 (Windows NT 6.0) AppleWebKit/537.36 (KHTML, like Gecko) Chrome/41.0.2225.0 Safari/537.36	2022-01-07 19:32:35.064071+00	/admin/login/?next=/admin/
369	admin	144.217.10.40	\N	Mozilla/5.0 (Windows NT 6.0) AppleWebKit/537.36 (KHTML, like Gecko) Chrome/41.0.2225.0 Safari/537.36	2022-01-07 19:32:45.653626+00	/admin/login/?next=/admin/
370	adminu	144.217.10.40	\N	Mozilla/5.0 (Windows NT 6.0) AppleWebKit/537.36 (KHTML, like Gecko) Chrome/41.0.2227.1 Safari/537.36	2022-01-07 21:10:37.765068+00	/admin/login/?next=/admin/
371	editor	144.217.10.40	\N	Mozilla/5.0 (Windows NT 6.0) AppleWebKit/537.36 (KHTML, like Gecko) Chrome/41.0.2227.1 Safari/537.36	2022-01-07 21:10:48.295985+00	/admin/login/?next=/admin/
372	adminu	144.217.10.40	\N	Mozilla/5.0 (Windows NT 5.1) AppleWebKit/537.36 (KHTML, like Gecko) Chrome/41.0.2224.3 Safari/537.36	2022-01-07 22:47:56.432862+00	/admin/login/?next=/admin/
373	test	144.217.10.40	\N	Mozilla/5.0 (Windows NT 5.1) AppleWebKit/537.36 (KHTML, like Gecko) Chrome/41.0.2224.3 Safari/537.36	2022-01-07 22:48:07.020124+00	/admin/login/?next=/admin/
374	adminu	144.217.10.40	\N	Mozilla/5.0 (Windows NT 6.0) AppleWebKit/537.36 (KHTML, like Gecko) Chrome/41.0.2227.1 Safari/537.36	2022-01-08 00:25:09.003422+00	/admin/login/?next=/admin/
375	administrator	144.217.10.40	\N	Mozilla/5.0 (Windows NT 6.0) AppleWebKit/537.36 (KHTML, like Gecko) Chrome/41.0.2227.1 Safari/537.36	2022-01-08 00:25:19.575987+00	/admin/login/?next=/admin/
376	adminu	144.217.10.40	\N	Mozilla/5.0 (Windows NT 5.1) AppleWebKit/537.36 (KHTML, like Gecko) Chrome/41.0.2226.0 Safari/537.36	2022-01-08 02:02:13.118418+00	/admin/login/?next=/admin/
377	admin	144.217.10.40	\N	Mozilla/5.0 (Windows NT 5.1) AppleWebKit/537.36 (KHTML, like Gecko) Chrome/41.0.2226.0 Safari/537.36	2022-01-08 02:02:23.711166+00	/admin/login/?next=/admin/
378	adminu	144.217.10.40	\N	Mozilla/5.0 (Windows NT 6.0; WOW64) AppleWebKit/537.36 (KHTML, like Gecko) Chrome/41.0.2225.0 Safari/537.36	2022-01-08 03:39:19.433046+00	/admin/login/?next=/admin/
379	admin	144.217.10.40	\N	Mozilla/5.0 (Windows NT 6.0; WOW64) AppleWebKit/537.36 (KHTML, like Gecko) Chrome/41.0.2225.0 Safari/537.36	2022-01-08 03:39:30.050885+00	/admin/login/?next=/admin/
380	adminu	144.217.10.40	\N	Mozilla/5.0 (Windows NT 5.1) AppleWebKit/537.36 (KHTML, like Gecko) Chrome/41.0.2226.0 Safari/537.36	2022-01-08 05:16:59.953074+00	/admin/login/?next=/admin/
381	admin	144.217.10.40	\N	Mozilla/5.0 (Windows NT 5.1) AppleWebKit/537.36 (KHTML, like Gecko) Chrome/41.0.2226.0 Safari/537.36	2022-01-08 05:17:10.530207+00	/admin/login/?next=/admin/
382	adminu	144.217.10.40	\N	Mozilla/5.0 (Windows NT 6.2) AppleWebKit/537.36 (KHTML, like Gecko) Chrome/41.0.2225.0 Safari/537.36	2022-01-13 02:27:29.995659+00	/admin/login/?next=/admin/
383	admin@austinlandscapelighting.us	144.217.10.40	\N	Mozilla/5.0 (Windows NT 6.2) AppleWebKit/537.36 (KHTML, like Gecko) Chrome/41.0.2225.0 Safari/537.36	2022-01-13 02:27:40.589944+00	/admin/login/?next=/admin/
384	adminu	144.217.10.40	\N	Mozilla/5.0 (Windows NT 6.2) AppleWebKit/537.36 (KHTML, like Gecko) Chrome/41.0.2228.0 Safari/537.36	2022-01-13 04:09:23.197309+00	/admin/login/?next=/admin/
385	admin@austinlandscapelighting.us	144.217.10.40	\N	Mozilla/5.0 (Windows NT 6.2) AppleWebKit/537.36 (KHTML, like Gecko) Chrome/41.0.2228.0 Safari/537.36	2022-01-13 04:09:33.779857+00	/admin/login/?next=/admin/
386	adminu	144.217.10.40	\N	Mozilla/5.0 (Windows NT 6.0) AppleWebKit/537.36 (KHTML, like Gecko) Chrome/41.0.2225.0 Safari/537.36	2022-01-13 05:51:06.525012+00	/admin/login/?next=/admin/
387	admin@austinlandscapelighting.us	144.217.10.40	\N	Mozilla/5.0 (Windows NT 6.0) AppleWebKit/537.36 (KHTML, like Gecko) Chrome/41.0.2225.0 Safari/537.36	2022-01-13 05:51:17.099383+00	/admin/login/?next=/admin/
388	adminu	144.217.10.40	\N	Mozilla/5.0 (Windows NT 5.1) AppleWebKit/537.36 (KHTML, like Gecko) Chrome/41.0.2224.3 Safari/537.36	2022-01-13 07:33:48.687949+00	/admin/login/?next=/admin/
389	admin@austinlandscapelighting.us	144.217.10.40	\N	Mozilla/5.0 (Windows NT 5.1) AppleWebKit/537.36 (KHTML, like Gecko) Chrome/41.0.2224.3 Safari/537.36	2022-01-13 07:33:59.437129+00	/admin/login/?next=/admin/
390	adminu	144.217.10.40	\N	Mozilla/5.0 (Windows NT 5.1; WOW64) AppleWebKit/537.36 (KHTML, like Gecko) Chrome/41.0.2224.3 Safari/537.36	2022-01-13 09:16:49.491585+00	/admin/login/?next=/admin/
391	austinlandscapelighting	144.217.10.40	\N	Mozilla/5.0 (Windows NT 5.1; WOW64) AppleWebKit/537.36 (KHTML, like Gecko) Chrome/41.0.2224.3 Safari/537.36	2022-01-13 09:17:00.146247+00	/admin/login/?next=/admin/
392	adminu	144.217.10.40	\N	Mozilla/5.0 (Windows NT 5.1) AppleWebKit/537.36 (KHTML, like Gecko) Chrome/41.0.2227.1 Safari/537.36	2022-01-13 10:59:00.054308+00	/admin/login/?next=/admin/
393	austinlandscapelighting	144.217.10.40	\N	Mozilla/5.0 (Windows NT 5.1) AppleWebKit/537.36 (KHTML, like Gecko) Chrome/41.0.2227.1 Safari/537.36	2022-01-13 10:59:10.67635+00	/admin/login/?next=/admin/
394	adminu	144.217.10.40	\N	Mozilla/5.0 (Windows NT 6.0) AppleWebKit/537.36 (KHTML, like Gecko) Chrome/41.0.2228.0 Safari/537.36	2022-01-13 12:41:11.386383+00	/admin/login/?next=/admin/
395	austinlandscapelighting	144.217.10.40	\N	Mozilla/5.0 (Windows NT 6.0) AppleWebKit/537.36 (KHTML, like Gecko) Chrome/41.0.2228.0 Safari/537.36	2022-01-13 12:41:22.007078+00	/admin/login/?next=/admin/
396	cnadmin	144.217.10.40	\N	Mozilla/5.0 (Windows NT 10.0; Win64; x64) AppleWebKit/537.36 (KHTML, like Gecko) Chrome/99.0.4844.84 Safari/537.36	2023-03-15 20:21:32.498734+00	/admin/login/?next=/admin/
397	admin	144.217.10.40	\N	Mozilla/5.0 (Windows NT 10.0; Win64; x64) AppleWebKit/537.36 (KHTML, like Gecko) Chrome/99.0.4844.84 Safari/537.36	2023-03-15 20:21:41.865698+00	/admin/login/?next=/admin/
398	cnadmin	144.217.10.40	\N	Mozilla/5.0 (Windows NT 10.0; Win64; x64) AppleWebKit/537.36 (KHTML, like Gecko) Chrome/100.0.4895.86 Safari/537.36	2023-03-16 19:24:51.266963+00	/admin/login/?next=/admin/
399	admin	144.217.10.40	\N	Mozilla/5.0 (Windows NT 6.1; WOW64) AppleWebKit/537.36 (KHTML, like Gecko) Chrome/100.0.4895.86 Safari/537.36	2023-03-16 19:25:00.515546+00	/admin/login/?next=/admin/
400	cnadmin	144.217.10.40	\N	Mozilla/5.0 (Windows NT 10.0; Win64; x64) AppleWebKit/537.36 (KHTML, like Gecko) Chrome/100.0.4895.86 Safari/537.36	2023-03-17 14:58:22.767808+00	/admin/login/?next=/admin/
401	admin	144.217.10.40	\N	Mozilla/5.0 (Windows NT 6.1; WOW64) AppleWebKit/537.36 (KHTML, like Gecko) Chrome/100.0.4896.127 Safari/537.36	2023-03-17 14:58:31.546728+00	/admin/login/?next=/admin/
402	cnadmin	144.217.10.40	\N	Mozilla/5.0 (Windows NT 10.0; Win64; x64) AppleWebKit/537.36 (KHTML, like Gecko) Chrome/100.0.4758.11 Safari/537.36	2023-03-27 12:33:26.982043+00	/admin/login/?next=/admin/
403	admin	144.217.10.40	\N	Mozilla/5.0 (Windows NT 10.0; Win64; x64) AppleWebKit/537.36 (KHTML, like Gecko) Chrome/100.0.4758.11 Safari/537.36	2023-03-27 12:33:35.977937+00	/admin/login/?next=/admin/
404	cnadmin	144.217.10.40	\N	Mozilla/5.0 (Windows NT 6.1; WOW64) AppleWebKit/537.36 (KHTML, like Gecko) Chrome/100.0.4895.86 Safari/537.36	2023-03-27 12:34:24.062004+00	/admin/login/?next=/admin/
405	admin	144.217.10.40	\N	Mozilla/5.0 (Windows NT 6.1; WOW64) AppleWebKit/537.36 (KHTML, like Gecko) Chrome/100.0.4895.86 Safari/537.36	2023-03-27 12:34:33.61559+00	/admin/login/?next=/admin/
406	cnaustinlandscapelighting	144.217.10.40	\N	Mozilla/5.0 (Windows NT 6.1; WOW64) AppleWebKit/537.36 (KHTML, like Gecko) Chrome/100.0.4896.127 Safari/537.36	2023-03-27 12:36:57.010734+00	/admin/login/?next=/admin/
407	austinlandscapelighting	144.217.10.40	\N	Mozilla/5.0 (Windows NT 10.0; Win64; x64) AppleWebKit/537.36 (KHTML, like Gecko) Chrome/100.0.4758.11 Safari/537.36	2023-03-27 12:37:07.335912+00	/admin/login/?next=/admin/
408	cnadmin	144.217.10.40	\N	Mozilla/5.0 (Windows NT 6.1; WOW64) AppleWebKit/537.36 (KHTML, like Gecko) Chrome/100.0.4896.127 Safari/537.36	2023-03-27 12:37:55.219058+00	/admin/login/?next=/admin/
409	admin	144.217.10.40	\N	Mozilla/5.0 (Windows NT 6.1; WOW64) AppleWebKit/537.36 (KHTML, like Gecko) Chrome/101.0.4951.67 Safari/537.36	2023-03-27 12:38:03.991026+00	/admin/login/?next=/admin/
410	cnaustinlandscapelighting	144.217.10.40	\N	Mozilla/5.0 (Windows NT 6.1; WOW64) AppleWebKit/537.36 (KHTML, like Gecko) Chrome/100.0.4895.86 Safari/537.36	2023-03-27 12:40:09.815473+00	/admin/login/?next=/admin/
411	austinlandscapelighting	144.217.10.40	\N	Mozilla/5.0 (Windows NT 10.0; Win64; x64) AppleWebKit/537.36 (KHTML, like Gecko) Chrome/100.0.4758.11 Safari/537.36	2023-03-27 12:40:22.980221+00	/admin/login/?next=/admin/
412	cnadmin	144.217.10.40	\N	Mozilla/5.0 (Windows NT 10.0; Win64; x64) AppleWebKit/537.36 (KHTML, like Gecko) Chrome/100.0.4758.11 Safari/537.36	2023-03-27 12:41:30.864077+00	/admin/login/?next=/admin/
413	admin	144.217.10.40	\N	Mozilla/5.0 (Windows NT 10.0; Win64; x64) AppleWebKit/537.36 (KHTML, like Gecko) Chrome/100.0.4896.127 Safari/537.36	2023-03-27 12:41:42.564377+00	/admin/login/?next=/admin/
414	cnadmin	144.217.10.40	\N	Mozilla/5.0 (Windows NT 10.0; Win64; x64) AppleWebKit/537.36 (KHTML, like Gecko) Chrome/100.0.4896.127 Safari/537.36	2023-03-27 12:43:27.328441+00	/admin/login/?next=/admin/
415	admin	144.217.10.40	\N	Mozilla/5.0 (Windows NT 10.0; Win64; x64) AppleWebKit/537.36 (KHTML, like Gecko) Chrome/99.0.4844.84 Safari/537.36	2023-03-27 12:43:39.173303+00	/admin/login/?next=/admin/
416	cnaustinlandscapelighting	144.217.10.40	\N	Mozilla/5.0 (Windows NT 10.0; Win64; x64) AppleWebKit/537.36 (KHTML, like Gecko) Chrome/101.0.4951.67 Safari/537.36	2023-03-27 12:45:08.152035+00	/admin/login/?next=/admin/
417	austinlandscapelighting	144.217.10.40	\N	Mozilla/5.0 (Windows NT 6.1; WOW64) AppleWebKit/537.36 (KHTML, like Gecko) Chrome/100.0.4896.127 Safari/537.36	2023-03-27 12:45:17.763923+00	/admin/login/?next=/admin/
418	cnadmin	144.217.10.40	\N	Mozilla/5.0 (Windows NT 6.1; WOW64) AppleWebKit/537.36 (KHTML, like Gecko) Chrome/100.0.4758.11 Safari/537.36	2023-03-27 12:46:46.655363+00	/admin/login/?next=/admin/
419	admin	144.217.10.40	\N	Mozilla/5.0 (Windows NT 10.0; Win64; x64) AppleWebKit/537.36 (KHTML, like Gecko) Chrome/99.0.4844.84 Safari/537.36	2023-03-27 12:46:57.679802+00	/admin/login/?next=/admin/
420	cnadmin	144.217.10.40	\N	Mozilla/5.0 (Windows NT 6.1; WOW64) AppleWebKit/537.36 (KHTML, like Gecko) Chrome/100.0.4758.11 Safari/537.36	2023-03-27 12:48:47.185938+00	/admin/login/?next=/admin/
421	admin	144.217.10.40	\N	Mozilla/5.0 (Windows NT 6.1; WOW64) AppleWebKit/537.36 (KHTML, like Gecko) Chrome/99.0.4844.84 Safari/537.36	2023-03-27 12:48:56.807737+00	/admin/login/?next=/admin/
422	cnadmin	144.217.10.40	\N	Mozilla/5.0 (Windows NT 10.0; Win64; x64) AppleWebKit/537.36 (KHTML, like Gecko) Chrome/100.0.4895.86 Safari/537.36	2023-03-27 12:50:13.555978+00	/admin/login/?next=/admin/
423	admin	144.217.10.40	\N	Mozilla/5.0 (Windows NT 6.1; WOW64) AppleWebKit/537.36 (KHTML, like Gecko) Chrome/100.0.4758.11 Safari/537.36	2023-03-27 12:50:31.91369+00	/admin/login/?next=/admin/
424	cnadmin	144.217.10.40	\N	Mozilla/5.0 (Windows NT 6.1; WOW64) AppleWebKit/537.36 (KHTML, like Gecko) Chrome/100.0.4758.11 Safari/537.36	2023-03-27 12:52:27.630565+00	/admin/login/?next=/admin/
425	admin	144.217.10.40	\N	Mozilla/5.0 (Windows NT 6.1; WOW64) AppleWebKit/537.36 (KHTML, like Gecko) Chrome/101.0.4951.67 Safari/537.36	2023-03-27 12:52:36.719585+00	/admin/login/?next=/admin/
426	cnadmin	144.217.10.40	\N	Mozilla/5.0 (Windows NT 10.0; Win64; x64) AppleWebKit/537.36 (KHTML, like Gecko) Chrome/100.0.4895.86 Safari/537.36	2023-03-27 12:53:55.376284+00	/admin/login/?next=/admin/
427	admin	144.217.10.40	\N	Mozilla/5.0 (Windows NT 10.0; Win64; x64) AppleWebKit/537.36 (KHTML, like Gecko) Chrome/100.0.4758.11 Safari/537.36	2023-03-27 12:54:12.04677+00	/admin/login/?next=/admin/
428	cnadmin	144.217.10.40	\N	Mozilla/5.0 (Windows NT 6.1; WOW64) AppleWebKit/537.36 (KHTML, like Gecko) Chrome/101.0.4951.67 Safari/537.36	2023-03-27 12:56:08.534944+00	/admin/login/?next=/admin/
429	admin	144.217.10.40	\N	Mozilla/5.0 (Windows NT 6.1; WOW64) AppleWebKit/537.36 (KHTML, like Gecko) Chrome/100.0.4896.127 Safari/537.36	2023-03-27 12:56:17.26492+00	/admin/login/?next=/admin/
430	cnadmin	144.217.10.40	\N	Mozilla/5.0 (Windows NT 10.0; Win64; x64) AppleWebKit/537.36 (KHTML, like Gecko) Chrome/99.0.4844.84 Safari/537.36	2023-03-27 12:57:31.282789+00	/admin/login/?next=/admin/
431	admin	144.217.10.40	\N	Mozilla/5.0 (Windows NT 10.0; Win64; x64) AppleWebKit/537.36 (KHTML, like Gecko) Chrome/101.0.4951.67 Safari/537.36	2023-03-27 12:57:42.233452+00	/admin/login/?next=/admin/
432	cnadmin	144.217.10.40	\N	Mozilla/5.0 (Windows NT 6.1; WOW64) AppleWebKit/537.36 (KHTML, like Gecko) Chrome/100.0.4896.127 Safari/537.36	2023-03-27 12:59:50.368945+00	/admin/login/?next=/admin/
433	admin	144.217.10.40	\N	Mozilla/5.0 (Windows NT 6.1; WOW64) AppleWebKit/537.36 (KHTML, like Gecko) Chrome/100.0.4895.86 Safari/537.36	2023-03-27 12:59:59.191269+00	/admin/login/?next=/admin/
434	cnadmin	144.217.10.40	\N	Mozilla/5.0 (Windows NT 10.0; Win64; x64) AppleWebKit/537.36 (KHTML, like Gecko) Chrome/100.0.4758.11 Safari/537.36	2023-03-27 13:01:09.357063+00	/admin/login/?next=/admin/
435	admin	144.217.10.40	\N	Mozilla/5.0 (Windows NT 6.1; WOW64) AppleWebKit/537.36 (KHTML, like Gecko) Chrome/100.0.4896.127 Safari/537.36	2023-03-27 13:01:22.19767+00	/admin/login/?next=/admin/
436	cnadmin	144.217.10.40	\N	Mozilla/5.0 (Windows NT 10.0; Win64; x64) AppleWebKit/537.36 (KHTML, like Gecko) Chrome/101.0.4951.67 Safari/537.36	2023-03-27 13:03:29.597805+00	/admin/login/?next=/admin/
437	admin	144.217.10.40	\N	Mozilla/5.0 (Windows NT 10.0; Win64; x64) AppleWebKit/537.36 (KHTML, like Gecko) Chrome/99.0.4844.84 Safari/537.36	2023-03-27 13:03:38.384208+00	/admin/login/?next=/admin/
438	cnadmin	144.217.10.40	\N	Mozilla/5.0 (Windows NT 6.1; WOW64) AppleWebKit/537.36 (KHTML, like Gecko) Chrome/99.0.4844.84 Safari/537.36	2023-03-27 13:04:41.063783+00	/admin/login/?next=/admin/
439	admin	144.217.10.40	\N	Mozilla/5.0 (Windows NT 6.1; WOW64) AppleWebKit/537.36 (KHTML, like Gecko) Chrome/100.0.4758.11 Safari/537.36	2023-03-27 13:04:54.455881+00	/admin/login/?next=/admin/
440	cnaustinlandscapelighting	144.217.10.40	\N	Mozilla/5.0 (Windows NT 6.1; WOW64) AppleWebKit/537.36 (KHTML, like Gecko) Chrome/100.0.4758.11 Safari/537.36	2023-03-27 13:07:11.910882+00	/admin/login/?next=/admin/
441	austinlandscapelighting	144.217.10.40	\N	Mozilla/5.0 (Windows NT 6.1; WOW64) AppleWebKit/537.36 (KHTML, like Gecko) Chrome/101.0.4951.67 Safari/537.36	2023-03-27 13:07:20.674661+00	/admin/login/?next=/admin/
442	cnadmin	144.217.10.40	\N	Mozilla/5.0 (Windows NT 10.0; Win64; x64) AppleWebKit/537.36 (KHTML, like Gecko) Chrome/100.0.4896.127 Safari/537.36	2023-03-27 13:08:10.319331+00	/admin/login/?next=/admin/
443	admin	144.217.10.40	\N	Mozilla/5.0 (Windows NT 6.1; WOW64) AppleWebKit/537.36 (KHTML, like Gecko) Chrome/100.0.4895.86 Safari/537.36	2023-03-27 13:08:21.356754+00	/admin/login/?next=/admin/
444	cnadmin	144.217.10.40	\N	Mozilla/5.0 (Windows NT 10.0; Win64; x64) AppleWebKit/537.36 (KHTML, like Gecko) Chrome/101.0.4951.67 Safari/537.36	2023-03-27 13:11:56.138369+00	/admin/login/?next=/admin/
445	admin	144.217.10.40	\N	Mozilla/5.0 (Windows NT 10.0; Win64; x64) AppleWebKit/537.36 (KHTML, like Gecko) Chrome/100.0.4895.86 Safari/537.36	2023-03-27 13:12:04.949633+00	/admin/login/?next=/admin/
446	cnaustinlandscapelighting	144.217.10.40	\N	Mozilla/5.0 (Windows NT 6.1; WOW64) AppleWebKit/537.36 (KHTML, like Gecko) Chrome/101.0.4951.67 Safari/537.36	2023-03-27 13:15:29.369915+00	/admin/login/?next=/admin/
447	austinlandscapelighting	144.217.10.40	\N	Mozilla/5.0 (Windows NT 10.0; Win64; x64) AppleWebKit/537.36 (KHTML, like Gecko) Chrome/100.0.4895.86 Safari/537.36	2023-03-27 13:15:39.151459+00	/admin/login/?next=/admin/
448	cnadmin	144.217.10.40	\N	Mozilla/5.0 (Windows NT 10.0; Win64; x64) AppleWebKit/537.36 (KHTML, like Gecko) Chrome/100.0.4758.11 Safari/537.36	2023-03-27 13:18:40.072379+00	/admin/login/?next=/admin/
449	admin	144.217.10.40	\N	Mozilla/5.0 (Windows NT 10.0; Win64; x64) AppleWebKit/537.36 (KHTML, like Gecko) Chrome/101.0.4951.67 Safari/537.36	2023-03-27 13:18:50.142609+00	/admin/login/?next=/admin/
450	cnadmin	144.217.10.40	\N	Mozilla/5.0 (Windows NT 6.1; WOW64) AppleWebKit/537.36 (KHTML, like Gecko) Chrome/99.0.4844.84 Safari/537.36	2023-03-27 13:21:44.486092+00	/admin/login/?next=/admin/
451	admin	144.217.10.40	\N	Mozilla/5.0 (Windows NT 6.1; WOW64) AppleWebKit/537.36 (KHTML, like Gecko) Chrome/100.0.4896.127 Safari/537.36	2023-03-27 13:21:53.286071+00	/admin/login/?next=/admin/
452	cnadmin	144.217.10.40	\N	Mozilla/5.0 (Windows NT 6.1; WOW64) AppleWebKit/537.36 (KHTML, like Gecko) Chrome/99.0.4844.84 Safari/537.36	2023-03-27 13:24:47.093451+00	/admin/login/?next=/admin/
453	admin	144.217.10.40	\N	Mozilla/5.0 (Windows NT 6.1; WOW64) AppleWebKit/537.36 (KHTML, like Gecko) Chrome/99.0.4844.84 Safari/537.36	2023-03-27 13:24:56.699138+00	/admin/login/?next=/admin/
454	cnadmin	144.217.10.40	\N	Mozilla/5.0 (Windows NT 6.1; WOW64) AppleWebKit/537.36 (KHTML, like Gecko) Chrome/100.0.4758.11 Safari/537.36	2023-03-27 13:27:58.737411+00	/admin/login/?next=/admin/
455	admin	144.217.10.40	\N	Mozilla/5.0 (Windows NT 6.1; WOW64) AppleWebKit/537.36 (KHTML, like Gecko) Chrome/101.0.4951.67 Safari/537.36	2023-03-27 13:28:07.581335+00	/admin/login/?next=/admin/
456	cnadmin	144.217.10.40	\N	Mozilla/5.0 (Windows NT 6.1; WOW64) AppleWebKit/537.36 (KHTML, like Gecko) Chrome/100.0.4895.86 Safari/537.36	2023-03-29 00:12:45.147428+00	/admin/login/?next=/admin/
457	admin	144.217.10.40	\N	Mozilla/5.0 (Windows NT 10.0; Win64; x64) AppleWebKit/537.36 (KHTML, like Gecko) Chrome/101.0.4951.67 Safari/537.36	2023-03-29 00:12:53.900545+00	/admin/login/?next=/admin/
458	cnadmin	144.217.10.40	\N	Mozilla/5.0 (Windows NT 6.1; WOW64) AppleWebKit/537.36 (KHTML, like Gecko) Chrome/100.0.4896.127 Safari/537.36	2023-03-29 16:13:08.362544+00	/admin/login/?next=/admin/
459	admin	144.217.10.40	\N	Mozilla/5.0 (Windows NT 6.1; WOW64) AppleWebKit/537.36 (KHTML, like Gecko) Chrome/101.0.4951.67 Safari/537.36	2023-03-29 16:13:17.101271+00	/admin/login/?next=/admin/
460	cnAustinlandscapelighting	144.217.10.40	\N	Mozilla/5.0 (Windows NT 6.1; WOW64) AppleWebKit/537.36 (KHTML, like Gecko) Chrome/100.0.4895.86 Safari/537.36	2023-04-04 05:27:04.576021+00	/admin/login/?next=/admin/
461	Austinlandscapelighting	144.217.10.40	\N	Mozilla/5.0 (Windows NT 6.1; WOW64) AppleWebKit/537.36 (KHTML, like Gecko) Chrome/101.0.4951.67 Safari/537.36	2023-04-04 05:27:13.338349+00	/admin/login/?next=/admin/
462	cnadmin	144.217.10.40	\N	Mozilla/5.0 (Windows NT 10.0; Win64; x64) AppleWebKit/537.36 (KHTML, like Gecko) Chrome/100.0.4758.11 Safari/537.36	2023-04-05 14:53:35.666856+00	/admin/login/?next=/admin/
463	admin	144.217.10.40	\N	Mozilla/5.0 (Windows NT 6.1; WOW64) AppleWebKit/537.36 (KHTML, like Gecko) Chrome/101.0.4951.67 Safari/537.36	2023-04-05 14:53:44.443597+00	/admin/login/?next=/admin/
464	cnaustinlandscapelighting	144.217.10.40	\N	Mozilla/5.0 (Windows NT 10.0; Win64; x64) AppleWebKit/537.36 (KHTML, like Gecko) Chrome/99.0.4844.84 Safari/537.36	2023-04-06 06:46:49.615336+00	/admin/login/?next=/admin/
465	austinlandscapelighting	144.217.10.40	\N	Mozilla/5.0 (Windows NT 10.0; Win64; x64) AppleWebKit/537.36 (KHTML, like Gecko) Chrome/99.0.4844.84 Safari/537.36	2023-04-06 06:46:58.751036+00	/admin/login/?next=/admin/
466	cnadmin	144.217.10.40	\N	Mozilla/5.0 (Windows NT 10.0; Win64; x64) AppleWebKit/537.36 (KHTML, like Gecko) Chrome/99.0.4844.84 Safari/537.36	2023-04-06 22:37:45.673932+00	/admin/login/?next=/admin/
467	admin	144.217.10.40	\N	Mozilla/5.0 (Windows NT 10.0; Win64; x64) AppleWebKit/537.36 (KHTML, like Gecko) Chrome/100.0.4895.86 Safari/537.36	2023-04-06 22:37:54.455844+00	/admin/login/?next=/admin/
468	cnadmin	144.217.10.40	\N	Mozilla/5.0 (Windows NT 10.0; Win64; x64) AppleWebKit/537.36 (KHTML, like Gecko) Chrome/100.0.4895.86 Safari/537.36	2023-04-07 09:10:24.078158+00	/admin/login/?next=/admin/
469	admin	144.217.10.40	\N	Mozilla/5.0 (Windows NT 10.0; Win64; x64) AppleWebKit/537.36 (KHTML, like Gecko) Chrome/101.0.4951.67 Safari/537.36	2023-04-07 09:10:36.624395+00	/admin/login/?next=/admin/
470	cnadmin	144.217.10.40	\N	Mozilla/5.0 (Windows NT 6.1; WOW64) AppleWebKit/537.36 (KHTML, like Gecko) Chrome/99.0.4844.84 Safari/537.36	2023-04-07 09:11:49.50897+00	/admin/login/?next=/admin/
471	admin	144.217.10.40	\N	Mozilla/5.0 (Windows NT 6.1; WOW64) AppleWebKit/537.36 (KHTML, like Gecko) Chrome/100.0.4758.11 Safari/537.36	2023-04-07 09:11:58.971243+00	/admin/login/?next=/admin/
472	cnadmin	144.217.10.40	\N	Mozilla/5.0 (Windows NT 10.0; Win64; x64) AppleWebKit/537.36 (KHTML, like Gecko) Chrome/100.0.4758.11 Safari/537.36	2023-04-08 04:53:22.985511+00	/admin/login/?next=/admin/
473	admin	144.217.10.40	\N	Mozilla/5.0 (Windows NT 10.0; Win64; x64) AppleWebKit/537.36 (KHTML, like Gecko) Chrome/101.0.4951.67 Safari/537.36	2023-04-08 04:53:34.371815+00	/admin/login/?next=/admin/
474	cnaustinlandscapelighting	144.217.10.40	\N	Mozilla/5.0 (Windows NT 6.1; WOW64) AppleWebKit/537.36 (KHTML, like Gecko) Chrome/99.0.4844.84 Safari/537.36	2023-04-08 04:56:04.771851+00	/admin/login/?next=/admin/
475	austinlandscapelighting	144.217.10.40	\N	Mozilla/5.0 (Windows NT 10.0; Win64; x64) AppleWebKit/537.36 (KHTML, like Gecko) Chrome/100.0.4895.86 Safari/537.36	2023-04-08 04:56:13.930193+00	/admin/login/?next=/admin/
476	cntest	144.217.10.40	\N	Mozilla/5.0 (Windows NT 10.0; Win64; x64) AppleWebKit/537.36 (KHTML, like Gecko) Chrome/99.0.4844.84 Safari/537.36	2023-04-08 05:33:46.956487+00	/admin/login/?next=/admin/
477	test	144.217.10.40	\N	Mozilla/5.0 (Windows NT 6.1; WOW64) AppleWebKit/537.36 (KHTML, like Gecko) Chrome/99.0.4844.84 Safari/537.36	2023-04-08 05:33:55.710939+00	/admin/login/?next=/admin/
478	cnadmin	144.217.10.40	\N	Mozilla/5.0 (Windows NT 6.1; WOW64) AppleWebKit/537.36 (KHTML, like Gecko) Chrome/101.0.4951.67 Safari/537.36	2023-04-09 00:36:19.920642+00	/admin/login/?next=/admin/
479	admin	144.217.10.40	\N	Mozilla/5.0 (Windows NT 10.0; Win64; x64) AppleWebKit/537.36 (KHTML, like Gecko) Chrome/101.0.4951.67 Safari/537.36	2023-04-09 00:36:30.68633+00	/admin/login/?next=/admin/
480	cnaustinlandscapelighting	144.217.10.40	\N	Mozilla/5.0 (Windows NT 10.0; Win64; x64) AppleWebKit/537.36 (KHTML, like Gecko) Chrome/99.0.4844.84 Safari/537.36	2023-04-09 00:50:23.735233+00	/admin/login/?next=/admin/
481	austinlandscapelighting	144.217.10.40	\N	Mozilla/5.0 (Windows NT 6.1; WOW64) AppleWebKit/537.36 (KHTML, like Gecko) Chrome/100.0.4758.11 Safari/537.36	2023-04-09 00:50:35.233555+00	/admin/login/?next=/admin/
482	cnaustinlandscapelighting	144.217.10.40	\N	Mozilla/5.0 (Windows NT 10.0; Win64; x64) AppleWebKit/537.36 (KHTML, like Gecko) Chrome/101.0.4951.67 Safari/537.36	2023-04-09 20:18:13.692615+00	/admin/login/?next=/admin/
483	austinlandscapelighting	144.217.10.40	\N	Mozilla/5.0 (Windows NT 10.0; Win64; x64) AppleWebKit/537.36 (KHTML, like Gecko) Chrome/100.0.4895.86 Safari/537.36	2023-04-09 20:18:24.512402+00	/admin/login/?next=/admin/
484	cnadmin	144.217.10.40	\N	Mozilla/5.0 (Windows NT 10.0; Win64; x64) AppleWebKit/537.36 (KHTML, like Gecko) Chrome/99.0.4844.84 Safari/537.36	2023-04-09 22:04:19.942151+00	/admin/login/?next=/admin/
485	admin	144.217.10.40	\N	Mozilla/5.0 (Windows NT 6.1; WOW64) AppleWebKit/537.36 (KHTML, like Gecko) Chrome/100.0.4758.11 Safari/537.36	2023-04-09 22:04:33.654283+00	/admin/login/?next=/admin/
486	cnadmin@austinlandscapelighting.us	144.217.10.40	\N	Mozilla/5.0 (Windows NT 6.1; WOW64) AppleWebKit/537.36 (KHTML, like Gecko) Chrome/100.0.4895.86 Safari/537.36	2023-04-10 03:39:33.170679+00	/admin/login/?next=/admin/
487	admin@austinlandscapelighting.us	144.217.10.40	\N	Mozilla/5.0 (Windows NT 6.1; WOW64) AppleWebKit/537.36 (KHTML, like Gecko) Chrome/100.0.4896.127 Safari/537.36	2023-04-10 03:39:41.922464+00	/admin/login/?next=/admin/
488	cnadmin	144.217.10.40	\N	Mozilla/5.0 (Windows NT 10.0; Win64; x64) AppleWebKit/537.36 (KHTML, like Gecko) Chrome/99.0.4844.84 Safari/537.36	2023-04-10 15:58:54.160526+00	/admin/login/?next=/admin/
489	admin	144.217.10.40	\N	Mozilla/5.0 (Windows NT 6.1; WOW64) AppleWebKit/537.36 (KHTML, like Gecko) Chrome/100.0.4896.127 Safari/537.36	2023-04-10 15:59:05.847274+00	/admin/login/?next=/admin/
490	cnadmin@austinlandscapelighting.us	144.217.10.40	\N	Mozilla/5.0 (Windows NT 6.1; WOW64) AppleWebKit/537.36 (KHTML, like Gecko) Chrome/99.0.4844.84 Safari/537.36	2023-04-10 19:03:53.072404+00	/admin/login/?next=/admin/
491	admin@austinlandscapelighting.us	144.217.10.40	\N	Mozilla/5.0 (Windows NT 10.0; Win64; x64) AppleWebKit/537.36 (KHTML, like Gecko) Chrome/99.0.4844.84 Safari/537.36	2023-04-10 19:04:01.829709+00	/admin/login/?next=/admin/
492	cnadmin	144.217.10.40	\N	Mozilla/5.0 (Windows NT 6.1; WOW64) AppleWebKit/537.36 (KHTML, like Gecko) Chrome/99.0.4844.84 Safari/537.36	2023-04-10 20:22:10.203854+00	/admin/login/?next=/admin/
493	admin	144.217.10.40	\N	Mozilla/5.0 (Windows NT 6.1; WOW64) AppleWebKit/537.36 (KHTML, like Gecko) Chrome/100.0.4896.127 Safari/537.36	2023-04-10 20:22:25.236534+00	/admin/login/?next=/admin/
494	cnadmin@austinlandscapelighting.us	144.217.10.40	\N	Mozilla/5.0 (Windows NT 6.1; WOW64) AppleWebKit/537.36 (KHTML, like Gecko) Chrome/99.0.4844.84 Safari/537.36	2023-04-11 10:34:16.417216+00	/admin/login/?next=/admin/
495	admin@austinlandscapelighting.us	144.217.10.40	\N	Mozilla/5.0 (Windows NT 6.1; WOW64) AppleWebKit/537.36 (KHTML, like Gecko) Chrome/99.0.4844.84 Safari/537.36	2023-04-11 10:34:25.208761+00	/admin/login/?next=/admin/
496	cnadmin	144.217.10.40	\N	Mozilla/5.0 (Windows NT 6.1; WOW64) AppleWebKit/537.36 (KHTML, like Gecko) Chrome/99.0.4844.84 Safari/537.36	2023-04-11 11:28:07.622559+00	/admin/login/?next=/admin/
497	admin	144.217.10.40	\N	Mozilla/5.0 (Windows NT 10.0; Win64; x64) AppleWebKit/537.36 (KHTML, like Gecko) Chrome/100.0.4896.127 Safari/537.36	2023-04-11 11:28:19.119584+00	/admin/login/?next=/admin/
498	cnadmin@austinlandscapelighting.us	144.217.10.40	\N	Mozilla/5.0 (Windows NT 6.1; WOW64) AppleWebKit/537.36 (KHTML, like Gecko) Chrome/100.0.4758.11 Safari/537.36	2023-04-12 02:16:17.395114+00	/admin/login/?next=/admin/
499	admin@austinlandscapelighting.us	144.217.10.40	\N	Mozilla/5.0 (Windows NT 10.0; Win64; x64) AppleWebKit/537.36 (KHTML, like Gecko) Chrome/100.0.4896.127 Safari/537.36	2023-04-12 02:16:26.163615+00	/admin/login/?next=/admin/
500	cnaustinlandscapelighting@austinlandscapelighting.us	144.217.10.40	\N	Mozilla/5.0 (Windows NT 10.0; Win64; x64) AppleWebKit/537.36 (KHTML, like Gecko) Chrome/100.0.4895.86 Safari/537.36	2023-04-12 21:28:18.026168+00	/admin/login/?next=/admin/
501	austinlandscapelighting@austinlandscapelighting.us	144.217.10.40	\N	Mozilla/5.0 (Windows NT 10.0; Win64; x64) AppleWebKit/537.36 (KHTML, like Gecko) Chrome/99.0.4844.84 Safari/537.36	2023-04-12 21:28:26.763157+00	/admin/login/?next=/admin/
502	cnadmin	144.217.10.40	\N	Mozilla/5.0 (Windows NT 6.1; WOW64) AppleWebKit/537.36 (KHTML, like Gecko) Chrome/100.0.4896.127 Safari/537.36	2023-04-13 01:17:52.792655+00	/admin/login/?next=/admin/
503	admin	144.217.10.40	\N	Mozilla/5.0 (Windows NT 6.1; WOW64) AppleWebKit/537.36 (KHTML, like Gecko) Chrome/100.0.4758.11 Safari/537.36	2023-04-13 01:18:01.675033+00	/admin/login/?next=/admin/
504	cnaustinlandscapelighting@austinlandscapelighting.us	144.217.10.40	\N	Mozilla/5.0 (Windows NT 6.1; WOW64) AppleWebKit/537.36 (KHTML, like Gecko) Chrome/101.0.4951.67 Safari/537.36	2023-04-13 13:10:04.44341+00	/admin/login/?next=/admin/
505	austinlandscapelighting@austinlandscapelighting.us	144.217.10.40	\N	Mozilla/5.0 (Windows NT 10.0; Win64; x64) AppleWebKit/537.36 (KHTML, like Gecko) Chrome/99.0.4844.84 Safari/537.36	2023-04-13 13:10:13.186923+00	/admin/login/?next=/admin/
506	cnadmin	144.217.10.40	\N	Mozilla/5.0 (Windows NT 6.1; WOW64) AppleWebKit/537.36 (KHTML, like Gecko) Chrome/100.0.4896.127 Safari/537.36	2023-04-14 02:17:17.949546+00	/admin/login/?next=/admin/
507	admin	144.217.10.40	\N	Mozilla/5.0 (Windows NT 10.0; Win64; x64) AppleWebKit/537.36 (KHTML, like Gecko) Chrome/101.0.4951.67 Safari/537.36	2023-04-14 02:17:27.429584+00	/admin/login/?next=/admin/
508	cnaustinlandscapelighting@austinlandscapelighting.us	144.217.10.40	\N	Mozilla/5.0 (Windows NT 6.1; WOW64) AppleWebKit/537.36 (KHTML, like Gecko) Chrome/100.0.4896.127 Safari/537.36	2023-04-14 04:46:58.379804+00	/admin/login/?next=/admin/
509	austinlandscapelighting@austinlandscapelighting.us	144.217.10.40	\N	Mozilla/5.0 (Windows NT 10.0; Win64; x64) AppleWebKit/537.36 (KHTML, like Gecko) Chrome/100.0.4758.11 Safari/537.36	2023-04-14 04:47:07.113685+00	/admin/login/?next=/admin/
510	cnadmin	144.217.10.40	\N	Mozilla/5.0 (Windows NT 10.0; Win64; x64) AppleWebKit/537.36 (KHTML, like Gecko) Chrome/100.0.4895.86 Safari/537.36	2023-04-14 20:27:23.632801+00	/admin/login/?next=/admin/
511	cnaustinlandscapelighting@austinlandscapelighting.us	144.217.10.40	\N	Mozilla/5.0 (Windows NT 6.1; WOW64) AppleWebKit/537.36 (KHTML, like Gecko) Chrome/99.0.4844.84 Safari/537.36	2023-04-14 20:27:34.775716+00	/admin/login/?next=/admin/
512	admin	144.217.10.40	\N	Mozilla/5.0 (Windows NT 6.1; WOW64) AppleWebKit/537.36 (KHTML, like Gecko) Chrome/101.0.4951.67 Safari/537.36	2023-04-14 20:27:34.883203+00	/admin/login/?next=/admin/
513	austinlandscapelighting@austinlandscapelighting.us	144.217.10.40	\N	Mozilla/5.0 (Windows NT 6.1; WOW64) AppleWebKit/537.36 (KHTML, like Gecko) Chrome/101.0.4951.67 Safari/537.36	2023-04-14 20:27:43.538549+00	/admin/login/?next=/admin/
514	cnAdmin	144.217.10.40	\N	Mozilla/5.0 (Windows NT 10.0; Win64; x64) AppleWebKit/537.36 (KHTML, like Gecko) Chrome/100.0.4896.127 Safari/537.36	2023-04-15 08:06:26.023291+00	/admin/login/?next=/admin/
515	Admin	144.217.10.40	\N	Mozilla/5.0 (Windows NT 6.1; WOW64) AppleWebKit/537.36 (KHTML, like Gecko) Chrome/100.0.4896.127 Safari/537.36	2023-04-15 08:06:36.750769+00	/admin/login/?next=/admin/
516	cnaustinlandscapelighting@austinlandscapelighting.us	144.217.10.40	\N	Mozilla/5.0 (Windows NT 10.0; Win64; x64) AppleWebKit/537.36 (KHTML, like Gecko) Chrome/99.0.4844.84 Safari/537.36	2023-04-15 12:28:34.915391+00	/admin/login/?next=/admin/
517	austinlandscapelighting@austinlandscapelighting.us	144.217.10.40	\N	Mozilla/5.0 (Windows NT 6.1; WOW64) AppleWebKit/537.36 (KHTML, like Gecko) Chrome/101.0.4951.67 Safari/537.36	2023-04-15 12:28:43.688498+00	/admin/login/?next=/admin/
518	cnadmin	144.217.10.40	\N	Mozilla/5.0 (Windows NT 6.1; WOW64) AppleWebKit/537.36 (KHTML, like Gecko) Chrome/100.0.4758.11 Safari/537.36	2023-04-15 17:39:11.560772+00	/admin/login/?next=/admin/
519	admin	144.217.10.40	\N	Mozilla/5.0 (Windows NT 6.1; WOW64) AppleWebKit/537.36 (KHTML, like Gecko) Chrome/100.0.4895.86 Safari/537.36	2023-04-15 17:39:21.586283+00	/admin/login/?next=/admin/
520	cnAdmin	144.217.10.40	\N	Mozilla/5.0 (Windows NT 6.1; WOW64) AppleWebKit/537.36 (KHTML, like Gecko) Chrome/100.0.4758.11 Safari/537.36	2023-04-16 01:17:52.131213+00	/admin/login/?next=/admin/
521	Admin	144.217.10.40	\N	Mozilla/5.0 (Windows NT 6.1; WOW64) AppleWebKit/537.36 (KHTML, like Gecko) Chrome/101.0.4951.67 Safari/537.36	2023-04-16 01:18:01.323906+00	/admin/login/?next=/admin/
522	cnadmin	144.217.10.40	\N	Mozilla/5.0 (Windows NT 10.0; Win64; x64) AppleWebKit/537.36 (KHTML, like Gecko) Chrome/99.0.4844.84 Safari/537.36	2023-04-16 16:57:21.758576+00	/admin/login/?next=/admin/
523	admin	144.217.10.40	\N	Mozilla/5.0 (Windows NT 6.1; WOW64) AppleWebKit/537.36 (KHTML, like Gecko) Chrome/100.0.4758.11 Safari/537.36	2023-04-16 16:57:31.908033+00	/admin/login/?next=/admin/
524	cnadmin	144.217.10.40	\N	Mozilla/5.0 (Windows NT 10.0; Win64; x64) AppleWebKit/537.36 (KHTML, like Gecko) Chrome/101.0.4951.67 Safari/537.36	2023-04-17 15:48:03.221394+00	/admin/login/?next=/admin/
525	cnadmin	144.217.10.40	\N	Mozilla/5.0 (Windows NT 6.1; WOW64) AppleWebKit/537.36 (KHTML, like Gecko) Chrome/100.0.4896.127 Safari/537.36	2023-04-17 15:48:03.251085+00	/admin/login/?next=/admin/
526	cnadmin	144.217.10.40	\N	Mozilla/5.0 (Windows NT 10.0; Win64; x64) AppleWebKit/537.36 (KHTML, like Gecko) Chrome/99.0.4844.84 Safari/537.36	2023-04-17 15:48:03.468161+00	/admin/login/?next=/admin/
527	admin	144.217.10.40	\N	Mozilla/5.0 (Windows NT 6.1; WOW64) AppleWebKit/537.36 (KHTML, like Gecko) Chrome/101.0.4951.67 Safari/537.36	2023-04-17 15:48:11.990539+00	/admin/login/?next=/admin/
528	admin	144.217.10.40	\N	Mozilla/5.0 (Windows NT 10.0; Win64; x64) AppleWebKit/537.36 (KHTML, like Gecko) Chrome/100.0.4895.86 Safari/537.36	2023-04-17 15:48:11.996462+00	/admin/login/?next=/admin/
529	admin	144.217.10.40	\N	Mozilla/5.0 (Windows NT 10.0; Win64; x64) AppleWebKit/537.36 (KHTML, like Gecko) Chrome/100.0.4895.86 Safari/537.36	2023-04-17 15:48:12.339836+00	/admin/login/?next=/admin/
530	cnadmin	144.217.10.40	\N	Mozilla/5.0 (Windows NT 6.1; WOW64) AppleWebKit/537.36 (KHTML, like Gecko) Chrome/100.0.4896.127 Safari/537.36	2023-04-17 17:47:58.368215+00	/admin/login/?next=/admin/
531	admin	144.217.10.40	\N	Mozilla/5.0 (Windows NT 6.1; WOW64) AppleWebKit/537.36 (KHTML, like Gecko) Chrome/100.0.4895.86 Safari/537.36	2023-04-17 17:48:10.127043+00	/admin/login/?next=/admin/
532	cnaustinlandscapelighting	144.217.10.40	\N	Mozilla/5.0 (Windows NT 10.0; Win64; x64) AppleWebKit/537.36 (KHTML, like Gecko) Chrome/100.0.4758.11 Safari/537.36	2023-04-18 07:33:17.689981+00	/admin/login/?next=/admin/
533	austinlandscapelighting	144.217.10.40	\N	Mozilla/5.0 (Windows NT 10.0; Win64; x64) AppleWebKit/537.36 (KHTML, like Gecko) Chrome/101.0.4951.67 Safari/537.36	2023-04-18 07:33:26.444125+00	/admin/login/?next=/admin/
534	cnlandscape	144.217.10.40	\N	Mozilla/5.0 (Windows NT 6.1; WOW64) AppleWebKit/537.36 (KHTML, like Gecko) Chrome/101.0.4951.67 Safari/537.36	2023-04-18 14:03:21.199999+00	/admin/login/?next=/admin/
535	cnlighting	144.217.10.40	\N	Mozilla/5.0 (Windows NT 6.1; WOW64) AppleWebKit/537.36 (KHTML, like Gecko) Chrome/99.0.4844.84 Safari/537.36	2023-04-18 14:03:21.218535+00	/admin/login/?next=/admin/
536	cnaustin	144.217.10.40	\N	Mozilla/5.0 (Windows NT 6.1; WOW64) AppleWebKit/537.36 (KHTML, like Gecko) Chrome/99.0.4844.84 Safari/537.36	2023-04-18 14:03:21.220237+00	/admin/login/?next=/admin/
537	landscape	144.217.10.40	\N	Mozilla/5.0 (Windows NT 6.1; WOW64) AppleWebKit/537.36 (KHTML, like Gecko) Chrome/100.0.4895.86 Safari/537.36	2023-04-18 14:03:29.957753+00	/admin/login/?next=/admin/
538	austin	144.217.10.40	\N	Mozilla/5.0 (Windows NT 6.1; WOW64) AppleWebKit/537.36 (KHTML, like Gecko) Chrome/100.0.4896.127 Safari/537.36	2023-04-18 14:03:29.987335+00	/admin/login/?next=/admin/
539	lighting	144.217.10.40	\N	Mozilla/5.0 (Windows NT 6.1; WOW64) AppleWebKit/537.36 (KHTML, like Gecko) Chrome/100.0.4758.11 Safari/537.36	2023-04-18 14:03:29.989681+00	/admin/login/?next=/admin/
540	cnaustinlandscapelighting	144.217.10.40	\N	Mozilla/5.0 (Windows NT 10.0; Win64; x64) AppleWebKit/537.36 (KHTML, like Gecko) Chrome/101.0.4951.67 Safari/537.36	2023-04-18 17:28:48.297735+00	/admin/login/?next=/admin/
541	austinlandscapelighting	144.217.10.40	\N	Mozilla/5.0 (Windows NT 6.1; WOW64) AppleWebKit/537.36 (KHTML, like Gecko) Chrome/100.0.4895.86 Safari/537.36	2023-04-18 17:28:58.04389+00	/admin/login/?next=/admin/
542	cnaustinlandscapelighting	144.217.10.40	\N	Mozilla/5.0 (Windows NT 10.0; Win64; x64) AppleWebKit/537.36 (KHTML, like Gecko) Chrome/99.0.4844.84 Safari/537.36	2023-04-19 00:01:07.271467+00	/admin/login/?next=/admin/
543	austinlandscapelighting	144.217.10.40	\N	Mozilla/5.0 (Windows NT 10.0; Win64; x64) AppleWebKit/537.36 (KHTML, like Gecko) Chrome/101.0.4951.67 Safari/537.36	2023-04-19 00:01:16.193954+00	/admin/login/?next=/admin/
544	cnadmin	144.217.10.40	\N	Mozilla/5.0 (Windows NT 6.1; WOW64) AppleWebKit/537.36 (KHTML, like Gecko) Chrome/100.0.4896.127 Safari/537.36	2023-04-19 15:38:05.497562+00	/admin/login/?next=/admin/
545	admin	144.217.10.40	\N	Mozilla/5.0 (Windows NT 10.0; Win64; x64) AppleWebKit/537.36 (KHTML, like Gecko) Chrome/101.0.4951.67 Safari/537.36	2023-04-19 15:38:16.269829+00	/admin/login/?next=/admin/
546	cnadmin	144.217.10.40	\N	Mozilla/5.0 (Windows NT 10.0; Win64; x64) AppleWebKit/537.36 (KHTML, like Gecko) Chrome/101.0.4951.67 Safari/537.36	2023-04-20 08:49:12.065681+00	/admin/login/?next=/admin/
547	admin	144.217.10.40	\N	Mozilla/5.0 (Windows NT 6.1; WOW64) AppleWebKit/537.36 (KHTML, like Gecko) Chrome/100.0.4895.86 Safari/537.36	2023-04-20 08:49:22.833155+00	/admin/login/?next=/admin/
548	cnadmin	144.217.10.40	\N	Mozilla/5.0 (Windows NT 6.1; WOW64) AppleWebKit/537.36 (KHTML, like Gecko) Chrome/101.0.4951.67 Safari/537.36	2023-04-20 14:21:24.852731+00	/admin/login/?next=/admin/
549	admin	144.217.10.40	\N	Mozilla/5.0 (Windows NT 6.1; WOW64) AppleWebKit/537.36 (KHTML, like Gecko) Chrome/101.0.4951.67 Safari/537.36	2023-04-20 14:21:34.597493+00	/admin/login/?next=/admin/
550	cnadmin	144.217.10.40	\N	Mozilla/5.0 (Windows NT 10.0; Win64; x64) AppleWebKit/537.36 (KHTML, like Gecko) Chrome/101.0.4951.67 Safari/537.36	2023-04-21 02:50:24.583899+00	/admin/login/?next=/admin/
551	admin	144.217.10.40	\N	Mozilla/5.0 (Windows NT 10.0; Win64; x64) AppleWebKit/537.36 (KHTML, like Gecko) Chrome/100.0.4758.11 Safari/537.36	2023-04-21 02:50:35.548218+00	/admin/login/?next=/admin/
552	cnadmin	144.217.10.40	\N	Mozilla/5.0 (Windows NT 10.0; Win64; x64) AppleWebKit/537.36 (KHTML, like Gecko) Chrome/100.0.4895.86 Safari/537.36	2023-04-21 14:53:56.007986+00	/admin/login/?next=/admin/
553	admin	144.217.10.40	\N	Mozilla/5.0 (Windows NT 10.0; Win64; x64) AppleWebKit/537.36 (KHTML, like Gecko) Chrome/100.0.4896.127 Safari/537.36	2023-04-21 14:54:08.16369+00	/admin/login/?next=/admin/
554	cnadmin	144.217.10.40	\N	Mozilla/5.0 (Windows NT 10.0; Win64; x64) AppleWebKit/537.36 (KHTML, like Gecko) Chrome/100.0.4896.127 Safari/537.36	2023-04-21 21:08:11.708443+00	/admin/login/?next=/admin/
555	admin	144.217.10.40	\N	Mozilla/5.0 (Windows NT 6.1; WOW64) AppleWebKit/537.36 (KHTML, like Gecko) Chrome/100.0.4758.11 Safari/537.36	2023-04-21 21:08:22.486389+00	/admin/login/?next=/admin/
556	cntest	144.217.10.40	\N	Mozilla/5.0 (Windows NT 6.1; WOW64) AppleWebKit/537.36 (KHTML, like Gecko) Chrome/101.0.4951.67 Safari/537.36	2023-04-22 07:22:59.054548+00	/admin/login/?next=/admin/
557	test	144.217.10.40	\N	Mozilla/5.0 (Windows NT 6.1; WOW64) AppleWebKit/537.36 (KHTML, like Gecko) Chrome/101.0.4951.67 Safari/537.36	2023-04-22 07:23:09.791231+00	/admin/login/?next=/admin/
558	cnadmin	144.217.10.40	\N	Mozilla/5.0 (Windows NT 10.0; Win64; x64) AppleWebKit/537.36 (KHTML, like Gecko) Chrome/100.0.4758.11 Safari/537.36	2023-04-22 13:51:09.851797+00	/admin/login/?next=/admin/
559	admin	144.217.10.40	\N	Mozilla/5.0 (Windows NT 10.0; Win64; x64) AppleWebKit/537.36 (KHTML, like Gecko) Chrome/100.0.4896.127 Safari/537.36	2023-04-22 13:51:21.31565+00	/admin/login/?next=/admin/
560	cnaustinlandscapelighting	144.217.10.40	\N	Mozilla/5.0 (Windows NT 6.1; WOW64) AppleWebKit/537.36 (KHTML, like Gecko) Chrome/100.0.4758.11 Safari/537.36	2023-04-22 15:38:43.609169+00	/admin/login/?next=/admin/
561	austinlandscapelighting	144.217.10.40	\N	Mozilla/5.0 (Windows NT 6.1; WOW64) AppleWebKit/537.36 (KHTML, like Gecko) Chrome/99.0.4844.84 Safari/537.36	2023-04-22 15:38:54.475513+00	/admin/login/?next=/admin/
562	cneditor	144.217.10.40	\N	Mozilla/5.0 (Windows NT 10.0; Win64; x64) AppleWebKit/537.36 (KHTML, like Gecko) Chrome/99.0.4844.84 Safari/537.36	2023-04-23 03:25:12.984712+00	/admin/login/?next=/admin/
563	editor	144.217.10.40	\N	Mozilla/5.0 (Windows NT 6.1; WOW64) AppleWebKit/537.36 (KHTML, like Gecko) Chrome/101.0.4951.67 Safari/537.36	2023-04-23 03:25:23.721983+00	/admin/login/?next=/admin/
564	cnadmin	144.217.10.40	\N	Mozilla/5.0 (Windows NT 6.1; WOW64) AppleWebKit/537.36 (KHTML, like Gecko) Chrome/100.0.4895.86 Safari/537.36	2023-04-23 10:08:37.431659+00	/admin/login/?next=/admin/
565	admin	144.217.10.40	\N	Mozilla/5.0 (Windows NT 6.1; WOW64) AppleWebKit/537.36 (KHTML, like Gecko) Chrome/100.0.4896.127 Safari/537.36	2023-04-23 10:08:48.214916+00	/admin/login/?next=/admin/
566	cnadmin	144.217.10.40	\N	Mozilla/5.0 (Windows NT 10.0; Win64; x64) AppleWebKit/537.36 (KHTML, like Gecko) Chrome/100.0.4895.86 Safari/537.36	2023-04-24 04:47:41.341989+00	/admin/login/?next=/admin/
567	admin	144.217.10.40	\N	Mozilla/5.0 (Windows NT 10.0; Win64; x64) AppleWebKit/537.36 (KHTML, like Gecko) Chrome/100.0.4758.11 Safari/537.36	2023-04-24 04:47:52.133401+00	/admin/login/?next=/admin/
568	cnadmin	144.217.10.40	\N	Mozilla/5.0 (Windows NT 10.0; Win64; x64) AppleWebKit/537.36 (KHTML, like Gecko) Chrome/100.0.4895.86 Safari/537.36	2023-04-25 00:16:03.860353+00	/admin/login/?next=/admin/
569	admin	144.217.10.40	\N	Mozilla/5.0 (Windows NT 10.0; Win64; x64) AppleWebKit/537.36 (KHTML, like Gecko) Chrome/100.0.4758.11 Safari/537.36	2023-04-25 00:16:16.541835+00	/admin/login/?next=/admin/
570	cnadmin	144.217.10.40	\N	Mozilla/5.0 (Windows NT 10.0; Win64; x64) AppleWebKit/537.36 (KHTML, like Gecko) Chrome/100.0.4895.86 Safari/537.36	2023-04-28 05:20:36.930617+00	/admin/login/?next=/admin/
571	admin	144.217.10.40	\N	Mozilla/5.0 (Windows NT 6.1; WOW64) AppleWebKit/537.36 (KHTML, like Gecko) Chrome/101.0.4951.67 Safari/537.36	2023-04-28 05:20:47.937837+00	/admin/login/?next=/admin/
572	cnaustinlandscapelighting	144.217.10.40	\N	Mozilla/5.0 (Windows NT 10.0; Win64; x64) AppleWebKit/537.36 (KHTML, like Gecko) Chrome/100.0.4895.86 Safari/537.36	2023-04-29 01:16:57.67079+00	/admin/login/?next=/admin/
573	austinlandscapelighting	144.217.10.40	\N	Mozilla/5.0 (Windows NT 10.0; Win64; x64) AppleWebKit/537.36 (KHTML, like Gecko) Chrome/101.0.4951.67 Safari/537.36	2023-04-29 01:17:08.851791+00	/admin/login/?next=/admin/
574	cnadmin	144.217.10.40	\N	Mozilla/5.0 (Windows NT 6.1; WOW64) AppleWebKit/537.36 (KHTML, like Gecko) Chrome/100.0.4895.86 Safari/537.36	2023-05-04 07:28:14.727775+00	/admin/login/?next=/admin/
575	admin	144.217.10.40	\N	Mozilla/5.0 (Windows NT 10.0; Win64; x64) AppleWebKit/537.36 (KHTML, like Gecko) Chrome/101.0.4951.67 Safari/537.36	2023-05-04 07:28:23.493233+00	/admin/login/?next=/admin/
576	cnadmin	144.217.10.40	\N	Mozilla/5.0 (Windows NT 10.0; Win64; x64) AppleWebKit/537.36 (KHTML, like Gecko) Chrome/101.0.4951.67 Safari/537.36	2023-05-04 23:14:21.212109+00	/admin/login/?next=/admin/
577	admin	144.217.10.40	\N	Mozilla/5.0 (Windows NT 10.0; Win64; x64) AppleWebKit/537.36 (KHTML, like Gecko) Chrome/100.0.4895.86 Safari/537.36	2023-05-04 23:14:30.246004+00	/admin/login/?next=/admin/
578	cnadmin	144.217.10.40	\N	Mozilla/5.0 (Windows NT 6.1; WOW64) AppleWebKit/537.36 (KHTML, like Gecko) Chrome/100.0.4758.11 Safari/537.36	2023-05-05 15:24:05.037898+00	/admin/login/?next=/admin/
579	admin	144.217.10.40	\N	Mozilla/5.0 (Windows NT 10.0; Win64; x64) AppleWebKit/537.36 (KHTML, like Gecko) Chrome/101.0.4951.67 Safari/537.36	2023-05-05 15:24:13.796114+00	/admin/login/?next=/admin/
580	cnadmin	144.217.10.40	\N	Mozilla/5.0 (Windows NT 6.1; WOW64) AppleWebKit/537.36 (KHTML, like Gecko) Chrome/100.0.4896.127 Safari/537.36	2023-05-06 07:35:53.116782+00	/admin/login/?next=/admin/
581	admin	144.217.10.40	\N	Mozilla/5.0 (Windows NT 10.0; Win64; x64) AppleWebKit/537.36 (KHTML, like Gecko) Chrome/101.0.4951.67 Safari/537.36	2023-05-06 07:36:02.207012+00	/admin/login/?next=/admin/
582	cnadmin	144.217.10.40	\N	Mozilla/5.0 (Windows NT 10.0; Win64; x64) AppleWebKit/537.36 (KHTML, like Gecko) Chrome/100.0.4895.86 Safari/537.36	2023-05-07 00:48:50.156881+00	/admin/login/?next=/admin/
583	admin	144.217.10.40	\N	Mozilla/5.0 (Windows NT 10.0; Win64; x64) AppleWebKit/537.36 (KHTML, like Gecko) Chrome/100.0.4896.127 Safari/537.36	2023-05-07 00:48:58.979968+00	/admin/login/?next=/admin/
584	cnadmin	144.217.10.40	\N	Mozilla/5.0 (Windows NT 6.1; WOW64) AppleWebKit/537.36 (KHTML, like Gecko) Chrome/100.0.4896.127 Safari/537.36	2023-05-08 13:54:21.99236+00	/admin/login/?next=/admin/
585	admin	144.217.10.40	\N	Mozilla/5.0 (Windows NT 10.0; Win64; x64) AppleWebKit/537.36 (KHTML, like Gecko) Chrome/100.0.4895.86 Safari/537.36	2023-05-08 13:54:32.672899+00	/admin/login/?next=/admin/
586	cnadmin	144.217.10.40	\N	Mozilla/5.0 (Windows NT 10.0; Win64; x64) AppleWebKit/537.36 (KHTML, like Gecko) Chrome/100.0.4758.11 Safari/537.36	2023-05-09 12:28:48.96837+00	/admin/login/?next=/admin/
587	admin	144.217.10.40	\N	Mozilla/5.0 (Windows NT 10.0; Win64; x64) AppleWebKit/537.36 (KHTML, like Gecko) Chrome/100.0.4896.127 Safari/537.36	2023-05-09 12:28:59.866217+00	/admin/login/?next=/admin/
588	cnadmin	144.217.10.40	\N	Mozilla/5.0 (Windows NT 10.0; Win64; x64) AppleWebKit/537.36 (KHTML, like Gecko) Chrome/99.0.4844.84 Safari/537.36	2023-05-10 07:29:33.314881+00	/admin/login/?next=/admin/
589	admin	144.217.10.40	\N	Mozilla/5.0 (Windows NT 6.1; WOW64) AppleWebKit/537.36 (KHTML, like Gecko) Chrome/99.0.4844.84 Safari/537.36	2023-05-10 07:29:43.931126+00	/admin/login/?next=/admin/
590	cnadmin	144.217.10.40	\N	Mozilla/5.0 (Windows NT 6.1; WOW64) AppleWebKit/537.36 (KHTML, like Gecko) Chrome/99.0.4844.84 Safari/537.36	2023-05-11 01:03:04.710641+00	/admin/login/?next=/admin/
591	admin	144.217.10.40	\N	Mozilla/5.0 (Windows NT 10.0; Win64; x64) AppleWebKit/537.36 (KHTML, like Gecko) Chrome/100.0.4896.127 Safari/537.36	2023-05-11 01:03:13.655063+00	/admin/login/?next=/admin/
592	cnadmin	144.217.10.40	\N	Mozilla/5.0 (Windows NT 10.0; Win64; x64) AppleWebKit/537.36 (KHTML, like Gecko) Chrome/101.0.4951.67 Safari/537.36	2023-05-11 19:45:33.756438+00	/admin/login/?next=/admin/
593	admin	144.217.10.40	\N	Mozilla/5.0 (Windows NT 6.1; WOW64) AppleWebKit/537.36 (KHTML, like Gecko) Chrome/99.0.4844.84 Safari/537.36	2023-05-11 19:45:42.563896+00	/admin/login/?next=/admin/
594	cnadmin	144.217.10.40	\N	Mozilla/5.0 (Windows NT 6.1; WOW64) AppleWebKit/537.36 (KHTML, like Gecko) Chrome/100.0.4895.86 Safari/537.36	2023-05-12 14:42:12.300019+00	/admin/login/?next=/admin/
595	admin	144.217.10.40	\N	Mozilla/5.0 (Windows NT 6.1; WOW64) AppleWebKit/537.36 (KHTML, like Gecko) Chrome/100.0.4896.127 Safari/537.36	2023-05-12 14:42:21.619953+00	/admin/login/?next=/admin/
596	cnadmin	144.217.10.40	\N	Mozilla/5.0 (Windows NT 10.0; Win64; x64) AppleWebKit/537.36 (KHTML, like Gecko) Chrome/101.0.4951.67 Safari/537.36	2023-05-13 09:47:27.808606+00	/admin/login/?next=/admin/
597	admin	144.217.10.40	\N	Mozilla/5.0 (Windows NT 6.1; WOW64) AppleWebKit/537.36 (KHTML, like Gecko) Chrome/101.0.4951.67 Safari/537.36	2023-05-13 09:47:38.426442+00	/admin/login/?next=/admin/
598	cnadmin	144.217.10.40	\N	Mozilla/5.0 (Windows NT 10.0; Win64; x64) AppleWebKit/537.36 (KHTML, like Gecko) Chrome/100.0.4896.127 Safari/537.36	2023-05-14 05:53:13.002786+00	/admin/login/?next=/admin/
599	admin	144.217.10.40	\N	Mozilla/5.0 (Windows NT 10.0; Win64; x64) AppleWebKit/537.36 (KHTML, like Gecko) Chrome/100.0.4895.86 Safari/537.36	2023-05-14 05:53:21.808485+00	/admin/login/?next=/admin/
600	root	144.217.10.40	\N	Mozilla/5.0 (Windows NT 10.0; Win64; x64) AppleWebKit/537.36 (KHTML, like Gecko) Chrome/113.0.0.0 Safari/537.36	2023-05-15 16:12:36.525365+00	/admin/login/?next=/admin/
601	root	144.217.10.40	\N	Mozilla/5.0 (Windows NT 10.0; Win64; x64) AppleWebKit/537.36 (KHTML, like Gecko) Chrome/113.0.0.0 Safari/537.36	2023-05-15 16:12:40.070365+00	/admin/login/?next=/admin/
602	root	144.217.10.40	\N	Mozilla/5.0 (Windows NT 10.0; Win64; x64) AppleWebKit/537.36 (KHTML, like Gecko) Chrome/113.0.0.0 Safari/537.36	2023-05-15 16:12:47.023042+00	/admin/login/?next=/admin/
603	root	144.217.10.40	\N	Mozilla/5.0 (Windows NT 10.0; Win64; x64) AppleWebKit/537.36 (KHTML, like Gecko) Chrome/113.0.0.0 Safari/537.36	2023-05-18 14:08:54.621248+00	/admin/login/?next=/admin/
604	root	144.217.10.40	\N	Mozilla/5.0 (Windows NT 10.0; Win64; x64) AppleWebKit/537.36 (KHTML, like Gecko) Chrome/113.0.0.0 Safari/537.36	2023-05-18 14:09:50.431311+00	/admin/login/?next=/admin/
605	cneditor	144.217.10.40	\N	Mozilla/5.0 (Windows NT 6.1; WOW64) AppleWebKit/537.36 (KHTML, like Gecko) Chrome/99.0.4844.84 Safari/537.36	2023-05-18 16:15:29.139263+00	/admin/login/?next=/admin/
606	editor	144.217.10.40	\N	Mozilla/5.0 (Windows NT 10.0; Win64; x64) AppleWebKit/537.36 (KHTML, like Gecko) Chrome/100.0.4895.86 Safari/537.36	2023-05-18 16:15:37.904615+00	/admin/login/?next=/admin/
607	cnadmin	144.217.10.40	\N	Mozilla/5.0 (Windows NT 10.0; Win64; x64) AppleWebKit/537.36 (KHTML, like Gecko) Chrome/100.0.4896.127 Safari/537.36	2023-05-21 03:17:32.478833+00	/admin/login/?next=/admin/
608	admin	144.217.10.40	\N	Mozilla/5.0 (Windows NT 10.0; Win64; x64) AppleWebKit/537.36 (KHTML, like Gecko) Chrome/101.0.4951.67 Safari/537.36	2023-05-21 03:17:41.314876+00	/admin/login/?next=/admin/
609	cnaustinlandscapelighting	144.217.10.40	\N	Mozilla/5.0 (Windows NT 10.0; Win64; x64) AppleWebKit/537.36 (KHTML, like Gecko) Chrome/101.0.4951.67 Safari/537.36	2023-05-21 03:20:01.472637+00	/admin/login/?next=/admin/
610	austinlandscapelighting	144.217.10.40	\N	Mozilla/5.0 (Windows NT 10.0; Win64; x64) AppleWebKit/537.36 (KHTML, like Gecko) Chrome/99.0.4844.84 Safari/537.36	2023-05-21 03:20:10.227504+00	/admin/login/?next=/admin/
611	cnaustinlandscapelighting	144.217.10.40	\N	Mozilla/5.0 (Windows NT 10.0; Win64; x64) AppleWebKit/537.36 (KHTML, like Gecko) Chrome/100.0.4896.127 Safari/537.36	2023-05-21 03:22:24.300611+00	/admin/login/?next=/admin/
612	austinlandscapelighting	144.217.10.40	\N	Mozilla/5.0 (Windows NT 6.1; WOW64) AppleWebKit/537.36 (KHTML, like Gecko) Chrome/99.0.4844.84 Safari/537.36	2023-05-21 03:22:33.036241+00	/admin/login/?next=/admin/
613	cnadmin	144.217.10.40	\N	Mozilla/5.0 (Windows NT 10.0; Win64; x64) AppleWebKit/537.36 (KHTML, like Gecko) Chrome/100.0.4896.127 Safari/537.36	2023-05-21 03:24:48.783878+00	/admin/login/?next=/admin/
614	admin	144.217.10.40	\N	Mozilla/5.0 (Windows NT 6.1; WOW64) AppleWebKit/537.36 (KHTML, like Gecko) Chrome/101.0.4951.67 Safari/537.36	2023-05-21 03:24:57.619611+00	/admin/login/?next=/admin/
615	cnadmin	144.217.10.40	\N	Mozilla/5.0 (Windows NT 6.1; WOW64) AppleWebKit/537.36 (KHTML, like Gecko) Chrome/100.0.4895.86 Safari/537.36	2023-05-21 03:27:17.467182+00	/admin/login/?next=/admin/
616	admin	144.217.10.40	\N	Mozilla/5.0 (Windows NT 6.1; WOW64) AppleWebKit/537.36 (KHTML, like Gecko) Chrome/100.0.4758.11 Safari/537.36	2023-05-21 03:27:26.22187+00	/admin/login/?next=/admin/
617	cnadmin	144.217.10.40	\N	Mozilla/5.0 (Windows NT 6.1; WOW64) AppleWebKit/537.36 (KHTML, like Gecko) Chrome/99.0.4844.84 Safari/537.36	2023-05-21 03:29:39.655693+00	/admin/login/?next=/admin/
618	admin	144.217.10.40	\N	Mozilla/5.0 (Windows NT 6.1; WOW64) AppleWebKit/537.36 (KHTML, like Gecko) Chrome/100.0.4758.11 Safari/537.36	2023-05-21 03:29:48.840302+00	/admin/login/?next=/admin/
619	cnadmin	144.217.10.40	\N	Mozilla/5.0 (Windows NT 6.1; WOW64) AppleWebKit/537.36 (KHTML, like Gecko) Chrome/100.0.4758.11 Safari/537.36	2023-05-21 03:32:01.660845+00	/admin/login/?next=/admin/
620	admin	144.217.10.40	\N	Mozilla/5.0 (Windows NT 6.1; WOW64) AppleWebKit/537.36 (KHTML, like Gecko) Chrome/99.0.4844.84 Safari/537.36	2023-05-21 03:32:10.545807+00	/admin/login/?next=/admin/
621	cnadmin	144.217.10.40	\N	Mozilla/5.0 (Windows NT 10.0; Win64; x64) AppleWebKit/537.36 (KHTML, like Gecko) Chrome/100.0.4758.11 Safari/537.36	2023-05-21 03:34:21.463053+00	/admin/login/?next=/admin/
622	admin	144.217.10.40	\N	Mozilla/5.0 (Windows NT 10.0; Win64; x64) AppleWebKit/537.36 (KHTML, like Gecko) Chrome/99.0.4844.84 Safari/537.36	2023-05-21 03:34:30.255742+00	/admin/login/?next=/admin/
623	cnadmin	144.217.10.40	\N	Mozilla/5.0 (Windows NT 6.1; WOW64) AppleWebKit/537.36 (KHTML, like Gecko) Chrome/100.0.4758.11 Safari/537.36	2023-05-21 03:36:43.907803+00	/admin/login/?next=/admin/
624	admin	144.217.10.40	\N	Mozilla/5.0 (Windows NT 6.1; WOW64) AppleWebKit/537.36 (KHTML, like Gecko) Chrome/100.0.4758.11 Safari/537.36	2023-05-21 03:36:52.667846+00	/admin/login/?next=/admin/
625	cnadmin	144.217.10.40	\N	Mozilla/5.0 (Windows NT 10.0; Win64; x64) AppleWebKit/537.36 (KHTML, like Gecko) Chrome/101.0.4951.67 Safari/537.36	2023-05-21 03:39:09.94406+00	/admin/login/?next=/admin/
626	admin	144.217.10.40	\N	Mozilla/5.0 (Windows NT 10.0; Win64; x64) AppleWebKit/537.36 (KHTML, like Gecko) Chrome/100.0.4896.127 Safari/537.36	2023-05-21 03:39:18.716635+00	/admin/login/?next=/admin/
627	cnadmin	144.217.10.40	\N	Mozilla/5.0 (Windows NT 10.0; Win64; x64) AppleWebKit/537.36 (KHTML, like Gecko) Chrome/100.0.4758.11 Safari/537.36	2023-05-21 03:41:32.963786+00	/admin/login/?next=/admin/
628	admin	144.217.10.40	\N	Mozilla/5.0 (Windows NT 6.1; WOW64) AppleWebKit/537.36 (KHTML, like Gecko) Chrome/100.0.4758.11 Safari/537.36	2023-05-21 03:41:41.932914+00	/admin/login/?next=/admin/
629	cnadmin	144.217.10.40	\N	Mozilla/5.0 (Windows NT 10.0; Win64; x64) AppleWebKit/537.36 (KHTML, like Gecko) Chrome/100.0.4758.11 Safari/537.36	2023-05-21 03:43:53.395243+00	/admin/login/?next=/admin/
630	admin	144.217.10.40	\N	Mozilla/5.0 (Windows NT 6.1; WOW64) AppleWebKit/537.36 (KHTML, like Gecko) Chrome/99.0.4844.84 Safari/537.36	2023-05-21 03:44:02.178648+00	/admin/login/?next=/admin/
631	cnaustinlandscapelighting	144.217.10.40	\N	Mozilla/5.0 (Windows NT 6.1; WOW64) AppleWebKit/537.36 (KHTML, like Gecko) Chrome/101.0.4951.67 Safari/537.36	2023-05-21 03:46:18.646977+00	/admin/login/?next=/admin/
632	austinlandscapelighting	144.217.10.40	\N	Mozilla/5.0 (Windows NT 10.0; Win64; x64) AppleWebKit/537.36 (KHTML, like Gecko) Chrome/100.0.4896.127 Safari/537.36	2023-05-21 03:46:27.414208+00	/admin/login/?next=/admin/
633	cnadmin	144.217.10.40	\N	Mozilla/5.0 (Windows NT 6.1; WOW64) AppleWebKit/537.36 (KHTML, like Gecko) Chrome/100.0.4896.127 Safari/537.36	2023-05-21 03:48:43.421639+00	/admin/login/?next=/admin/
634	admin	144.217.10.40	\N	Mozilla/5.0 (Windows NT 6.1; WOW64) AppleWebKit/537.36 (KHTML, like Gecko) Chrome/100.0.4896.127 Safari/537.36	2023-05-21 03:48:52.229618+00	/admin/login/?next=/admin/
635	cnadmin	144.217.10.40	\N	Mozilla/5.0 (Windows NT 6.1; WOW64) AppleWebKit/537.36 (KHTML, like Gecko) Chrome/100.0.4758.11 Safari/537.36	2023-05-21 03:51:05.658054+00	/admin/login/?next=/admin/
636	admin	144.217.10.40	\N	Mozilla/5.0 (Windows NT 6.1; WOW64) AppleWebKit/537.36 (KHTML, like Gecko) Chrome/101.0.4951.67 Safari/537.36	2023-05-21 03:51:14.499824+00	/admin/login/?next=/admin/
637	cnadmin	144.217.10.40	\N	Mozilla/5.0 (Windows NT 6.1; WOW64) AppleWebKit/537.36 (KHTML, like Gecko) Chrome/100.0.4896.127 Safari/537.36	2023-05-21 03:53:26.118988+00	/admin/login/?next=/admin/
638	admin	144.217.10.40	\N	Mozilla/5.0 (Windows NT 10.0; Win64; x64) AppleWebKit/537.36 (KHTML, like Gecko) Chrome/100.0.4896.127 Safari/537.36	2023-05-21 03:53:34.914821+00	/admin/login/?next=/admin/
639	cnadmin	144.217.10.40	\N	Mozilla/5.0 (Windows NT 10.0; Win64; x64) AppleWebKit/537.36 (KHTML, like Gecko) Chrome/100.0.4896.127 Safari/537.36	2023-05-21 03:55:46.99154+00	/admin/login/?next=/admin/
640	admin	144.217.10.40	\N	Mozilla/5.0 (Windows NT 10.0; Win64; x64) AppleWebKit/537.36 (KHTML, like Gecko) Chrome/101.0.4951.67 Safari/537.36	2023-05-21 03:55:55.751747+00	/admin/login/?next=/admin/
641	cnadmin	144.217.10.40	\N	Mozilla/5.0 (Windows NT 6.1; WOW64) AppleWebKit/537.36 (KHTML, like Gecko) Chrome/100.0.4896.127 Safari/537.36	2023-05-21 09:54:03.973498+00	/admin/login/?next=/admin/
642	admin	144.217.10.40	\N	Mozilla/5.0 (Windows NT 6.1; WOW64) AppleWebKit/537.36 (KHTML, like Gecko) Chrome/101.0.4951.67 Safari/537.36	2023-05-21 09:54:14.827437+00	/admin/login/?next=/admin/
643	cnadmin	144.217.10.40	\N	Mozilla/5.0 (Windows NT 6.1; WOW64) AppleWebKit/537.36 (KHTML, like Gecko) Chrome/100.0.4895.86 Safari/537.36	2023-05-21 10:09:09.439608+00	/admin/login/?next=/admin/
644	admin	144.217.10.40	\N	Mozilla/5.0 (Windows NT 10.0; Win64; x64) AppleWebKit/537.36 (KHTML, like Gecko) Chrome/99.0.4844.84 Safari/537.36	2023-05-21 10:09:20.35253+00	/admin/login/?next=/admin/
645	cnadmin	144.217.10.40	\N	Mozilla/5.0 (Windows NT 10.0; Win64; x64) AppleWebKit/537.36 (KHTML, like Gecko) Chrome/101.0.4951.67 Safari/537.36	2023-05-21 10:24:07.753944+00	/admin/login/?next=/admin/
646	admin	144.217.10.40	\N	Mozilla/5.0 (Windows NT 6.1; WOW64) AppleWebKit/537.36 (KHTML, like Gecko) Chrome/99.0.4844.84 Safari/537.36	2023-05-21 10:24:18.580164+00	/admin/login/?next=/admin/
647	cnaustinlandscapelighting	144.217.10.40	\N	Mozilla/5.0 (Windows NT 10.0; Win64; x64) AppleWebKit/537.36 (KHTML, like Gecko) Chrome/100.0.4895.86 Safari/537.36	2023-05-21 10:39:04.402151+00	/admin/login/?next=/admin/
648	austinlandscapelighting	144.217.10.40	\N	Mozilla/5.0 (Windows NT 10.0; Win64; x64) AppleWebKit/537.36 (KHTML, like Gecko) Chrome/100.0.4758.11 Safari/537.36	2023-05-21 10:39:15.163519+00	/admin/login/?next=/admin/
649	cnadmin	144.217.10.40	\N	Mozilla/5.0 (Windows NT 10.0; Win64; x64) AppleWebKit/537.36 (KHTML, like Gecko) Chrome/100.0.4895.86 Safari/537.36	2023-05-21 10:54:03.51317+00	/admin/login/?next=/admin/
650	admin	144.217.10.40	\N	Mozilla/5.0 (Windows NT 6.1; WOW64) AppleWebKit/537.36 (KHTML, like Gecko) Chrome/100.0.4895.86 Safari/537.36	2023-05-21 10:54:14.275661+00	/admin/login/?next=/admin/
651	cnadmin	144.217.10.40	\N	Mozilla/5.0 (Windows NT 6.1; WOW64) AppleWebKit/537.36 (KHTML, like Gecko) Chrome/100.0.4895.86 Safari/537.36	2023-05-21 11:08:58.431357+00	/admin/login/?next=/admin/
652	admin	144.217.10.40	\N	Mozilla/5.0 (Windows NT 10.0; Win64; x64) AppleWebKit/537.36 (KHTML, like Gecko) Chrome/101.0.4951.67 Safari/537.36	2023-05-21 11:09:09.177505+00	/admin/login/?next=/admin/
653	cnadmin	144.217.10.40	\N	Mozilla/5.0 (Windows NT 6.1; WOW64) AppleWebKit/537.36 (KHTML, like Gecko) Chrome/100.0.4895.86 Safari/537.36	2023-05-21 11:24:05.103034+00	/admin/login/?next=/admin/
654	admin	144.217.10.40	\N	Mozilla/5.0 (Windows NT 10.0; Win64; x64) AppleWebKit/537.36 (KHTML, like Gecko) Chrome/99.0.4844.84 Safari/537.36	2023-05-21 11:24:16.098061+00	/admin/login/?next=/admin/
655	cnadmin	144.217.10.40	\N	Mozilla/5.0 (Windows NT 6.1; WOW64) AppleWebKit/537.36 (KHTML, like Gecko) Chrome/101.0.4951.67 Safari/537.36	2023-05-21 11:39:03.947203+00	/admin/login/?next=/admin/
656	admin	144.217.10.40	\N	Mozilla/5.0 (Windows NT 10.0; Win64; x64) AppleWebKit/537.36 (KHTML, like Gecko) Chrome/100.0.4758.11 Safari/537.36	2023-05-21 11:39:14.727052+00	/admin/login/?next=/admin/
657	cnadmin	144.217.10.40	\N	Mozilla/5.0 (Windows NT 10.0; Win64; x64) AppleWebKit/537.36 (KHTML, like Gecko) Chrome/99.0.4844.84 Safari/537.36	2023-05-21 11:54:01.709969+00	/admin/login/?next=/admin/
658	admin	144.217.10.40	\N	Mozilla/5.0 (Windows NT 6.1; WOW64) AppleWebKit/537.36 (KHTML, like Gecko) Chrome/100.0.4758.11 Safari/537.36	2023-05-21 11:54:12.566738+00	/admin/login/?next=/admin/
659	cnaustinlandscapelighting	144.217.10.40	\N	Mozilla/5.0 (Windows NT 6.1; WOW64) AppleWebKit/537.36 (KHTML, like Gecko) Chrome/100.0.4758.11 Safari/537.36	2023-05-21 12:09:05.168557+00	/admin/login/?next=/admin/
660	austinlandscapelighting	144.217.10.40	\N	Mozilla/5.0 (Windows NT 6.1; WOW64) AppleWebKit/537.36 (KHTML, like Gecko) Chrome/100.0.4758.11 Safari/537.36	2023-05-21 12:09:15.921138+00	/admin/login/?next=/admin/
661	illuminationconcepts@gmail.com	144.217.10.40	\N	Mozilla/5.0 (Macintosh; Intel Mac OS X 10_15_7) AppleWebKit/537.36 (KHTML, like Gecko) Chrome/113.0.0.0 Safari/537.36	2023-05-31 22:21:17.150906+00	/admin/login/?next=/admin/
662	illuminationconcepts@gmail.com	144.217.10.40	\N	Mozilla/5.0 (Macintosh; Intel Mac OS X 10_15_7) AppleWebKit/537.36 (KHTML, like Gecko) Chrome/113.0.0.0 Safari/537.36	2023-05-31 22:21:33.216051+00	/admin/login/?next=/admin/
663	illuminationconcepts@gmail.com	144.217.10.40	\N	Mozilla/5.0 (Macintosh; Intel Mac OS X 10_15_7) AppleWebKit/537.36 (KHTML, like Gecko) Chrome/113.0.0.0 Safari/537.36	2023-05-31 22:37:48.921743+00	/admin/login/?next=/admin/
664	illuminationconcepts@gmail.com	144.217.10.40	\N	Mozilla/5.0 (Windows NT 10.0; Win64; x64) AppleWebKit/537.36 (KHTML, like Gecko) Chrome/113.0.0.0 Safari/537.36	2023-06-01 00:08:59.158054+00	/admin/login/?next=/admin/
665	illuminationconcepts@gmail.com	144.217.10.40	\N	Mozilla/5.0 (Windows NT 10.0; Win64; x64) AppleWebKit/537.36 (KHTML, like Gecko) Chrome/113.0.0.0 Safari/537.36	2023-06-01 00:09:09.027855+00	/admin/login/?next=/admin/
666	illuminationconcepts@gmail.com	144.217.10.40	\N	Mozilla/5.0 (Windows NT 10.0; Win64; x64) AppleWebKit/537.36 (KHTML, like Gecko) Chrome/113.0.0.0 Safari/537.36	2023-06-01 00:09:13.892795+00	/admin/login/?next=/admin/
667	illuminationconcepts@gmail.com	144.217.10.40	\N	Mozilla/5.0 (Windows NT 10.0; Win64; x64) AppleWebKit/537.36 (KHTML, like Gecko) Chrome/113.0.0.0 Safari/537.36	2023-06-01 00:09:21.411304+00	/admin/login/?next=/admin/
668	illuminationconcepts@gmail.com	144.217.10.40	\N	Mozilla/5.0 (Windows NT 10.0; Win64; x64) AppleWebKit/537.36 (KHTML, like Gecko) Chrome/113.0.0.0 Safari/537.36	2023-06-01 00:10:03.439885+00	/admin/login/?next=/admin/
669	illuminationconcepts@gmail.com	144.217.10.40	\N	Mozilla/5.0 (Windows NT 10.0; Win64; x64) AppleWebKit/537.36 (KHTML, like Gecko) Chrome/113.0.0.0 Safari/537.36	2023-06-01 00:10:12.428127+00	/admin/login/?next=/admin/
670	dladmin	144.217.10.40	\N	Mozilla/5.0 (Macintosh; Intel Mac OS X 10_15_7) AppleWebKit/537.36 (KHTML, like Gecko) Chrome/113.0.0.0 Safari/537.36	2023-06-01 15:57:05.370418+00	/admin/login/?next=/admin/
671	dladmin	144.217.10.40	\N	Mozilla/5.0 (Macintosh; Intel Mac OS X 10_15_7) AppleWebKit/537.36 (KHTML, like Gecko) Chrome/113.0.0.0 Safari/537.36	2023-06-01 15:57:13.607991+00	/admin/login/?next=/admin/
672	dladmin	144.217.10.40	\N	Mozilla/5.0 (Macintosh; Intel Mac OS X 10_15_7) AppleWebKit/537.36 (KHTML, like Gecko) Chrome/113.0.0.0 Safari/537.36	2023-06-01 15:57:31.146003+00	/admin/login/?next=/admin/
673	cnaustinlandscapelighting	144.217.10.40	\N	Mozilla/5.0 (Windows NT 6.1; WOW64) AppleWebKit/537.36 (KHTML, like Gecko) Chrome/100.0.4758.11 Safari/537.36	2023-06-05 01:34:30.385392+00	/admin/login/?next=/admin/
674	austinlandscapelighting	144.217.10.40	\N	Mozilla/5.0 (Windows NT 6.1; WOW64) AppleWebKit/537.36 (KHTML, like Gecko) Chrome/99.0.4844.84 Safari/537.36	2023-06-05 01:34:39.143297+00	/admin/login/?next=/admin/
\.


--
-- Data for Name: attachable_blocks_attachableblock; Type: TABLE DATA; Schema: public; Owner: -
--

COPY public.attachable_blocks_attachableblock (id, label, visible, created, updated, content_type_id) FROM stdin;
1	advantages-block	t	2021-07-13 11:51:54.77+00	2021-07-13 11:51:54.771+00	27
3	form-contact-block	t	2021-07-19 06:14:39.458+00	2021-07-19 06:14:39.458+00	12
4	service-block	t	2021-07-19 09:29:30.53+00	2021-07-22 11:14:52.337+00	38
8	gallery-block	t	2021-07-20 10:12:11.171+00	2021-08-10 19:52:59.006+00	31
9	testimonials-block	t	2021-07-20 11:01:58.072+00	2021-07-20 11:01:58.072+00	43
10	awards-block	t	2021-07-21 09:48:01.718+00	2021-07-21 09:48:01.718+00	29
11	service-benefits	t	2021-07-21 11:37:45.971+00	2021-07-21 11:37:45.972+00	41
12	testimonials-block-no-header	t	2021-07-23 11:43:00.067+00	2021-07-23 11:43:00.067+00	43
2	contact-block	t	2021-07-19 06:11:02.008+00	2021-08-30 12:36:32.351419+00	11
6	contact-block-phone	t	2021-07-20 05:50:28.625+00	2021-08-30 12:38:32.932023+00	11
\.


--
-- Data for Name: attachable_blocks_attachablereference; Type: TABLE DATA; Schema: public; Owner: -
--

COPY public.attachable_blocks_attachablereference (id, object_id, ajax, set_name, sort_order, block_id, block_ct_id, content_type_id) FROM stdin;
1	1	f	top	0	1	27	25
2	1	f	top	2	2	11	25
4	1	f	top	1	4	38	25
6	1	f	top	0	6	11	13
7	1	f	top	1	3	12	13
9	1	f	top	4	8	31	25
10	1	f	top	5	9	43	25
11	1	f	top	3	10	29	25
21	1	f	top	1	2	11	44
22	1	f	bottom	1	3	12	23
23	1	f	bottom	1	2	11	37
24	2	f	bottom	1	2	11	37
25	3	f	bottom	1	2	11	37
26	4	f	bottom	1	2	11	37
27	5	f	bottom	1	2	11	37
28	6	f	bottom	1	2	11	37
29	7	f	bottom	1	2	11	37
30	1	f	bottom	1	8	31	9
31	1	f	bottom	2	10	29	9
32	1	f	bottom	1	9	43	33
33	1	f	top	0	12	43	44
34	8	f	bottom	1	2	11	37
38	1	f	top	0	4	38	39
36	1	f	bottom	2	11	41	39
39	9	f	bottom	1	2	11	37
40	1	f	bottom	3	3	12	39
\.


--
-- Data for Name: auth_group; Type: TABLE DATA; Schema: public; Owner: -
--

COPY public.auth_group (id, name) FROM stdin;
1	Managers
\.


--
-- Data for Name: auth_group_permissions; Type: TABLE DATA; Schema: public; Owner: -
--

COPY public.auth_group_permissions (id, group_id, permission_id) FROM stdin;
1	1	10
2	1	11
3	1	12
4	1	13
5	1	14
6	1	15
7	1	25
8	1	26
9	1	27
10	1	28
11	1	29
12	1	30
13	1	31
14	1	32
15	1	33
16	1	34
17	1	35
18	1	36
19	1	37
20	1	38
21	1	39
22	1	40
23	1	41
24	1	42
25	1	43
26	1	44
27	1	45
28	1	46
29	1	47
30	1	48
31	1	49
32	1	50
33	1	51
34	1	52
35	1	53
36	1	54
37	1	55
38	1	56
39	1	57
40	1	58
41	1	59
42	1	60
43	1	61
44	1	62
45	1	63
46	1	64
47	1	65
48	1	66
49	1	67
50	1	68
51	1	69
52	1	70
53	1	71
54	1	72
55	1	73
56	1	74
57	1	75
58	1	76
59	1	77
60	1	78
61	1	79
62	1	80
63	1	81
64	1	82
65	1	83
66	1	84
67	1	85
68	1	86
69	1	87
70	1	88
71	1	89
72	1	90
73	1	91
74	1	92
75	1	93
76	1	94
77	1	99
78	1	100
79	1	101
80	1	116
81	1	117
82	1	118
83	1	119
84	1	120
\.


--
-- Data for Name: auth_permission; Type: TABLE DATA; Schema: public; Owner: -
--

COPY public.auth_permission (id, name, content_type_id, codename) FROM stdin;
1	Can add log entry	1	add_logentry
2	Can change log entry	1	change_logentry
3	Can delete log entry	1	delete_logentry
4	Can add permission	2	add_permission
5	Can change permission	2	change_permission
6	Can delete permission	2	delete_permission
7	Can add group	3	add_group
8	Can change group	3	change_group
9	Can delete group	3	delete_group
10	Can add content type	4	add_contenttype
11	Can change content type	4	change_contenttype
12	Can delete content type	4	delete_contenttype
13	Can add session	5	add_session
14	Can change session	5	change_session
15	Can delete session	5	delete_session
16	Can add site	6	add_site
17	Can change site	6	change_site
18	Can delete site	6	delete_site
19	Can add login attempt	7	add_loginattempt
20	Can change login attempt	7	change_loginattempt
21	Can delete login attempt	7	delete_loginattempt
22	Can add cron job log	8	add_cronjoblog
23	Can change cron job log	8	change_cronjoblog
24	Can delete cron job log	8	delete_cronjoblog
25	Can add settings	9	add_aboutconfig
26	Can change settings	9	change_aboutconfig
27	Can delete settings	9	delete_aboutconfig
28	Can add address	10	add_address
29	Can change address	10	change_address
30	Can delete address	10	delete_address
31	Can change settings	13	change_contactsconfig
32	Can change contacts thank you page	14	change_contactsthankyouconfig
33	Can delete message	15	delete_message
34	Can add notification receiver	16	add_notificationreceiver
35	Can change notification receiver	16	change_notificationreceiver
36	Can delete notification receiver	16	delete_notificationreceiver
37	Can add opening hours sequence	17	add_openinghours
38	Can change opening hours sequence	17	change_openinghours
39	Can delete opening hours sequence	17	delete_openinghours
40	Can add phone	18	add_phonenumber
41	Can change phone	18	change_phonenumber
42	Can delete phone	18	delete_phonenumber
43	Can add word	19	add_stopword
44	Can change word	19	change_stopword
45	Can delete word	19	delete_stopword
46	Can add request	20	add_specialofferrequest
47	Can change request	20	change_specialofferrequest
48	Can delete request	20	delete_specialofferrequest
49	Can change Special Offer settings	21	change_specialofferconfig
50	Can change special offer thank you page	22	change_specialofferthankyouconfig
51	Can add settings	23	add_faqconfig
52	Can change settings	23	change_faqconfig
53	Can delete settings	23	delete_faqconfig
54	Can add Question	24	add_question
55	Can change Question	24	change_question
56	Can delete Question	24	delete_question
57	Can change settings	25	change_mainpageconfig
58	Can add advantage	26	add_advantage
59	Can change advantage	26	change_advantage
60	Can delete advantage	26	delete_advantage
61	Can add Advantages block	27	add_advantagesblock
62	Can change Advantages block	27	change_advantagesblock
63	Can delete Advantages block	27	delete_advantagesblock
64	Can add award	28	add_award
65	Can change award	28	change_award
66	Can delete award	28	delete_award
67	Can add Awards block	29	add_awardblock
68	Can change Awards block	29	change_awardblock
69	Can delete Awards block	29	delete_awardblock
70	Can add Gallery block	31	add_galleryblock
71	Can change Gallery block	31	change_galleryblock
72	Can delete Gallery block	31	delete_galleryblock
73	Can add settings	33	add_portfolioconfig
74	Can change settings	33	change_portfolioconfig
75	Can delete settings	33	delete_portfolioconfig
76	Can change Privacy Policy Settings	36	change_privacypolicyconfig
77	Can add service	37	add_service
78	Can change service	37	change_service
79	Can delete service	37	delete_service
80	Can add settings	39	add_servicesconfig
81	Can change settings	39	change_servicesconfig
82	Can delete settings	39	delete_servicesconfig
83	Can add service benefit	40	add_servicebenefit
84	Can change service benefit	40	change_servicebenefit
85	Can delete service benefit	40	delete_servicebenefit
86	Can add Testimonial	42	add_testimonials
87	Can change Testimonial	42	change_testimonials
88	Can delete Testimonial	42	delete_testimonials
89	Can add Testimonials block	43	add_testimonialsblock
90	Can change Testimonials block	43	change_testimonialsblock
91	Can delete Testimonials block	43	delete_testimonialsblock
92	Can add settings	44	add_testimonialsconfig
93	Can change settings	44	change_testimonialsconfig
94	Can delete settings	44	delete_testimonialsconfig
95	Can add user	45	add_customuser
96	Can change user	45	change_customuser
97	Can delete user	45	delete_customuser
98	Can see hidden menu items	45	admin_menu
99	Can add attached block	47	add_attachablereference
100	Can change attached block	47	change_attachablereference
101	Can delete attached block	47	delete_attachablereference
102	Can add vote	54	add_ratingvote
103	Can change vote	54	change_ratingvote
104	Can delete vote	54	delete_ratingvote
105	Can add counter	56	add_counter
106	Can change counter	56	change_counter
107	Can delete counter	56	delete_counter
108	Can add redirect	57	add_redirect
109	Can change redirect	57	change_redirect
110	Can delete redirect	57	delete_redirect
111	Can change Defaults	58	change_seoconfig
112	Can change SEO data	59	change_seodata
113	Can add feed post	60	add_feedpost
114	Can change feed post	60	change_feedpost
115	Can delete feed post	60	delete_feedpost
116	Can change Links	61	change_sociallinks
117	Can change Settings	62	change_socialconfig
118	Can add Link	63	add_sociallink
119	Can change Link	63	change_sociallink
120	Can delete Link	63	delete_sociallink
\.


--
-- Data for Name: ckeditor_pagefile; Type: TABLE DATA; Schema: public; Owner: -
--

COPY public.ckeditor_pagefile (id, app_name, model_name, instance_id, file) FROM stdin;
\.


--
-- Data for Name: ckeditor_pagephoto; Type: TABLE DATA; Schema: public; Owner: -
--

COPY public.ckeditor_pagephoto (id, app_name, model_name, instance_id, photo, photo_crop) FROM stdin;
1	portfolio	portfolioconfig	1	0000/photo_1.jpg	
2	portfolio	portfolioconfig	1	0000/photo_2.jpg	
3	services	service	2	0000/photo_3.jpg	
4	services	service	2	0000/photo_4.jpg	
5	services	service	2	0000/photo_5.png	
6	services	service	4	0000/photo_6.jpg	
7	services	service	4	0000/photo_7.jpg	
8	services	service	4	0000/photo_8.jpg	
9	services	service	5	0000/photo_9.jpg	
10	services	service	5	0000/photo_10.png	
11	services	service	1	0000/photo_11.png	
12	services	service	1	0000/photo_12.png	
13	services	service	1	0000/photo_13.png	
14	services	service	1	0000/photo_14.png	
15	services	service	1	0000/photo_15.jpg	
16	services	service	7	0000/photo_16.jpg	
17	services	service	7	0000/photo_17.jpg	
18	services	service	8	0000/photo_18.jpg	
19	services	service	8	0000/photo_19.jpg	
20	services	service	3	0000/photo_20.jpg	
21	services	service	3	0000/photo_21.jpg	
22	services	service	9	0000/photo_22.jpg	
23	services	service	9	0000/photo_23.jpg	
24	services	service	9	0000/photo_24.jpg	
\.


--
-- Data for Name: ckeditor_simplephoto; Type: TABLE DATA; Schema: public; Owner: -
--

COPY public.ckeditor_simplephoto (id, app_name, model_name, instance_id, photo) FROM stdin;
1	about	aboutconfig	0	0000/photo_1.png
\.


--
-- Data for Name: contacts_address; Type: TABLE DATA; Schema: public; Owner: -
--

COPY public.contacts_address (id, address, city, region, zip, coords, sort_order, updated) FROM stdin;
1	155 Empire Ct	Austin	TX	78737	40.705667, -74.266640	1	2021-07-20 05:54:12.002+00
\.


--
-- Data for Name: contacts_contactblock; Type: TABLE DATA; Schema: public; Owner: -
--

COPY public.contacts_contactblock (attachableblock_ptr_id, header, description, btn_text) FROM stdin;
2	<span>\r\n  Your Custom Design Starts with a <strong class="yellow">Free</strong> Consultation\r\n</span>	If you want to enhance your outdoors, reach out to the Illumination Concepts Inc. team today. We can’t wait to make your outdoor lighting vision come to life.	Request A Free Lighting Consultation From Out Lighting Expert
6	<span>\r\n  Your Custom Design Starts with a <strong class="yellow">Free</strong> Consultation\r\n</span>	If you want to enhance your outdoors, reach out to the Illumination Concepts Inc. team today. We can’t wait to make your outdoor lighting vision come to life.	
\.


--
-- Data for Name: contacts_contactformblock; Type: TABLE DATA; Schema: public; Owner: -
--

COPY public.contacts_contactformblock (attachableblock_ptr_id, header, description, btn_text) FROM stdin;
3	Who We Are	Contact our Austin outdoor lighting experts today and ask us how we can enhance the image of your home and property.	Send a request
\.


--
-- Data for Name: contacts_contactsconfig; Type: TABLE DATA; Schema: public; Owner: -
--

COPY public.contacts_contactsconfig (id, image, title, header, description, text, btn_text, btn_url, updated, facebook_btn_text, facebook_url, alt_image, title_image) FROM stdin;
1	std_page/header/image_1_6rtdZAH.jpg	Contact Us	Contact Us	Get the expert advice on eco-friendly outdoor lighting!				2021-08-30 12:38:36.46719+00	We Are On Facebook	https://www.facebook.com/IlluminationConc/		
\.


--
-- Data for Name: contacts_contactsthankyouconfig; Type: TABLE DATA; Schema: public; Owner: -
--

COPY public.contacts_contactsthankyouconfig (id, image, title, header, description, text, btn_text, btn_url, updated, alt_image, title_image) FROM stdin;
1		Thank You!	Thank You!	Your application has been submitted!\nOur specialists will contact you as soon as possible. If you have an urgent question, you can call us		Go to the Home Page		2021-08-05 14:41:56.383+00		
\.


--
-- Data for Name: contacts_message; Type: TABLE DATA; Schema: public; Owner: -
--

COPY public.contacts_message (id, name, phone, message, date, referer, is_spam, email) FROM stdin;
14	test	12345678910	test msg. don't reply	2021-08-18 10:43:39.501754+00	https://austinlandscapelighting.us/contact/	f	
15	Test	12223334444	test message	2021-08-18 10:46:05.194675+00	https://austinlandscapelighting.us/contact/	f	
16	test	12223333444	testr	2021-08-18 10:47:58.421677+00	https://austinlandscapelighting.us/contact/	t	
17	test	12223334444	test message	2021-08-18 10:48:41.787524+00	https://austinlandscapelighting.us/contact/	f	
18	David Altounian	5126273399	Some lights not working. Doesn't seem to be bulbs. Needs service.	2021-08-21 21:44:21.553958+00	https://austinlandscapelighting.us/contact/	f	
19	Doug	8157511948	Hi! We just moved to Driftwood, TX, and have several large, beautiful live oaks and cedar elms around our home. We'd love to get a rough ballpark estimate of what it might cost for Illumination Concepts to install outdoor lighting around our home and on some of the trees	2021-08-22 01:46:09.757781+00	https://austinlandscapelighting.us/contact/	f	
21	Ryan Ray	5043059693	Do you service Round Rock? Can we get a quote?	2021-08-24 02:04:25.468978+00	https://austinlandscapelighting.us/contact/	f	
22	Karly from DLD	9702946601	Test Request	2021-08-26 18:41:06.7688+00	https://austinlandscapelighting.us/contact/	f	karly@directlinedev.com
25	Anthony Siela	15125775232	I'd like a quote for landscape lighting at my house at 1004 Maufrais St.  I was referred to Chris by Open Envelope.  Also, can chat with you about services for our company, Storybuilt.com.  Thx!	2021-09-01 14:30:46.79769+00	https://austinlandscapelighting.us/contact/	f	anthony@storybuilt.com
26	Lorena Bent	6612872048	Hi\r\nWe can help your website to get on first page of Google and increase the number of leads and sales you are getting from your website.\r\n\r\nGoogle top page → More Visitors → More Leads → More Customers → More Business\r\n\r\nPlease email us back for full proposal.\r\n\r\nBest Regards\r\nLorena	2021-09-15 07:01:40.613568+00	https://austinlandscapelighting.us/contact/	f	lorena.bent17@gmail.com
27	Ajay Waghray	4992235606	Hi! Our home needs lighting help. We want to light up some of the home exterior, along with areas of low visibility and the trees in the front yard of the house. Can you let us know when you can come out for an estimate and when you could do an install? Thank you!	2021-09-25 22:48:43.498414+00	https://austinlandscapelighting.us/contact/	f	ajay.waghray@gmail.com
28	Leticia Tena	15128888021	I'm interested in LED lights.\r\nAutomatic on and off lights.	2021-10-04 12:21:55.30664+00	https://austinlandscapelighting.us/contact/	f	ltena2015@gmail.com
29	Vishal Mehta	8473720858	Outdoor/house exterior lights	2021-10-15 18:56:58.562268+00	https://austinlandscapelighting.us/contact/	f	mehta.vishal@yahoo.com
30	Andy Schell	512-574-9463	I need to have a light you installed 2 years ago repaired.	2021-10-17 22:36:06.418678+00	https://austinlandscapelighting.us/contact/	f	Andy@MBS-team.com
31	Monica McClain	2817265845	Hello! We are interested in adding LED landscape lighting to our front yard. Essentially, we are wanting 10-12 path lights, two up lights to project on the walls of our house, and 2 spotlights for our palm tree. Can you please provide a rough estimate for the cost of installation and lights? Also, are we required to purchase lights through your company, or may we purchase our own in advance? Thank you for your help!	2021-10-20 00:15:00.770622+00	https://austinlandscapelighting.us/contact/	f	monicaashley42@yahoo.com
32	Malay Biswas	5108611700	Looking for installing smart LED color changing soffit lights at my house.	2021-10-22 02:11:24.9109+00	https://austinlandscapelighting.us/contact/	f	biswas.malay@gmail.com
33	Haidee. Jugmans	5124198278	I have an existing landscape lights but they are old and some lights are not working. Would like to switch to LED and maybe suggestions on light placement or other modifications. Front yard only	2021-10-22 20:49:17.61683+00	https://austinlandscapelighting.us/contact/	f	haideejugmans@gmail.com
34	Shuvojit Chowdhury	9253938442	Looking for installing exterior downlighting from the roof .Please call 9253938442 or email antu75@gmail.com	2021-10-24 05:31:11.363874+00	https://austinlandscapelighting.us/contact/	f	antu75@gmail.com
35	Rebecca	5124234194	Hi there, I'm interested in outdoor lighting consultation.  Thank you!	2021-10-26 20:18:24.51589+00	https://austinlandscapelighting.us/contact/	f	rebedv@yahoo.com
36	Robert Whiteside	7195100644	Request lighting consultation in 78722	2021-10-27 11:08:03.556566+00	https://austinlandscapelighting.us/contact/	f	rob_whiteside@yahoo.com
37	Massey Rafani	8182073838	Need an assessment of a large existing low voltage system to inspect, repair replace and possibly add to and/or enhance a high end 5 acre property in Round Rock.	2021-10-29 01:33:01.409269+00	https://austinlandscapelighting.us/contact/	f	bodhi123@hormail.com
38	Terrah holder	7604648570	Interested in landscape lighting. Our home is located in Spicewood	2021-10-30 18:29:13.37378+00	https://austinlandscapelighting.us/contact/	f	holders2822@gmail.com
39	Eugenio	5129858848	I would like a free quote to illuminate our front house yard and  patio	2021-11-08 02:22:00.611227+00	https://austinlandscapelighting.us/contact/	f	eugeniovalerio@icloud.com
40	Brian Pike	3107090643	recently purchased this one acre property that has no landscape lighting and very little lighiting of the home itself.  We want to light the front and rear of the home.	2021-11-08 23:32:52.259539+00	https://austinlandscapelighting.us/contact/	f	bpike123@gmail.com
41	Leslie Marie Sharp	5127582601	Hello, \r\n\r\nI need a lighting solution for my outdoor patio area. Id like to make an appointment for someone to view my patio, get a plan and an estimate. Thank you. \r\n\r\nLeslie	2021-11-10 03:00:49.973289+00	https://austinlandscapelighting.us/contact/	f	leslie.sharp@me.com
42	Emily Anderson	5125694759	We would like to install lighting in our back yard. Looking for path and lighting in trees.	2021-11-14 19:45:09.562936+00	https://austinlandscapelighting.us/contact/	f	emilyvey@gmail.com
43	Nathalie D'Alessandro	5126535149	I would like to set a meeting to get a quote on landscape lighting.  The afternoons work best for my schedule.   I live in Rim Rock Driftwood.    Thank you,\r\n\r\nNathalie	2021-11-15 13:44:58.209726+00	https://austinlandscapelighting.us/contact/	f	natdalessandro71@gmail.com
44	Kalyani thippana	5127309101	Estimate for outdoor lighting	2021-11-22 15:22:43.471439+00	https://austinlandscapelighting.us/contact/	f	kalyani_sodem@yahoo.com
45	Meghan Goddin	2143356176	Hello,\r\nWe are interested in getting professional guidance on a landscape lighting plan. I’d love to talk to someone and potentially schedule  a visit at your convenience. We live near 45th and Lamar.	2021-11-27 21:21:27.038368+00	https://austinlandscapelighting.us/contact/	f	meghan.goddin@gmail.com
46	Deanna Kuykendall	5122177355	Interested in strategically placed exterior lights to accent my home and provide security.	2021-12-02 19:05:07.958436+00	https://austinlandscapelighting.us/contact/	f	deanna.kuykendall@gmail.com
47	Chris Byrd	9792042228	interested in exterior home and landscape lighting…\r\n\r\nAddress - 13008 Country Trails Lane	2021-12-06 17:11:21.358143+00	https://austinlandscapelighting.us/contact/	f	chrisbyrd02@gmail.com
62	Paul Ramon	817-247-7411	I received an email from yall offering a discount on repairs.  I would like to request a meeting for an estimate to do repairs. Thanks Paul Ramon	2022-03-15 19:08:16.983418+00	https://austinlandscapelighting.us/contact/	f	paul@ramonroofing.com
48	Frank Lewis	9330442191	Hello,\r\n \r\nHow are you? Hope you are fine.\r\n \r\nI have been checking your website quite often. It has seen that the main keywords are still not in top 10 rank. You know things of working; I mean the procedure of working has changed a lot.\r\n \r\nSo I would like to have opportunity to work for you and this time we will bring the keywords to the top 10 spot with guaranteed period.\r\n \r\nThere is no wondering that it is possible now cause, I have found out that there are few things need to be done for better performances (Some we Discuss ,in this email). Let me tell you some of them -\r\n \r\n1. Title Tag Optimization\r\n2. Meta Tag Optimization (Description, keyword and etc)\r\n3. Heading Tags Optimization\r\n4. Targeted keywords are not placed into tags\r\n5. Alt / Image tags Optimization\r\n6. Google Publisher is missing\r\n7. Custom 404 Page is missing\r\n8. The Products are not following Structured markup data\r\n9. Website Speed Development (Both Mobile and Desktop )\r\n10.Off –Page SEO work\r\n \r\nLots are pending……………..\r\n \r\nYou can see these are the things that need to be done properly to make the keywords others to get into the top 10 spot in Google Search & your sales Increase.\r\n \r\n \r\nSir/ Madam, please give us a chance to fix these errors and we will give you rank on these keywords.\r\n \r\nPlease let me know if you encounter any problems or if there is anything you need. If this email has reached you by mistake or if you do not wish to take advantage of this advertising opportunity, please accept my apology for any inconvenience caused and rest assured that you will not be contacted again.\r\n \r\nMany thanks for your time and consideration,\r\n \r\nLooking forward\r\n \r\nRegards\r\n\r\nFrank Lewis\r\n\r\n          If you did not wish to receive this, please reply with "unsubscribe" in the subject line.	2021-12-16 12:25:02.786643+00	https://austinlandscapelighting.us/contact/	f	frankrklewis@gmail.com
49	SARA KOCEK	2032535863	I live in a house on a large corner lot in Shady Hollow in South Austin, and I would like to add professional landscape lighting to the front yard to highlight some of our trees and crepe myrtles as well as along the pathway to the front door. (And probably some lights pointed up at the house as well.) I'm looking to get a quote over the next few weeks if possible and schedule the installation for sometime in Spring 2022. My address is 11508 Silmarillion Trail in south Austin. Thank you!\r\nBest,\r\nSara (203-253-5863)	2021-12-17 22:29:30.37219+00	https://austinlandscapelighting.us/contact/	f	sara.kocek@gmail.com
50	Melody Parsons	5123010722	Our current landscape lights have run their course and need replacing. There aren't a lot of them. I just don't have the skill set to work with electricity. Do you do low end projects like simple landscape lights  around the front of a house, or are you more of a high end design company? Your website is lovely and your work is too. We live in Oak Hill at 7418 Whistlestop Drive.	2022-01-12 15:35:52.373941+00	https://austinlandscapelighting.us/contact/	f	mparsonstexas@gmail.com
51	Amy Lin	8323486819	Hi! \r\nWould you be able to help provide quotes to install lights above the parking spots here and maybe some on the side of the building as well? \r\nAddress: 1509 Camp Craft Rd, West Lake Hills, TX 78746\r\n \r\n\r\nThank you,	2022-01-21 03:12:55.173754+00	https://austinlandscapelighting.us/contact/	f	amyjlin5@gmail.com
52	Lora Reynolds	9136206766	Hello! I wanted to schedule a consultation at 913 Calithea rd, 78746. The house is new construction and we need additional landscape lighting in the back of the house and at the front gate. I look forward to hearing from you!	2022-01-24 16:14:49.693429+00	https://austinlandscapelighting.us/contact/	f	brewerkylie@gmail.com
53	Ryan Lanier	5127997994	Hi, I left a voicemail. We are current customers (well from years ago) but we need to have ya'll out for some adjustments and assessment as to why they won't come on at all. 512-799-7994 Address 5828 Linaria Ln 78759	2022-01-24 16:20:10.05014+00	https://austinlandscapelighting.us/contact/	f	ryanlanier5@gmail.com
54	David Nguyen	5125856792	I'd like to setup a consultation for potential outdoor lighting design for my commercial space ASAP.\r\nThanks,\r\nDave\r\n512-585-6792	2022-01-26 22:53:45.421961+00	https://austinlandscapelighting.us/contact/	f	dvdnguyen@gmail.com
55	Hallie Cardwell	512-422-3056	I sent an e-mail to Chris.  I need to set up an appointment for a lighting system you installed in my yard.  The lights do not come on.  It is a Lutron system with some tree lighting and posts along the driveway.  Thank you.	2022-01-27 02:53:40.26303+00	https://austinlandscapelighting.us/contact/	f	hcardwell@austin.rr.com
56	German SALDIVAR	5126992876	I would like a quote for accent lighting for my home.	2022-02-01 03:58:36.434879+00	https://austinlandscapelighting.us/contact/	f	German@defentec.io
57	Laura Salazar	7138206881	Hi! I'm in your area and would be happy to visit your business and submit a bid for your recurring weekly (or more)janitorial and disinfection needs.\r\n\r\nWould you like to compare pricing on your office cleaning service?\r\n\r\nI'd be happy to provide you with a no-obligation quote on your facilities cleaning.\r\n\r\nPlease simply respond and I will send next steps.\r\n\r\nRegards,\r\nLaura\r\n\r\nLaura Salazar\r\nExecutive\r\nVanguard Cleaning Systems\r\n(713) 820-6881\r\nlaura@vcstx.com\r\n\r\nRespond with stop to optout.	2022-02-11 11:31:23.449477+00	https://austinlandscapelighting.us/contact/	f	laura@vcstx.com
58	Blake Stotler	2817323093	I need some repair work, adjustments and additions to my lighting.\r\n2285 Avenida High View\r\nDriftwood, TX 78619	2022-02-12 17:18:11.642425+00	https://austinlandscapelighting.us/contact/	f	blake@stotlerfeed.com
59	Jack Stevens	5126981772	Hi Chris, I have 2 new projects I was hoping you could look at. First, when Edson was here last, he replaced two lights that were still in warranty from Nick Tennis' original job.  There was actually a third light that had failed.  I was wondering if it was still in warranty and if it could be replaced.  Second, and larger project, I was thinking about installing a system of high quality wrap around tree lights in the backyard. 2-3 trees. probably 15 feet high. I would like to control it by app (eg:wemo). There is no rush, except maybe acting on the warranty.  Thanks!  -Jack	2022-02-18 17:19:44.54981+00	https://austinlandscapelighting.us/contact/	f	jackstevensmd@gmail.com
60	Kris Lopez	9179858425	Hello:\r\n\r\nMy name is Kris from Anago of Austin. We specialize in cleaning commercial properties. \r\n\r\nI am reaching out to see if we can offer you our cleaning estimate for your review?\r\n\r\nIt's a no cost, no obligation proposal. We just want to help assist in the prevention of Corona-virus in your facility.\r\n\r\nAnago of Austin is a fully insured innovative on-demand cleaning service that redefines the concept of a healthy living or work space. We offer a state of the art cleaning program servicing commercial clients as well as a Covid-19 Disinfection & Sanitization service using only EPA approved products which creates an uninhabitable environment for germs. We proudly service commercial locations such as churches, hotels, hospitals, daycare, senior care facilities, schools, athletic facilities, and more.\r\n\r\nI'm wondering perhaps I can have my Account Executive stop by for an estimate next week?\r\n\r\nWe look forward to hearing from you.\r\n\r\nKris\r\nAnago of Austin\r\n917-985-8425	2022-02-25 03:12:34.399321+00	https://austinlandscapelighting.us/contact/	f	krisl88@yahoo.com
61	Anna Lindsey	5127455959	Looking to get quote for outdoor lighting for the front and back of my home.	2022-03-07 19:30:14.90742+00	https://austinlandscapelighting.us/contact/	f	annamarielindsey@gmail.com
63	mark Volz		Need to have a tech come out to my house for lighting repairs.\r\n\r\nThank you	2022-03-22 14:07:21.306488+00	https://austinlandscapelighting.us/contact/	f	markvolz1956@gmail.com
64	Todd Lawrence	5125697230	Interested in landscape lighting/exterior lighting, back pool deck lighting, etc.	2022-03-27 20:39:52.53006+00	https://austinlandscapelighting.us/contact/	f	greendisc@gmail.com
65	Dave Murray	5124221273	Chris:\r\nI have several bulbs on our deck lighting that need to be replaced asap. Thank you!	2022-03-28 17:56:16.991672+00	https://austinlandscapelighting.us/contact/	f	davemurray.nc@gmail.com
66	SUSAN K Paulos	15126897810	We have a low voltage system that needs to be repaired or replaced,  The address is 6309 West Courtyard Drive, Austin, 78730.	2022-04-01 17:29:47.396108+00	https://austinlandscapelighting.us/contact/	f	paulos@alum.mit.edu
67	Lexi Scott	8304280614	Hello,\r\n\r\nHope this email finds you well.\r\n\r\nMy name is Lexi, Marketing Associate from Anago of Austin.\r\n\r\nWe are local janitorial services specializing in cleaning and sanitation services. We would be happy to provide you a free estimate for your facility. It's a no cost and no obligation proposal.\r\n\r\nCan we have an appointment with you next week for 10 minutes to brief you about our services and cost?\r\n\r\nKindly let me know the best day & time for next week. Thank you!\r\n\r\n\r\nBest Regards,\r\n\r\nLexi Scott\r\nMarketing Team\r\nAnago of Austin\r\n830-428-0614	2022-04-22 09:24:27.446802+00	https://austinlandscapelighting.us/contact/	f	italk.austintexas@gmail.com
68	Brian	2149088003	Looking for quote for backyard lighting for walkway	2022-05-15 20:39:48.545456+00	https://austinlandscapelighting.us/contact/	f	brian.timon@yahoo.com
69	Kaitlyn Jones	4256983775	I’m interested in landscape lighting and home accent lighting	2022-05-23 03:43:14.26024+00	https://austinlandscapelighting.us/contact/	f	kaitlyn.k.jones88@gmail.com
70	Alexia Vega	954-302-2925	To whom this may concern,\r\n\r\nI wanted to speak with you regarding our publication, The Austin Edition of Golfer’s Magazine. We are allowed to list 2 companies per Industry for this publication which is a good for a year. It´s different from advertising online or in The Yellow Pages where there are multiple companies that provide the services that you provide. It´s also a good way to get your Business Name inside of these Clubs and target these homeowners, members, guests, etc. who would seek your services and can afford it. Please take a look at the information below and if you are interested in being 1 of the 2 Landscape Lighting Designers that we are allowed to list, please contact me. My contact information is listed down below.\r\n\r\nThank You,\r\n\r\nAlexia\r\n\r\nGolfer’s Magazine stands apart as the premier publisher for businesses and services that want to cater to Individuals of high-end country clubs. Our Austin Edition of “Golfer’s Magazine” will prove to be no exception. As one of the Recommended Services/Businesses, your listing in our magazine will be made available free of charge to the homeowners, members, guests, etc. of the high-end country clubs where they are distributed.\r\n\r\nI am enclosing a few items with this note. One is a link to our web site, which I highly encourage you to visit. Another is my contact information as well as a list of the facilities that receive our Country Club Magazine. We do look forward to earning your business and designing an AD for you soon. \r\n\r\nThank you for your time. Have a great day!!\r\n\r\nSincerely,\r\n\r\nAlexia Vega\r\n(954) 302-2925\r\n \r\nView one of our publications at https://golfersmagazine.net/golfers-magazine/\r\nPassword is publications123\r\n\r\n\r\nClub List (10)\r\nAustin Country Club\r\nGrey Rock Golf Club\r\nOnion Creek Club\r\nRiver Place Country Clu\r\nUniversity of Texas Golf Club\r\nCimarron Hills Golf & Country Club\r\nGeorgetown Country Club\r\nShadow Glen Golf Club\r\nSpanish Oaks Golf Club\r\nTeravista Golf Club	2022-05-23 16:00:54.175171+00	https://austinlandscapelighting.us/contact/	t	alexia@golfersmagazine.net
71	Lexi Scott	8304280614	Hello,\r\n\r\nHope this email finds you well.\r\n\r\nMy name is Lexi, Marketing Associate from Anago of Austin.\r\n\r\nWe are local janitorial services specializing in cleaning and sanitation services. We would be happy to provide you a free estimate for your facility. It's a no cost and no obligation proposal.\r\n\r\nCan we have an appointment with you next week for 10 minutes to brief you about our services and cost?\r\n\r\nKindly let me know the best day & time for next week. Thank you!\r\n\r\n\r\nBest Regards,\r\n\r\nLexi Scott\r\nMarketing Team\r\nAnago of Austin\r\n830-428-0614	2022-05-25 01:21:06.713659+00	https://austinlandscapelighting.us/contact/	f	italk.austintexas@gmail.com
72	Neeraj Obhrai	5125915732	Hello,\r\nWe had a package installed a year or so back with you and one of the lights has stopped working. Can someone please come in to look at it?\r\nThank you\r\nNeeraj	2022-05-27 15:07:02.634184+00	https://austinlandscapelighting.us/contact/	f	neerajobhrai@yahoo.com
73	C	512-963-3121	lights	2022-06-08 18:04:56.068603+00	https://austinlandscapelighting.us/contact/	f	calf21@hotmail.com
74	c	5129133009	dd	2022-06-09 23:05:23.87401+00	https://austinlandscapelighting.us/contact/	f	calf21@hotmail.com
75	Evelyn Howard	512-415-3420	I would like to schedule a consultation to get an estimate for landscape lights.	2022-06-11 20:28:43.785503+00	https://austinlandscapelighting.us/contact/	f	howardkc91@gmail.com
76	Uming Ko	(972) 965-8284	Good morning, staff,\r\n\r\nAbout to start the landscape lighting project.\r\nIf interested, please provide a cost estimate for the front yard landscaping lighting (110V line voltage, not low-voltage) with about 12 junction boxes total.\r\n\r\nThanks,\r\nUming	2022-07-13 15:56:50.30745+00	https://austinlandscapelighting.us/contact/	f	uko529@gmail.com
77	David Skonieczny	5129637219	hi, we have 2 zones, wired and separate transformers\r\nLooking to revisit and make fully operational to best compliment our unique home	2022-07-17 03:13:20.54008+00	https://austinlandscapelighting.us/contact/	f	dskezcommerce@gmail.com
78	Alexia Vega	954-302-2925	To whom this may concern,\r\n\r\nI wanted to speak with you regarding our publication, The Austin Edition of Golfer’s Magazine. We are allowed to list 2 companies per Industry for this publication which is a good for a year. It´s different from advertising online or in The Yellow Pages where there are multiple companies that provide the services that you provide. It´s also a good way to get your Business Name inside of these Clubs and target these homeowners, members, guests, etc. who would seek your services and can afford it. Please take a look at the information below and if you are interested in being 1 of the 2 Landscape Lighting Designers that we are allowed to list, please contact me. My contact information is listed down below.\r\n\r\nThank You,\r\n\r\nAlexia\r\n\r\nGolfer’s Magazine stands apart as the premier publisher for businesses and services that want to cater to Individuals of high-end country clubs. Our Austin Edition of “Golfer’s Magazine” will prove to be no exception. As one of the Recommended Services/Businesses, your listing in our magazine will be made available free of charge to the homeowners, members, guests, etc. of the high-end country clubs where they are distributed.\r\n\r\nI am enclosing a few items with this note. One is a link to our web site, which I highly encourage you to visit. Another is my contact information as well as a list of the facilities that receive our Country Club Magazine. We do look forward to earning your business and designing an AD for you soon. \r\n\r\nThank you for your time. Have a great day!!\r\n\r\nSincerely,\r\n\r\nAlexia Vega\r\n(954) 302-2925\r\n \r\nView one of our publications at https://golfersmagazine.net/golfers-magazine/\r\nPassword is publications123\r\n\r\n\r\nClub List (10)\r\nAustin Country Club\r\nGrey Rock Golf Club\r\nOnion Creek Club\r\nRiver Place Country Clu\r\nUniversity of Texas Golf Club\r\nCimarron Hills Golf & Country Club\r\nGeorgetown Country Club\r\nShadow Glen Golf Club\r\nSpanish Oaks Golf Club\r\nTeravista Golf Club	2022-07-19 18:42:22.849044+00	https://austinlandscapelighting.us/contact/	t	alexia@golfersmagazine.net
79	Mike Calvin	5126193605	Recent landscaping projects have damaged a fair amount of the outdoor lighting.  Need estimate to come in and get everything back in good working order	2022-07-20 20:52:36.705425+00	https://austinlandscapelighting.us/contact/	f	mlc99992003@yahoo.com
80	Cody Packer	7372624166	Looking to revamp our system	2022-07-26 19:44:21.128949+00	https://austinlandscapelighting.us/contact/	f	codyjpacker@gmail.con
81	Eric Singleton	5126588215	Looking to do some tree lighting, bistro lighting and moonlighting around the house.	2022-08-02 19:42:59.715551+00	https://austinlandscapelighting.us/contact/	f	eric.singleton@outlook.com
82	Matt	2034929977	Have a system that is in need of repair and upgrades.	2022-08-13 18:06:11.009817+00	https://austinlandscapelighting.us/contact/	f	mattbecker_71@yahoo.com
83	Susie Posey	5129149565	Hi I was just looking to start with my walkway up to the front door and was hoping for an estimate and possibilities	2022-08-13 19:19:31.753003+00	https://austinlandscapelighting.us/contact/	f	drsusieposey@gmail.com
84	Julie	503 989 5559	We would like to illuminate our backyard with some lighting. We have a pool, little cabana, and a walkway. We would like to add some motion lights to the side of our house too.	2022-08-19 15:24:44.143502+00	https://austinlandscapelighting.us/contact/	f	juliedelatorre@outlook.com
85	Rick Earp	9165408321	Looking to get lights set up for the front exterior, driveway(long) and back deck potentially	2022-08-20 01:43:15.801257+00	https://austinlandscapelighting.us/contact/	f	rdcearp@gmail.com
86	Susan Kruger	5129442560	We have landscape lighting, but a couple of the lights are broken and need replaced.  I am also thinking of  replacing the current lights with LED.  Do you do repairs to existing lighting?  Thanks!	2022-08-24 01:41:24.264215+00	https://austinlandscapelighting.us/contact/	f	markka_nance_0r@icloud.com
87	Oneish Simpson	404-713-1499	I am looking to get accent lighting for the outside of my home. I am located in Harker Heights TX.	2022-08-28 18:57:19.953897+00	https://austinlandscapelighting.us/contact/	f	mrsimpson22@gmail.com
88	Roger Vasseur	8329814756	We’re Houston-based with a national presence and have a great reputation with our recurring janitorial and disinfection clients. We’d love the opportunity to share why we’ve been so successful in this market.\r\n\r\nWould you like to compare pricing on your office cleaning service, or having your space cleaned addressing your cleaning issues i.e. COVID, communication, shoddy work, etc.?\r\n\r\nI'd be happy to send you a no-obligation quote on your facilities cleaning.\r\n\r\nPlease simply respond to this email and I’ll send the next steps.\r\n\r\nRegards,\r\nRoger\r\n\r\nRoger Vasseur\r\nPresident\r\nSystem4 Facility Services\r\n(832) 981-4756\r\nroger@system4houston.com\r\n\r\nPlease respond with "stop" to opt out.	2022-08-29 09:54:52.635065+00	https://austinlandscapelighting.us/contact/	f	roger@system4houston.com
89	Prashanth	5038694065	Home Accent lighting	2022-08-30 01:24:39.625044+00	https://austinlandscapelighting.us/contact/	f	cbpr111@outlook.com
90	Alexia Vega	954-302-2925	To whom this may concern,\r\n\r\nI wanted to speak with you regarding our publication, The Austin Edition of Golfer’s Magazine. We are allowed to list 2 companies per Industry for this publication which is good for a year. It´s different from advertising online or in The Yellow Pages where there are multiple companies that provide the services that you provide. Well after 3 months this publication’s sales deadline is on Tuesday, September 6th and we do not have an Outdoor Lighting Designer listed for this publication and I was wondering if you would be interested in being the only Outdoor Lighting Designer listed for this publication? Our designers are in-house so we can start on your AD right away which we design at no extra cost. If so, please contact me. My contact information is listed down below.\r\n\r\nThank You,\r\n\r\nAlexia\r\n\r\nGolfer’s Magazine stands apart as the premier publisher for businesses and services that want to cater to Individuals of high-end country clubs. Our Austin Edition of “Golfer’s Magazine” will prove to be no exception. As one of the Recommended Services/Businesses, your listing in our magazine will be made available free of charge to the homeowners, members, guests, etc. of the high-end country clubs where they are distributed.\r\n\r\nI am enclosing a few items with this note. One is a link to our web site, which I highly encourage you to visit. Another is my contact information as well as a list of the facilities that receive our Country Club Magazine. We do look forward to earning your business and designing an AD for you soon. \r\n\r\nThank you for your time. Have a great day!!\r\n\r\nSincerely,\r\n\r\nAlexia Vega\r\n(954) 302-2925\r\n \r\nView one of our publications at https://golfersmagazine.net/golfers-magazine/\r\nPassword is publications123\r\n\r\n\r\nClub List (10)\r\nAustin Country Club\r\nGrey Rock Golf Club\r\nOnion Creek Club\r\nRiver Place Country Clu\r\nUniversity of Texas Golf Club\r\nCimarron Hills Golf & Country Club\r\nGeorgetown Country Club\r\nShadow Glen Golf Club\r\nSpanish Oaks Golf Club\r\nTeravista Golf Club	2022-08-30 19:48:13.130232+00	https://austinlandscapelighting.us/contact/	t	alexia@golfersmagazine.net
91	Brennan Mendez	12064124692	We are looking to add some landscape lighting to a strip of beds up against our house and would like some ideas and a quote. \r\n\r\n164 Pear Tree Ln \r\nAustin TX 78737	2022-09-06 00:08:19.944383+00	https://austinlandscapelighting.us/contact/	f	BrennanMendezWA@gmail.com
92	Scott Olson	5127694894	Good Morning,\r\nMy name is Scott Olson and I am located in Dripping Springs. I would like to get an estimate for landscape lighting around my front yard. Please reach out with any questions/concerns.\r\nThank You!\r\nScott	2022-09-06 13:08:25.426872+00	https://austinlandscapelighting.us/contact/	f	scottgolson@yahoo.com
93	test	1111111111	test	2022-09-13 15:05:52.003847+00	https://austinlandscapelighting.us/contact/	f	test@gmail.com
94	Robert	9037522316	Looking for accent lighting, and the proper placement of each. As well for  certain trees on the property	2022-09-17 00:09:15.269107+00	https://austinlandscapelighting.us/contact/	f	judah3813@gmail.com
95	Eric Carden	9493021625	Hi-\r\n\r\nId like to get a quote for landscape lighting at my residence. 78619.	2022-09-19 22:20:42.951689+00	https://austinlandscapelighting.us/contact/	f	ericcarden@me.com
96	Bob Dale	5126588929	We would like to repair some fixtures and add more lights to our existing low voltage lighting system around our yard, pool, and patio.	2022-09-23 20:22:58.693847+00	https://austinlandscapelighting.us/contact/	f	bob.dale.austin@gmail.com
97	Mark Flores	3477522927	Interested landscape and residential lighting.	2022-09-25 19:11:02.650878+00	https://austinlandscapelighting.us/contact/	f	mfloreson@aol.com
98	Tim Hendricks	5127710188	I need some help with landscape lighting. Some of the zones are not coming on, and one of them started flickering. Thanks!	2022-09-26 15:12:55.111917+00	https://austinlandscapelighting.us/contact/	f	tim@512re.com
99	Bob Dale	5126588929	We would like to repair some fixtures and add more lights to our existing low voltage lighting system around our yard, pool, and patio.	2022-09-29 20:29:01.951392+00	https://austinlandscapelighting.us/contact/	f	bob.dale.austin@gmail.com
100	Sanjeev Yadav	7077060205	Hi,\r\nWe are an India-based SEM & Web Development company. We are a team of 50+ IT professionals with expertise in:\r\nSearch Engine Marketing:\r\n1.\t  Keyword Research & Analysis\r\n2.\t  Web Competition Research & Analysis\r\n3.\t  On-page SEO\r\n4.\t  Off-page SEO\t\t\t\t\t\t\t\t\t\t\t\t\t\t\t\t  \r\n5.\t  Local SEO\r\n6.\t  Content Marketing\r\n7.\t  Backlinks Acquisition\r\nWe'd be happy to send you  WEBSITE AUDIT REPORT , (MENTION YOUR WEBSITE DETAILS), our PRICING & PACKAGE details if you'd like to assess our work.\r\nLooking forward to hearing from you.\r\nWarm Regards,\r\nSanjeev Yadav	2022-09-30 13:00:23.584497+00	https://austinlandscapelighting.us/contact/	f	seo5@promote-website.com
101	Jody Hooten	512-810-8796	We would like to schedule a service call for broken outdoor light in our backyard close to the back fence. If you could also check our timers and make sure they are set appropriately. Thanks! We're at 6209 Soter Pkwy	2022-10-12 15:50:28.894787+00	https://austinlandscapelighting.us/contact/	f	jjhooten@austin.rr.com
102	MIKE EDWARDS	5124966747	Needing to check and repair all our path lighting and landscape lighting.  I believe you have done this for us before.  6316 Northgrove Rd, Austin, Tx 78731	2022-10-17 18:26:22.673456+00	https://austinlandscapelighting.us/contact/	f	MIKEE@FIRSTINNOVATIONS.COM
103	Samantha Hunter	5129099078	Hi, need a price on removing our old leaning lamp post and installing a new one. Also removing the 3 garage lights and installing 3 new ones to match.	2022-10-24 19:36:14.113652+00	https://austinlandscapelighting.us/contact/	f	sjhunter@live.co.uk
104	Melissa Wilson	5209070834	I received your information from a friend. Looking for a quote for front on the house lighting including flower beds and around the house. \r\nOur address is 2611 Green Giant Dr 76548	2022-11-01 14:52:04.730211+00	https://austinlandscapelighting.us/contact/	f	lilceley@msn.com
105	Tom Jordan	6128888872	Hi! I'm in Texas and would be happy to visit your business and submit a bid for your recurring weekly (or more) janitorial and disinfection needs.\r\n\r\nWould you like to compare pricing on your office cleaning service?\r\n\r\nI'd be happy to provide you with a no-obligation quote on your facilities cleaning.\r\n\r\nPlease simply respond and I will send next steps.\r\n\r\nThanks,\r\nTom\r\n\r\nTom Jordan\r\nDirector of Operations\r\nCommercial Cleanrs\r\n(612) 888-8872\r\ntom@commercialcleanrsinc.com\r\n\r\nPlease respond with "stop" to optout.	2022-11-30 21:53:25.41347+00	https://austinlandscapelighting.us/contact/	f	tom@commercialcleanrsinc.com
106	Michael Maxpower with LED STORY	+8618552172067	RE: business cultivations for LED landscape lights and cast brass fixture cooperative dedications from LED STORY\r\n\r\nHello, Illumination Concepts team,\r\n\r\nThis is Michael Maxpower with LED STORY (www.ledstory.com / www.outdoorlightspro.com). We're manufacturer and global supplier of LED landscape lights & cast brass fixtures.  \r\n\r\nHaving been engaged in the landscape lighting & fixtures production for decades, an "All-in & to-Door" delivery is available for order batches in a swift manner, leaving clients without any distractions.\r\n\r\nShould you have scheduled projects or purchasing plans that may need our landscape lights & fixtures or bespoke designs to develop, kindly contact <michael.maxpower@ledstory.com>/008618552172067(WeChat / WhatsApp), thanks.\r\n\r\nP.S: Aforementioned "To-door" Delivery is applicable for order batches of samples, dozens/hundreds or thousands plus massive FCL lights/fixtures purchasing. \r\n\r\nContact us today to get the best solution and we'll be expecting your approaching for cooperation.\r\n\r\n--\r\nBest,\r\nMichael\r\nwith LED STORY\r\nmichael.maxpower@ledstory.com\r\n008618552172067/008613961687987\r\n(Both applicable for WhatsApp & WeChat)	2022-12-20 06:43:45.430364+00	https://austinlandscapelighting.us/contact/	t	michael.maxpower@ledstory.com
107	charlotte Jennet	2063095272	Hello\r\n\r\nI checked your website and found some major issues with respect to Google... and that is why it is not showing up on first page of Google.com. \r\nWe can help you with getting your website on the first page of Google. \r\n\r\nAll our work is on month to month basis, no long term contracts and we send reports in every 2 weeks that will show you clear progress.\r\n\r\nWe can also do a FREE NO OBLIGATION Analysis Report for your website. \r\n\r\nWe look forward to hearing from you soon.\r\n\r\nThanks\r\n\r\nBest Regards\r\ncharlotte	2022-12-21 11:34:19.53158+00	https://austinlandscapelighting.us/contact/	f	charlotte.jennet@gmail.com
108	Connie Walsh	214 680 4359	Happy New Year!  \r\nYes, we do need to have a few repairs & tweaking some lighting possibly around front of home and the rear lower patio area. Thank you and look forward to hearing from you.	2023-01-04 00:05:52.002765+00	https://austinlandscapelighting.us/contact/	f	cawalsh123@gmail.com
109	Eric Lanza	09831523806	RE: Free Inbound Marketing services for Online Business promotion	2023-01-10 11:16:09.557945+00	https://austinlandscapelighting.us/contact/	f	ericlanzae22@gmail.com
110	Chris Busch	5712766744	Looking to install an outdoor audio system.	2023-01-19 07:53:40.907014+00	https://austinlandscapelighting.us/contact/	f	reggattadeblanc@gmail.com
111	Tony Daniels	2542477654	Residential and landscaping lighting estimate	2023-01-20 12:51:56.815437+00	https://austinlandscapelighting.us/contact/	f	tony.w.daniels@gmail.com
112	JAYNE ROMO	4698789471	Hi Chris, we need our lighting repaired, the north side of the house is not working and we also want to add a light. When can you schedule a service call? we enjoyed working with you and hope you can schedule this next week. \r\n15613 Pontic Pass	2023-01-21 15:19:26.713571+00	https://austinlandscapelighting.us/contact/	f	jayneromo@gmail.com
113	kimberli  joffe	15126382699	Hi Chris, We lost several trees that had lights in them and need to add more. Would like to set a time when you can come out. Thanks!\r\nKim Joffe	2023-02-20 15:29:40.681955+00	https://austinlandscapelighting.us/contact/	f	kimjoffe3@gmail.com
114	Neeraj Obhrai	5125915732	We need quotes for outdoor lighting at \r\n288 wellborn road liberty hill Tx 78642	2023-02-20 23:55:42.796773+00	https://austinlandscapelighting.us/contact/	f	neerajobhrai@yahoo.com
115	sarah morgan	+61411774976	I am an outreach specialist.\r\nI provide paid guest posts / sponsored posts on high quality websites. \r\n1. Your post will be permanent .\r\n2. Your post will be google index sure.\r\n3. We can provide you content writing services if you want so.\r\nSo let me know if I can show you my websites list?	2023-02-24 14:51:46.525131+00	https://austinlandscapelighting.us/contact/	f	sarahmorgan.seo@gmail.com
116	Brett Stephenson	5128252886	We are looking to have landscape lighting installed throughout the property of 4208 Park Hollow Court.  This to include trees (up and down lighiting front and back yard), path lighting as well as plant be lighting.  \r\nThis project is on the tail end of a full remodel and landscaping is going to start in the next week or so.  \r\nI look forward to hearing from you.	2023-02-26 16:51:51.745224+00	https://austinlandscapelighting.us/contact/	f	brett@gingerwooddesign.com
117	Evelyn Howard	512-415-3420	Hello,\r\nThis is regarding maintenance.  One of my landscape lights is out and probably needs to be replaced.  Please contact me.  Thanks.	2023-03-03 01:22:59.66403+00	https://austinlandscapelighting.us/contact/	f	howardkc91@gmail.com
118	Lori Plicque	(512)422-1487	Hi there,\r\nI have outdoor string lights that were torn down during the ice storm I’d like to repair. I also have landscape lights I’d like to replace.	2023-03-08 14:19:02.965165+00	https://austinlandscapelighting.us/outdoor-lighting/	f	Pleecue@gmail.com
119	Lynch Susie	5129227524	Hi Chris - we need to set up an appointment with your crew., many of our outdoor lights are not working since the ice storm. Please call me to set up a date. Thx so much!! Susie Lynch, 9614 Leaning Rock Circle	2023-03-08 15:02:04.584567+00	https://austinlandscapelighting.us/contact/	f	susielynch1@mac.com
120	Sam Smith	7145007363	"Hi,\r\nAre you still in business?\r\nI found a few errors on your site.\r\nWould you like me to send over a screenshot of those errors?\r\n\r\nRegards,\r\n\r\nSam Smith\r\n\r\n(714) 500-7363"	2023-03-13 13:40:01.25248+00	https://austinlandscapelighting.us/contact/	f	sam@seolabpros.com
121	Christophe Bories	6507989044	We are finishing up our inground pool and need to get a quote for some accent lighting for steps and siding of the pool. Conduits and electric box have already been set up and we would like to get a quote for the project.	2023-03-14 00:08:34.78634+00	https://austinlandscapelighting.us/contact/	f	connie.christophe@gmail.com
122	Jon Maldonado	5122995134	Looking for a consultation and quote for outdoor home and landscape lighting at my house	2023-03-29 01:09:52.310788+00	https://austinlandscapelighting.us/contact/	f	maldonado.jon.09@gmail.com
123	Matt Daggett	2627580746	We're looking to repair some lighting around our 2 front trees, and install new pathway lighting in our front yard.	2023-04-17 14:57:36.120721+00	https://austinlandscapelighting.us/contact/	f	mdaggett10@gmail.com
124	Joanne Flores Doidge	2488304984	Lighting for backyard planter boxes	2023-05-08 22:06:14.813331+00	https://austinlandscapelighting.us/contact/	f	joannefloresdoidge@gmail.com
125	Roger Vasseur	8329814756	Hi, We’re Houston-based with a national presence and have a great reputation with our recurring janitorial and disinfection clients. We’d love the opportunity to share why we’ve been so successful in this market.\r\n\r\nWould you like to compare pricing on your office cleaning service, or having your space cleaned addressing your cleaning issues i.e. COVID, communication, shoddy work, etc.?\r\n\r\nI'd be happy to send you a no-obligation quote on your facilities cleaning.\r\n\r\nPlease simply respond to this email and I’ll send the next steps.\r\n\r\nRegards,\r\nRoger\r\n\r\nRoger Vasseur\r\nPresident\r\nSystem4 Facility Services\r\n(832) 981-4756\r\nroger@system4houston.com\r\n\r\nPlease respond with "stop" to opt out.	2023-05-15 22:12:11.121154+00	https://austinlandscapelighting.us/contact/	f	roger@system4houston.com
126	Tiffany	512-593-1155	Hi there, \r\n\r\nI'm working with a client that has a 3 acre property in Westlake and would like to get the lighting in their trees replaced as it is outdated. Please let me know if this is a type of service you offer. Thank you so much for your time!	2023-05-17 21:43:12.679084+00	https://austinlandscapelighting.us/contact/	f	tiffany@5401.casa
127	Aggressive Driver...	5555555555	Real quick question... how many people work for you? And how many of them drive like asshats? I was cut off by one of your vans just outside of Coupland. Pulled out in front of me while I was doing 65mph. After he realized I'm literally sitting on his bumper, proceeds to make an illegal pass in a no pass zone in between FM 1660 and Loop 277 on Hwy 95 in Coupland. Followed by tailgating every single car that he couldn't pass and then used the center turn lane and DEDICATED turn lanes to pass illegally from Coupland all the way to Elgin. Aggressive driving in a company van that's obviously well known, isn't really good for business. He was such in a hurry to do 75 mph plus that we still met up at the same stop light at FM 1100 and HWY 95 in Elgin and I was doing 65... and he was probably a good 3 miles ahead of me with all the aggressive driving before getting behind him again..  This happened between 6 and 630pm today (5/17). LP is GWW-3753. I have a great picture of this van sitting at U.S. 290 and Hwy 95.... like I said... bad for business..	2023-05-17 23:51:56.929985+00	https://austinlandscapelighting.us/contact/	f	badforbusiness@gmail.com
128	Aradhya Singh	9354158524	"Dear Sir,\r\n\r\nI hope this email finds you well. As a search engine optimization (SEO) specialist, I wanted to introduce you to our services and explain how we can help you improve your online visibility and drive more traffic to your website.\r\n\r\nWe have a team of experienced SEO professionals who specialize in optimizing websites for search engines. Our goal is to help businesses like yours achieve top rankings in search results pages (SERPs) for relevant keywords and phrases.\r\n\r\nOur SEO services include:\r\n\r\nKeyword research: We conduct in-depth research to identify the most relevant and profitable keywords for your business.\r\nOn-page optimization: We optimize your website's content, meta tags, and other on-page elements to make them more search engine friendly.\r\nOff-page optimization: We build high-quality backlinks to your website, which helps improve your domain authority and search engine rankings.\r\nReporting and analysis: We provide regular reports to track your progress and make data-driven decisions to improve your SEO performance.\r\nOur team is committed to delivering results and providing exceptional customer service. We will work closely with you to understand your business objectives and develop a customized SEO strategy that meets your specific needs.\r\n\r\nWe'd be happy to send you  WEBSITE AUDIT REPORT , (MENTION YOUR WEBSITE DETAILS) , our PRICING & PACKAGE details if you'd like to assess our work.\r\n\r\nThank you for your time and consideration.\r\n\r\nWarm Regards,\r\n\r\nAradhya Singh\r\n\r\n"	2023-05-20 11:15:20.581447+00	https://austinlandscapelighting.us/contact/	f	seorankfirstongooogle@gmail.com
129	Julia Bello	2063095272	Hi\r\n\r\nAre you planning to have a new WEBSITE DESIGN, or REDESIGN your old website to a modern look, responsive layout to match today's look and feel?\r\nOur SEO Friendly website design can help you stay up to date and this can help you to get a quick boost in search rankings as well.\r\n\r\nPlease advise if you are looking for someone to redesign this website...\r\n\r\nBest Regards\r\nJulia	2023-05-26 09:53:45.465693+00	https://austinlandscapelighting.us/contact/	f	juliabello88@gmail.com
\.


--
-- Data for Name: contacts_notificationreceiver; Type: TABLE DATA; Schema: public; Owner: -
--

COPY public.contacts_notificationreceiver (id, email, config_id, visible) FROM stdin;
12	illuminationconcepts@gmail.com	1	t
\.


--
-- Data for Name: contacts_openinghours; Type: TABLE DATA; Schema: public; Owner: -
--

COPY public.contacts_openinghours (id, weekdays, start_time, end_time, address_id) FROM stdin;
1	0,1,2,3,4	08:00:00	18:00:00	1
2	5	08:00:00	12:00:00	1
3	6	\N	\N	1
\.


--
-- Data for Name: contacts_phonenumber; Type: TABLE DATA; Schema: public; Owner: -
--

COPY public.contacts_phonenumber (id, number, sort_order, address_id) FROM stdin;
1	+1 512-963-3121	0	1
\.


--
-- Data for Name: contacts_specialofferconfig; Type: TABLE DATA; Schema: public; Owner: -
--

COPY public.contacts_specialofferconfig (id, header, description, btn_text, visible) FROM stdin;
1	Get 5% Discount!	We offer a special 5% discount for new installation	Get a Discount	t
\.


--
-- Data for Name: contacts_specialofferrequest; Type: TABLE DATA; Schema: public; Owner: -
--

COPY public.contacts_specialofferrequest (id, email, date, referer) FROM stdin;
4	Rycray@me.com	2021-08-26 01:09:45.498322+00	https://austinlandscapelighting.us/
6	Lauren_Shingleton@hotmail.com	2021-09-01 12:28:47.84445+00	https://austinlandscapelighting.us/?utm_campaign=Illumination+Concepts-%5B1060332304%5D&amp;utm_source=google&amp;utm_medium=ppc&amp;utm_term=backyard%20lighting&amp;utm_content=2950571xEAIaIQobChMIzZ-WmOPd8gIV4SCtBh0LOAGkEAAYASAAEgIbpPD_BwE
7	anthony@storybuilt.com	2021-09-01 14:29:22.658951+00	https://austinlandscapelighting.us/
8	chrisshollis@gmail.com	2021-09-12 18:25:26.524348+00	https://austinlandscapelighting.us/?utm_campaign=Illumination+Concepts-%5B1060332304%5D&amp;utm_source=google&amp;utm_medium=ppc&amp;utm_term=backyard%20lighting&amp;utm_content=2950571xCjwKCAjwyvaJBhBpEiwA8d38vDy1-Z0Fb4tkh_hBKdvPLav8XOB5XMitUYPPYYNLJ0ob3TAz4qhjYhoCaCwQAvD_BwE
9	lbietz2001@aol.com	2021-09-24 14:19:41.240239+00	https://austinlandscapelighting.us/
10	Ajay.Waghray@gmail.com	2021-09-25 22:46:43.258627+00	https://austinlandscapelighting.us/
11	chernetsov@gmail.com	2021-09-27 01:07:29.766014+00	https://austinlandscapelighting.us/?utm_campaign=Illumination+Concepts-%5B1060332304%5D&amp;utm_source=google&amp;utm_medium=ppc&amp;utm_term=exterior%20lighting&amp;utm_content=2950571xCj0KCQjwtMCKBhDAARIsAG-2Eu9d0agpr9ihz0caznnIF__x7e4CET5FfzL6msihaRYP2OEEp7XE4WkaAos9EALw_wcB
12	leonardjrperry@yahoo.com	2021-10-06 00:59:47.213331+00	https://austinlandscapelighting.us/?utm_campaign=Illumination+Concepts-%5B1060332304%5D&amp;utm_source=google&amp;utm_medium=ppc&amp;utm_term=outdoor%20lighting&amp;utm_content=2950571xCjwKCAjw7--KBhAMEiwAxfpkWDJdKbEEgD7Gdm-MpIws5YjQ85UA3I2LRau91lJ2d1thuFTvvw1B4BoCFuUQAvD_BwE
13	jessakatherine@hotmail.com	2021-10-11 20:39:19.125627+00	https://austinlandscapelighting.us/?utm_campaign=Illumination+Concepts-%5B1060332304%5D&amp;utm_source=google&amp;utm_medium=ppc&amp;utm_term=outdoor%20lighting&amp;utm_content=2950571xEAIaIQobChMI4aa_t5vD8wIVmODICh2dWQhQEAAYBCAAEgKpbvD_BwE
14	deanna.kuykendall@gmail.com	2021-10-12 17:22:27.821003+00	https://austinlandscapelighting.us/
15	mehta.vishal@yahoo.com	2021-10-15 18:55:27.359154+00	https://austinlandscapelighting.us/?utm_campaign=Illumination+Concepts-%5B1060332304%5D&amp;utm_source=google&amp;utm_medium=ppc&amp;utm_term=outdoor%20lighting&amp;utm_content=2950571xCjwKCAjwzaSLBhBJEiwAJSRokpWkqs1t22PfDsFiV98rh7XeJgtuhFqL_Zge98KpMkxIGf1brvsclhoCHkYQAvD_BwE
16	richardnaylor7@gmail.com	2021-11-01 15:14:05.365466+00	https://austinlandscapelighting.us/contact/
17	Ingrid.Toro@fsresidential.com	2021-11-10 20:40:48.497908+00	https://austinlandscapelighting.us/?utm_campaign=Illumination+Concepts-%5B1060332304%5D&amp;utm_source=google&amp;utm_medium=ppc&amp;utm_term=landscape%20lighting&amp;utm_content=2950571xEAIaIQobChMIpre65dOO9AIVMR-tBh0EwwNxEAAYAiAAEgL-A_D_BwE
18	meganboulette@gmail.com	2021-11-28 08:04:02.880089+00	https://austinlandscapelighting.us/contact/
19	Ueber.kirsten@bcg.com	2021-12-02 18:41:41.20599+00	https://austinlandscapelighting.us/
20	jskacie34@yahoo.com	2021-12-02 19:19:25.020639+00	https://austinlandscapelighting.us/
21	daniellaps80@icloud.com	2021-12-03 02:57:54.339908+00	https://austinlandscapelighting.us/
22	texhesley@icloud.com	2021-12-07 17:18:34.89547+00	https://austinlandscapelighting.us/
23	dr.trevorah@gmail.com	2021-12-17 15:47:40.286286+00	https://austinlandscapelighting.us/
24	kmstroud000@gmail.com	2022-01-31 09:17:38.488857+00	https://austinlandscapelighting.us/
25	annamarielindsey@gmail.com	2022-03-07 19:29:41.671984+00	https://austinlandscapelighting.us/
26	Debcartall1@gmail.com	2022-08-08 14:15:54.64302+00	https://austinlandscapelighting.us/contact/
27	snapshotgt@gmail.com	2022-09-15 01:16:34.824955+00	https://austinlandscapelighting.us/?fbclid=IwAR3wl7QUlP_76Prnr2_9M5q7Y71AkdvcHDQKWMxkJoSfzYPjumLcoGmwXl4
28	Mfloreson@aol.com	2022-09-25 19:09:40.632903+00	https://austinlandscapelighting.us/
29	cawalsh123@gmail.com	2023-01-04 00:08:51.908471+00	https://austinlandscapelighting.us/contact/thank-you/
30	maldonado.jon.09@gmail.com	2023-03-29 01:05:10.948466+00	https://austinlandscapelighting.us/
31	testing@example.com	2023-04-11 09:00:22.667891+00	https://austinlandscapelighting.us/contact/
\.


--
-- Data for Name: contacts_specialofferthankyouconfig; Type: TABLE DATA; Schema: public; Owner: -
--

COPY public.contacts_specialofferthankyouconfig (id, image, title_image, alt_image, title, header, description, text, btn_text, btn_url, updated) FROM stdin;
1				Thank You!	Thank You!	Thank you for contacting Illumination Concepts Inc.! Our manager will get back to you ASAP with the estimate.		Go to the Home Page		2021-08-06 10:50:39.427+00
\.


--
-- Data for Name: contacts_stopword; Type: TABLE DATA; Schema: public; Owner: -
--

COPY public.contacts_stopword (id, word, config_id) FROM stdin;
1	testr	1
\.


--
-- Data for Name: django_admin_log; Type: TABLE DATA; Schema: public; Owner: -
--

COPY public.django_admin_log (id, action_time, object_id, object_repr, action_flag, change_message, content_type_id, user_id) FROM stdin;
1	2021-08-18 07:26:16.498447+00	None	robots.txt	1	[{"added": {}}]	55	1
2	2021-08-18 07:26:30.608218+00	1	austinlandscapelighting.us	2	[{"changed": {"fields": ["domain", "name"]}}]	6	1
3	2021-08-18 07:29:29.573444+00	1	dladmin	2	[{"changed": {"fields": ["username"]}}]	45	1
4	2021-08-18 07:32:24.624477+00	1	dladmin	2	[]	45	1
5	2021-08-18 07:32:37.521016+00	1	dladmin	2	[{"changed": {"fields": ["password"]}}]	45	1
6	2021-08-18 07:33:14.163387+00	3	seo	1	[{"added": {}}]	45	1
7	2021-08-18 07:33:20.317128+00	3	seo	2	[{"changed": {"fields": ["is_staff", "is_superuser"]}}]	45	1
8	2021-08-18 07:33:45.920715+00	13	test	3		15	1
9	2021-08-18 07:33:45.922476+00	12	test	3		15	1
10	2021-08-18 07:33:45.923346+00	11	test	3		15	1
11	2021-08-18 07:33:45.924218+00	10	test	3		15	1
12	2021-08-18 07:33:45.925074+00	9	B	3		15	1
13	2021-08-18 07:33:45.925916+00	8	Test	3		15	1
14	2021-08-18 07:33:45.926761+00	7	123	3		15	1
15	2021-08-18 07:33:45.927549+00	6	test	3		15	1
16	2021-08-18 07:33:45.92836+00	5	test	3		15	1
17	2021-08-18 07:33:45.929135+00	4	testr	3		15	1
18	2021-08-18 07:33:45.92992+00	3	test	3		15	1
19	2021-08-18 07:33:45.930689+00	2	test	3		15	1
20	2021-08-18 07:33:45.931468+00	1	test	3		15	1
21	2021-08-18 07:34:06.135896+00	1	e.chelnokova@directline.digital	3		20	1
22	2021-08-18 09:35:33.474056+00	1	Contact Us	2	[{"added": {"name": "notification receiver", "object": "workdltester+ic@gmail.com"}}, {"deleted": {"name": "notification receiver", "object": "illuminationconcepts@gmail.com"}}]	13	3
23	2021-08-18 09:38:12.971138+00	3	workdltester+ic2@gmail.com	3		20	3
24	2021-08-18 09:38:12.973652+00	2	test@test.dl	3		20	3
25	2021-08-18 09:42:52.794477+00	1	Contact Us	2	[{"added": {"name": "notification receiver", "object": "illuminationconcepts@gmail.com"}}]	13	3
26	2021-08-18 09:52:12.875007+00	1	Contact Us	2	[{"deleted": {"name": "notification receiver", "object": "workdltester+ic@gmail.com"}}]	13	3
27	2021-08-18 10:27:01.041611+00	1	(301) "/testimonials/" → "/testimonials/"	1	[{"added": {}}]	57	3
28	2021-08-18 10:28:07.614362+00	2	(301) "/ngg_tag/austin/" → "/"	1	[{"added": {}}]	57	3
29	2021-08-18 10:28:56.511015+00	3	(301) "/links/" → "/"	1	[{"added": {}}]	57	3
30	2021-08-18 10:30:25.962202+00	4	(301) "/about-us/" → "/about/"	1	[{"added": {}}]	57	3
31	2021-08-18 10:33:55.936239+00	5	(301) "/contact-us/" → "/contact/"	1	[{"added": {}}]	57	3
32	2021-08-18 10:37:29.222613+00	6	(301) "/review-us/" → "/"	1	[{"added": {}}]	57	3
33	2021-08-18 10:39:07.392155+00	7	(301) "/austin-outdoor-lighting/" → "/"	1	[{"added": {}}]	57	3
34	2021-08-18 10:40:10.616739+00	8	(301) "/lakeway-outdoor-lighting/" → "/"	1	[{"added": {}}]	57	3
35	2021-08-18 10:41:20.579989+00	9	(301) "/spicewood-outdoor-lighting/" → "/"	1	[{"added": {}}]	57	3
36	2021-08-18 10:41:58.711962+00	10	(301) "/outdoor-lighting-austin/" → "/"	1	[{"added": {}}]	57	3
37	2021-08-18 10:44:06.339398+00	11	(301) "/dev/why-lighting/" → "/"	1	[{"added": {}}]	57	3
38	2021-08-18 10:45:42.822905+00	1	Contact Us	2	[{"added": {"name": "notification receiver", "object": "workdltester+ic@gmail.com"}}, {"deleted": {"name": "notification receiver", "object": "illuminationconcepts@gmail.com"}}]	13	3
39	2021-08-18 10:47:28.959594+00	12	(301) "/westlake-outdoor-lighting/" → "/"	1	[{"added": {}}]	57	3
40	2021-08-18 10:48:51.706148+00	13	(301) "/portfolio/cavenders003-2/" → "/portfolio/"	1	[{"added": {}}]	57	3
41	2021-08-18 10:49:31.453051+00	1	Contact Us	2	[{"added": {"name": "notification receiver", "object": "illuminationconcepts@gmail.com"}}, {"deleted": {"name": "notification receiver", "object": "workdltester+ic@gmail.com"}}]	13	3
42	2021-08-18 10:50:10.356042+00	14	(301) "/dripping-springs-outdoor-lighting/" → "/"	1	[{"added": {}}]	57	3
43	2021-08-18 10:51:16.869497+00	15	(301) "/austin-led-landscape-lighting-austin-led-outdoor-lighting/" → "/led-lighting/"	1	[{"added": {}}]	57	3
44	2021-08-18 10:54:51.919141+00	16	(301) "/austin-low-voltage-landscape-lighting-austin-low-voltage-outdoor-lighting/" → "/"	1	[{"added": {}}]	57	3
45	2021-08-18 10:55:19.097335+00	17	(301) "/austin-low-voltage-outdoor-lighting-austin-low-voltage-landscape-lighting/" → "/"	1	[{"added": {}}]	57	3
46	2021-08-18 10:57:42.790996+00	6	(301) "/review-us/" → "/testimonials/"	2	[{"changed": {"fields": ["new_path"]}}]	57	3
47	2021-08-18 11:01:28.203479+00	18	(301) "/portfolio/austin_home_023/" → "/portfolio/"	1	[{"added": {}}]	57	3
48	2021-08-19 04:32:26.415818+00	3	GA	1	[{"added": {}}]	56	3
49	2021-08-19 06:08:33.985921+00	3	GA	2	[{"changed": {"fields": ["content"]}}]	56	3
50	2021-08-23 06:51:11.91958+00	2	contact-block	2	[{"changed": {"fields": ["header"]}}]	11	3
51	2021-08-23 06:51:27.881928+00	1	Home page	2	[]	25	3
52	2021-08-23 06:55:58.066679+00	6	contact-block-phone	2	[{"changed": {"fields": ["header"]}}]	11	3
53	2021-08-23 06:55:59.88246+00	1	Contact Us	2	[]	13	3
54	2021-08-23 06:57:17.84627+00	6	contact-block-phone	2	[{"changed": {"fields": ["header"]}}]	11	3
55	2021-08-23 06:57:30.458425+00	6	contact-block-phone	2	[{"changed": {"fields": ["header"]}}]	11	3
56	2021-08-23 06:57:32.08669+00	1	Contact Us	2	[]	13	3
57	2021-08-23 06:57:54.570166+00	2	contact-block	2	[{"changed": {"fields": ["header"]}}]	11	3
58	2021-08-23 06:58:04.392192+00	2	contact-block	2	[{"changed": {"fields": ["header"]}}]	11	3
59	2021-08-23 06:58:05.749887+00	1	Home page	2	[]	25	3
60	2021-08-23 07:21:54.270263+00	1	Contact Us	2	[{"added": {"name": "notification receiver", "object": "workdltester@gmail.com"}}]	13	3
61	2021-08-23 07:22:01.178108+00	1	Contact Us	2	[{"deleted": {"name": "notification receiver", "object": "workdltester@gmail.com"}}]	13	3
62	2021-08-23 07:27:04.947968+00	1	Contact Us	2	[{"added": {"name": "notification receiver", "object": "workdltester@gmail.com"}}]	13	3
63	2021-08-23 07:28:03.721316+00	1	Contact Us	2	[{"deleted": {"name": "notification receiver", "object": "illuminationconcepts@gmail.com"}}]	13	3
64	2021-08-23 07:28:31.349676+00	1	Contact Us	2	[{"added": {"name": "notification receiver", "object": "illuminationconcepts@gmail.com"}}, {"deleted": {"name": "notification receiver", "object": "workdltester@gmail.com"}}]	13	3
65	2021-08-23 07:28:48.653234+00	20	test	3		15	3
66	2021-08-23 12:49:02.652764+00	1	Contact Us	2	[{"added": {"name": "notification receiver", "object": "test@test.dl"}}]	13	3
67	2021-08-23 12:52:57.517132+00	1	Contact Us	2	[{"changed": {"name": "notification receiver", "object": "test@test.dl", "fields": ["visible"]}}]	13	3
68	2021-08-23 12:53:06.435672+00	1	Contact Us	2	[{"deleted": {"name": "notification receiver", "object": "test@test.dl"}}]	13	3
69	2021-08-23 12:53:10.62094+00	1	Contact Us	2	[]	13	3
70	2021-08-24 06:06:16.105013+00	1	Contact Us	2	[{"added": {"name": "notification receiver", "object": "test@test.com"}}]	13	3
71	2021-08-24 06:06:39.758739+00	1	Contact Us	2	[{"deleted": {"name": "notification receiver", "object": "test@test.com"}}]	13	3
72	2021-08-24 11:19:44.719021+00	5	LED Lighting	2	[{"changed": {"fields": ["image", "preview"]}}]	37	3
73	2021-08-24 11:19:44.723384+00	1	SeoData for service(#5)	2	[{"changed": {"fields": ["og_image"]}}]	59	3
74	2021-08-24 11:22:00.795022+00	1	Residential Lighting	2	[{"changed": {"fields": ["image", "preview"]}}]	37	3
75	2021-08-24 11:22:35.522014+00	1	Residential Lighting	2	[{"changed": {"fields": ["image", "preview"]}}]	37	3
76	2021-08-24 11:23:59.094397+00	1	Residential Lighting	2	[{"changed": {"fields": ["image", "preview"]}}]	37	3
77	2021-08-24 11:25:03.592748+00	5	LED Lighting	2	[{"changed": {"fields": ["image", "preview"]}}]	37	3
78	2021-08-24 11:25:03.596494+00	1	SeoData for service(#5)	2	[{"changed": {"fields": ["og_image"]}}]	59	3
79	2021-08-24 11:42:27.879904+00	1	Residential Lighting	2	[{"changed": {"fields": ["image", "preview"]}}]	37	3
80	2021-08-24 11:42:27.884106+00	4	SeoData for service(#1)	2	[{"changed": {"fields": ["og_image"]}}]	59	3
81	2021-08-27 04:34:25.252259+00	1	Contact Us	2	[{"added": {"name": "notification receiver", "object": "workdltester+il@gmail.com"}}, {"deleted": {"name": "notification receiver", "object": "illuminationconcepts@gmail.com"}}]	13	3
82	2021-08-27 04:37:55.788194+00	1	Contact Us	2	[{"added": {"name": "notification receiver", "object": "illuminationconcepts@gmail.com"}}, {"deleted": {"name": "notification receiver", "object": "workdltester+il@gmail.com"}}]	13	3
83	2021-08-27 04:38:17.267421+00	24	test	3		15	3
84	2021-08-27 04:38:17.269659+00	23	Test name	3		15	3
85	2021-08-27 04:38:23.746424+00	5	test@test.com	3		20	3
86	2021-08-30 12:35:16.931423+00	2	contact-block	2	[{"changed": {"fields": ["header"]}}]	11	3
87	2021-08-30 12:35:18.790349+00	1	Home page	2	[]	25	3
88	2021-08-30 12:36:32.352476+00	2	contact-block	2	[{"changed": {"fields": ["header"]}}]	11	3
89	2021-08-30 12:36:33.929151+00	1	Home page	2	[]	25	3
90	2021-08-30 12:38:32.932975+00	6	contact-block-phone	2	[{"changed": {"fields": ["header"]}}]	11	3
91	2021-08-30 12:38:36.468178+00	1	Contact Us	2	[]	13	3
92	2021-09-08 06:48:57.467368+00	7	Lighting Installation	2	[{"changed": {"fields": ["header", "description", "text"]}}]	37	3
93	2021-09-08 06:48:57.47107+00	13	SeoData for service(#7)	1	[{"changed": {"fields": ["title", "description", "og_title", "og_description"]}}]	59	3
94	2021-09-08 06:49:05.7788+00	7	Lighting Installation	2	[{"changed": {"fields": ["visible"]}}]	37	3
95	2021-09-08 07:06:51.689022+00	1	Residential Lighting	2	[{"changed": {"fields": ["text"]}}]	37	3
96	2021-09-08 07:10:55.33292+00	5	LED Lighting	2	[{"changed": {"fields": ["image", "preview"]}}]	37	3
97	2021-09-08 07:13:50.921296+00	5	LED Lighting	2	[{"changed": {"fields": ["image", "preview"]}}]	37	3
98	2021-09-08 07:14:08.131792+00	5	LED Lighting	2	[]	37	3
99	2021-09-08 07:17:17.153314+00	5	LED Lighting	2	[{"changed": {"fields": ["image", "preview"]}}]	37	3
100	2021-09-08 07:17:56.264167+00	7	Lighting Installation	2	[{"changed": {"fields": ["image", "preview"]}}]	37	3
101	2021-09-08 07:19:14.861971+00	7	Lighting Installation	2	[{"changed": {"fields": ["image", "preview"]}}]	37	3
102	2021-09-08 07:20:05.822543+00	7	Lighting Installation	2	[{"changed": {"fields": ["text"]}}]	37	3
103	2021-09-08 07:20:35.780406+00	7	Lighting Installation	2	[]	37	3
104	2021-10-18 08:59:24.066275+00	3	GA	3		56	3
105	2021-10-21 06:57:27.427917+00	8	Lighting Maintenance	1	[{"added": {}}, {"added": {"name": "attached block", "object": "contact-block (Contact block) \\u2192 services.service (#8)"}}]	37	3
106	2021-10-21 06:57:27.430869+00	14	SeoData for service(#8)	1	[{"changed": {"fields": ["title", "description", "og_title", "og_description"]}}]	59	3
107	2021-10-21 07:00:44.461728+00	8	Lighting Maintenance	2	[{"changed": {"fields": ["text"]}}]	37	3
108	2021-10-21 07:01:22.888906+00	8	Lighting Maintenance	2	[{"changed": {"fields": ["visible"]}}]	37	3
109	2021-10-21 07:03:04.067885+00	8	Lighting Maintenance	2	[]	37	3
110	2021-10-21 07:09:04.642801+00	8	Lighting Maintenance	2	[{"changed": {"fields": ["text"]}}]	37	3
111	2021-10-21 07:10:10.99335+00	8	Lighting Maintenance	2	[{"changed": {"fields": ["text"]}}]	37	3
112	2021-10-21 07:10:59.875485+00	8	Lighting Maintenance	2	[{"changed": {"fields": ["text"]}}]	37	3
113	2021-10-21 07:11:15.910971+00	8	Lighting Maintenance	2	[{"changed": {"fields": ["text"]}}]	37	3
114	2021-10-21 07:11:44.10648+00	8	Lighting Maintenance	2	[{"changed": {"fields": ["text"]}}]	37	3
115	2021-10-21 07:15:54.719941+00	8	Lighting Maintenance	2	[{"changed": {"fields": ["text"]}}]	37	3
116	2021-10-21 07:17:25.491218+00	8	Lighting Maintenance	2	[{"changed": {"fields": ["alt_image"]}}]	37	3
117	2021-10-21 07:26:38.85303+00	8	Lighting Maintenance	2	[{"changed": {"fields": ["slug"]}}]	37	3
118	2021-10-21 08:51:18.127769+00	8	Lighting Maintenance	2	[{"changed": {"fields": ["slug"]}}]	37	3
119	2021-10-21 08:52:01.376762+00	6	Lighting Maintenance	3		37	3
120	2021-10-21 08:52:08.739956+00	8	Lighting Maintenance	2	[{"changed": {"fields": ["slug"]}}]	37	3
121	2021-10-22 06:19:32.731764+00	1	Home page	2	[{"changed": {"fields": ["btn_text"]}}]	25	3
122	2021-10-22 06:20:08.87767+00	1	Home page	2	[]	25	3
123	2021-10-25 06:59:27.008206+00	8	Lighting Maintenance	2	[]	37	3
124	2021-10-25 07:39:04.897691+00	None	robots.txt	1	[{"added": {}}]	55	3
125	2021-12-10 10:45:26.861213+00	1	Special Offer settings	2	[{"changed": {"fields": ["description"]}}]	21	3
126	2021-12-10 10:51:20.483801+00	1	Special Offer settings	2	[{"changed": {"fields": ["header", "btn_text"]}}]	21	3
127	2021-12-10 10:53:40.612363+00	1	Special Offer settings	2	[{"changed": {"fields": ["header", "description", "btn_text"]}}]	21	3
128	2021-12-29 12:33:58.237138+00	8	Lighting Maintenance	2	[{"changed": {"fields": ["text"]}}]	37	3
129	2022-01-12 09:09:34.864152+00	3	Home Accent Lighting	2	[{"changed": {"fields": ["header", "description", "visible", "text"]}}]	37	3
130	2022-01-12 09:09:34.868062+00	15	SeoData for service(#3)	1	[{"changed": {"fields": ["title", "description", "og_title", "og_image", "og_description"]}}]	59	3
131	2022-01-12 09:11:02.692762+00	3	Home Accent Lighting	2	[]	37	3
132	2022-01-12 09:43:10.080329+00	3	Home Accent Lighting	2	[{"changed": {"fields": ["text"]}}]	37	3
133	2022-01-20 10:48:02.142584+00	19	(301) "https://austinlandscapelighting.us/outdoor_lighting_austin.php" → "/"	1	[{"added": {}}]	57	3
134	2022-01-20 10:48:36.099567+00	19	(301) "https://austinlandscapelighting.us/outdoor_lighting_austin.php/" → "/"	2	[{"changed": {"fields": ["old_path"]}}]	57	3
135	2022-01-20 10:49:05.923437+00	19	(301) "austinlandscapelighting.us/outdoor_lighting_austin.php/" → "/"	2	[{"changed": {"fields": ["old_path"]}}]	57	3
136	2022-01-20 10:49:35.952884+00	19	(301) "/outdoor_lighting_austin.php/" → "/"	2	[{"changed": {"fields": ["old_path"]}}]	57	3
137	2022-01-31 08:04:18.45784+00	3	Home Accent Lighting	2	[]	37	3
138	2022-02-01 07:06:03.846809+00	4	FAQ	1	[{"added": {}}]	56	3
139	2022-02-01 07:20:35.555368+00	4	FAQ	2	[]	56	3
140	2022-02-01 07:27:28.120688+00	4	FAQ	2	[{"changed": {"fields": ["position"]}}]	56	3
141	2022-02-01 07:36:30.522022+00	4	FAQ	2	[]	56	3
142	2022-02-01 07:42:08.370164+00	4	FAQ	2	[{"changed": {"fields": ["content"]}}]	56	3
143	2022-02-03 06:04:26.983428+00	1	Home page	2	[]	25	3
144	2022-02-03 06:04:27.029754+00	2	SeoData for settings(#1)	2	[{"changed": {"fields": ["canonical"]}}]	59	3
145	2022-02-03 06:26:42.629969+00	None	robots.txt	1	[{"added": {}}]	55	3
146	2022-02-03 06:27:27.638116+00	None	robots.txt	1	[{"added": {}}]	55	3
147	2022-02-03 06:33:59.185735+00	None	robots.txt	1	[{"added": {}}]	55	3
148	2022-02-04 10:26:42.314597+00	1	Portfolio	2	[]	33	3
149	2022-02-17 09:17:10.503518+00	1	Home page	2	[]	25	1
150	2022-02-17 09:17:16.407899+00	1	Home page	2	[{"changed": {"fields": ["title"]}}]	25	1
151	2022-02-17 09:17:19.128953+00	1	Home page	2	[{"changed": {"fields": ["title"]}}]	25	1
152	2022-02-24 13:55:04.189255+00	1	About Us	2	[{"changed": {"fields": ["text"]}}]	9	3
153	2022-02-24 13:55:52.679967+00	2	Landscape Lighting	2	[{"changed": {"fields": ["text"]}}]	37	3
154	2022-02-24 13:56:41.683793+00	1	About Us	2	[{"changed": {"fields": ["text"]}}]	9	3
155	2022-02-24 13:57:29.858494+00	3	Home Accent Lighting	2	[{"changed": {"fields": ["text"]}}]	37	3
156	2022-02-24 13:58:34.077282+00	2	Landscape Lighting	2	[{"changed": {"fields": ["text"]}}]	37	3
157	2022-02-24 13:59:15.672761+00	5	LED Lighting	2	[{"changed": {"fields": ["text"]}}]	37	3
158	2022-02-24 13:59:45.093792+00	7	Lighting Installation	2	[{"changed": {"fields": ["text"]}}]	37	3
159	2022-02-24 14:00:14.333276+00	4	Pathway Lighting	2	[{"changed": {"fields": ["text"]}}]	37	3
160	2022-02-24 14:02:10.479764+00	1	Residential Lighting	2	[{"changed": {"fields": ["text"]}}]	37	3
161	2022-03-11 07:47:10.175879+00	4	FAQ	2	[]	56	3
162	2022-04-11 04:47:45.559811+00	1	Outdoor lighting	2	[{"changed": {"fields": ["title", "header", "description", "text"]}}]	39	3
163	2022-04-11 04:47:45.565408+00	3	SeoData for settings(#1)	2	[{"changed": {"fields": ["title", "description", "og_title", "og_description"]}}]	59	3
164	2022-04-11 04:51:36.06695+00	1	Outdoor lighting	2	[]	39	3
165	2022-04-11 04:55:40.750935+00	1	Outdoor lighting	2	[{"changed": {"fields": ["text"]}}]	39	3
166	2022-04-11 04:57:56.31234+00	1	Outdoor lighting	2	[{"deleted": {"name": "attached block", "object": "service-block (Service block) \\u2192 services.servicesconfig (#1)"}}, {"deleted": {"name": "attached block", "object": "service-benefits (Service benefits block) \\u2192 services.servicesconfig (#1)"}}, {"deleted": {"name": "attached block", "object": "contact-block (Contact block) \\u2192 services.servicesconfig (#1)"}}, {"added": {"name": "attached block", "object": "service-block (Service block) \\u2192 services.servicesconfig (#1)"}}, {"added": {"name": "attached block", "object": "service-benefits (Service benefits block) \\u2192 services.servicesconfig (#1)"}}, {"added": {"name": "attached block", "object": "contact-block (Contact block) \\u2192 services.servicesconfig (#1)"}}, {"changed": {"name": "service benefit", "object": "Usability", "fields": ["order"]}}, {"changed": {"name": "service benefit", "object": "Safety", "fields": ["order"]}}, {"changed": {"name": "service benefit", "object": "Value", "fields": ["order"]}}, {"changed": {"name": "service benefit", "object": "Environmentatlly Friendly", "fields": ["order"]}}]	39	3
167	2022-04-11 04:58:30.149389+00	1	Outdoor lighting	2	[{"added": {"name": "attached block", "object": "service-block (Service block) \\u2192 services.servicesconfig (#1)"}}, {"changed": {"name": "attached block", "object": "service-benefits (Service benefits block) \\u2192 services.servicesconfig (#1)", "fields": ["sort_order"]}}, {"changed": {"name": "attached block", "object": "contact-block (Contact block) \\u2192 services.servicesconfig (#1)", "fields": ["sort_order"]}}, {"deleted": {"name": "attached block", "object": "service-block (Service block) \\u2192 services.servicesconfig (#1)"}}, {"changed": {"name": "service benefit", "object": "Usability", "fields": ["order"]}}, {"changed": {"name": "service benefit", "object": "Safety", "fields": ["order"]}}, {"changed": {"name": "service benefit", "object": "Value", "fields": ["order"]}}, {"changed": {"name": "service benefit", "object": "Environmentatlly Friendly", "fields": ["order"]}}]	39	3
168	2022-04-12 11:09:45.377293+00	20	(301) "/services/" → "/outdoor-lighting/"	1	[{"added": {}}]	57	3
169	2022-04-12 11:10:40.617421+00	1	Residential Lighting	2	[{"changed": {"fields": ["text"]}}]	37	3
170	2022-04-12 11:10:47.496383+00	2	Landscape Lighting	2	[{"changed": {"fields": ["text"]}}]	37	3
171	2022-04-12 11:10:53.372671+00	3	Home Accent Lighting	2	[{"changed": {"fields": ["text"]}}]	37	3
172	2022-04-12 11:10:58.939795+00	4	Pathway Lighting	2	[{"changed": {"fields": ["text"]}}]	37	3
173	2022-04-12 11:11:51.430936+00	5	LED Lighting	2	[{"changed": {"fields": ["text"]}}]	37	3
174	2022-04-12 11:11:59.010044+00	7	Lighting Installation	2	[{"changed": {"fields": ["text"]}}]	37	3
175	2022-04-12 11:12:04.977289+00	8	Lighting Maintenance	2	[{"changed": {"fields": ["text"]}}]	37	3
176	2022-05-05 09:28:14.618314+00	1	Home page	2	[]	25	3
177	2022-05-05 09:28:14.665177+00	2	SeoData for settings(#1)	2	[{"changed": {"fields": ["canonical"]}}]	59	3
178	2022-05-05 09:28:37.680761+00	1	Home page	2	[]	25	3
179	2022-05-05 09:37:41.878405+00	1	Home page	2	[]	25	3
180	2022-05-05 09:52:05.732882+00	21	(301) "/austin-landscape-lighting/" → "/landscape-lighting/"	1	[{"added": {}}]	57	3
181	2022-05-05 10:20:12.329824+00	22	(301) "/about-us/ahba-logo/" → "/about/"	1	[{"added": {}}]	57	3
182	2022-05-05 10:22:33.305348+00	None	robots.txt	1	[{"added": {}}]	55	3
183	2022-05-05 10:24:26.842166+00	1	Outdoor lighting	2	[{"changed": {"fields": ["title_image", "alt_image"]}}, {"changed": {"name": "attached block", "object": "service-benefits (Service benefits block) \\u2192 services.servicesconfig (#1)", "fields": ["sort_order"]}}, {"changed": {"name": "attached block", "object": "contact-block (Contact block) \\u2192 services.servicesconfig (#1)", "fields": ["sort_order"]}}, {"changed": {"name": "service benefit", "object": "Usability", "fields": ["order"]}}, {"changed": {"name": "service benefit", "object": "Safety", "fields": ["order"]}}, {"changed": {"name": "service benefit", "object": "Value", "fields": ["order"]}}, {"changed": {"name": "service benefit", "object": "Environmentatlly Friendly", "fields": ["order"]}}]	39	3
184	2022-05-05 10:43:06.70243+00	None	robots.txt	1	[{"added": {}}]	55	3
185	2022-05-05 10:43:25.712238+00	None	robots.txt	1	[{"added": {}}]	55	3
186	2022-05-23 06:15:34.015248+00	1	Residential Lighting	2	[{"changed": {"fields": ["header", "text"]}}]	37	3
187	2022-05-23 06:15:34.019804+00	4	SeoData for service(#1)	2	[{"changed": {"fields": ["title", "description", "og_title", "og_description"]}}]	59	3
188	2022-05-23 06:49:41.630461+00	1	Residential Lighting	2	[{"changed": {"fields": ["slug"]}}]	37	3
189	2022-05-23 06:50:03.423406+00	23	(301) "/residential-lighting/" → "/residential-outdoor-lighting-companies/"	1	[{"added": {}}]	57	3
190	2022-05-27 07:33:03.737044+00	1	Outdoor lighting	2	[{"changed": {"fields": ["btn_text"]}}]	39	3
191	2022-05-27 07:33:28.396844+00	1	Residential Lighting	2	[{"changed": {"fields": ["btn_text"]}}]	37	3
192	2022-05-27 07:33:38.704297+00	2	Landscape Lighting	2	[{"changed": {"fields": ["btn_text"]}}]	37	3
193	2022-05-27 07:33:41.976164+00	3	Home Accent Lighting	2	[{"changed": {"fields": ["btn_text"]}}]	37	3
194	2022-05-27 07:33:45.7256+00	4	Pathway Lighting	2	[{"changed": {"fields": ["btn_text"]}}]	37	3
195	2022-05-27 07:33:50.123596+00	5	LED Lighting	2	[{"changed": {"fields": ["btn_text"]}}]	37	3
196	2022-05-27 07:33:54.040352+00	7	Lighting Installation	2	[{"changed": {"fields": ["btn_text"]}}]	37	3
197	2022-05-27 07:33:58.494384+00	8	Lighting Maintenance	2	[{"changed": {"fields": ["btn_text"]}}]	37	3
198	2022-05-27 07:42:16.864355+00	5	David Nice	1	[{"added": {}}]	42	3
199	2022-05-27 07:42:52.975133+00	6	Anindya Mukherjee	1	[{"added": {}}]	42	3
200	2022-05-27 07:44:06.579934+00	7	Susan Hochstatter	1	[{"added": {}}]	42	3
201	2022-05-27 07:44:28.185393+00	8	Bryan Kansas	1	[{"added": {}}]	42	3
202	2022-05-27 07:44:55.610834+00	9	John Dwyer	1	[{"added": {}}]	42	3
203	2022-05-27 07:45:14.102489+00	10	Tracy Dahl-Burg	1	[{"added": {}}]	42	3
204	2022-06-07 08:34:02.511538+00	7	Lighting Installation	2	[{"changed": {"fields": ["slug", "header", "description", "text"]}}]	37	3
205	2022-06-07 08:34:02.515017+00	13	SeoData for service(#7)	2	[{"changed": {"fields": ["title", "description", "og_title", "og_description"]}}]	59	3
206	2022-06-07 08:34:22.731031+00	7	Lighting Installation	2	[{"changed": {"fields": ["text"]}}]	37	3
207	2022-06-07 08:34:32.059632+00	24	(301) "/lighting-installation/" → "/lighting-installation-services/"	1	[{"added": {}}]	57	3
208	2022-07-12 06:30:38.947434+00	9	Landscape Speakers	1	[{"added": {}}, {"added": {"name": "attached block", "object": "contact-block (Contact block) \\u2192 services.service (#9)"}}]	37	3
209	2022-07-12 06:30:38.952728+00	16	SeoData for service(#9)	1	[{"changed": {"fields": ["title", "description", "og_title", "og_image", "og_description"]}}]	59	3
210	2022-07-12 06:31:32.037658+00	9	Landscape Speakers	2	[{"changed": {"fields": ["btn_text"]}}]	37	3
211	2022-07-12 06:32:20.35021+00	9	Landscape Speakers	2	[{"changed": {"fields": ["text"]}}]	37	3
212	2022-11-01 11:50:56.592834+00	5	LED Lighting	2	[{"changed": {"fields": ["text"]}}]	37	3
213	2022-11-01 11:51:18.503865+00	4	Pathway Lighting	2	[{"changed": {"fields": ["text"]}}]	37	3
214	2022-11-30 11:06:18.39138+00	9	Landscape Speakers	2	[{"changed": {"fields": ["text"]}}]	37	3
215	2022-11-30 11:14:02.364013+00	9	Landscape Speakers	2	[{"changed": {"fields": ["title_image", "alt_image"]}}]	37	3
216	2022-11-30 11:40:11.852421+00	3	Home Accent Lighting	2	[]	37	3
217	2022-11-30 11:40:11.856565+00	15	SeoData for service(#3)	2	[{"changed": {"fields": ["title", "og_title"]}}]	59	3
218	2022-11-30 11:40:44.556219+00	4	Pathway Lighting	2	[]	37	3
219	2022-11-30 11:40:44.559058+00	5	SeoData for service(#4)	2	[{"changed": {"fields": ["description", "og_description"]}}]	59	3
220	2022-12-16 11:52:35.951121+00	1	Outdoor lighting	2	[{"deleted": {"name": "attached block", "object": "contact-block (Contact block) \\u2192 services.servicesconfig (#1)"}}]	39	3
221	2022-12-16 11:53:27.032948+00	1	Outdoor lighting	2	[{"added": {"name": "attached block", "object": "form-contact-block (Contact block with form) \\u2192 services.servicesconfig (#1)"}}]	39	3
222	2022-12-16 12:08:48.859203+00	11	Rudy P.	1	[{"added": {}}]	42	3
223	2022-12-16 12:10:19.241062+00	11	Rudy P.	2	[{"changed": {"fields": ["sort_order"]}}]	42	3
224	2022-12-19 09:59:23.029937+00	1	FAQ	2	[]	23	1
225	2022-12-19 09:59:23.034006+00	9	SeoData for settings(#1)	2	[{"changed": {"fields": ["content"]}}]	59	1
226	2022-12-19 10:00:44.390653+00	4	FAQ	3		56	1
227	2023-01-12 04:50:08.685865+00	1	FAQ	2	[]	23	1
228	2023-01-12 04:50:08.690852+00	9	SeoData for settings(#1)	2	[{"changed": {"fields": ["content"]}}]	59	1
\.


--
-- Data for Name: django_content_type; Type: TABLE DATA; Schema: public; Owner: -
--

COPY public.django_content_type (id, app_label, model) FROM stdin;
1	admin	logentry
2	auth	permission
3	auth	group
4	contenttypes	contenttype
5	sessions	session
6	sites	site
7	admin_honeypot	loginattempt
8	django_cron	cronjoblog
9	about	aboutconfig
10	contacts	address
11	contacts	contactblock
12	contacts	contactformblock
13	contacts	contactsconfig
14	contacts	contactsthankyouconfig
15	contacts	message
16	contacts	notificationreceiver
17	contacts	openinghours
18	contacts	phonenumber
19	contacts	stopword
20	contacts	specialofferrequest
21	contacts	specialofferconfig
22	contacts	specialofferthankyouconfig
23	faq	faqconfig
24	faq	question
25	main	mainpageconfig
26	main	advantage
27	main	advantagesblock
28	main	award
29	main	awardblock
30	portfolio	blockgallery
31	portfolio	galleryblock
32	portfolio	mediagalleryblockimageitem
33	portfolio	portfolioconfig
34	portfolio	portfoliogallery
35	portfolio	portfoliogalleryimageitem
36	privacy	privacypolicyconfig
37	services	service
38	services	serviceblock
39	services	servicesconfig
40	services	servicebenefit
41	services	servicebenefitsblock
42	testimonials	testimonials
43	testimonials	testimonialsblock
44	testimonials	testimonialsconfig
45	users	customuser
46	attachable_blocks	attachableblock
47	attachable_blocks	attachablereference
48	backups	backup
49	ckeditor	pagefile
50	ckeditor	pagephoto
51	ckeditor	simplephoto
52	gallery	galleryitembase
53	google_maps	mapandaddress
54	rating	ratingvote
55	seo	robots
56	seo	counter
57	seo	redirect
58	seo	seoconfig
59	seo	seodata
60	social_networks	feedpost
61	social_networks	sociallinks
62	social_networks	socialconfig
63	social_networks	sociallink
\.


--
-- Data for Name: django_cron_cronjoblog; Type: TABLE DATA; Schema: public; Owner: -
--

COPY public.django_cron_cronjoblog (id, code, start_time, end_time, is_success, message, ran_at_time) FROM stdin;
\.


--
-- Data for Name: django_migrations; Type: TABLE DATA; Schema: public; Owner: -
--

COPY public.django_migrations (id, app, name, applied) FROM stdin;
1	about	0001_initial	2021-08-18 07:16:21.933767+00
2	about	0002_auto_20210804_0634	2021-08-18 07:16:21.937112+00
3	about	0003_auto_20210805_0351	2021-08-18 07:16:21.942573+00
4	contenttypes	0001_initial	2021-08-18 07:16:21.949253+00
5	contenttypes	0002_remove_content_type_name	2021-08-18 07:16:21.95613+00
6	auth	0001_initial	2021-08-18 07:16:21.979898+00
7	auth	0002_alter_permission_name_max_length	2021-08-18 07:16:21.984039+00
8	auth	0003_alter_user_email_max_length	2021-08-18 07:16:21.988124+00
9	auth	0004_alter_user_username_opts	2021-08-18 07:16:21.992104+00
10	auth	0005_alter_user_last_login_null	2021-08-18 07:16:21.996251+00
11	auth	0006_require_contenttypes_0002	2021-08-18 07:16:21.997365+00
12	users	0001_initial	2021-08-18 07:16:22.020852+00
13	admin	0001_initial	2021-08-18 07:16:22.036469+00
14	admin	0002_logentry_remove_auto_add	2021-08-18 07:16:22.067103+00
15	admin_honeypot	0001_initial	2021-08-18 07:16:22.073532+00
16	admin_honeypot	0002_auto_20160208_0854	2021-08-18 07:16:22.076275+00
17	attachable_blocks	0001_initial	2021-08-18 07:16:22.104032+00
18	attachable_blocks	0002_auto_20170607_0345	2021-08-18 07:16:22.129655+00
19	attachable_blocks	0003_auto_20170905_0746	2021-08-18 07:16:22.134163+00
20	attachable_blocks	0004_auto_20170930_0822	2021-08-18 07:16:22.141272+00
21	attachable_blocks	0005_auto_20190321_1020	2021-08-18 07:16:22.15755+00
22	auth	0007_alter_validators_add_error_messages	2021-08-18 07:16:22.163428+00
23	auth	0008_alter_user_username_max_length	2021-08-18 07:16:22.170037+00
24	backups	0001_initial	2021-08-18 07:16:22.172473+00
25	ckeditor	0001_initial	2021-08-18 07:16:22.187232+00
26	ckeditor	0002_auto_20160916_0501	2021-08-18 07:16:22.190293+00
27	ckeditor	0003_auto_20170905_0746	2021-08-18 07:16:22.193224+00
28	contacts	0001_initial	2021-08-18 07:16:22.258985+00
29	contacts	0002_auto_20210716_1016	2021-08-18 07:16:22.263961+00
30	contacts	0003_auto_20210726_0203	2021-08-18 07:16:22.272041+00
31	contacts	0004_auto_20210804_0634	2021-08-18 07:16:22.286391+00
32	contacts	0005_auto_20210805_0351	2021-08-18 07:16:22.301048+00
33	contacts	0006_specialofferrequest	2021-08-18 07:16:22.307467+00
34	contacts	0007_specialofferconfig_specialofferthankyouconfig	2021-08-18 07:16:22.318955+00
35	django_cron	0001_initial	2021-08-18 07:16:22.335577+00
36	django_cron	0002_remove_max_length_from_CronJobLog_message	2021-08-18 07:16:22.339004+00
37	faq	0001_initial	2021-08-18 07:16:22.350378+00
38	faq	0002_auto_20210804_0634	2021-08-18 07:16:22.354423+00
39	faq	0003_auto_20210805_0351	2021-08-18 07:16:22.361255+00
40	gallery	0001_initial	2021-08-18 07:16:22.377566+00
41	gallery	0002_auto_20170330_1316	2021-08-18 07:16:22.386863+00
42	gallery	0003_auto_20190321_1020	2021-08-18 07:16:22.394585+00
43	google_maps	0001_initial	2021-08-18 07:16:22.402285+00
44	main	0001_initial	2021-08-18 07:16:22.408624+00
45	main	0002_auto_20210712_0231	2021-08-18 07:16:22.430813+00
46	main	0003_advantage_advantagesblock	2021-08-18 07:16:22.449157+00
47	main	0004_auto_20210713_0915	2021-08-18 07:16:22.453638+00
48	main	0005_mainpageconfig_image	2021-08-18 07:16:22.458758+00
49	main	0006_auto_20210716_0851	2021-08-18 07:16:22.462685+00
50	main	0007_award_awardblock	2021-08-18 07:16:22.475582+00
51	main	0008_auto_20210721_0544	2021-08-18 07:16:22.479839+00
52	main	0009_auto_20210804_0634	2021-08-18 07:16:22.484551+00
53	main	0010_auto_20210805_0351	2021-08-18 07:16:22.492746+00
54	portfolio	0001_initial	2021-08-18 07:16:22.537667+00
55	portfolio	0002_auto_20210804_0634	2021-08-18 07:16:22.547125+00
56	portfolio	0003_auto_20210805_0351	2021-08-18 07:16:22.555632+00
57	privacy	0001_initial	2021-08-18 07:16:22.563626+00
58	privacy	0002_auto_20210804_0634	2021-08-18 07:16:22.568238+00
59	privacy	0003_auto_20210805_0351	2021-08-18 07:16:22.575801+00
60	rating	0001_initial	2021-08-18 07:16:22.583319+00
61	rating	0002_auto_20190330_1532	2021-08-18 07:16:22.597371+00
62	rating	0003_auto_20190331_0104	2021-08-18 07:16:22.605893+00
63	seo	0001_initial	2021-08-18 07:16:22.640867+00
64	seo	0002_redirect_last_usage	2021-08-18 07:16:22.64538+00
65	seo	0003_auto_20160916_0233	2021-08-18 07:16:22.655132+00
66	seo	0004_auto_20161109_0306	2021-08-18 07:16:22.672107+00
67	seo	0005_auto_20170203_1458	2021-08-18 07:16:22.678356+00
68	seo	0006_auto_20170330_1316	2021-08-18 07:16:22.683482+00
69	seo	0007_auto_20170413_0355	2021-08-18 07:16:22.690223+00
70	seo	0008_auto_20181121_0817	2021-08-18 07:16:22.697577+00
71	services	0001_initial	2021-08-18 07:16:22.719622+00
72	services	0002_auto_20210715_0858	2021-08-18 07:16:22.726446+00
73	services	0003_auto_20210716_0851	2021-08-18 07:16:22.737361+00
74	services	0004_servicebenefit_servicebenefitsblock	2021-08-18 07:16:22.754579+00
75	services	0005_auto_20210722_0554	2021-08-18 07:16:22.759089+00
76	services	0006_auto_20210803_0519	2021-08-18 07:16:22.763315+00
77	services	0007_auto_20210804_0634	2021-08-18 07:16:22.775864+00
78	services	0008_auto_20210805_0351	2021-08-18 07:16:22.799563+00
79	sessions	0001_initial	2021-08-18 07:16:22.807733+00
80	sites	0001_initial	2021-08-18 07:16:22.813337+00
81	sites	0002_alter_domain_unique	2021-08-18 07:16:22.819976+00
82	social_networks	0001_initial	2021-08-18 07:16:22.841243+00
83	social_networks	0002_sociallinks_social_instagram	2021-08-18 07:16:22.846357+00
84	social_networks	0003_socialconfig	2021-08-18 07:16:22.853677+00
85	social_networks	0004_auto_20170120_0920	2021-08-18 07:16:22.861249+00
86	social_networks	0005_auto_20170120_0957	2021-08-18 07:16:22.865895+00
87	social_networks	0006_auto_20170120_1013	2021-08-18 07:16:22.911882+00
88	social_networks	0007_auto_20170121_0848	2021-08-18 07:16:22.920647+00
89	social_networks	0008_auto_20190405_1657	2021-08-18 07:16:22.93168+00
90	testimonials	0001_initial	2021-08-18 07:16:22.950976+00
91	testimonials	0002_auto_20210720_0628	2021-08-18 07:16:22.95539+00
92	testimonials	0003_auto_20210804_0634	2021-08-18 07:16:22.964467+00
93	testimonials	0004_auto_20210805_0351	2021-08-18 07:16:22.972953+00
94	users	0002_auto_20190321_1020	2021-08-18 07:16:22.982762+00
95	users	0003_auto_20190327_1359	2021-08-18 07:16:22.995318+00
96	contacts	0008_auto_20210821_1343	2021-08-23 06:43:24.260155+00
97	contacts	0009_message_email	2021-08-26 14:13:47.399024+00
98	seo	0009_seodata_content	2022-12-19 09:58:57.349431+00
\.


--
-- Data for Name: django_session; Type: TABLE DATA; Schema: public; Owner: -
--

COPY public.django_session (session_key, session_data, expire_date) FROM stdin;
04klpkpa631k2h9qqn7j8y2jlz1e1y57	OTFlMTNiNjIzNjBmOTc0NWQ3YTU4MjMyZDg1NzAxMWQ0N2M0NjBjNDp7Il9hdXRoX3VzZXJfaWQiOiIxIiwiX2F1dGhfdXNlcl9iYWNrZW5kIjoiZGphbmdvLmNvbnRyaWIuYXV0aC5iYWNrZW5kcy5Nb2RlbEJhY2tlbmQiLCJfYXV0aF91c2VyX2hhc2giOiI1NGEzMWYzM2Q3ZDFmMTMxYmE3NDNlYjE4YmJiZDI1NTY3YzA2MWYyIn0=	2021-08-18 06:10:22.367+00
80axzo2q7q1ckeyaqs7fbbtqhg6i8n7d	N2UwYzY3ZGE4YjczZmNjMDVmZWI5MmMwNjBmODBjZWE1OWZjYmYwZDp7Il9hdXRoX3VzZXJfaWQiOiIyIiwiX2F1dGhfdXNlcl9iYWNrZW5kIjoiZGphbmdvLmNvbnRyaWIuYXV0aC5iYWNrZW5kcy5Nb2RlbEJhY2tlbmQiLCJfYXV0aF91c2VyX2hhc2giOiIxNzAzMGM5MWFmMjgzMjYwNTVkMzc2MDFjMDgyNGMzNTkyNzk5ODBjIn0=	2021-09-10 09:15:28.026+00
ctmjhzsup8p3bo6b6xhl6f1jb396jo2f	ZTkwZGI5YzQyNDY5NGIzMGE0ZmE2NWVhNWYwODI0ODViMDA0YjQ3ZDp7Il9hdXRoX3VzZXJfaWQiOiIxIiwiX2F1dGhfdXNlcl9iYWNrZW5kIjoiZGphbmdvLmNvbnRyaWIuYXV0aC5iYWNrZW5kcy5Nb2RlbEJhY2tlbmQiLCJfYXV0aF91c2VyX2hhc2giOiJmZmVjZTdjZTJjMDRkN2U0OTNjNWUxNWMyMmJiMTU4ZDQ4MDE0MDVkIn0=	2021-09-04 14:34:51.551+00
d3etb34t2yc7pvlencevrc7cjtj7unkg	ZTkwZGI5YzQyNDY5NGIzMGE0ZmE2NWVhNWYwODI0ODViMDA0YjQ3ZDp7Il9hdXRoX3VzZXJfaWQiOiIxIiwiX2F1dGhfdXNlcl9iYWNrZW5kIjoiZGphbmdvLmNvbnRyaWIuYXV0aC5iYWNrZW5kcy5Nb2RlbEJhY2tlbmQiLCJfYXV0aF91c2VyX2hhc2giOiJmZmVjZTdjZTJjMDRkN2U0OTNjNWUxNWMyMmJiMTU4ZDQ4MDE0MDVkIn0=	2021-08-21 13:57:21.046+00
dm3d9b4gr8tgfcn8cw8x1qn8en4oe7ax	ZTkwZGI5YzQyNDY5NGIzMGE0ZmE2NWVhNWYwODI0ODViMDA0YjQ3ZDp7Il9hdXRoX3VzZXJfaWQiOiIxIiwiX2F1dGhfdXNlcl9iYWNrZW5kIjoiZGphbmdvLmNvbnRyaWIuYXV0aC5iYWNrZW5kcy5Nb2RlbEJhY2tlbmQiLCJfYXV0aF91c2VyX2hhc2giOiJmZmVjZTdjZTJjMDRkN2U0OTNjNWUxNWMyMmJiMTU4ZDQ4MDE0MDVkIn0=	2021-08-21 10:31:12.069+00
g0moggyrqqsqq4utrhnjgd3wg5geyg1b	ZTkwZGI5YzQyNDY5NGIzMGE0ZmE2NWVhNWYwODI0ODViMDA0YjQ3ZDp7Il9hdXRoX3VzZXJfaWQiOiIxIiwiX2F1dGhfdXNlcl9iYWNrZW5kIjoiZGphbmdvLmNvbnRyaWIuYXV0aC5iYWNrZW5kcy5Nb2RlbEJhY2tlbmQiLCJfYXV0aF91c2VyX2hhc2giOiJmZmVjZTdjZTJjMDRkN2U0OTNjNWUxNWMyMmJiMTU4ZDQ4MDE0MDVkIn0=	2021-09-02 10:16:28.261+00
inp6py9q6c0ak3sq8eizpd79r5qenc52	ZTkwZGI5YzQyNDY5NGIzMGE0ZmE2NWVhNWYwODI0ODViMDA0YjQ3ZDp7Il9hdXRoX3VzZXJfaWQiOiIxIiwiX2F1dGhfdXNlcl9iYWNrZW5kIjoiZGphbmdvLmNvbnRyaWIuYXV0aC5iYWNrZW5kcy5Nb2RlbEJhY2tlbmQiLCJfYXV0aF91c2VyX2hhc2giOiJmZmVjZTdjZTJjMDRkN2U0OTNjNWUxNWMyMmJiMTU4ZDQ4MDE0MDVkIn0=	2021-08-22 05:33:46.116+00
ir4hzz8m94q8odra88vtmusxien6m1ts	ZTkwZGI5YzQyNDY5NGIzMGE0ZmE2NWVhNWYwODI0ODViMDA0YjQ3ZDp7Il9hdXRoX3VzZXJfaWQiOiIxIiwiX2F1dGhfdXNlcl9iYWNrZW5kIjoiZGphbmdvLmNvbnRyaWIuYXV0aC5iYWNrZW5kcy5Nb2RlbEJhY2tlbmQiLCJfYXV0aF91c2VyX2hhc2giOiJmZmVjZTdjZTJjMDRkN2U0OTNjNWUxNWMyMmJiMTU4ZDQ4MDE0MDVkIn0=	2021-09-04 12:12:11.161+00
k3yatqs19eot5kqhbkoub3r52g5z4ap9	ZTkwZGI5YzQyNDY5NGIzMGE0ZmE2NWVhNWYwODI0ODViMDA0YjQ3ZDp7Il9hdXRoX3VzZXJfaWQiOiIxIiwiX2F1dGhfdXNlcl9iYWNrZW5kIjoiZGphbmdvLmNvbnRyaWIuYXV0aC5iYWNrZW5kcy5Nb2RlbEJhY2tlbmQiLCJfYXV0aF91c2VyX2hhc2giOiJmZmVjZTdjZTJjMDRkN2U0OTNjNWUxNWMyMmJiMTU4ZDQ4MDE0MDVkIn0=	2021-08-21 11:07:56.448+00
n1xvqali0pm4wg638igztbpdauu808of	ZTkwZGI5YzQyNDY5NGIzMGE0ZmE2NWVhNWYwODI0ODViMDA0YjQ3ZDp7Il9hdXRoX3VzZXJfaWQiOiIxIiwiX2F1dGhfdXNlcl9iYWNrZW5kIjoiZGphbmdvLmNvbnRyaWIuYXV0aC5iYWNrZW5kcy5Nb2RlbEJhY2tlbmQiLCJfYXV0aF91c2VyX2hhc2giOiJmZmVjZTdjZTJjMDRkN2U0OTNjNWUxNWMyMmJiMTU4ZDQ4MDE0MDVkIn0=	2021-08-21 10:03:47.356+00
obp9tr8n1h52vcji900amhpa8m6x6bga	ZTkwZGI5YzQyNDY5NGIzMGE0ZmE2NWVhNWYwODI0ODViMDA0YjQ3ZDp7Il9hdXRoX3VzZXJfaWQiOiIxIiwiX2F1dGhfdXNlcl9iYWNrZW5kIjoiZGphbmdvLmNvbnRyaWIuYXV0aC5iYWNrZW5kcy5Nb2RlbEJhY2tlbmQiLCJfYXV0aF91c2VyX2hhc2giOiJmZmVjZTdjZTJjMDRkN2U0OTNjNWUxNWMyMmJiMTU4ZDQ4MDE0MDVkIn0=	2021-08-21 11:42:15.901+00
ppxrztgzuadn8y95geq5647j83y64zwt	ZTkwZGI5YzQyNDY5NGIzMGE0ZmE2NWVhNWYwODI0ODViMDA0YjQ3ZDp7Il9hdXRoX3VzZXJfaWQiOiIxIiwiX2F1dGhfdXNlcl9iYWNrZW5kIjoiZGphbmdvLmNvbnRyaWIuYXV0aC5iYWNrZW5kcy5Nb2RlbEJhY2tlbmQiLCJfYXV0aF91c2VyX2hhc2giOiJmZmVjZTdjZTJjMDRkN2U0OTNjNWUxNWMyMmJiMTU4ZDQ4MDE0MDVkIn0=	2021-08-21 10:49:39.078+00
s0n6y10v3lpymka8r3lbalo0nw3g80fx	ZTkwZGI5YzQyNDY5NGIzMGE0ZmE2NWVhNWYwODI0ODViMDA0YjQ3ZDp7Il9hdXRoX3VzZXJfaWQiOiIxIiwiX2F1dGhfdXNlcl9iYWNrZW5kIjoiZGphbmdvLmNvbnRyaWIuYXV0aC5iYWNrZW5kcy5Nb2RlbEJhY2tlbmQiLCJfYXV0aF91c2VyX2hhc2giOiJmZmVjZTdjZTJjMDRkN2U0OTNjNWUxNWMyMmJiMTU4ZDQ4MDE0MDVkIn0=	2021-09-10 04:41:55.293+00
saoxg2ud1k33ikmitzl018yrj2dfr9w3	N2UwYzY3ZGE4YjczZmNjMDVmZWI5MmMwNjBmODBjZWE1OWZjYmYwZDp7Il9hdXRoX3VzZXJfaWQiOiIyIiwiX2F1dGhfdXNlcl9iYWNrZW5kIjoiZGphbmdvLmNvbnRyaWIuYXV0aC5iYWNrZW5kcy5Nb2RlbEJhY2tlbmQiLCJfYXV0aF91c2VyX2hhc2giOiIxNzAzMGM5MWFmMjgzMjYwNTVkMzc2MDFjMDgyNGMzNTkyNzk5ODBjIn0=	2021-09-15 15:49:45.767+00
ufdjf8rbstkpk4k3rykeqps98agy21v4	ZTkwZGI5YzQyNDY5NGIzMGE0ZmE2NWVhNWYwODI0ODViMDA0YjQ3ZDp7Il9hdXRoX3VzZXJfaWQiOiIxIiwiX2F1dGhfdXNlcl9iYWNrZW5kIjoiZGphbmdvLmNvbnRyaWIuYXV0aC5iYWNrZW5kcy5Nb2RlbEJhY2tlbmQiLCJfYXV0aF91c2VyX2hhc2giOiJmZmVjZTdjZTJjMDRkN2U0OTNjNWUxNWMyMmJiMTU4ZDQ4MDE0MDVkIn0=	2021-08-27 12:47:34.297+00
v5jx9dido35heyqjk9c7lpnzdwxh76el	OTFlMTNiNjIzNjBmOTc0NWQ3YTU4MjMyZDg1NzAxMWQ0N2M0NjBjNDp7Il9hdXRoX3VzZXJfaWQiOiIxIiwiX2F1dGhfdXNlcl9iYWNrZW5kIjoiZGphbmdvLmNvbnRyaWIuYXV0aC5iYWNrZW5kcy5Nb2RlbEJhY2tlbmQiLCJfYXV0aF91c2VyX2hhc2giOiI1NGEzMWYzM2Q3ZDFmMTMxYmE3NDNlYjE4YmJiZDI1NTY3YzA2MWYyIn0=	2021-08-12 07:37:07.859+00
vo63exl5i7elad5wspqz1ovg6ccxn1nk	ZTkwZGI5YzQyNDY5NGIzMGE0ZmE2NWVhNWYwODI0ODViMDA0YjQ3ZDp7Il9hdXRoX3VzZXJfaWQiOiIxIiwiX2F1dGhfdXNlcl9iYWNrZW5kIjoiZGphbmdvLmNvbnRyaWIuYXV0aC5iYWNrZW5kcy5Nb2RlbEJhY2tlbmQiLCJfYXV0aF91c2VyX2hhc2giOiJmZmVjZTdjZTJjMDRkN2U0OTNjNWUxNWMyMmJiMTU4ZDQ4MDE0MDVkIn0=	2021-09-03 19:32:58.005+00
vqb89e57zwt4apkhu61t4wl42iqlpx3m	ZTkwZGI5YzQyNDY5NGIzMGE0ZmE2NWVhNWYwODI0ODViMDA0YjQ3ZDp7Il9hdXRoX3VzZXJfaWQiOiIxIiwiX2F1dGhfdXNlcl9iYWNrZW5kIjoiZGphbmdvLmNvbnRyaWIuYXV0aC5iYWNrZW5kcy5Nb2RlbEJhY2tlbmQiLCJfYXV0aF91c2VyX2hhc2giOiJmZmVjZTdjZTJjMDRkN2U0OTNjNWUxNWMyMmJiMTU4ZDQ4MDE0MDVkIn0=	2021-09-10 09:12:53.601+00
xnevr46pnjorvoktekhi4ylovfxa0721	ZTkwZGI5YzQyNDY5NGIzMGE0ZmE2NWVhNWYwODI0ODViMDA0YjQ3ZDp7Il9hdXRoX3VzZXJfaWQiOiIxIiwiX2F1dGhfdXNlcl9iYWNrZW5kIjoiZGphbmdvLmNvbnRyaWIuYXV0aC5iYWNrZW5kcy5Nb2RlbEJhY2tlbmQiLCJfYXV0aF91c2VyX2hhc2giOiJmZmVjZTdjZTJjMDRkN2U0OTNjNWUxNWMyMmJiMTU4ZDQ4MDE0MDVkIn0=	2021-09-09 19:25:01.437+00
xsjl6mvtwvfsamapyfg7qej36p9vkv7q	OTFlMTNiNjIzNjBmOTc0NWQ3YTU4MjMyZDg1NzAxMWQ0N2M0NjBjNDp7Il9hdXRoX3VzZXJfaWQiOiIxIiwiX2F1dGhfdXNlcl9iYWNrZW5kIjoiZGphbmdvLmNvbnRyaWIuYXV0aC5iYWNrZW5kcy5Nb2RlbEJhY2tlbmQiLCJfYXV0aF91c2VyX2hhc2giOiI1NGEzMWYzM2Q3ZDFmMTMxYmE3NDNlYjE4YmJiZDI1NTY3YzA2MWYyIn0=	2021-08-20 09:47:16.675+00
yqoi2r3mak4xghjgw32vyoyhovmmy5ur	ZTkwZGI5YzQyNDY5NGIzMGE0ZmE2NWVhNWYwODI0ODViMDA0YjQ3ZDp7Il9hdXRoX3VzZXJfaWQiOiIxIiwiX2F1dGhfdXNlcl9iYWNrZW5kIjoiZGphbmdvLmNvbnRyaWIuYXV0aC5iYWNrZW5kcy5Nb2RlbEJhY2tlbmQiLCJfYXV0aF91c2VyX2hhc2giOiJmZmVjZTdjZTJjMDRkN2U0OTNjNWUxNWMyMmJiMTU4ZDQ4MDE0MDVkIn0=	2021-09-15 20:14:50.617+00
kfmsdzd9y7ph1jowrnidt8czqw58fkxz	N2UwYzY3ZGE4YjczZmNjMDVmZWI5MmMwNjBmODBjZWE1OWZjYmYwZDp7Il9hdXRoX3VzZXJfaWQiOiIyIiwiX2F1dGhfdXNlcl9iYWNrZW5kIjoiZGphbmdvLmNvbnRyaWIuYXV0aC5iYWNrZW5kcy5Nb2RlbEJhY2tlbmQiLCJfYXV0aF91c2VyX2hhc2giOiIxNzAzMGM5MWFmMjgzMjYwNTVkMzc2MDFjMDgyNGMzNTkyNzk5ODBjIn0=	2021-09-17 07:31:43.183921+00
v3ln0xc92na6t9nnwr8uz2e0am1d7uw1	ODUyMDhmNjEyZGQ2MzI0MGJmYWI1MDA5YWQ4YWZhYTgyNDIyYmM0ZTp7Il9hdXRoX3VzZXJfaWQiOiIxIiwiX2F1dGhfdXNlcl9iYWNrZW5kIjoiZGphbmdvLmNvbnRyaWIuYXV0aC5iYWNrZW5kcy5Nb2RlbEJhY2tlbmQiLCJfYXV0aF91c2VyX2hhc2giOiIyODYwMmI1ZDBiYjhhOTkyOTE4NzU0M2I4NmI0YjViMmY5ZjU2MGFkIn0=	2021-09-17 07:32:37.526478+00
xuj7sacf3o0s5soz49otx4s1v9075c05	MDVlY2QxOTY4ODM1ZTA1NmU5NmVjYjY0ZjQxMzg3NzI5ZWJhZDlhODp7Il9hdXRoX3VzZXJfaWQiOiIzIiwiX2F1dGhfdXNlcl9iYWNrZW5kIjoiZGphbmdvLmNvbnRyaWIuYXV0aC5iYWNrZW5kcy5Nb2RlbEJhY2tlbmQiLCJfYXV0aF91c2VyX2hhc2giOiJiY2ZhNWRlYjhiZjMzYWNjMTIzY2IwMGU5NzQ5ZjA3Y2RkMmRhOWRiIn0=	2021-09-17 07:41:37.524048+00
1qfxsea4xl93cmr4xt77f2pkczfabrh7	MDVlY2QxOTY4ODM1ZTA1NmU5NmVjYjY0ZjQxMzg3NzI5ZWJhZDlhODp7Il9hdXRoX3VzZXJfaWQiOiIzIiwiX2F1dGhfdXNlcl9iYWNrZW5kIjoiZGphbmdvLmNvbnRyaWIuYXV0aC5iYWNrZW5kcy5Nb2RlbEJhY2tlbmQiLCJfYXV0aF91c2VyX2hhc2giOiJiY2ZhNWRlYjhiZjMzYWNjMTIzY2IwMGU5NzQ5ZjA3Y2RkMmRhOWRiIn0=	2021-09-17 09:31:40.905137+00
ujkwzz4c0ankjwx3uml6uwjxqbagbhpz	MDVlY2QxOTY4ODM1ZTA1NmU5NmVjYjY0ZjQxMzg3NzI5ZWJhZDlhODp7Il9hdXRoX3VzZXJfaWQiOiIzIiwiX2F1dGhfdXNlcl9iYWNrZW5kIjoiZGphbmdvLmNvbnRyaWIuYXV0aC5iYWNrZW5kcy5Nb2RlbEJhY2tlbmQiLCJfYXV0aF91c2VyX2hhc2giOiJiY2ZhNWRlYjhiZjMzYWNjMTIzY2IwMGU5NzQ5ZjA3Y2RkMmRhOWRiIn0=	2021-09-17 10:41:23.291163+00
gsl9gbt87k5avj0n0spe6shr11kd3v99	MDVlY2QxOTY4ODM1ZTA1NmU5NmVjYjY0ZjQxMzg3NzI5ZWJhZDlhODp7Il9hdXRoX3VzZXJfaWQiOiIzIiwiX2F1dGhfdXNlcl9iYWNrZW5kIjoiZGphbmdvLmNvbnRyaWIuYXV0aC5iYWNrZW5kcy5Nb2RlbEJhY2tlbmQiLCJfYXV0aF91c2VyX2hhc2giOiJiY2ZhNWRlYjhiZjMzYWNjMTIzY2IwMGU5NzQ5ZjA3Y2RkMmRhOWRiIn0=	2021-09-17 11:26:57.076021+00
zpc4j9sp41fxi59wh3otepd75sjsb9hk	N2UwYzY3ZGE4YjczZmNjMDVmZWI5MmMwNjBmODBjZWE1OWZjYmYwZDp7Il9hdXRoX3VzZXJfaWQiOiIyIiwiX2F1dGhfdXNlcl9iYWNrZW5kIjoiZGphbmdvLmNvbnRyaWIuYXV0aC5iYWNrZW5kcy5Nb2RlbEJhY2tlbmQiLCJfYXV0aF91c2VyX2hhc2giOiIxNzAzMGM5MWFmMjgzMjYwNTVkMzc2MDFjMDgyNGMzNTkyNzk5ODBjIn0=	2021-09-17 15:48:36.787798+00
qk6qix8qdnnmbjw8k468uavfylgs0wx7	MDVlY2QxOTY4ODM1ZTA1NmU5NmVjYjY0ZjQxMzg3NzI5ZWJhZDlhODp7Il9hdXRoX3VzZXJfaWQiOiIzIiwiX2F1dGhfdXNlcl9iYWNrZW5kIjoiZGphbmdvLmNvbnRyaWIuYXV0aC5iYWNrZW5kcy5Nb2RlbEJhY2tlbmQiLCJfYXV0aF91c2VyX2hhc2giOiJiY2ZhNWRlYjhiZjMzYWNjMTIzY2IwMGU5NzQ5ZjA3Y2RkMmRhOWRiIn0=	2021-09-22 06:50:52.149082+00
9svq8qori2plzp5e7sduiy4t75pvf3up	MDVlY2QxOTY4ODM1ZTA1NmU5NmVjYjY0ZjQxMzg3NzI5ZWJhZDlhODp7Il9hdXRoX3VzZXJfaWQiOiIzIiwiX2F1dGhfdXNlcl9iYWNrZW5kIjoiZGphbmdvLmNvbnRyaWIuYXV0aC5iYWNrZW5kcy5Nb2RlbEJhY2tlbmQiLCJfYXV0aF91c2VyX2hhc2giOiJiY2ZhNWRlYjhiZjMzYWNjMTIzY2IwMGU5NzQ5ZjA3Y2RkMmRhOWRiIn0=	2021-09-22 07:21:20.537941+00
c9p2lgm075rsns1rs7moxhywm1n4i6hm	MDVlY2QxOTY4ODM1ZTA1NmU5NmVjYjY0ZjQxMzg3NzI5ZWJhZDlhODp7Il9hdXRoX3VzZXJfaWQiOiIzIiwiX2F1dGhfdXNlcl9iYWNrZW5kIjoiZGphbmdvLmNvbnRyaWIuYXV0aC5iYWNrZW5kcy5Nb2RlbEJhY2tlbmQiLCJfYXV0aF91c2VyX2hhc2giOiJiY2ZhNWRlYjhiZjMzYWNjMTIzY2IwMGU5NzQ5ZjA3Y2RkMmRhOWRiIn0=	2021-09-22 12:28:28.613667+00
fboevffzyv3ktdfjo3uwj8wa7u6gclmq	N2UwYzY3ZGE4YjczZmNjMDVmZWI5MmMwNjBmODBjZWE1OWZjYmYwZDp7Il9hdXRoX3VzZXJfaWQiOiIyIiwiX2F1dGhfdXNlcl9iYWNrZW5kIjoiZGphbmdvLmNvbnRyaWIuYXV0aC5iYWNrZW5kcy5Nb2RlbEJhY2tlbmQiLCJfYXV0aF91c2VyX2hhc2giOiIxNzAzMGM5MWFmMjgzMjYwNTVkMzc2MDFjMDgyNGMzNTkyNzk5ODBjIn0=	2021-09-22 16:43:48.658638+00
batp9j5uvwxbcuo5q3ywm9f9g5yj0ybp	MDVlY2QxOTY4ODM1ZTA1NmU5NmVjYjY0ZjQxMzg3NzI5ZWJhZDlhODp7Il9hdXRoX3VzZXJfaWQiOiIzIiwiX2F1dGhfdXNlcl9iYWNrZW5kIjoiZGphbmdvLmNvbnRyaWIuYXV0aC5iYWNrZW5kcy5Nb2RlbEJhY2tlbmQiLCJfYXV0aF91c2VyX2hhc2giOiJiY2ZhNWRlYjhiZjMzYWNjMTIzY2IwMGU5NzQ5ZjA3Y2RkMmRhOWRiIn0=	2021-09-23 04:39:46.95642+00
ghvz0u6kvv8cvs2z1enn2bfrw2u4ztkg	MDVlY2QxOTY4ODM1ZTA1NmU5NmVjYjY0ZjQxMzg3NzI5ZWJhZDlhODp7Il9hdXRoX3VzZXJfaWQiOiIzIiwiX2F1dGhfdXNlcl9iYWNrZW5kIjoiZGphbmdvLmNvbnRyaWIuYXV0aC5iYWNrZW5kcy5Nb2RlbEJhY2tlbmQiLCJfYXV0aF91c2VyX2hhc2giOiJiY2ZhNWRlYjhiZjMzYWNjMTIzY2IwMGU5NzQ5ZjA3Y2RkMmRhOWRiIn0=	2021-09-23 11:18:26.351782+00
hidqtew311dps79r2lagacoh10zlh0l6	MDVlY2QxOTY4ODM1ZTA1NmU5NmVjYjY0ZjQxMzg3NzI5ZWJhZDlhODp7Il9hdXRoX3VzZXJfaWQiOiIzIiwiX2F1dGhfdXNlcl9iYWNrZW5kIjoiZGphbmdvLmNvbnRyaWIuYXV0aC5iYWNrZW5kcy5Nb2RlbEJhY2tlbmQiLCJfYXV0aF91c2VyX2hhc2giOiJiY2ZhNWRlYjhiZjMzYWNjMTIzY2IwMGU5NzQ5ZjA3Y2RkMmRhOWRiIn0=	2021-09-23 17:00:52.655117+00
caw0x4m5ljvhs2eqtgbaryl0i8ow6kei	MDVlY2QxOTY4ODM1ZTA1NmU5NmVjYjY0ZjQxMzg3NzI5ZWJhZDlhODp7Il9hdXRoX3VzZXJfaWQiOiIzIiwiX2F1dGhfdXNlcl9iYWNrZW5kIjoiZGphbmdvLmNvbnRyaWIuYXV0aC5iYWNrZW5kcy5Nb2RlbEJhY2tlbmQiLCJfYXV0aF91c2VyX2hhc2giOiJiY2ZhNWRlYjhiZjMzYWNjMTIzY2IwMGU5NzQ5ZjA3Y2RkMmRhOWRiIn0=	2021-09-25 04:39:46.144083+00
6f4m206fw4dpo1hjtrbqsswwen1to608	MDVlY2QxOTY4ODM1ZTA1NmU5NmVjYjY0ZjQxMzg3NzI5ZWJhZDlhODp7Il9hdXRoX3VzZXJfaWQiOiIzIiwiX2F1dGhfdXNlcl9iYWNrZW5kIjoiZGphbmdvLmNvbnRyaWIuYXV0aC5iYWNrZW5kcy5Nb2RlbEJhY2tlbmQiLCJfYXV0aF91c2VyX2hhc2giOiJiY2ZhNWRlYjhiZjMzYWNjMTIzY2IwMGU5NzQ5ZjA3Y2RkMmRhOWRiIn0=	2021-09-26 04:33:51.232441+00
xxygq70olpdpnhfvyzvdq8opui1juvc3	MDVlY2QxOTY4ODM1ZTA1NmU5NmVjYjY0ZjQxMzg3NzI5ZWJhZDlhODp7Il9hdXRoX3VzZXJfaWQiOiIzIiwiX2F1dGhfdXNlcl9iYWNrZW5kIjoiZGphbmdvLmNvbnRyaWIuYXV0aC5iYWNrZW5kcy5Nb2RlbEJhY2tlbmQiLCJfYXV0aF91c2VyX2hhc2giOiJiY2ZhNWRlYjhiZjMzYWNjMTIzY2IwMGU5NzQ5ZjA3Y2RkMmRhOWRiIn0=	2021-10-03 10:56:41.024144+00
z2b4l7qkck932d3jutbk3ra8an0v1z55	MDVlY2QxOTY4ODM1ZTA1NmU5NmVjYjY0ZjQxMzg3NzI5ZWJhZDlhODp7Il9hdXRoX3VzZXJfaWQiOiIzIiwiX2F1dGhfdXNlcl9iYWNrZW5kIjoiZGphbmdvLmNvbnRyaWIuYXV0aC5iYWNrZW5kcy5Nb2RlbEJhY2tlbmQiLCJfYXV0aF91c2VyX2hhc2giOiJiY2ZhNWRlYjhiZjMzYWNjMTIzY2IwMGU5NzQ5ZjA3Y2RkMmRhOWRiIn0=	2021-10-08 06:27:06.785265+00
tri2lb8iq69f7q2eho1xa8xwvfiprm0b	MDVlY2QxOTY4ODM1ZTA1NmU5NmVjYjY0ZjQxMzg3NzI5ZWJhZDlhODp7Il9hdXRoX3VzZXJfaWQiOiIzIiwiX2F1dGhfdXNlcl9iYWNrZW5kIjoiZGphbmdvLmNvbnRyaWIuYXV0aC5iYWNrZW5kcy5Nb2RlbEJhY2tlbmQiLCJfYXV0aF91c2VyX2hhc2giOiJiY2ZhNWRlYjhiZjMzYWNjMTIzY2IwMGU5NzQ5ZjA3Y2RkMmRhOWRiIn0=	2021-11-17 07:39:54.927885+00
kn976x35f6elrycdh8ki3lsojrhbkiql	MDVlY2QxOTY4ODM1ZTA1NmU5NmVjYjY0ZjQxMzg3NzI5ZWJhZDlhODp7Il9hdXRoX3VzZXJfaWQiOiIzIiwiX2F1dGhfdXNlcl9iYWNrZW5kIjoiZGphbmdvLmNvbnRyaWIuYXV0aC5iYWNrZW5kcy5Nb2RlbEJhY2tlbmQiLCJfYXV0aF91c2VyX2hhc2giOiJiY2ZhNWRlYjhiZjMzYWNjMTIzY2IwMGU5NzQ5ZjA3Y2RkMmRhOWRiIn0=	2021-11-20 06:24:20.394704+00
859rrx02vku5xf3kfnsrot2b3oxghfxe	MDVlY2QxOTY4ODM1ZTA1NmU5NmVjYjY0ZjQxMzg3NzI5ZWJhZDlhODp7Il9hdXRoX3VzZXJfaWQiOiIzIiwiX2F1dGhfdXNlcl9iYWNrZW5kIjoiZGphbmdvLmNvbnRyaWIuYXV0aC5iYWNrZW5kcy5Nb2RlbEJhY2tlbmQiLCJfYXV0aF91c2VyX2hhc2giOiJiY2ZhNWRlYjhiZjMzYWNjMTIzY2IwMGU5NzQ5ZjA3Y2RkMmRhOWRiIn0=	2021-11-20 08:50:45.016194+00
s98gk5s8vregke4zuvadftqe7js6b50g	MDVlY2QxOTY4ODM1ZTA1NmU5NmVjYjY0ZjQxMzg3NzI5ZWJhZDlhODp7Il9hdXRoX3VzZXJfaWQiOiIzIiwiX2F1dGhfdXNlcl9iYWNrZW5kIjoiZGphbmdvLmNvbnRyaWIuYXV0aC5iYWNrZW5kcy5Nb2RlbEJhY2tlbmQiLCJfYXV0aF91c2VyX2hhc2giOiJiY2ZhNWRlYjhiZjMzYWNjMTIzY2IwMGU5NzQ5ZjA3Y2RkMmRhOWRiIn0=	2021-11-21 06:19:09.758099+00
j710ukw1rb7h53my8vgfoxnu7odvsw13	MDVlY2QxOTY4ODM1ZTA1NmU5NmVjYjY0ZjQxMzg3NzI5ZWJhZDlhODp7Il9hdXRoX3VzZXJfaWQiOiIzIiwiX2F1dGhfdXNlcl9iYWNrZW5kIjoiZGphbmdvLmNvbnRyaWIuYXV0aC5iYWNrZW5kcy5Nb2RlbEJhY2tlbmQiLCJfYXV0aF91c2VyX2hhc2giOiJiY2ZhNWRlYjhiZjMzYWNjMTIzY2IwMGU5NzQ5ZjA3Y2RkMmRhOWRiIn0=	2021-11-24 06:58:16.259619+00
345z8ejz84u2rfpes8wdvl8gsa087ta1	MDVlY2QxOTY4ODM1ZTA1NmU5NmVjYjY0ZjQxMzg3NzI5ZWJhZDlhODp7Il9hdXRoX3VzZXJfaWQiOiIzIiwiX2F1dGhfdXNlcl9iYWNrZW5kIjoiZGphbmdvLmNvbnRyaWIuYXV0aC5iYWNrZW5kcy5Nb2RlbEJhY2tlbmQiLCJfYXV0aF91c2VyX2hhc2giOiJiY2ZhNWRlYjhiZjMzYWNjMTIzY2IwMGU5NzQ5ZjA3Y2RkMmRhOWRiIn0=	2021-12-09 08:33:02.593773+00
9hlymbj9ef9j0qh2014fxqys4g6mo7pp	MDVlY2QxOTY4ODM1ZTA1NmU5NmVjYjY0ZjQxMzg3NzI5ZWJhZDlhODp7Il9hdXRoX3VzZXJfaWQiOiIzIiwiX2F1dGhfdXNlcl9iYWNrZW5kIjoiZGphbmdvLmNvbnRyaWIuYXV0aC5iYWNrZW5kcy5Nb2RlbEJhY2tlbmQiLCJfYXV0aF91c2VyX2hhc2giOiJiY2ZhNWRlYjhiZjMzYWNjMTIzY2IwMGU5NzQ5ZjA3Y2RkMmRhOWRiIn0=	2022-01-08 12:27:08.936505+00
6q6bxtvjxyb6ifflws7rqeu6qivqfh0s	MDVlY2QxOTY4ODM1ZTA1NmU5NmVjYjY0ZjQxMzg3NzI5ZWJhZDlhODp7Il9hdXRoX3VzZXJfaWQiOiIzIiwiX2F1dGhfdXNlcl9iYWNrZW5kIjoiZGphbmdvLmNvbnRyaWIuYXV0aC5iYWNrZW5kcy5Nb2RlbEJhY2tlbmQiLCJfYXV0aF91c2VyX2hhc2giOiJiY2ZhNWRlYjhiZjMzYWNjMTIzY2IwMGU5NzQ5ZjA3Y2RkMmRhOWRiIn0=	2022-02-11 09:02:06.521566+00
grd3ac6i15jvynsim3fcpzsfgpc3b69n	MDVlY2QxOTY4ODM1ZTA1NmU5NmVjYjY0ZjQxMzg3NzI5ZWJhZDlhODp7Il9hdXRoX3VzZXJfaWQiOiIzIiwiX2F1dGhfdXNlcl9iYWNrZW5kIjoiZGphbmdvLmNvbnRyaWIuYXV0aC5iYWNrZW5kcy5Nb2RlbEJhY2tlbmQiLCJfYXV0aF91c2VyX2hhc2giOiJiY2ZhNWRlYjhiZjMzYWNjMTIzY2IwMGU5NzQ5ZjA3Y2RkMmRhOWRiIn0=	2022-02-19 10:46:29.385398+00
zoknmy0b3uj5z06uopomy34qriy7leok	MDVlY2QxOTY4ODM1ZTA1NmU5NmVjYjY0ZjQxMzg3NzI5ZWJhZDlhODp7Il9hdXRoX3VzZXJfaWQiOiIzIiwiX2F1dGhfdXNlcl9iYWNrZW5kIjoiZGphbmdvLmNvbnRyaWIuYXV0aC5iYWNrZW5kcy5Nb2RlbEJhY2tlbmQiLCJfYXV0aF91c2VyX2hhc2giOiJiY2ZhNWRlYjhiZjMzYWNjMTIzY2IwMGU5NzQ5ZjA3Y2RkMmRhOWRiIn0=	2022-03-06 08:21:02.404768+00
16splltnsq3ug8qd3c7w08gqj1qzx3n8	ODUyMDhmNjEyZGQ2MzI0MGJmYWI1MDA5YWQ4YWZhYTgyNDIyYmM0ZTp7Il9hdXRoX3VzZXJfaWQiOiIxIiwiX2F1dGhfdXNlcl9iYWNrZW5kIjoiZGphbmdvLmNvbnRyaWIuYXV0aC5iYWNrZW5kcy5Nb2RlbEJhY2tlbmQiLCJfYXV0aF91c2VyX2hhc2giOiIyODYwMmI1ZDBiYjhhOTkyOTE4NzU0M2I4NmI0YjViMmY5ZjU2MGFkIn0=	2022-03-19 08:24:55.926994+00
8ofl67ck2li1bj010jzmqgsjby1erdjw	MDVlY2QxOTY4ODM1ZTA1NmU5NmVjYjY0ZjQxMzg3NzI5ZWJhZDlhODp7Il9hdXRoX3VzZXJfaWQiOiIzIiwiX2F1dGhfdXNlcl9iYWNrZW5kIjoiZGphbmdvLmNvbnRyaWIuYXV0aC5iYWNrZW5kcy5Nb2RlbEJhY2tlbmQiLCJfYXV0aF91c2VyX2hhc2giOiJiY2ZhNWRlYjhiZjMzYWNjMTIzY2IwMGU5NzQ5ZjA3Y2RkMmRhOWRiIn0=	2022-03-26 13:54:13.09845+00
7kfmtwfnk6ril9w1rd7pwifove9x4ba9	MDVlY2QxOTY4ODM1ZTA1NmU5NmVjYjY0ZjQxMzg3NzI5ZWJhZDlhODp7Il9hdXRoX3VzZXJfaWQiOiIzIiwiX2F1dGhfdXNlcl9iYWNrZW5kIjoiZGphbmdvLmNvbnRyaWIuYXV0aC5iYWNrZW5kcy5Nb2RlbEJhY2tlbmQiLCJfYXV0aF91c2VyX2hhc2giOiJiY2ZhNWRlYjhiZjMzYWNjMTIzY2IwMGU5NzQ5ZjA3Y2RkMmRhOWRiIn0=	2022-04-03 06:29:59.890574+00
w368sng7cej8l4zutnfrud3uk3fpx1he	MDVlY2QxOTY4ODM1ZTA1NmU5NmVjYjY0ZjQxMzg3NzI5ZWJhZDlhODp7Il9hdXRoX3VzZXJfaWQiOiIzIiwiX2F1dGhfdXNlcl9iYWNrZW5kIjoiZGphbmdvLmNvbnRyaWIuYXV0aC5iYWNrZW5kcy5Nb2RlbEJhY2tlbmQiLCJfYXV0aF91c2VyX2hhc2giOiJiY2ZhNWRlYjhiZjMzYWNjMTIzY2IwMGU5NzQ5ZjA3Y2RkMmRhOWRiIn0=	2022-04-08 07:35:14.602145+00
p4cm6a40n5u0846ck1lqflchrxqhsu8i	MDVlY2QxOTY4ODM1ZTA1NmU5NmVjYjY0ZjQxMzg3NzI5ZWJhZDlhODp7Il9hdXRoX3VzZXJfaWQiOiIzIiwiX2F1dGhfdXNlcl9iYWNrZW5kIjoiZGphbmdvLmNvbnRyaWIuYXV0aC5iYWNrZW5kcy5Nb2RlbEJhY2tlbmQiLCJfYXV0aF91c2VyX2hhc2giOiJiY2ZhNWRlYjhiZjMzYWNjMTIzY2IwMGU5NzQ5ZjA3Y2RkMmRhOWRiIn0=	2022-05-11 04:36:10.67617+00
85x81jh40x463igvklq8w27jyh93u7md	MDVlY2QxOTY4ODM1ZTA1NmU5NmVjYjY0ZjQxMzg3NzI5ZWJhZDlhODp7Il9hdXRoX3VzZXJfaWQiOiIzIiwiX2F1dGhfdXNlcl9iYWNrZW5kIjoiZGphbmdvLmNvbnRyaWIuYXV0aC5iYWNrZW5kcy5Nb2RlbEJhY2tlbmQiLCJfYXV0aF91c2VyX2hhc2giOiJiY2ZhNWRlYjhiZjMzYWNjMTIzY2IwMGU5NzQ5ZjA3Y2RkMmRhOWRiIn0=	2022-05-11 05:18:03.823539+00
wkdlxd4yw5ow4qm6j21y0hkp6bqhyzh7	MDVlY2QxOTY4ODM1ZTA1NmU5NmVjYjY0ZjQxMzg3NzI5ZWJhZDlhODp7Il9hdXRoX3VzZXJfaWQiOiIzIiwiX2F1dGhfdXNlcl9iYWNrZW5kIjoiZGphbmdvLmNvbnRyaWIuYXV0aC5iYWNrZW5kcy5Nb2RlbEJhY2tlbmQiLCJfYXV0aF91c2VyX2hhc2giOiJiY2ZhNWRlYjhiZjMzYWNjMTIzY2IwMGU5NzQ5ZjA3Y2RkMmRhOWRiIn0=	2022-05-12 11:09:13.240722+00
quxb6a1oyfatuc9v4hs2t6x12hkmmxaw	MDVlY2QxOTY4ODM1ZTA1NmU5NmVjYjY0ZjQxMzg3NzI5ZWJhZDlhODp7Il9hdXRoX3VzZXJfaWQiOiIzIiwiX2F1dGhfdXNlcl9iYWNrZW5kIjoiZGphbmdvLmNvbnRyaWIuYXV0aC5iYWNrZW5kcy5Nb2RlbEJhY2tlbmQiLCJfYXV0aF91c2VyX2hhc2giOiJiY2ZhNWRlYjhiZjMzYWNjMTIzY2IwMGU5NzQ5ZjA3Y2RkMmRhOWRiIn0=	2022-06-04 09:27:56.87623+00
23416t8vc9xurmh3orn8wzjepzds58ye	MDVlY2QxOTY4ODM1ZTA1NmU5NmVjYjY0ZjQxMzg3NzI5ZWJhZDlhODp7Il9hdXRoX3VzZXJfaWQiOiIzIiwiX2F1dGhfdXNlcl9iYWNrZW5kIjoiZGphbmdvLmNvbnRyaWIuYXV0aC5iYWNrZW5kcy5Nb2RlbEJhY2tlbmQiLCJfYXV0aF91c2VyX2hhc2giOiJiY2ZhNWRlYjhiZjMzYWNjMTIzY2IwMGU5NzQ5ZjA3Y2RkMmRhOWRiIn0=	2022-06-04 09:58:35.127808+00
631o0jvv45o96ny8i6sqoc3sk5lrkpb2	MDVlY2QxOTY4ODM1ZTA1NmU5NmVjYjY0ZjQxMzg3NzI5ZWJhZDlhODp7Il9hdXRoX3VzZXJfaWQiOiIzIiwiX2F1dGhfdXNlcl9iYWNrZW5kIjoiZGphbmdvLmNvbnRyaWIuYXV0aC5iYWNrZW5kcy5Nb2RlbEJhY2tlbmQiLCJfYXV0aF91c2VyX2hhc2giOiJiY2ZhNWRlYjhiZjMzYWNjMTIzY2IwMGU5NzQ5ZjA3Y2RkMmRhOWRiIn0=	2022-06-26 07:12:59.906444+00
70mbr9ncrguv6zvxo73cdurzmkv44w18	MDVlY2QxOTY4ODM1ZTA1NmU5NmVjYjY0ZjQxMzg3NzI5ZWJhZDlhODp7Il9hdXRoX3VzZXJfaWQiOiIzIiwiX2F1dGhfdXNlcl9iYWNrZW5kIjoiZGphbmdvLmNvbnRyaWIuYXV0aC5iYWNrZW5kcy5Nb2RlbEJhY2tlbmQiLCJfYXV0aF91c2VyX2hhc2giOiJiY2ZhNWRlYjhiZjMzYWNjMTIzY2IwMGU5NzQ5ZjA3Y2RkMmRhOWRiIn0=	2022-07-07 08:30:24.747935+00
cmwg6o8bg9qkbi83wvhuiw73h35sqa33	MDVlY2QxOTY4ODM1ZTA1NmU5NmVjYjY0ZjQxMzg3NzI5ZWJhZDlhODp7Il9hdXRoX3VzZXJfaWQiOiIzIiwiX2F1dGhfdXNlcl9iYWNrZW5kIjoiZGphbmdvLmNvbnRyaWIuYXV0aC5iYWNrZW5kcy5Nb2RlbEJhY2tlbmQiLCJfYXV0aF91c2VyX2hhc2giOiJiY2ZhNWRlYjhiZjMzYWNjMTIzY2IwMGU5NzQ5ZjA3Y2RkMmRhOWRiIn0=	2022-07-09 09:19:28.841862+00
w0uul1b1crnjq5pkfs1p9vo1fguvzr8r	MDVlY2QxOTY4ODM1ZTA1NmU5NmVjYjY0ZjQxMzg3NzI5ZWJhZDlhODp7Il9hdXRoX3VzZXJfaWQiOiIzIiwiX2F1dGhfdXNlcl9iYWNrZW5kIjoiZGphbmdvLmNvbnRyaWIuYXV0aC5iYWNrZW5kcy5Nb2RlbEJhY2tlbmQiLCJfYXV0aF91c2VyX2hhc2giOiJiY2ZhNWRlYjhiZjMzYWNjMTIzY2IwMGU5NzQ5ZjA3Y2RkMmRhOWRiIn0=	2022-07-16 05:39:32.930858+00
f4a1ejd8lggwhixryeeaipcp3p7up607	MDVlY2QxOTY4ODM1ZTA1NmU5NmVjYjY0ZjQxMzg3NzI5ZWJhZDlhODp7Il9hdXRoX3VzZXJfaWQiOiIzIiwiX2F1dGhfdXNlcl9iYWNrZW5kIjoiZGphbmdvLmNvbnRyaWIuYXV0aC5iYWNrZW5kcy5Nb2RlbEJhY2tlbmQiLCJfYXV0aF91c2VyX2hhc2giOiJiY2ZhNWRlYjhiZjMzYWNjMTIzY2IwMGU5NzQ5ZjA3Y2RkMmRhOWRiIn0=	2022-08-11 05:49:10.494001+00
5i34r0cbn0qqctlow6rsdvj9ovvkmee2	MDVlY2QxOTY4ODM1ZTA1NmU5NmVjYjY0ZjQxMzg3NzI5ZWJhZDlhODp7Il9hdXRoX3VzZXJfaWQiOiIzIiwiX2F1dGhfdXNlcl9iYWNrZW5kIjoiZGphbmdvLmNvbnRyaWIuYXV0aC5iYWNrZW5kcy5Nb2RlbEJhY2tlbmQiLCJfYXV0aF91c2VyX2hhc2giOiJiY2ZhNWRlYjhiZjMzYWNjMTIzY2IwMGU5NzQ5ZjA3Y2RkMmRhOWRiIn0=	2022-10-06 04:47:07.103954+00
7r52cxlz4w7j7r320tq2ey5ffs78s0bw	MDVlY2QxOTY4ODM1ZTA1NmU5NmVjYjY0ZjQxMzg3NzI5ZWJhZDlhODp7Il9hdXRoX3VzZXJfaWQiOiIzIiwiX2F1dGhfdXNlcl9iYWNrZW5kIjoiZGphbmdvLmNvbnRyaWIuYXV0aC5iYWNrZW5kcy5Nb2RlbEJhY2tlbmQiLCJfYXV0aF91c2VyX2hhc2giOiJiY2ZhNWRlYjhiZjMzYWNjMTIzY2IwMGU5NzQ5ZjA3Y2RkMmRhOWRiIn0=	2022-12-01 11:50:01.633126+00
nulsx9gg9nzium516kzmvkhbuw3zoc7i	MDVlY2QxOTY4ODM1ZTA1NmU5NmVjYjY0ZjQxMzg3NzI5ZWJhZDlhODp7Il9hdXRoX3VzZXJfaWQiOiIzIiwiX2F1dGhfdXNlcl9iYWNrZW5kIjoiZGphbmdvLmNvbnRyaWIuYXV0aC5iYWNrZW5kcy5Nb2RlbEJhY2tlbmQiLCJfYXV0aF91c2VyX2hhc2giOiJiY2ZhNWRlYjhiZjMzYWNjMTIzY2IwMGU5NzQ5ZjA3Y2RkMmRhOWRiIn0=	2023-01-15 08:28:01.208385+00
ity3wf2jrf6rt46r9haugx8833if8th7	MDVlY2QxOTY4ODM1ZTA1NmU5NmVjYjY0ZjQxMzg3NzI5ZWJhZDlhODp7Il9hdXRoX3VzZXJfaWQiOiIzIiwiX2F1dGhfdXNlcl9iYWNrZW5kIjoiZGphbmdvLmNvbnRyaWIuYXV0aC5iYWNrZW5kcy5Nb2RlbEJhY2tlbmQiLCJfYXV0aF91c2VyX2hhc2giOiJiY2ZhNWRlYjhiZjMzYWNjMTIzY2IwMGU5NzQ5ZjA3Y2RkMmRhOWRiIn0=	2023-01-15 11:48:20.166137+00
pixzjn2qzin64pcylu68w7k11e882eeb	ODUyMDhmNjEyZGQ2MzI0MGJmYWI1MDA5YWQ4YWZhYTgyNDIyYmM0ZTp7Il9hdXRoX3VzZXJfaWQiOiIxIiwiX2F1dGhfdXNlcl9iYWNrZW5kIjoiZGphbmdvLmNvbnRyaWIuYXV0aC5iYWNrZW5kcy5Nb2RlbEJhY2tlbmQiLCJfYXV0aF91c2VyX2hhc2giOiIyODYwMmI1ZDBiYjhhOTkyOTE4NzU0M2I4NmI0YjViMmY5ZjU2MGFkIn0=	2023-01-18 09:49:39.427303+00
gyzci8d8dpah8b20jssu3201945nkx22	ODUyMDhmNjEyZGQ2MzI0MGJmYWI1MDA5YWQ4YWZhYTgyNDIyYmM0ZTp7Il9hdXRoX3VzZXJfaWQiOiIxIiwiX2F1dGhfdXNlcl9iYWNrZW5kIjoiZGphbmdvLmNvbnRyaWIuYXV0aC5iYWNrZW5kcy5Nb2RlbEJhY2tlbmQiLCJfYXV0aF91c2VyX2hhc2giOiIyODYwMmI1ZDBiYjhhOTkyOTE4NzU0M2I4NmI0YjViMmY5ZjU2MGFkIn0=	2023-02-11 04:49:36.056689+00
bgc0xe99br3muchus689w95htu1rjxu9	ODUyMDhmNjEyZGQ2MzI0MGJmYWI1MDA5YWQ4YWZhYTgyNDIyYmM0ZTp7Il9hdXRoX3VzZXJfaWQiOiIxIiwiX2F1dGhfdXNlcl9iYWNrZW5kIjoiZGphbmdvLmNvbnRyaWIuYXV0aC5iYWNrZW5kcy5Nb2RlbEJhY2tlbmQiLCJfYXV0aF91c2VyX2hhc2giOiIyODYwMmI1ZDBiYjhhOTkyOTE4NzU0M2I4NmI0YjViMmY5ZjU2MGFkIn0=	2023-07-01 15:58:10.432347+00
\.


--
-- Data for Name: django_site; Type: TABLE DATA; Schema: public; Owner: -
--

COPY public.django_site (id, domain, name) FROM stdin;
1	austinlandscapelighting.us	austinlandscapelighting.us
\.


--
-- Data for Name: faq_faqconfig; Type: TABLE DATA; Schema: public; Owner: -
--

COPY public.faq_faqconfig (id, image, title, header, description, text, btn_text, btn_url, updated, alt_image, title_image) FROM stdin;
1	std_page/header/image_1_lLLw2xb.jpg	FAQ	FAQ	Our mission is to provide extraordinary landscape lighting services using innovative designs, eco-friendly materials, and unmatched customer support.				2023-01-12 04:50:08.684868+00		
\.


--
-- Data for Name: faq_question; Type: TABLE DATA; Schema: public; Owner: -
--

COPY public.faq_question (id, question, answer, sort_order, visible) FROM stdin;
1	What is landscape lighting?	<p>\r\n  Subtle accenting of your home and landscape to enhance your property.\r\n</p>	1	t
2	How many lumens for landscape lighting?	<p>\r\n  Lumens depicts the output of light from a lamp or a fixture. We choose lamps and fixtures based on what we are illuminating to provide effective accent lighting.\r\n</p>	2	t
3	How much does outdoor lighting installation cost?	<p>\r\n  Each system and design is unique so cost is going to be determined by a combination of style, number and output of the lights.\r\n</p>	3	t
4	How does low voltage lighting work?	<p>\r\n  Low voltage lighting is simply using a transformer to change the current of power from 120v to 12v. The lights we use are powered by 12v and are more efficient and easier to maintain.\r\n</p>	4	t
5	What size transformer do I need for low voltage lighting?	<p>\r\n  The size of the transformer will depend on the number of lights being installed. The bigger the system, the larger the transformer will need to be.\r\n</p>	5	t
6	What is the difference between led and low voltage lighting?	<p>\r\n  Low voltage denotes the voltage being used to provide power for the lights. LED is the style of lamp or fixture that is being used as light output. Our systems are low voltage LED systems.\r\n</p>	6	t
7	How many watts for led landscape lighting?	<p>\r\n  Each lamp or fixture can have different watts and beam spread depending on the desired output of light for its intended use.\r\n</p>	7	t
8	Do outdoor lights use a lot of electricity?	<p>\r\n  LED lighting systems use very little power and are very efficient. LED systems use 80% less power than halogen or mercury vapor systems\r\n</p>	8	t
\.


--
-- Data for Name: gallery_galleryitembase; Type: TABLE DATA; Schema: public; Owner: -
--

COPY public.gallery_galleryitembase (id, object_id, description, sort_order, created, changed, content_type_id, self_type_id) FROM stdin;
1	1		6	2021-07-19 10:45:15.951+00	2021-08-11 20:09:54.785+00	34	35
2	1		16	2021-07-19 10:45:16.44+00	2021-08-11 20:09:54.809+00	34	35
3	1		7	2021-07-19 10:45:16.913+00	2021-08-11 20:09:54.788+00	34	35
5	1		3	2021-07-19 10:45:17.951+00	2021-08-11 20:09:54.778+00	34	35
6	1		13	2021-07-19 10:45:18.569+00	2021-08-11 20:09:54.802+00	34	35
8	1		4	2021-07-19 10:45:19.703+00	2021-08-11 20:09:54.78+00	34	35
24	5		1	2021-07-20 10:33:08.59+00	2021-07-20 10:33:08.592+00	30	32
25	5		2	2021-07-20 10:33:09.439+00	2021-07-20 10:33:09.441+00	30	32
26	5		3	2021-07-20 10:45:37.49+00	2021-07-20 10:45:37.492+00	30	32
32	1		17	2021-08-11 19:57:43.858+00	2021-08-11 20:09:54.812+00	34	35
33	1		18	2021-08-11 19:57:44.392+00	2021-08-11 20:09:54.814+00	34	35
34	1		19	2021-08-11 19:57:44.852+00	2021-08-11 20:09:54.817+00	34	35
35	1		20	2021-08-11 19:57:45.152+00	2021-08-11 20:09:54.819+00	34	35
36	1		21	2021-08-11 19:57:45.389+00	2021-08-11 20:09:54.821+00	34	35
37	1		22	2021-08-11 19:57:45.973+00	2021-08-11 20:09:54.824+00	34	35
38	1		23	2021-08-11 19:57:46.228+00	2021-08-11 20:09:54.826+00	34	35
40	1		24	2021-08-11 19:57:58.766+00	2021-08-11 20:09:54.829+00	34	35
41	1		25	2021-08-11 19:57:59.035+00	2021-08-11 20:09:54.831+00	34	35
42	1		26	2021-08-11 19:57:59.283+00	2021-08-11 20:09:54.833+00	34	35
43	1		27	2021-08-11 19:57:59.53+00	2021-08-11 20:09:54.836+00	34	35
44	1		28	2021-08-11 19:57:59.774+00	2021-08-11 20:09:54.838+00	34	35
45	1		29	2021-08-11 19:58:00.141+00	2021-08-11 20:09:54.84+00	34	35
46	1		30	2021-08-11 19:58:00.407+00	2021-08-11 20:09:54.843+00	34	35
47	1		31	2021-08-11 19:58:00.779+00	2021-08-11 20:09:54.845+00	34	35
48	1		32	2021-08-11 19:58:01.04+00	2021-08-11 20:09:54.848+00	34	35
49	1		33	2021-08-11 19:58:01.299+00	2021-08-11 20:09:54.85+00	34	35
50	1		34	2021-08-11 19:58:01.531+00	2021-08-11 20:09:54.853+00	34	35
51	1		35	2021-08-11 19:58:01.893+00	2021-08-11 20:09:54.855+00	34	35
52	1		36	2021-08-11 19:58:02.175+00	2021-08-11 20:09:54.858+00	34	35
53	1		37	2021-08-11 19:58:02.421+00	2021-08-11 20:09:54.861+00	34	35
54	1		38	2021-08-11 19:58:02.679+00	2021-08-11 20:09:54.864+00	34	35
55	1		39	2021-08-11 19:58:02.939+00	2021-08-11 20:09:54.866+00	34	35
56	1		40	2021-08-11 19:58:03.305+00	2021-08-11 20:09:54.869+00	34	35
57	1		41	2021-08-11 19:58:03.561+00	2021-08-11 20:09:54.871+00	34	35
58	1		42	2021-08-11 19:58:03.933+00	2021-08-11 20:09:54.874+00	34	35
59	1		43	2021-08-11 19:58:04.175+00	2021-08-11 20:09:54.876+00	34	35
60	1		44	2021-08-11 19:58:04.409+00	2021-08-11 20:09:54.878+00	34	35
61	1		45	2021-08-11 19:58:04.665+00	2021-08-11 20:09:54.881+00	34	35
62	1		46	2021-08-11 19:58:04.927+00	2021-08-11 20:09:54.883+00	34	35
63	1		47	2021-08-11 19:58:05.191+00	2021-08-11 20:09:54.885+00	34	35
64	1		48	2021-08-11 19:58:05.686+00	2021-08-11 20:09:54.888+00	34	35
65	1		50	2021-08-11 19:58:06.051+00	2021-08-11 20:09:54.892+00	34	35
66	1		51	2021-08-11 19:58:07.293+00	2021-08-11 20:09:54.895+00	34	35
67	1		49	2021-08-11 19:58:07.655+00	2021-08-11 20:09:54.89+00	34	35
68	1		52	2021-08-11 19:58:08.044+00	2021-08-11 20:09:54.897+00	34	35
69	1		53	2021-08-11 19:58:08.433+00	2021-08-11 20:09:54.9+00	34	35
70	1		54	2021-08-11 19:58:08.813+00	2021-08-11 20:09:54.902+00	34	35
71	1		55	2021-08-11 19:58:09.191+00	2021-08-11 20:09:54.904+00	34	35
72	1		58	2021-08-11 19:58:09.569+00	2021-08-11 20:09:54.912+00	34	35
73	1		57	2021-08-11 19:58:09.854+00	2021-08-11 20:09:54.909+00	34	35
74	1		59	2021-08-11 19:58:10.201+00	2021-08-11 20:09:54.914+00	34	35
75	1		60	2021-08-11 19:58:10.564+00	2021-08-11 20:09:54.916+00	34	35
76	1		61	2021-08-11 19:58:10.963+00	2021-08-11 20:09:54.922+00	34	35
77	1		62	2021-08-11 19:58:11.792+00	2021-08-11 20:09:54.924+00	34	35
78	1		12	2021-08-11 20:07:44.471+00	2021-08-11 20:09:54.8+00	34	35
79	1		15	2021-08-11 20:07:54.959+00	2021-08-11 20:09:54.807+00	34	35
80	1		11	2021-08-11 20:08:03.826+00	2021-08-11 20:09:54.797+00	34	35
81	1		10	2021-08-11 20:08:11.756+00	2021-08-11 20:09:54.795+00	34	35
82	1		14	2021-08-11 20:08:20.835+00	2021-08-11 20:09:54.805+00	34	35
83	1		8	2021-08-11 20:08:28.461+00	2021-08-11 20:09:54.79+00	34	35
84	1		9	2021-08-11 20:08:38.027+00	2021-08-11 20:09:54.793+00	34	35
85	1		56	2021-08-11 20:08:49.771+00	2021-08-11 20:09:54.907+00	34	35
86	1		63	2022-02-04 10:26:07.226474+00	2022-02-04 10:26:07.227403+00	34	35
87	1		64	2022-02-04 10:26:10.696868+00	2022-02-04 10:26:10.697712+00	34	35
88	1		65	2022-02-04 10:26:30.877267+00	2022-02-04 10:26:30.878117+00	34	35
\.


--
-- Data for Name: google_maps_mapandaddress; Type: TABLE DATA; Schema: public; Owner: -
--

COPY public.google_maps_mapandaddress (id, address, longitude, latitude) FROM stdin;
\.


--
-- Data for Name: main_advantage; Type: TABLE DATA; Schema: public; Owner: -
--

COPY public.main_advantage (id, title, icon, "order", config_id) FROM stdin;
12	26+ years of experience	time	8	1
13	Team of Certified Lighting Experts	team	9	1
14	High-Quality and Eco- Friendly Materials	eco-friendly	10	1
15	Custom Design	lamp	11	1
\.


--
-- Data for Name: main_advantagesblock; Type: TABLE DATA; Schema: public; Owner: -
--

COPY public.main_advantagesblock (attachableblock_ptr_id, header) FROM stdin;
1	Discover The Advantages of Working With Our Experts
\.


--
-- Data for Name: main_award; Type: TABLE DATA; Schema: public; Owner: -
--

COPY public.main_award (id, image, title_image, alt_image, link, visible, sort_order) FROM stdin;
1	award-1.png	Super Service Award	Super Service Award	\N	t	0
2	award-2.png	Angles List	Angles List	\N	t	1
3	award-3.png	Angles List	Angles List	\N	t	2
4	award-4.png	Angles List	Angles List	\N	t	3
\.


--
-- Data for Name: main_awardblock; Type: TABLE DATA; Schema: public; Owner: -
--

COPY public.main_awardblock (attachableblock_ptr_id, header) FROM stdin;
10	What Makes Illumination Concepts Inc The Best Choice?
\.


--
-- Data for Name: main_mainpageconfig; Type: TABLE DATA; Schema: public; Owner: -
--

COPY public.main_mainpageconfig (id, updated, btn_text, btn_url, description, header, text, title, image, alt_image, title_image) FROM stdin;
1	2022-05-05 09:37:41.877516+00	SCHEDULE MY FREE LIGHTNING CONSULTATION		At Illumination Concepts Inc, our mission is to provide extraordinary landscape lighting services using innovative designs, eco-friendly materials, and unmatched customer support.	Creative Landscape Lighting Solutions For Austin, TX Residents		Creative Landscape Lighting Solutions For Austin, TX Residents	std_page/header/image_1.jpg		
\.


--
-- Data for Name: portfolio_blockgallery; Type: TABLE DATA; Schema: public; Owner: -
--

COPY public.portfolio_blockgallery (id) FROM stdin;
4
5
\.


--
-- Data for Name: portfolio_galleryblock; Type: TABLE DATA; Schema: public; Owner: -
--

COPY public.portfolio_galleryblock (attachableblock_ptr_id, header, description, btn_text, gallery_id) FROM stdin;
8	Our Portfolio	Discover why many Austin residents trust us with providing lighting fixtures for their homes and businesses!	See More	5
\.


--
-- Data for Name: portfolio_mediagalleryblockimageitem; Type: TABLE DATA; Schema: public; Owner: -
--

COPY public.portfolio_mediagalleryblockimageitem (galleryitembase_ptr_id, image, image_crop, image_alt) FROM stdin;
24	0000/0024.jpg		
25	0000/0025.jpg		
26	0000/0026.jpg		
\.


--
-- Data for Name: portfolio_portfolioconfig; Type: TABLE DATA; Schema: public; Owner: -
--

COPY public.portfolio_portfolioconfig (id, image, title, header, description, text, btn_text, btn_url, updated, gallery_id, alt_image, title_image) FROM stdin;
1	std_page/header/image_1_KP7lDNI.jpg	Portfolio	Our Portfolio	Discover why many Austin residents trust us with providing lighting fixtures for their homes and businesses!				2022-02-04 10:26:42.313591+00	1		
\.


--
-- Data for Name: portfolio_portfoliogallery; Type: TABLE DATA; Schema: public; Owner: -
--

COPY public.portfolio_portfoliogallery (id) FROM stdin;
1
\.


--
-- Data for Name: portfolio_portfoliogalleryimageitem; Type: TABLE DATA; Schema: public; Owner: -
--

COPY public.portfolio_portfoliogalleryimageitem (galleryitembase_ptr_id, image, image_crop, image_alt) FROM stdin;
5	0000/0005.jpg		
8	0000/0008.jpg		
1	0000/0001.jpg		
3	0000/0003.jpg		
83	0000/0083.png		
84	0000/0084.png		
81	0000/0081.png		
80	0000/0080.png		
78	0000/0078.png		
6	0000/0006.jpg		
82	0000/0082.png		
79	0000/0079.png		
2	0000/0002.jpg		
32	0000/0032.jpg		
33	0000/0033.jpg		
34	0000/0034.jpg		
35	0000/0035.jpg		
36	0000/0036.jpg		
37	0000/0037.jpg		
38	0000/0038.jpg		
40	0000/0040.jpg		
41	0000/0041.jpg		
42	0000/0042.jpg		
43	0000/0043.jpg		
44	0000/0044.jpg		
45	0000/0045.jpg		
46	0000/0046.jpg		
47	0000/0047.jpg		
48	0000/0048.jpg		
49	0000/0049.jpg		
50	0000/0050.jpg		
51	0000/0051.jpg		
52	0000/0052.jpg		
53	0000/0053.jpg		
54	0000/0054.jpg		
55	0000/0055.jpg		
56	0000/0056.jpg		
57	0000/0057.jpg		
58	0000/0058.jpg		
59	0000/0059.jpg		
60	0000/0060.jpg		
61	0000/0061.jpg		
62	0000/0062.jpg		
63	0000/0063.jpg		
64	0000/0064.jpg		
67	0000/0067.jpg		
65	0000/0065.jpg		
66	0000/0066.jpg		
68	0000/0068.jpg		
69	0000/0069.jpg		
70	0000/0070.jpg		
71	0000/0071.jpg		
85	0000/0085.png		
73	0000/0073.jpg		
72	0000/0072.jpg		
74	0000/0074.jpg		
75	0000/0075.jpg		
76	0000/0076.jpg		
77	0000/0077.jpg		
86	0000/0086.jpg		
87	0000/0087.jpg		
88	0000/0088.png		
\.


--
-- Data for Name: privacy_privacypolicyconfig; Type: TABLE DATA; Schema: public; Owner: -
--

COPY public.privacy_privacypolicyconfig (id, image, title, header, description, text, btn_text, btn_url, updated, alt_image, title_image) FROM stdin;
1	std_page/header/image_1_4iCISlb.jpg	Privacy Policy	Privacy Policy for Illumination Concepts Inc.		<p>\r\n  At Illumination Concepts Inc., accessible at <a href="https://austinlandscapelighting.us/">https://austinlandscapelighting.us/</a>, one of our main priorities is the privacy of our visitors. This Privacy Policy determines the types of information that is collected and recorded by Illumination Concepts Inc. and the ways we use it.\r\n</p>\r\n\r\n<p>\r\n  Should you have additional questions or need more information about our Privacy Policy, please do not hesitate to contact us.\r\n</p>\r\n\r\n<p>\r\n  This Privacy Policy is only applicable to our online activities. Its terms and conditions are valid for visitors of our website with regards to the information that they shared and/or collected on the Illumination Concepts Inc site. This policy does not apply to any information collected offline or via channels other than this website.&nbsp;\r\n</p>\r\n\r\n<h2>Consent</h2>\r\n\r\n<p>\r\n  By using our website, you hereby consent to our Privacy Policy and agree to its terms.\r\n</p>\r\n\r\n<h2>Information we collect</h2>\r\n\r\n<p>\r\n  The personal information that we request, and the reasons why you are asked to provide it, will be explained to you at the point we ask you to enter your personal information.\r\n</p>\r\n\r\n<p>\r\n  When you contact us directly, we may get additional personal information about you such as your name, email address, phone number, the contents of the message, and/or attachments you may send us, and any other information you may choose to provide.\r\n</p>\r\n\r\n<p>\r\n  When you register for an Account on our website, we may ask for your contact information, including items such as name, work location, address, email address, and telephone number.\r\n</p>\r\n\r\n<h2>How we use your information</h2>\r\n\r\n<p>\r\n  We use the information that we collect on our website in various ways, including the following:\r\n</p>\r\n\r\n<ul>\r\n  <li>\r\n    Maintain, operate, and provide our website\r\n  </li>\r\n  <li>\r\n    Personalize, improve, and expand our website\r\n  </li>\r\n  <li>\r\n    Understand and analyze how visitors use our website\r\n  </li>\r\n  <li>\r\n    Develop new website features and functionality, as well as company products and services\r\n  </li>\r\n  <li>\r\n    Communicate with our visitors, either directly or through one of our partners, including for еру purpose of customer service, to send updates and other information relating to the website and our services, and for marketing and promotional purposes\r\n  </li>\r\n  <li>\r\n    Email you\r\n  </li>\r\n  <li>\r\n    Find and prevent fraud&nbsp;\r\n  </li>\r\n</ul>\r\n\r\n<h2>Log Files</h2>\r\n\r\n<p>\r\n  Illumination Concepts Inc. upholds a standard procedure of using log files. These are the files that log visitors when they visit websites. All hosting companies do this as part of hosting services&#39; analytics. Log files include such information as internet protocol (IP) addresses, browser type, Internet Service Provider (ISP), date and time stamp, referring/exit pages, and sometimes the number of clicks. These are not related to any personally identifiable information. The purpose of such information is for analyzing niche trends, administering the site, tracking users&#39; actions on the website, and gathering demographic information.\r\n</p>\r\n\r\n<h2>Advertising Partners Privacy Policies</h2>\r\n\r\n<p>\r\n  You may consult this list to find the Privacy Policy for each of the advertising partners of Illumination Concepts Inc.\r\n</p>\r\n\r\n<p>\r\n  Third-party ad servers or ad networks may use technologies like cookies, JavaScript, or Web Beacons that are applicable in their respective advertisements and links that appear on the Illumination Concepts Inc. website, which are subsequently sent directly to users&rsquo; browsers. They receive your IP address automatically when this occurs. These technologies help to measure the effectiveness of their advertising campaigns and/or to personalize the advertising content that you see on websites you browse.\r\n</p>\r\n\r\n<p>\r\n  Note that Illumination Concepts Inc. is unable to access or control the cookies that any third-party advertisers use.\r\n</p>\r\n\r\n<h2>Third-Party Privacy Policies</h2>\r\n\r\n<p>\r\n  The Privacy Policy for Illumination Concepts Inc. does not apply to any other advertisers or websites. Thus, we are advising you to consult the respective Privacy Policies of such third-party ad servers for details. It may include their own practices and instructions about how to opt out of certain options.\r\n</p>\r\n\r\n<p>\r\n  You can choose to disable cookies through your individual browser options. To learn more detailed information about cookie management with specific web browsers, please navigate to the browsers&#39; respective websites.\r\n</p>\r\n\r\n<h2>CCPA Privacy Rights (Do Not Sell My Personal Information)</h2>\r\n\r\n<p>\r\n  Under the California Consumer Privacy Act (CCPA), among other rights, California consumers have the right to:\r\n</p>\r\n\r\n<ul>\r\n  <li>\r\n    Request that a business that gathers a consumer&#39;s personal data disclose the categories and specific pieces of personal data that a business has collected about consumers.\r\n  </li>\r\n  <li>\r\n    Request that a business deletes any personal information about the consumer that a business has collected.\r\n  </li>\r\n  <li>\r\n    Request that a business that sells a consumer&#39;s personal data not sell the consumer&#39;s personal data.\r\n  </li>\r\n</ul>\r\n\r\n<p>\r\n  We have one month to respond to such requests. If you would like to exercise any of these rights, please contact us.\r\n</p>\r\n\r\n<h2>Your Data Protection Rights as per General Data Protection Regulation (GDPR)</h2>\r\n\r\n<p>\r\n  We would like to make sure our visitors are fully aware of all of their data protection rights. Every website user is entitled to the following rights:\r\n</p>\r\n\r\n<ul>\r\n  <li>\r\n    Access right &ndash; You have the right to get copies of your personal data. When you request it, we may charge you a small fee for this service.\r\n  </li>\r\n  <li>\r\n    Rectification right &ndash; You have the right to request corrections of any information you believe is inaccurate, and (or) completing the information you believe is incomplete.\r\n  </li>\r\n  <li>\r\n    Erasure right &ndash; You have the right to request that we erase any of your personal information but under certain conditions.\r\n  </li>\r\n  <li>\r\n    Restrict processing right &ndash; You have the right to request that we restrict the processing of your personal information, under certain conditions.\r\n  </li>\r\n  <li>\r\n    Object to processing right &ndash; You have the right to object that we process your personal data, under certain conditions.\r\n  </li>\r\n  <li>\r\n    Data portability right &ndash; You have the right to request that we transfer the data that we have collected to another organization, or directly to you, under certain conditions.\r\n  </li>\r\n</ul>\r\n\r\n<p>\r\n  We have one month to respond to such requests. If you would like to exercise any of these rights, please contact us.\r\n</p>\r\n\r\n<h2>Children&#39;s Privacy Policy</h2>\r\n\r\n<p>\r\n  Another part of our priority is ensuring protection for children while using the internet. We encourage parents and guardians to observe, participate in, and/or monitor and guide their online activity.\r\n</p>\r\n\r\n<p>\r\n  Illumination Concepts Inc. does not knowingly collect any Personally Identifiable Information from children under the age of 13. If you think that your child provided this kind of information on our website, we strongly recommend you to contact us immediately and we will make every effort to remove such information from our records as soon as possible.\r\n</p>\r\n			2021-08-12 04:48:02.438+00		
\.


--
-- Data for Name: rating_ratingvote; Type: TABLE DATA; Schema: public; Owner: -
--

COPY public.rating_ratingvote (id, ip, rating, date) FROM stdin;
\.


--
-- Data for Name: seo_counter; Type: TABLE DATA; Schema: public; Owner: -
--

COPY public.seo_counter (id, label, "position", content, sort_order) FROM stdin;
1	GTM head	head	<!-- Google Tag Manager -->\n<script>(function(w,d,s,l,i){w[l]=w[l]||[];w[l].push({'gtm.start':\nnew Date().getTime(),event:'gtm.js'});var f=d.getElementsByTagName(s)[0],\nj=d.createElement(s),dl=l!='dataLayer'?'&l='+l:'';j.async=true;j.src=\n'https://www.googletagmanager.com/gtm.js?id='+i+dl;f.parentNode.insertBefore(j,f);\n})(window,document,'script','dataLayer','GTM-MJLZSG5');</script>\n<!-- End Google Tag Manager -->	1
2	GTM body	body_top	<!-- Google Tag Manager (noscript) -->\n<noscript><iframe src="https://www.googletagmanager.com/ns.html?id=GTM-MJLZSG5"\nheight="0" width="0" style="display:none;visibility:hidden"></iframe></noscript>\n<!-- End Google Tag Manager (noscript) -->	2
\.


--
-- Data for Name: seo_redirect; Type: TABLE DATA; Schema: public; Owner: -
--

COPY public.seo_redirect (id, old_path, new_path, permanent, note, created, last_usage) FROM stdin;
1	/testimonials/	/testimonials/	t		2021-08-18	\N
12	/westlake-outdoor-lighting/	/	t		2021-08-18	2023-05-18
6	/review-us/	/testimonials/	t		2021-08-18	2023-05-19
22	/about-us/ahba-logo/	/about/	t		2022-05-05	2022-12-15
11	/dev/why-lighting/	/	t		2021-08-18	2022-04-01
13	/portfolio/cavenders003-2/	/portfolio/	t		2021-08-18	2023-05-05
8	/lakeway-outdoor-lighting/	/	t		2021-08-18	2023-05-21
9	/spicewood-outdoor-lighting/	/	t		2021-08-18	2023-05-31
14	/dripping-springs-outdoor-lighting/	/	t		2021-08-18	2023-05-31
21	/austin-landscape-lighting/	/landscape-lighting/	t		2022-05-05	2023-05-31
15	/austin-led-landscape-lighting-austin-led-outdoor-lighting/	/led-lighting/	t		2021-08-18	2023-05-31
17	/austin-low-voltage-outdoor-lighting-austin-low-voltage-landscape-lighting/	/	t		2021-08-18	2023-05-31
7	/austin-outdoor-lighting/	/	t		2021-08-18	2023-05-31
16	/austin-low-voltage-landscape-lighting-austin-low-voltage-outdoor-lighting/	/	t		2021-08-18	2023-06-01
2	/ngg_tag/austin/	/	t		2021-08-18	2023-05-24
3	/links/	/	t		2021-08-18	2023-06-01
4	/about-us/	/about/	t		2021-08-18	2023-06-01
20	/services/	/outdoor-lighting/	t		2022-04-12	2023-06-02
10	/outdoor-lighting-austin/	/	t		2021-08-18	2023-06-02
23	/residential-lighting/	/residential-outdoor-lighting-companies/	t		2022-05-23	2023-06-02
24	/lighting-installation/	/lighting-installation-services/	t		2022-06-07	2023-06-03
18	/portfolio/austin_home_023/	/portfolio/	t		2021-08-18	2023-04-30
5	/contact-us/	/contact/	t		2021-08-18	2023-06-04
19	/outdoor_lighting_austin.php/	/	t		2022-01-20	2023-06-04
\.


--
-- Data for Name: seo_seoconfig; Type: TABLE DATA; Schema: public; Owner: -
--

COPY public.seo_seoconfig (id, title, keywords, description) FROM stdin;
1			
\.


--
-- Data for Name: seo_seodata; Type: TABLE DATA; Schema: public; Owner: -
--

COPY public.seo_seodata (id, object_id, title, keywords, description, canonical, noindex, og_title, og_image, og_description, content_type_id, content) FROM stdin;
6	1	Outdoor Lighting Experts in Austin, TX| Illumination Concepts Inc		Illumination Concepts Inc delivers tailored, cost-effective outdoor lighting solutions in the greater Austin, TX area. Click here to learn more!		f	Outdoor Lighting Experts in Austin, TX | Illumination Concepts Inc		Illumination Concepts Inc delivers tailored, cost-effective outdoor lighting solutions in the greater Austin, TX area. Click here to learn more!	9	
7	1	Check Out Our Completed Lighting Installation Projects		Navigate to inspiring pictures of our completed lighting installation jobs for commercial and residential properties - choose the one you love most!		f	Check Out Our Completed Lighting Installation Projects		Navigate to inspiring pictures of our completed lighting installation jobs for commercial and residential properties - choose the one you love most!	33	
8	1	Look Through the Reviews About Our Outdoor Lighting Services		Check out the reviews about the outdoor lighting solutions we have delivered for the homeowners and businesses in the greater Austin, TX area.		f	Look Through the Reviews About Our Outdoor Lighting Services		Check out the reviews about the outdoor lighting solutions we have delivered for the homeowners and businesses in the greater Austin, TX area.	44	
10	1	Call Outdoor Lighting Experts for Any Project in Austin, TX		If you have any questions or concerns about your next outdoor lighting project in Austin, TX, please feel free to contact our professional team ASAP.		f	Call Outdoor Lighting Experts for Any Project in Austin, TX		If you have any questions or concerns about your next outdoor lighting project in Austin, TX, please feel free to contact our professional team ASAP.	13	
11	2	Decorate Your Outdoors with Landscape Lighting in Austin, TX		The exterior of your home and your garden deserve professional landscape lighting in Austin, TX to enhance their beauty and provide several other benefits.		f	Decorate Your Outdoors with Landscape Lighting in Austin, TX		The exterior of your home and your garden deserve professional landscape lighting in Austin, TX to enhance their beauty and provide several other benefits.	37	
12	1	Navigate to Privacy Policy | Illumination Concepts Inc.		Read the Privacy Policy on our website to learn more about the types of information we collect and the ways we use it, as well as your data protection rights.		f	Navigate to Privacy Policy | Illumination Concepts Inc.		Read the Privacy Policy on our website to learn more about the types of information we collect and the ways we use it, as well as your data protection rights.	36	
1	5	Your Outdoor LED Lighting Professionals in Austin, TX		Outdoor LED lighting can make a huge difference to the aesthetics and safety of your property. Let our LED lighting experts help you achieve the look you want!		f	Your Outdoor LED Lighting Professionals in Austin, TX	2.jpg	Outdoor LED lighting can make a huge difference to the aesthetics and safety of your property. Let our landscape lighting design experts help you achieve the look you want!	37	
13	7	Lighting Installation Services for Your Home in Austin, TX		Illumination Concepts Inc. provides exquisite lighting installation services in Austin, TX to enhance the looks of your property and add a little magic to it.		f	Lighting Installation Services for Your Home in Austin, TX		Illumination Concepts Inc. provides exquisite lighting installation services in Austin, TX to enhance the looks of your property and add a little magic to it.	37	
14	8	Lighting Maintenance in Austin, TX - Light Up Your Space!		Illumination Concepts Inc offers expert lighting maintenance service in Austin, TX. Get your lighting system fixed to enhance the look of your property.		f	Lighting Maintenance in Austin, TX - Light Up Your Space!		Illumination Concepts Inc offers expert lighting maintenance service in Austin, TX. Get your lighting system fixed to enhance the look of your property.	37	
4	1	Best Residential Outdoor Lighting Companies in Austin, TX		Make your home more appealing and increase its resale value by choosing one of the best professional residential outdoor lighting companies in Austin, TX.		f	Best Residential Outdoor Lighting Companies in Austin, TX	1_LJFRhoF.jpg	Make your home more appealing and increase its resale value by choosing one of the best professional residential outdoor lighting companies in Austin, TX.	37	
3	1	Customized Outdoor Lighting Services in Austin, TX		Illumination Concepts Inc. offers environment-friendly outdoor lighting options for the residents of the Austin, TX area. Get in touch to beautify your home.		f	Customized Outdoor Lighting Services in Austin, TX		Illumination Concepts Inc. offers environment-friendly outdoor lighting options for the residents of the Austin, TX area. Get in touch to beautify your home.	39	
2	1	Landscape Lighting Experts in Austin, TX		The best way to beautify your home is to invest in landscape lighting. Illumination Concepts Inc helps Austin, TX residents enhance the image of their property	https://austinlandscapelighting.us	f	Landscape Lighting Experts in Austin, TX		The best way to beautify your home is to invest in landscape lighting. Illumination Concepts Inc helps Austin, TX residents enhance the image of their property	25	
16	9	Reinvent Your Outdoors With Landscape Speakers In Austin, TX		You can bring your entertainment outside with you by equipping your backyard with specially built landscape speakers that work as an outdoor sound system.		f	Reinvent Your Outdoors With Landscape Speakers In Austin, TX	image_8_DwnKjmg.jpg	You can bring your entertainment outside with you by equipping your backyard with specially built landscape speakers that work as an outdoor sound system.	37	
5	4	Pathway Lighting in Austin,TX: Elevate the Look of Your Home		Illumination Concepts Inc provides pathway lighting solutions in Austin, TX, to enhance the beauty of your property. We will make a custom design for you!		f	Pathway Lighting in Austin,TX: Elevate the Look of Your Home		Illumination Concepts Inc provides pathway lighting solutions in Austin, TX, to enhance the beauty of your property. We will make a custom design for you!	37	
15	3	Light up your estate with Home Accent Lighting in Austin, TX		Illumination Concepts Inc. offers top-quality home accent lighting in Austin, TX, and nearby areas. Enhance the look of your property with proper lighting!		f	Light up your estate with Home Accent Lighting in Austin, TX	image_3.jpg	Illumination Concepts Inc. offers top-quality home accent lighting in Austin, TX, and nearby areas. Enhance the look of your property with proper lighting!	37	
9	1	FAQ About Exterior Lighting Installation & Maintenance		Here, we answered the most common questions about exterior lighting installation and maintenance. Please feel free to get in touch for more details!		f	FAQ About Exterior Lighting Installation & Maintenance		Here, we answered the most common questions about exterior lighting installation and maintenance. Please feel free to get in touch for more details!	23	
\.


--
-- Data for Name: services_service; Type: TABLE DATA; Schema: public; Owner: -
--

COPY public.services_service (id, image, title, header, description, text, btn_text, btn_url, updated, slug, visible, sort_order, preview, alt_image, alt_preview, title_image, title_preview) FROM stdin;
3	std_page/header/image_3.jpg	Home Accent Lighting	Home Accent Lighting for a Lovely Light-Filled Glow	Accent lighting illuminates the property’s exterior, bringing attention to its best aspects. Choose the products that bring out the true beauty of your architectural design!	<p>\r\n  Are you looking for something to make your home&rsquo;s exterior pop? You must check out LED accent lights for homes! House accent lights add to your property&rsquo;s ambiance and aesthetics by illuminating the spaces with a twinkling glow. They highlight your home&rsquo;s architectural features and help draw attention to trees, walkways, entrances, and patios.&nbsp;\r\n</p>\r\n\r\n<p>\r\n  At Illumination Concepts Inc., we offer a wide range of <a href="/outdoor-lighting/">outdoor lighting</a> solutions. Our experts design and install exterior accent lighting for homes to ensure the property maintains its charm and beauty after the sun goes down.&nbsp;\r\n</p>\r\n\r\n<p class="page-images single-image">\r\n  <img alt="A courtyard view of a mansion, contrasting against the evening sky due to home accent lighting" data-crop="" data-description="SG9tZSUyMGFjY2VudCUyMGxpZ2h0aW5nJTIwY2FuJTIwaGVscCUyMGlsbHVtaW5hdGUlMjB0aGUlMjBiZWF1dHklMjBvZiUyMHlvdXIlMjBwbGFjZQ==" data-id="20" data-source="/media/page_photos/0000/photo_20.jpg?_=1641978961" height="576" sizes="100vw" src="/media/page_photos/0000/photo_20.normal.jpg" srcset="/media/page_photos/0000/photo_20.wide.jpg?_=1641978961 1024w, /media/page_photos/0000/photo_20.normal.jpg?_=1641978962 800w, /media/page_photos/0000/photo_20.mobile.jpg?_=1641978962 480w" title="Courtyard lit excellently by home accent lighting" width="1024" />\r\n</p>\r\n\r\n<h2>Full Range of Outdoor Home Accent Lighting</h2>\r\n\r\n<p>\r\n  With our collection of house accent lights, we aim to:&nbsp;\r\n</p>\r\n\r\n<ul class="extra-list">\r\n  <li>\r\n    Illuminate the poolside for nighttime swimming and barbecuing\r\n  </li>\r\n  <li>\r\n    Add ambiance to your patio and deck&nbsp;\r\n  </li>\r\n  <li>\r\n    Accentuate the garden features and put the hardscape in the spotlight\r\n  </li>\r\n  <li>\r\n    Improve navigation and deter prowlers\r\n  </li>\r\n  <li>\r\n    Give the exterior a magical twist with enchanting string lights\r\n  </li>\r\n  <li>\r\n    Wifi Controls available for ease of use\r\n  </li>\r\n</ul>\r\n\r\n<p>\r\n  Our professionals will customize LED home accent lighting for your property depending on its design and theme. We&rsquo;ll also determine your specific needs and preferences to ensure the lighting solution leaves you amazed.&nbsp;\r\n</p>\r\n\r\n<p>\r\n  An added benefit of our home accent lights is that they help save energy. We use low-voltage LED lights to reduce your energy costs. Our experts will provide a demo at night before the final installation so that you&rsquo;re 100% satisfied.&nbsp;\r\n</p>\r\n\r\n<p class="page-images single-image">\r\n  <img alt="Mansion lit under the evening sky, contrasting with the glow of outdoor home accent lighting" data-crop="" data-description="T3V0ZG9vciUyMGhvbWUlMjBhY2NlbnQlMjBsaWdodGluZyUyMHdpbGwlMjBsaWdodCUyMHVwJTIweW91ciUyMGhvbWUlMjBsaWtlJTIwbmV2ZXIlMjBiZWZvcmU=" data-id="21" data-source="/media/page_photos/0000/photo_21.jpg?_=1641980586" height="576" sizes="100vw" src="/media/page_photos/0000/photo_21.normal.jpg" srcset="/media/page_photos/0000/photo_21.wide.jpg?_=1641980586 1024w, /media/page_photos/0000/photo_21.normal.jpg?_=1641980586 800w, /media/page_photos/0000/photo_21.mobile.jpg?_=1641980586 480w" title="A mansion gleaming due to outdoor home accent lighting" width="1024" />\r\n</p>\r\n\r\n<h2>Let&rsquo;s Discuss Your Outdoor Home Accent Lighting Needs!</h2>\r\n\r\n<p>\r\n  Our qualified, trained, and experienced team is at your service to create an LED home accent lighting plan that takes your property&rsquo;s aesthetics to the next level.&nbsp;\r\n</p>\r\n\r\n<p>\r\n  Illumination Concepts Inc. provides accent lighting solutions in the following areas:\r\n</p>\r\n\r\n<div class="columns">\r\n  <div class="column column-left">\r\n    <ul class="extra-list">\r\n      <li>\r\n        Central and West Austin, TX\r\n      </li>\r\n      <li>\r\n        Lakeway, TX&nbsp;\r\n      </li>\r\n      <li>\r\n        Dripping Springs, TX\r\n      </li>\r\n      <li>\r\n        Driftwood, TX\r\n      </li>\r\n      <li>\r\n        and all points in between&nbsp;\r\n      </li>\r\n    </ul>\r\n  </div>\r\n\r\n  <div class="column column-right">\r\n    <ul class="extra-list">\r\n      <li>\r\n        Georgetown, TX\r\n      </li>\r\n      <li>\r\n        Leander, TX\r\n      </li>\r\n      <li>\r\n        Round Rock, TX\r\n      </li>\r\n      <li>\r\n        Wimberley, TX\r\n      </li>\r\n    </ul>\r\n  </div>\r\n</div>\r\n\r\n<p>\r\n  We also provide lighting maintenance services, making it easier for you to keep your house in good shape in the long run.&nbsp;\r\n</p>\r\n\r\n<p>\r\n  <a href="/contact/">Reach out to us</a> and get ready to elevate your exterior space with modern, best-quality home accent lighting!&nbsp;\r\n</p>\r\n	SCHEDULE MY FREE LIGHTNING CONSULTATION		2022-11-30 11:40:11.850541+00	home-accent-lighting	t	3	service/preview/preview_3.jpg				
4	std_page/header/image_4.jpg	Pathway Lighting	Elevate the Feel of Your Home with Pathway Lighting \nin Austin, TX	Outdoor pathway lighting enhances the appeal of your residential property, be it stairway lighting, string lights, patio lighting, or poolside lighting. You can choose the option that best fits your style.	<p>\r\n  At Illumination Concepts Inc., you will find a wide variety of <a href="/outdoor-lighting/">outdoor lighting</a> solutions. We are Austin&rsquo;s premier company that designs and installs outdoor pathway lighting to enhance the look of your property and ensure that your home is beautifully illuminated every night. We build lasting relationships with our clients while providing them with unique lighting services according to their preferences. We are sure that our outdoor pathway lighting designs will impress you.&nbsp;\r\n</p>\r\n\r\n<p>\r\n  Our services are not just limited to installations. We providing complete lighting services. Our maintenance solutions cover all problems that may arise with your pathway lighting system over time.&nbsp;\r\n</p>\r\n\r\n<p class="page-images single-image">\r\n  <img alt="A lush green garden, lit by pathway lighting, showing a walkway cutting through the grass" data-crop="" data-description="WW91ciUyMGV2ZW5pbmclMjBnYXJkZW4lMjB0b3VycyUyMHdpbGwlMjBuZXZlciUyMGJlJTIwdGhlJTIwc2FtZSUyMHdpdGglMjBwYXRod2F5JTIwbGlnaHRpbmc=" data-id="6" data-source="/media/page_photos/0000/photo_6.jpg?_=1628631273" height="576" sizes="100vw" src="/media/page_photos/0000/photo_6.normal.jpg" srcset="/media/page_photos/0000/photo_6.wide.jpg?_=1628631273 1024w, /media/page_photos/0000/photo_6.normal.jpg?_=1628631273 800w, /media/page_photos/0000/photo_6.mobile.jpg?_=1628631273 480w" title="A garden walkthrough lit by pathway lighting" width="1024" />\r\n</p>\r\n\r\n<h2>Full-Service Landscape Path Lighting For You</h2>\r\n\r\n<p>\r\n  Our main pathway lighting services include the following:\r\n</p>\r\n\r\n<ul>\r\n  <li>\r\n    Fascinating poolside lights to make your night swim experience more fun\r\n  </li>\r\n  <li>\r\n    Setting the perfect mood with ambient lighting for patio and decks\r\n  </li>\r\n  <li>\r\n    Providing accent lighting to lift the overall architectural beauty of your home\r\n  </li>\r\n  <li>\r\n    Stair and pathway lighting to keep you safe. Your safety always comes first!\r\n  </li>\r\n  <li>\r\n    Enchanting string lights for all your night-time events&nbsp;\r\n  </li>\r\n  <li>\r\n    Elegant garden lighting solutions\r\n  </li>\r\n</ul>\r\n\r\n<p>\r\n  Our professional designers will assist you in creating a custom outdoor pathway lighting plan that fits your style and requirements. Our team will also advise you on how to improve the look of your outdoor space.&nbsp;\r\n</p>\r\n\r\n<p class="page-images single-image">\r\n  <img alt="A walkway cutting through the grass, bordering a swimming pool gleaming under led pathway lights" data-crop="" data-description="T3VyJTIwbGVkJTIwcGF0aHdheSUyMGxpZ2h0cyUyMHdpbGwlMjBtYWtlJTIweW91ciUyMHBsYWNlJTIwZ2xlYW0lMjBpbiUyMHRoZSUyMGV2ZW5pbmc=" data-id="7" data-source="/media/page_photos/0000/photo_7.jpg?_=1628631367" height="576" sizes="100vw" src="/media/page_photos/0000/photo_7.normal.jpg" srcset="/media/page_photos/0000/photo_7.wide.jpg?_=1628631367 1024w, /media/page_photos/0000/photo_7.normal.jpg?_=1628631368 800w, /media/page_photos/0000/photo_7.mobile.jpg?_=1628631368 480w" title="A swimming pool shining brightly due to led pathway lights" width="1024" />\r\n  &nbsp;\r\n</p>\r\n\r\n<p>\r\n  To see the full potential of your property, we provide you with a nighttime demo during your pathway lighting installation. If you already have a lighting system, you can upgrade it to led lights that save energy - this is the ultimate low-voltage pathway lighting solution. On-site adjustments are made to ensure all of your needs are met before we get to the final installation.&nbsp;\r\n</p>\r\n\r\n<h2>Contact Us</h2>\r\n\r\n<p>\r\n  Reach out to our professionally trained team and design a custom pathway lighting plan that fits your property perfectly.&nbsp;\r\n</p>\r\n\r\n<p>\r\n  Illumination Concepts Inc. provides lighting solutions in the following areas:\r\n</p>\r\n\r\n<div class="columns">\r\n  <div class="column column-left">\r\n    <ul>\r\n      <li>\r\n        Central and West Austin, TX\r\n      </li>\r\n      <li>\r\n        Lakeway, TX&nbsp;\r\n      </li>\r\n      <li>\r\n        Dripping Springs, TX\r\n      </li>\r\n      <li>\r\n        Driftwood, TX\r\n      </li>\r\n      <li>\r\n        Georgetown, TX\r\n      </li>\r\n    </ul>\r\n  </div>\r\n\r\n  <div class="column column-right">\r\n    <ul>\r\n      <li>\r\n        Leander, TX\r\n      </li>\r\n      <li>\r\n        Round Rock, TX\r\n      </li>\r\n      <li>\r\n        Wimberly, TX\r\n      </li>\r\n      <li>\r\n        and all areas between\r\n      </li>\r\n    </ul>\r\n  </div>\r\n</div>\r\n\r\n<p>\r\n  <a href="/contact/">Get in touch</a> with our experienced technicians and light up your outdoor space with a perfect pathway lighting design.\r\n</p>\r\n	SCHEDULE MY FREE LIGHTNING CONSULTATION		2022-11-30 11:40:44.554749+00	pathway-lighting	t	4	service/preview/preview_4_gzdykRE.jpg				
5	std_page/header/image_5_Bw8uLaS.jpg	LED Lighting	Outdoor LED Lighting Design & Installation in Austin, TX	We can transform your home’s exterior with strategically placed LED lighting. Whether you want to make your driveway safer or highlight the beauty of your garden, we can help.	<p>\r\n  No exterior design project is complete without adequate outdoor lighting. At Illumination Concepts Inc, we offer a wide range of <a href="/outdoor-lighting/">outdoor lighting</a> solutions that are tailored to the needs of each homeowner. If you&rsquo;re thinking about upgrading the lighting around your Austin, TX home, our experienced team is here to assist. We are experts in modern outdoor LED lighting design and installation, so all you need to do is contact us to discuss your project.\r\n</p>\r\n\r\n<p class="page-images single-image">\r\n  <img alt="A garden scene with a walkway, illuminated by the excellence of outdoor led lighting" data-crop="" data-description="T3V0ZG9vciUyMGxlZCUyMGxpZ2h0aW5nJTIwd29ya3MlMjBwZXJmZWN0bHklMjBpZiUyMHlvdSdyZSUyMGFycmFuZ2luZyUyMGElMjBwYXJ0eQ==" data-id="9" data-source="/media/page_photos/0000/photo_9.jpg?_=1628632046" height="576" sizes="100vw" src="/media/page_photos/0000/photo_9.normal.jpg" srcset="/media/page_photos/0000/photo_9.wide.jpg?_=1628632047 1024w, /media/page_photos/0000/photo_9.normal.jpg?_=1628632047 800w, /media/page_photos/0000/photo_9.mobile.jpg?_=1628632047 480w" title="Outdoor led lighting creates a festive atmosphere" width="1024" />\r\n</p>\r\n\r\n<h2>Why Invest in LED Landscape Lighting&nbsp;</h2>\r\n\r\n<p>\r\n  Improved visibility is the most obvious reason for upgrading your lighting. However, it&rsquo;s far from the only reason. Lighting plays an important role in improving the safety, security, beauty, and even value of a property. We take the time to find out exactly why you need more light so we can recommend and install the most appropriate outdoor LED lighting fixtures.&nbsp;\r\n</p>\r\n\r\n<p>\r\n  We&rsquo;ll consider your tastes, the mood you want to create, how each area is used, how much traffic your backyard or garden gets, and more! This will help us to determine whether you need outdoor LED deck lighting, outdoor LED spotlights, or another type of lighting.\r\n</p>\r\n\r\n<p>\r\n  Some of the areas you may want to illuminate include your:\r\n</p>\r\n\r\n<div class="columns">\r\n  <div class="column column-left">\r\n    <ul>\r\n      <li>\r\n        Driveway\r\n      </li>\r\n      <li>\r\n        Backyard\r\n      </li>\r\n      <li>\r\n        Flower beds\r\n      </li>\r\n      <li>\r\n        Fence\r\n      </li>\r\n      <li>\r\n        Trees\r\n      </li>\r\n      <li>\r\n        Walking paths\r\n      </li>\r\n    </ul>\r\n  </div>\r\n\r\n  <div class="column column-right">\r\n    <ul>\r\n      <li>\r\n        House\r\n      </li>\r\n      <li>\r\n        Landscape\r\n      </li>\r\n      <li>\r\n        Fountains\r\n      </li>\r\n      <li>\r\n        Structures\r\n      </li>\r\n      <li>\r\n        Art\r\n      </li>\r\n    </ul>\r\n  </div>\r\n</div>\r\n\r\n<p>\r\n  The team at Illumination Concepts Inc uses a variety of techniques to create the desired effect. Modern outdoor LED lighting can be used to highlight the areas of your property that you love and conceal those parts which aren&rsquo;t that aesthetically pleasing. We can provide the look you want, whether that&rsquo;s subtle or dramatic.\r\n</p>\r\n\r\n<p class="page-images single-image">\r\n  <img alt="Lush green garden with white-colored borders, lit under the evening sky by led landscape lighting" data-crop="" data-description="V2l0aCUyMGxlZCUyMGxhbmRzY2FwZSUyMGxpZ2h0aW5nJTJDJTIweW91ciUyMHBsYWNlJTIwd2lsbCUyMHN0YXklMjB3ZWxsJTIwbGl0JTIwYW5kJTIwc2FmZQ==" data-id="10" data-source="/media/page_photos/0000/photo_10.png?_=1628632165" height="576" sizes="100vw" src="/media/page_photos/0000/photo_10.normal.png" srcset="/media/page_photos/0000/photo_10.wide.png?_=1628632165 1024w, /media/page_photos/0000/photo_10.normal.png?_=1628632166 800w, /media/page_photos/0000/photo_10.mobile.png?_=1628632166 480w" title="A garden boundary lit by led landscape lighting" width="1024" />\r\n</p>\r\n\r\n<h2>Benefits of LED Lights</h2>\r\n\r\n<p>\r\n  Not all lighting is the same. LED lights are popular because they offer several advantages over incandescent light bulbs. Not only do they have a longer lifespan, but they:\r\n</p>\r\n\r\n<ul>\r\n  <li>\r\n    Are more energy-efficient\r\n  </li>\r\n  <li>\r\n    Are more durable or reliable\r\n  </li>\r\n  <li>\r\n    Are available in a wide range of temperatures and colors\r\n  </li>\r\n  <li>\r\n    Offer greater control over light output\r\n  </li>\r\n  <li>\r\n    Produce less heat\r\n  </li>\r\n</ul>\r\n\r\n<h2>Contact Us to Discuss Your Outdoor LED Lighting Options</h2>\r\n\r\n<p>\r\n  Whether you&rsquo;re ready to improve your lighting or you&rsquo;re just considering your options, we can provide the advice you need. We offer outdoor LED lighting services in various areas in Central and West Texas, including Lakeway, Dripping Springs, and Driftwood. <a href="/contact/">Contact us</a> today to schedule a consultation or ask questions.\r\n</p>\r\n	SCHEDULE MY FREE LIGHTNING CONSULTATION		2022-11-01 11:50:56.590621+00	led-lighting	t	5	service/preview/preview_5_m8cpRGG.jpg				
8	std_page/header/image_8.jpg	Lighting Maintenance	Get Professional Lighting Maintenance for Your Project in Austin, TX	We provide comprehensive lighting repair and maintenance services for your project to ensure your lighting system works properly. Talk to us today to light up your space.	<p>\r\n  Regular lighting maintenance and repair are essential for the safety and smooth functioning of your lighting system. Whether you require an indoor or <a href="/outdoor-lighting/">outdoor lighting</a> service, our outstanding customer service will compel you to choose us.\r\n</p>\r\n\r\n<p>\r\n  Several lighting maintenance companies offer many services; yet only experienced professionals can identify the exposed wiring, change out bulbs, and provide complete maintenance to light up your property. Illumination Concepts Inc ensures comprehensive lighting maintenance services according to your custom requirements. Your lighting should work perfectly and optimally at all times. You can choose a one-time maintenance service or opt for our maintenance plan. We are committed to providing excellent customer satisfaction.\r\n</p>\r\n\r\n<p class="page-images single-image">\r\n  <img alt="Lighting Maintenance Illumination Concepts Inc." data-crop="" data-id="18" data-source="/media/page_photos/0000/photo_18.jpg?_=1634798749" height="576" sizes="100vw" src="/media/page_photos/0000/photo_18.normal.jpg" srcset="/media/page_photos/0000/photo_18.wide.jpg?_=1634798749 1024w, /media/page_photos/0000/photo_18.normal.jpg?_=1634798749 800w, /media/page_photos/0000/photo_18.mobile.jpg?_=1634798749 480w" width="1024" />\r\n</p>\r\n\r\n<h2>Efficient &amp; Effective Lighting Maintenance Services</h2>\r\n\r\n<p>\r\n  If you want your existing lighting systems to work smoothly for the years to come, get the best lighting maintenance services you possibly can. Our experienced team will come to your location and examine all lighting equipment to ensure everything is functioning properly. Our lighting maintenance and repair plan includes:\r\n</p>\r\n\r\n<ul>\r\n  <li>\r\n    Check all lamps and replace them if needed\r\n  </li>\r\n  <li>\r\n    Replace all sockets\r\n  </li>\r\n  <li>\r\n    Ensure that your lights are as bright as possible by removing debris and hard water from glass lenses\r\n  </li>\r\n  <li>\r\n    Check the voltage of your lighting system for safety\r\n  </li>\r\n  <li>\r\n    Outdoor lighting maintenance will include trimming of plants around your lights so the lights are not blocked&nbsp;by any object\r\n  </li>\r\n  <li>\r\n    Fix all exposed wires\r\n  </li>\r\n  <li>\r\n    Adjust the positioning of all light fixtures if required\r\n  </li>\r\n  <li>\r\n    Fix all wires that may be cut overtime\r\n  </li>\r\n  <li>\r\n    Provide low voltage landscape lighting repair\r\n  </li>\r\n  <li>\r\n    Reset timers and adjust transformer\r\n  </li>\r\n  <li>\r\n    Provide replacement of broken or damaged fixtures\r\n  </li>\r\n</ul>\r\n\r\n<p class="page-images single-image">\r\n  <img alt="Lighting Maintenance in Austin, TX" data-crop="" data-id="19" data-source="/media/page_photos/0000/photo_19.jpg?_=1634799585" height="576" sizes="100vw" src="/media/page_photos/0000/photo_19.normal.jpg" srcset="/media/page_photos/0000/photo_19.wide.jpg?_=1634799585 1024w, /media/page_photos/0000/photo_19.normal.jpg?_=1634799585 800w, /media/page_photos/0000/photo_19.mobile.jpg?_=1634799585 480w" width="1024" />\r\n</p>\r\n\r\n<h2>Lighting Maintenance Companies and How They Can Help</h2>\r\n\r\n<p>\r\n  Among all lighting maintenance companies, choose a trusted service provider to fix all your electrical problems. Illumination Concepts Inc strives to provide premium lighting installation, repair, and maintenance service according to your preference and budget. Our lighting maintenance services are translated into the most efficient and effective process. We keep a record and track the job after completion to see recurring components so your future queries are better responded to with efficiency. We prefer to choose the right solutions for our customers. Our lighting maintenance plan involves a complete inspection of the lighting system including your LED lights. These lights have become the leading choice of professionals. LED lights are energy-efficient, cost-effective, safe, and provide longevity. You can always choose to upgrade your lighting system.\r\n</p>\r\n\r\n<p>\r\n  <a href="https://austinlandscapelighting.us/contact/">Get in touch</a> with our team to schedule your next lighting maintenance. Our services are available in the following areas:\r\n</p>\r\n\r\n<div class="columns">\r\n  <div class="column column-left">\r\n    <ul>\r\n      <li>\r\n        Austin, TX\r\n      </li>\r\n      <li>\r\n        Central and West Austin, TX\r\n      </li>\r\n      <li>\r\n        Lakeway, TX\r\n      </li>\r\n      <li>\r\n        Dripping Springs, TX\r\n      </li>\r\n      <li>\r\n        Driftwood, TX\r\n      </li>\r\n    </ul>\r\n  </div>\r\n\r\n  <div class="column column-right">\r\n    <ul>\r\n      <li>\r\n        Georgetown\r\n      </li>\r\n      <li>\r\n        Round Rock\r\n      </li>\r\n      <li>\r\n        Cedar Park\r\n      </li>\r\n      <li>\r\n        and surrounding areas\r\n      </li>\r\n    </ul>\r\n\r\n    <p>\r\n      &nbsp;\r\n    </p>\r\n  </div>\r\n</div>\r\n\r\n<p>\r\n  If you seek innovative designs, and eco-friendly material, choose the best landscape lighting service in Austin, TX.\r\n</p>\r\n	SCHEDULE MY FREE LIGHTNING CONSULTATION		2022-05-27 07:33:58.493099+00	lighting-maintenance	t	8	service/preview/preview_8.jpg	Lighting Maintenance in TX			
1	std_page/header/image_1_30Ifahy.jpg	Residential Lighting	One of the Top Residential Outdoors Lighting Companies in Austin, TX	Illumination Concepts specializes in outdoor lighting projects. With 26 years of experience in the field, we are capable of tackling even the most complex residential landscape lighting jobs.	<p>\r\n  You pay great attention to lighting up your house on the inside, so why not go all the way and install <a href="/outdoor-lighting/">outdoor lighting</a> as well? Our experienced contractors will create your unique residential lighting plan, listen to your feedback, and install it once you give your approval.\r\n</p>\r\n\r\n<p>\r\n  In doing so, you will make your house safer from potential burglars, extend your living space outdoors during the warm season, and increase the curb appeal of your property. Most homeowners are looking at their home as an investment, so they are doing everything they can to grow its value. Residential emergency lighting fixtures are the one of the affordable investments with a high ROI.\r\n</p>\r\n\r\n<p class="page-images single-image">\r\n  <img alt="A mansion lit by residential outdoor lighting against the dull background of the evening sky" data-crop="" data-description="UmVzaWRlbnRpYWwlMjBvdXRkb29yJTIwbGlnaHRpbmclMjBzaG93cyUyMHRoZSUyMGJlc3QlMjBsb29rJTIwb2YlMjBhJTIwaG91c2U=" data-id="15" data-source="/media/page_photos/0000/photo_15.jpg?_=1631084808" height="576" sizes="100vw" src="/media/page_photos/0000/photo_15.normal.jpg" srcset="/media/page_photos/0000/photo_15.wide.jpg?_=1631084808 1024w, /media/page_photos/0000/photo_15.normal.jpg?_=1631084808 800w, /media/page_photos/0000/photo_15.mobile.jpg?_=1631084808 480w" title="A panoramic display of residential outdoor lighting" width="1024" />\r\n</p>\r\n\r\n<h2>Residential Landscape Lighting Highlights the Special Features of Your Home</h2>\r\n\r\n<p>\r\n  Professionals in residential outdoor lighting design know beauty when they see it. They will look at your property as a whole &ndash; driveway, house, and yard &ndash;&nbsp; identify the areas that deserve being seen, and beautify even a bland garden with clever placement of a led spotlight of high voltage .\r\n</p>\r\n\r\n<p>\r\n  Even though you do not consider putting up your house for sale at a later date, you should look for every way of increasing its value. Your home is your biggest asset, so you should give it all your attention. At the end of the day (no pun intended), it is the place where you come to relax, unwind, and spend quality time with your family.\r\n</p>\r\n\r\n<p class="page-images single-image">\r\n  <img alt="An evening shot from a mansion's courtyard, showing the effect of residential landscape lighting" data-crop="" data-description="UmVzaWRlbnRpYWwlMjBsYW5kc2NhcGUlMjBsaWdodGluZyUyMGZvcm1zJTIwYSUyMGNvbnRyYXN0JTIwYWdhaW5zdCUyMHRoZSUyMG5pZ2h0JTIwc2t5" data-id="14" data-source="/media/page_photos/0000/photo_14.png?_=1628632961" height="576" sizes="100vw" src="/media/page_photos/0000/photo_14.normal.png" srcset="/media/page_photos/0000/photo_14.wide.png?_=1628632961 1024w, /media/page_photos/0000/photo_14.normal.png?_=1628632962 800w, /media/page_photos/0000/photo_14.mobile.png?_=1628632962 480w" title="Mansion lit beautifully by residential landscape lighting" width="1024" />\r\n</p>\r\n\r\n<h2>We Are Professionals in Residential Lighting Service!</h2>\r\n\r\n<p>\r\n  Illumination Concepts has over 26 years of experience in various commercial and residential outdoor lighting projects. We can create the best custom residential lighting landscape design that takes into consideration the size and shape of your home and yard and your own preference to highlight one architectural element or another. Our aim is to ensure 100% customer satisfaction.\r\n</p>\r\n\r\n<p>\r\n  Our company is based in Austin, TX, but we also serve customers in the extended area that includes:\r\n</p>\r\n\r\n<div class="columns">\r\n  <div class="column column-left">\r\n    <ul>\r\n      <li>\r\n        Lakeway\r\n      </li>\r\n      <li>\r\n        Dripping Springs\r\n      </li>\r\n      <li>\r\n        Driftwood\r\n      </li>\r\n      <li>\r\n        Bee Caves\r\n      </li>\r\n    </ul>\r\n  </div>\r\n\r\n  <div class="column column-right">\r\n    <ul>\r\n      <li>\r\n        Cedar Park\r\n      </li>\r\n      <li>\r\n        Georgetown\r\n      </li>\r\n      <li>\r\n        Round Rock\r\n      </li>\r\n      <li>\r\n        and surrounding areas\r\n      </li>\r\n    </ul>\r\n  </div>\r\n</div>\r\n\r\n<p>\r\n  Make your home safer, more beautiful, and more valuable with our light services. Call now to book a free consultation with our residential lighting consultant at <a href="tel:5129633121">512-963-3121</a>!\r\n</p>\r\n\r\n<p>\r\n  &nbsp;\r\n</p>\r\n	SCHEDULE MY FREE LIGHTNING CONSULTATION		2022-05-27 07:33:28.395022+00	residential-outdoor-lighting-companies	t	1	service/preview/preview_1_YmbEdC3.jpg				
7	std_page/header/image_7_lWR6mZC.jpg	Lighting Installation	Enhance Your Home With Lighting Installation Services In Austin, TX	Upgrade your existing lighting installation or opt for a new custom design that fits your style and preference perfectly. We offer experience, quality, and unparalleled customer service.	<p>\r\n  <a href="/outdoor-lighting/">Outdoor lighting</a> can highlight your outer space while giving it a unique feel. Upgrading your home&rsquo;s lighting installation and landscaping overall may also increase the value of your property.&nbsp;\r\n</p>\r\n\r\n<p>\r\n  Only experienced professionals can make your space beautiful. Beginning with the initial design to ongoing service and maintenance, the Illumination Concepts team will be there with you at every step. Our dazzling landscape lighting installation solutions will set the perfect mood for you and your loved ones.\r\n</p>\r\n\r\n<p class="page-images single-image">\r\n  <img alt="Outdoor lighting installation has lit up a mansion with a creeper and bordered by a lawn" data-crop="" data-description="T3V0ZG9vciUyMGxpZ2h0aW5nJTIwaW5zdGFsbGF0aW9uJTIwaGFzJTIwbGl0JTIwdXAlMjB0aGUlMjBtYW5zaW9uJTIwYW5kJTIwaXRzJTIwY3JlZXBlcg==" data-id="16" data-source="/media/page_photos/0000/photo_16.jpg?_=1631085581" height="576" sizes="100vw" src="/media/page_photos/0000/photo_16.normal.jpg" srcset="/media/page_photos/0000/photo_16.wide.jpg?_=1631085581 1024w, /media/page_photos/0000/photo_16.normal.jpg?_=1631085581 800w, /media/page_photos/0000/photo_16.mobile.jpg?_=1631085581 480w" title="A mansion lit by an outdoor lighting installation" width="1024" />\r\n</p>\r\n\r\n<p>\r\n  Choose our professional lighting installation specialists to upgrade your lighting. Not only will it provide effective results, but it will help you save on your energy bills.&nbsp;\r\n</p>\r\n\r\n<h2>Our Solutions for Your Professional Lighting Installation Needs</h2>\r\n\r\n<p>\r\n  The LED lighting installation for recessed lighting solutions can make your home look as grand as you want it to be, especially if you go for a custom design made according to your preference and style. Illumination Concepts is a premium yard and indoor lighting installation company with a team of dedicated designers who will work with you to create a stylish, modern lighting design that fits perfectly with your outdoor furniture.&nbsp;\r\n</p>\r\n\r\n<p>\r\n  Outdoor lighting installation will make your space stand out. Our lighting installation specialists and designers are professionally trained to give you the best recommendations and provide dependable services. In addition to this, our annual maintenance plans allow us to make sure that your outdoor lighting is always functioning perfectly.&nbsp;\r\n</p>\r\n\r\n<p>\r\n  The &nbsp;lighting installation cost varies according to each project&#39;s specifications and the size of the outdoor space. We provide affordable plans according to your budget. The entire process of revamping your lawn will be hassle-free and all for a justifiable price.\r\n</p>\r\n\r\n<p class="page-images single-image">\r\n  <img alt="A pool, bordered by a garden and lake, next to a mansion, all lit by a lighting installation" data-crop="" data-description="WW91ciUyMGhvdXNlJTIwd2lsbCUyMHNob3clMjBpdHMlMjB0cnVlJTIwY29sb3JzJTIwd2l0aCUyMGxpZ2h0aW5nJTIwaW5zdGFsbGF0aW9u" data-id="17" data-source="/media/page_photos/0000/photo_17.jpg?_=1631085603" height="532" sizes="100vw" src="/media/page_photos/0000/photo_17.normal.jpg" srcset="/media/page_photos/0000/photo_17.wide.jpg?_=1631085603 800w, /media/page_photos/0000/photo_17.normal.jpg?_=1631085603 800w, /media/page_photos/0000/photo_17.mobile.jpg?_=1631085603 480w" title="Poolside view of lighting installation in a mansion" width="800" />\r\n</p>\r\n\r\n<h2>Get in Touch with One of the Best Lighting Installation Companies</h2>\r\n\r\n<p>\r\n  Add a little magic and whimsy to your outer garden with the help of Illumination Concepts! Our experienced light fixture wiring and fixture contractors are committed to finding the right solutions for all your electrical needs. As one of the top local companies, we are fully equipped and ready to repair or install your new landscape lighting today. All the issues that may arise with time will be dealt with by our maintenance specialists.&nbsp;\r\n</p>\r\n\r\n<p>\r\n  No need to google &ldquo;lighting installers near me&rdquo; anymore. Reach out to us today. We are currently providing our services in the following areas:\r\n</p>\r\n\r\n<ul>\r\n  <li>\r\n    Central and West Austin, TX\r\n  </li>\r\n  <li>\r\n    Lakeway, TX\r\n  </li>\r\n  <li>\r\n    Dripping Springs, TX&nbsp;\r\n  </li>\r\n  <li>\r\n    Driftwood, TX\r\n  </li>\r\n</ul>\r\n\r\n<p>\r\n  Choose the best for your landscape - <a href="/contact/">schedule a consultation</a> today for your landscape lighting installation project.\r\n</p>\r\n	SCHEDULE MY FREE LIGHTNING CONSULTATION		2022-06-07 08:34:22.729503+00	lighting-installation-services	t	7	service/preview/preview_7_mkfrlS9.jpg				
2	std_page/header/image_2.jpg	Landscape Lighting	Our Landscape \nLighting Services in Austin, TX & Beyond Can Enhance \nYour Home	Illumination Concepts has over 26 years of experience in designing and installing unique outdoor lighting for residential properties and is ready to help you transform your garden with landscape lighting.	<p>\r\n  If you are looking for a new way of beautifying your home, consider installing <a href="/outdoor-lighting/">outdoor lighting</a>. A team of professional landscape lighting contractors will examine your home and garden carefully, taking note of all the architectural and landscaping features.\r\n</p>\r\n\r\n<p>\r\n  They will then create a custom landscape lighting design that will put the spotlight on the most beautiful parts of your property, creating a magical world after the sunset. You will be able to enjoy long nights outdoors this summer, spending quality time with your family and friends, under the glimmer of fairy lights.\r\n</p>\r\n\r\n<p class="page-images single-image">\r\n  <img alt="A tree lit by landscape lighting in the evening, nearby garden background is also visible" data-crop="" data-description="TGFuZHNjYXBlJTIwbGlnaHRpbmclMjBiZWF1dGlmaWVzJTIwdGhlJTIwbG9vayUyMG9mJTIwYSUyMGdhcmRlbiUyMG9yJTIwbGFuZHNjYXBl" data-id="5" data-source="/media/page_photos/0000/photo_5.png?_=1628629308" height="576" sizes="100vw" src="/media/page_photos/0000/photo_5.normal.png" srcset="/media/page_photos/0000/photo_5.wide.png?_=1628629308 1024w, /media/page_photos/0000/photo_5.normal.png?_=1628629308 800w, /media/page_photos/0000/photo_5.mobile.png?_=1628629309 480w" title="The enchanting effect of landscape lighting in display" width="1024" />\r\n</p>\r\n\r\n<h2>Beyond Beauty &ndash; Landscape Lighting Offers Many Other Benefits</h2>\r\n\r\n<p>\r\n  Landscape lighting design is not just a trend for outdoor home d&eacute;cor. It also has several practical purposes. Imagine that you are coming home late and remember that you left a deck chair in the garden. You will be able to retrieve it without taking a flashlight with you.\r\n</p>\r\n\r\n<p>\r\n  Also, a house bathed in lights all night long will be safe from burglars. They will definitely not want you to see them or get their faces clearly recorded by your security cameras. Thus, landscape lighting is actually a proactive choice in keeping your home safe.\r\n</p>\r\n\r\n<h2>Why Hire Specialized Landscape Lighting Contractors?</h2>\r\n\r\n<p>\r\n  Arranging lights outdoors is not a simple task. Even if you are a skilled DIY-er, you will still need a license for electrical works, as well as the experience and talent of a landscape designer. Landscape lighting is more than just stringing lights over the patio for a party.\r\n</p>\r\n\r\n<p>\r\n  A specialist will consider all the elements of your property that deserve to be seen at night. The team of contractors will include tree uplighting, landscape wall lighting, and pool landscape lighting in their project.\r\n</p>\r\n\r\n<p class="page-images single-image">\r\n  <img alt="Landscape lighting has illuminated a garden with a statue in it, bordered by a wooden fence" data-crop="" data-description="TGFuZHNjYXBlJTIwbGlnaHRpbmclMjB1bmxlYXNoZXMlMjB0aGUlMjBiZWF1dHklMjBvZiUyMHlvdXIlMjBvdXRkb29yJTIwc3BhY2U=" data-id="4" data-source="/media/page_photos/0000/photo_4.jpg?_=1626937070" height="576" sizes="100vw" src="/media/page_photos/0000/photo_4.normal.jpg" srcset="/media/page_photos/0000/photo_4.wide.jpg?_=1626937070 1024w, /media/page_photos/0000/photo_4.normal.jpg?_=1626937070 800w, /media/page_photos/0000/photo_4.mobile.jpg?_=1626937070 480w" title="Fences of a garden lit by landscape lighting" width="1024" />\r\n</p>\r\n\r\n<h2>Choose an Experienced Landscape Lighting Company</h2>\r\n\r\n<p>\r\n  At Illumination Concepts, we take pride in our 26 years of experience in business that allowed us to hone our skills and become the professional landscape lighting contractors we are now. Our services are trusted by clients in:\r\n</p>\r\n\r\n<div class="columns">\r\n  <div class="column column-left">\r\n    <ul>\r\n      <li>\r\n        Austin\r\n      </li>\r\n      <li>\r\n        Lakeway\r\n      </li>\r\n      <li>\r\n        Dripping Springs\r\n      </li>\r\n      <li>\r\n        Cedar Park\r\n      </li>\r\n      <li>\r\n        Nearby areas\r\n      </li>\r\n    </ul>\r\n  </div>\r\n\r\n  <div class="column column-right">\r\n    <ul>\r\n      <li>\r\n        Georgetown\r\n      </li>\r\n      <li>\r\n        Round Rock\r\n      </li>\r\n      <li>\r\n        Bee Caves\r\n      </li>\r\n      <li>\r\n        Driftwood\r\n      </li>\r\n    </ul>\r\n\r\n    <p>\r\n      &nbsp;\r\n    </p>\r\n  </div>\r\n</div>\r\n\r\n<p>\r\n  Call us to book a free consultation with our landscape lighting specialists at <a href="tel:5129633121">512-963-3121</a>!\r\n</p>\r\n	SCHEDULE MY FREE LIGHTNING CONSULTATION		2022-05-27 07:33:38.702778+00	landscape-lighting	t	2	service/preview/preview_2_jDzgv7Q.jpg				
9	std_page/header/image_9.jpg	Landscape Speakers	Let’s Set Up Landscape Speakers In Your Austin, TX Home	Bringing your music addiction under the stars while you party on your patio is an inspired idea – we can install special landscape speakers in your Austin, TX home’s backyard for that effect.	<p>\r\n  You can redefine the boundaries of entertainment in your outdoor spaces with a combination of <a href="/outdoor-lighting/">outdoor lighting</a> and waterproof rock speakers. An outdoor sound system is everything you need to breathe new life and design into your backyard &ndash; with the installation of an outdoor solar-powered landscape stereo speaker with a Bluetooth connection, you can bring the entertainment outside for your parties or just to create an acoustic sweet spot for yourself as you immerse yourself in your landscape view. Not only are outdoor rock speakers cost-effective, but since they are mostly wireless Bluetooth rock speakers, there&#39;s a minimal hassle. You can operate your exterior speakers without installing any apps, just with your Bluetooth connection.\r\n</p>\r\n\r\n<p class="page-images single-image">\r\n  <img alt="A landscape speaker in the form of a mushroom" data-crop="" data-description="RmlsbCUyMHlvdXIlMjBnYXJkZW4lMjB3aXRoJTIwc291bmRzJTIwd2l0aCUyMG91ciUyMGxhbmRzY2FwZSUyMHNwZWFrZXJz" data-id="22" data-source="/media/page_photos/0000/photo_22.jpg?_=1657607340" height="450" sizes="100vw" src="/media/page_photos/0000/photo_22.normal.jpg" srcset="/media/page_photos/0000/photo_22.wide.jpg?_=1657607340 814w, /media/page_photos/0000/photo_22.normal.jpg?_=1657607340 800w, /media/page_photos/0000/photo_22.mobile.jpg?_=1657607340 480w" title="A landscape speaker in the yard" width="814" />\r\n</p>\r\n\r\n<h2>Why Install Outdoor Landscape Speakers?</h2>\r\n\r\n<p>\r\n  An outdoor audio system is able to not only provide entertainment outside but also to blend perfectly with the ambience. Our outdoor speakers, wireless rock speakers, and solar rock speakers are extremely resilient too, able to withstand environmental extremes, and remain operable even when faced with -15 to 160 degrees Fahrenheit temperatures. Feel free to contact our wireless speaker installation services contractors in Austin, TX for a cost estimation beforehand; rest assured, we&rsquo;ll pick the best audio rock landscape speaker system for your landscape. Re-enliven your backyard and patio with the installation of our favored outdoor sound systems.\r\n</p>\r\n\r\n<p>\r\n  Need more reasons to install our sound systems?&nbsp;\r\n</p>\r\n\r\n<div class="columns">\r\n  <div class="column column-left">\r\n    <ul class="custom-list">\r\n      <li>\r\n        Outdoor sound system is a hidden equipment that you won&rsquo;t notice in your backyard until you turn it on and hear the sound. This will create a charming atmosphere and a feeling that music went out of nowhere.&nbsp;\r\n      </li>\r\n      <li>\r\n        Our landscape speakers bring the entertainment outside of your house&#39;s walls.\r\n      </li>\r\n      <li>\r\n        An outdoor landscape speaker will undoubtedly raise the level of your home if one day you decide to sell it.\r\n      </li>\r\n    </ul>\r\n  </div>\r\n\r\n  <div class="column column-right">\r\n    <p class="page-images single-image">\r\n      <img alt="Two different types of hidden landscape audio system" data-crop="" data-description="T3VyJTIwc3lzdGVtcyUyMGRvbid0JTIwc3RhbmQlMjBvdXQlMjBpbiUyMHlvdXIlMjBiYWNreWFyZA==" data-id="23" data-source="/media/page_photos/0000/photo_23.jpg?_=1657607368" height="466" sizes="100vw" src="/media/page_photos/0000/photo_23.normal.jpg" srcset="/media/page_photos/0000/photo_23.wide.jpg?_=1657607368 800w, /media/page_photos/0000/photo_23.normal.jpg?_=1657607368 800w, /media/page_photos/0000/photo_23.mobile.jpg?_=1657607369 480w" title="Two types of hidden landscape audio system" width="800" />\r\n    </p>\r\n\r\n    <p>\r\n      &nbsp;\r\n    </p>\r\n  </div>\r\n</div>\r\n\r\n<blockquote><p>\r\n  Our systems have the ability to be connected from any device in any convenient way: Bluetooth, Siri, Voice Control with Google Home Assistant, Airplay 2, Chromecast and Spotify Connect or use a Wi-Fi network.\r\n</p>\r\n</blockquote>\r\n\r\n<h2>Hire The Best For Your Outdoor Speaker Installation</h2>\r\n\r\n<p>\r\n  When it comes to setting up a patio sound system, not only do you need the best speakers for sale but also a team of qualified professionals from a reputed local garden-scape and outdoor hardware installation company. Your custom Bluetooth landscape speakers are an investment and to get the best out of your garden rock speakers, you can put your trust in Illumination Concepts.\r\n</p>\r\n\r\n<p class="page-images single-image">\r\n  <img alt="A landscape audio system not standing out from the landscape" data-crop="" data-description="RGlzdHJpYnV0ZSUyMHF1YWxpdHklMjBzb3VuZCUyMHdpdGglMjBvdXIlMjBzb3VuZCUyMHN5c3RlbXM=" data-id="24" data-source="/media/page_photos/0000/photo_24.jpg?_=1657607400" height="496" sizes="100vw" src="/media/page_photos/0000/photo_24.normal.jpg" srcset="/media/page_photos/0000/photo_24.wide.jpg?_=1657607400 800w, /media/page_photos/0000/photo_24.normal.jpg?_=1657607400 800w, /media/page_photos/0000/photo_24.mobile.jpg?_=1657607400 480w" title="A landscape audio system in the form of the rock" width="800" />\r\n</p>\r\n\r\n<p>\r\n  We serve the following areas:\r\n</p>\r\n\r\n<ul>\r\n  <li>\r\n    Austin, TX\r\n  </li>\r\n  <li>\r\n    Lakeway, TX\r\n  </li>\r\n  <li>\r\n    Dripping Springs, TX\r\n  </li>\r\n  <li>\r\n    Driftwood, TX\r\n  </li>\r\n</ul>\r\n\r\n<p>\r\n  We have been in the business for over 26 years and understand the intricacies of setting up an outdoor speaker system and ensuring the longevity of landscape audio systems in general! <a href="tel:5129633121">Call us now</a> for a cost estimate!\r\n</p>\r\n	SCHEDULE MY FREE LIGHTNING CONSULTATION		2022-11-30 11:14:02.362487+00	landscape-speakers	t	9	service/preview/preview_9.jpg	Black landscape audio system located under the tree		Black Hidden Audio System Speaker	
\.


--
-- Data for Name: services_servicebenefit; Type: TABLE DATA; Schema: public; Owner: -
--

COPY public.services_servicebenefit (id, title, description, icon, "order", config_id) FROM stdin;
1	Usability	Installing lights around pools, patios and landscaping creates a safe space for your guests and family to enjoy your backyard.	usability	5	1
2	Safety	When its dark outside, or you are not able to see where you are going, a lighted walk way or pathway can make all the difference.	safety	6	1
3	Value	If you decide to sell your home, you can increase the value by having our outdoor light specialists create a lighting system that works for you.	value	7	1
4	Environmentatlly Friendly	Led lights only use 10% of energy that is required by traditional low voltage light bulbs and flood lamps. Therefore they burn less energy than regular lights.	eco-friendly	8	1
\.


--
-- Data for Name: services_servicebenefitsblock; Type: TABLE DATA; Schema: public; Owner: -
--

COPY public.services_servicebenefitsblock (attachableblock_ptr_id, header, description) FROM stdin;
11	How will you benefit from our services?	While investing in outdoor lights showcases the beauty of your Austin home, there are more benefits to having lights installed around your home. When you choose to work with our Austin Landscape lighting company, you can feel confident that you will receive the following benefits from the experience
\.


--
-- Data for Name: services_serviceblock; Type: TABLE DATA; Schema: public; Owner: -
--

COPY public.services_serviceblock (attachableblock_ptr_id, header, btn_text) FROM stdin;
4	Outdoor Lighting Services You Can Rely On	Click For More Lighting Solutions
\.


--
-- Data for Name: services_servicesconfig; Type: TABLE DATA; Schema: public; Owner: -
--

COPY public.services_servicesconfig (id, image, title, header, description, text, btn_text, btn_url, updated, alt_image, title_image) FROM stdin;
1	std_page/header/image_1_Q8zVubG.jpg	Outdoor lighting	Premier Outdoor Lighting Services in the Austin, TX Area	Lighting can show the best side of your home both in routine and special situations. Illumination Concepts Inc. can help you with various outdoor lighting services for Austin, TX, and beyond.	<p>\r\n  As a family-owned <a href="https://austinlandscapelighting.us/">outdoor lighting service</a> company with 26 years of professional excellence to our credit, Illumination Concepts Inc. is a leading provider of outdoor lighting design for Austin, TX.&nbsp;\r\n</p>\r\n\r\n<p>\r\n  Want to bring out the best, most vibrant side of your house?\r\n</p>\r\n\r\n<p>\r\n  Our environment-friendly, low-voltage lighting services can illuminate your place, showing the best colors and shades of your outdoors.\r\n</p>\r\n\r\n<h2>We Offer Versatile Outdoor Lighting Service</h2>\r\n\r\n<p>\r\n  Whether it&rsquo;s for regular use or a holiday season setup, you can count on us to light up your house and make it gleam and glow like none else.\r\n</p>\r\n\r\n<p>\r\n  Our lighting services encompass:\r\n</p>\r\n\r\n<ul>\r\n  <li>\r\n    Residential Lighting\r\n  </li>\r\n  <li>\r\n    Outdoor Deck Lighting\r\n  </li>\r\n  <li>\r\n    Outdoor Post Lighting\r\n  </li>\r\n  <li>\r\n    Garden Lamp Lighting\r\n  </li>\r\n  <li>\r\n    Outside Wall Lighting\r\n  </li>\r\n  <li>\r\n    Pathway &amp; Patio Lighting\r\n  </li>\r\n  <li>\r\n    LED Lighting\r\n  </li>\r\n  <li>\r\n    Backyard Lighting Installation\r\n  </li>\r\n  <li>\r\n    Exterior Lighting Maintenance\r\n  </li>\r\n</ul>\r\n\r\n<p>\r\n  Custom residential outdoor driveway lighting is our business, and we&rsquo;ve been at it for the past 26 years. All the materials we use for our outdoor fence lighting services are eco-friendly, meaning that you&rsquo;ll be mitigating your carbon footprint which would&rsquo;ve been much bigger if you were to use conventional outdoor sign lighting fixtures.\r\n</p>\r\n\r\n<p>\r\n  Also, our LED outdoor walkway lighting system requires minimal upkeep and maintenance.\r\n</p>\r\n\r\n<h2>Elevate Your Outdoors with Illumination Concepts&nbsp;</h2>\r\n\r\n<p>\r\n  With years of professional success to back up our claim, we believe in giving our customers the best experience possible, as with all top-tier outdoor lighting contractors.\r\n</p>\r\n\r\n<p>\r\n  We operate in:\r\n</p>\r\n\r\n<ul>\r\n  <li>\r\n    Austin, TX\r\n  </li>\r\n  <li>\r\n    Central and West Austin, TX\r\n  </li>\r\n  <li>\r\n    Lakeway, TX\r\n  </li>\r\n  <li>\r\n    Dripping Springs, TX\r\n  </li>\r\n  <li>\r\n    Driftwood, TX\r\n  </li>\r\n</ul>\r\n\r\n<p>\r\n  No more searching for &ldquo;outdoor lighting near me!&rdquo; Give your home a beautiful new look with our services.&nbsp;\r\n</p>\r\n	SCHEDULE MY FREE LIGHTNING CONSULTATION		2022-12-16 11:53:27.0301+00	Our professionals will provide your home and garden with different types of outdoor lighting	Brightly lit front yard with the house of white stone
\.


--
-- Data for Name: social_networks_feedpost; Type: TABLE DATA; Schema: public; Owner: -
--

COPY public.social_networks_feedpost (id, network, text, url, scheduled, object_id, created, posted, content_type_id) FROM stdin;
\.


--
-- Data for Name: social_networks_socialconfig; Type: TABLE DATA; Schema: public; Owner: -
--

COPY public.social_networks_socialconfig (id, google_apikey, twitter_client_id, twitter_client_secret, twitter_access_token, twitter_access_token_secret, facebook_access_token, linkedin_access_token, instagram_client_id, instagram_client_secret, instagram_access_token, updated, linkedin_client_secret, linkedin_client_id, facebook_client_id, facebook_client_secret) FROM stdin;
1	AIzaSyDAx6URKWh7OAwJqKoiIkBq47mpZ0BGgR0										2021-07-12 12:24:13.323+00				
\.


--
-- Data for Name: social_networks_sociallink; Type: TABLE DATA; Schema: public; Owner: -
--

COPY public.social_networks_sociallink (id, provider, url, "order") FROM stdin;
\.


--
-- Data for Name: social_networks_sociallinks; Type: TABLE DATA; Schema: public; Owner: -
--

COPY public.social_networks_sociallinks (id, social_facebook, social_twitter, social_google, updated, social_instagram) FROM stdin;
\.


--
-- Data for Name: testimonials_testimonials; Type: TABLE DATA; Schema: public; Owner: -
--

COPY public.testimonials_testimonials (id, name, text, visible, sort_order) FROM stdin;
1	Matt Heyens	Chris and his team did an amazing job at our event venue The Addison Grove. They are great to work with, professional, and performed high quality work, installing our fixtures in a matter of days. Their prices were also very competitive. I’d highly recommend Illumination Concepts for your home or business. We will be working with them again in the near future to add on to our existing installment.	t	1
2	Andrew Schell CPA	Chris is an expert in lighting design. He understands the science of lighting to make any house look great at night. He uses professional equipment and an excellent installation crew. I spoke to just about every lighting company in the area. Most did not understand their products and did not understand lighting. Not all lighting companies are equal and Illumination Concepts is the best.	t	2
3	Deryl B.	Chris and his team do amazing work! I called to schedule an estimate and Chris was able to come out the SAME DAY, and I was on the schedule to have lights installed the following week. He blew his competition out of the water with his responsiveness. On the day of install, Chris arrived with is team, reviewed what needed to be done, then they went to work. His installation crew did an outstanding job. I’m very satisfied with the final product!!	t	3
4	Cheryl M.	Chris did an outstanding job at creating a solution to my needs for lighting wherein aesthetics meet security. He was quick to provide a thorough and competitive bid and provided me with nearby	t	4
5	David Nice	Professional installer, good value, creative in landscape lighting projects, has proven to stand behind the warranty on the parts and work performed, referred this installer to neighbor and they are satisfied as well.  Highly recommend.	t	5
6	Anindya Mukherjee	Had these guys put up a bunch of lighting all around my deck and backyard.  Reasonably priced and very quick to install.  Skilled, professional and responsive.  About 6 months after install, one set of lights were failing, and they came out right away and fixed me up.  Since the fault was product-related, I didn't pay anything out-of-pocket as they stand behind their work.  Would recommend.	t	6
7	Susan Hochstatter	At a time when it seems to take months to get on the schedule to have anything done,  our experience with Illumination Concepts was far better than expected.  On time, as quoted and stayed until the job was done.  My neighbors are very pleased with the look of our front and side yard.  These guys are great - should be anyone's first choice.	t	7
8	Bryan Kansas	Chris has done a great job with illumination concepts. If we have issues, they are dealt with promptly and at very fair price. The house and yard look fantastic lit up at night. Highly recommend illumination concepts if you are considering great lighting at your home. Thx!!	t	8
9	John Dwyer	Just recently moved into a new house with extensive outdoor mood lighting that was in disrepair.  All it took was one call to Chris at Illumination Concepts and the repairs and updates were quickly made. . . And later, when we thought we had electrical problems with the lights, Chris was able to solve them with a simple (no charge) phone call.  Great Service at a fair price!	t	9
10	Tracy Dahl-Burg	Chris with Illumination Concepts came through for us in a tight time-frame. The work was done quickly, professionally and looks great, overall. Would highly recommend this company.	t	10
11	Rudy P.	Great design, cool lighting!\nThey did a great job of designing the layout and we came up with a reasonable compromise on how to meet the budget. They did a solid job of scaling the forest on a steep hill to get some of the lights placed.	t	0
\.


--
-- Data for Name: testimonials_testimonialsblock; Type: TABLE DATA; Schema: public; Owner: -
--

COPY public.testimonials_testimonialsblock (attachableblock_ptr_id, header, btn_text) FROM stdin;
9	Reviews from Our Clients	Show More
12		Show More
\.


--
-- Data for Name: testimonials_testimonialsconfig; Type: TABLE DATA; Schema: public; Owner: -
--

COPY public.testimonials_testimonialsconfig (id, image, title, header, description, text, btn_text, btn_url, updated, alt_image, title_image) FROM stdin;
1	std_page/header/image_1_IghehDO.jpg	Testimonials	Testimonials	We always strive to achieve the best results for our clients and pride ourselves that our works are highly appreciated by them as well as the community.				2021-08-16 20:23:54.548+00		
\.


--
-- Data for Name: users_customuser; Type: TABLE DATA; Schema: public; Owner: -
--

COPY public.users_customuser (id, password, last_login, is_superuser, username, first_name, last_name, email, is_staff, is_active, date_joined) FROM stdin;
3	pbkdf2_sha256$36000$bahzhLOKJuHV$AfhXxHjh8yTPyRz9PPGvldtgLVkptuRHlBKKCFfZtqs=	2022-12-16 11:48:20.164675+00	t	seo				t	t	2021-08-18 07:33:14.152503+00
1	pbkdf2_sha256$36000$kkoCYtnDvKIO$W4wtiJnAj6jWSnvtSO/PWSfVMV8+akbuSnkYGLeesdU=	2023-06-01 15:58:10.430487+00	t	dladmin				t	t	2021-07-13 07:35:23.329+00
2	pbkdf2_sha256$36000$Y49h5TnPy7fC$j6v8GMkRbLhLEzrT2T8yBtzcgDRaRSxV4qMSYkFtqIw=	2021-08-23 16:43:48.656611+00	f	austinlandscapelighting				t	t	2021-08-11 09:15:00.549+00
\.


--
-- Data for Name: users_customuser_groups; Type: TABLE DATA; Schema: public; Owner: -
--

COPY public.users_customuser_groups (id, customuser_id, group_id) FROM stdin;
1	2	1
\.


--
-- Data for Name: users_customuser_user_permissions; Type: TABLE DATA; Schema: public; Owner: -
--

COPY public.users_customuser_user_permissions (id, customuser_id, permission_id) FROM stdin;
\.


--
-- Name: about_aboutconfig_id_seq; Type: SEQUENCE SET; Schema: public; Owner: -
--

SELECT pg_catalog.setval('public.about_aboutconfig_id_seq', 1, true);


--
-- Name: admin_honeypot_loginattempt_id_seq; Type: SEQUENCE SET; Schema: public; Owner: -
--

SELECT pg_catalog.setval('public.admin_honeypot_loginattempt_id_seq', 674, true);


--
-- Name: attachable_blocks_attachableblock_id_seq; Type: SEQUENCE SET; Schema: public; Owner: -
--

SELECT pg_catalog.setval('public.attachable_blocks_attachableblock_id_seq', 12, true);


--
-- Name: attachable_blocks_attachablereference_id_seq; Type: SEQUENCE SET; Schema: public; Owner: -
--

SELECT pg_catalog.setval('public.attachable_blocks_attachablereference_id_seq', 40, true);


--
-- Name: auth_group_id_seq; Type: SEQUENCE SET; Schema: public; Owner: -
--

SELECT pg_catalog.setval('public.auth_group_id_seq', 1, true);


--
-- Name: auth_group_permissions_id_seq; Type: SEQUENCE SET; Schema: public; Owner: -
--

SELECT pg_catalog.setval('public.auth_group_permissions_id_seq', 84, true);


--
-- Name: auth_permission_id_seq; Type: SEQUENCE SET; Schema: public; Owner: -
--

SELECT pg_catalog.setval('public.auth_permission_id_seq', 120, true);


--
-- Name: ckeditor_pagefile_id_seq; Type: SEQUENCE SET; Schema: public; Owner: -
--

SELECT pg_catalog.setval('public.ckeditor_pagefile_id_seq', 1, false);


--
-- Name: ckeditor_pagephoto_id_seq; Type: SEQUENCE SET; Schema: public; Owner: -
--

SELECT pg_catalog.setval('public.ckeditor_pagephoto_id_seq', 24, true);


--
-- Name: ckeditor_simplephoto_id_seq; Type: SEQUENCE SET; Schema: public; Owner: -
--

SELECT pg_catalog.setval('public.ckeditor_simplephoto_id_seq', 1, true);


--
-- Name: contacts_address_id_seq; Type: SEQUENCE SET; Schema: public; Owner: -
--

SELECT pg_catalog.setval('public.contacts_address_id_seq', 1, true);


--
-- Name: contacts_contactsconfig_id_seq; Type: SEQUENCE SET; Schema: public; Owner: -
--

SELECT pg_catalog.setval('public.contacts_contactsconfig_id_seq', 1, true);


--
-- Name: contacts_contactsthankyouconfig_id_seq; Type: SEQUENCE SET; Schema: public; Owner: -
--

SELECT pg_catalog.setval('public.contacts_contactsthankyouconfig_id_seq', 1, true);


--
-- Name: contacts_message_id_seq; Type: SEQUENCE SET; Schema: public; Owner: -
--

SELECT pg_catalog.setval('public.contacts_message_id_seq', 129, true);


--
-- Name: contacts_notificationreceiver_id_seq; Type: SEQUENCE SET; Schema: public; Owner: -
--

SELECT pg_catalog.setval('public.contacts_notificationreceiver_id_seq', 12, true);


--
-- Name: contacts_openinghours_id_seq; Type: SEQUENCE SET; Schema: public; Owner: -
--

SELECT pg_catalog.setval('public.contacts_openinghours_id_seq', 3, true);


--
-- Name: contacts_phonenumber_id_seq; Type: SEQUENCE SET; Schema: public; Owner: -
--

SELECT pg_catalog.setval('public.contacts_phonenumber_id_seq', 1, true);


--
-- Name: contacts_specialofferconfig_id_seq; Type: SEQUENCE SET; Schema: public; Owner: -
--

SELECT pg_catalog.setval('public.contacts_specialofferconfig_id_seq', 1, true);


--
-- Name: contacts_specialofferrequest_id_seq; Type: SEQUENCE SET; Schema: public; Owner: -
--

SELECT pg_catalog.setval('public.contacts_specialofferrequest_id_seq', 31, true);


--
-- Name: contacts_specialofferthankyouconfig_id_seq; Type: SEQUENCE SET; Schema: public; Owner: -
--

SELECT pg_catalog.setval('public.contacts_specialofferthankyouconfig_id_seq', 1, true);


--
-- Name: contacts_stopword_id_seq; Type: SEQUENCE SET; Schema: public; Owner: -
--

SELECT pg_catalog.setval('public.contacts_stopword_id_seq', 1, true);


--
-- Name: django_admin_log_id_seq; Type: SEQUENCE SET; Schema: public; Owner: -
--

SELECT pg_catalog.setval('public.django_admin_log_id_seq', 228, true);


--
-- Name: django_content_type_id_seq; Type: SEQUENCE SET; Schema: public; Owner: -
--

SELECT pg_catalog.setval('public.django_content_type_id_seq', 63, true);


--
-- Name: django_cron_cronjoblog_id_seq; Type: SEQUENCE SET; Schema: public; Owner: -
--

SELECT pg_catalog.setval('public.django_cron_cronjoblog_id_seq', 1, false);


--
-- Name: django_migrations_id_seq; Type: SEQUENCE SET; Schema: public; Owner: -
--

SELECT pg_catalog.setval('public.django_migrations_id_seq', 98, true);


--
-- Name: django_site_id_seq; Type: SEQUENCE SET; Schema: public; Owner: -
--

SELECT pg_catalog.setval('public.django_site_id_seq', 1, true);


--
-- Name: faq_faqconfig_id_seq; Type: SEQUENCE SET; Schema: public; Owner: -
--

SELECT pg_catalog.setval('public.faq_faqconfig_id_seq', 1, true);


--
-- Name: faq_question_id_seq; Type: SEQUENCE SET; Schema: public; Owner: -
--

SELECT pg_catalog.setval('public.faq_question_id_seq', 8, true);


--
-- Name: gallery_galleryitembase_id_seq; Type: SEQUENCE SET; Schema: public; Owner: -
--

SELECT pg_catalog.setval('public.gallery_galleryitembase_id_seq', 88, true);


--
-- Name: google_maps_mapandaddress_id_seq; Type: SEQUENCE SET; Schema: public; Owner: -
--

SELECT pg_catalog.setval('public.google_maps_mapandaddress_id_seq', 1, false);


--
-- Name: main_advantage_id_seq; Type: SEQUENCE SET; Schema: public; Owner: -
--

SELECT pg_catalog.setval('public.main_advantage_id_seq', 15, true);


--
-- Name: main_award_id_seq; Type: SEQUENCE SET; Schema: public; Owner: -
--

SELECT pg_catalog.setval('public.main_award_id_seq', 4, true);


--
-- Name: main_mainpageconfig_id_seq; Type: SEQUENCE SET; Schema: public; Owner: -
--

SELECT pg_catalog.setval('public.main_mainpageconfig_id_seq', 1, true);


--
-- Name: portfolio_blockgallery_id_seq; Type: SEQUENCE SET; Schema: public; Owner: -
--

SELECT pg_catalog.setval('public.portfolio_blockgallery_id_seq', 5, true);


--
-- Name: portfolio_portfolioconfig_id_seq; Type: SEQUENCE SET; Schema: public; Owner: -
--

SELECT pg_catalog.setval('public.portfolio_portfolioconfig_id_seq', 1, true);


--
-- Name: portfolio_portfoliogallery_id_seq; Type: SEQUENCE SET; Schema: public; Owner: -
--

SELECT pg_catalog.setval('public.portfolio_portfoliogallery_id_seq', 1, true);


--
-- Name: privacy_privacypolicyconfig_id_seq; Type: SEQUENCE SET; Schema: public; Owner: -
--

SELECT pg_catalog.setval('public.privacy_privacypolicyconfig_id_seq', 1, true);


--
-- Name: rating_ratingvote_id_seq; Type: SEQUENCE SET; Schema: public; Owner: -
--

SELECT pg_catalog.setval('public.rating_ratingvote_id_seq', 1, false);


--
-- Name: seo_counter_id_seq; Type: SEQUENCE SET; Schema: public; Owner: -
--

SELECT pg_catalog.setval('public.seo_counter_id_seq', 4, true);


--
-- Name: seo_redirect_id_seq; Type: SEQUENCE SET; Schema: public; Owner: -
--

SELECT pg_catalog.setval('public.seo_redirect_id_seq', 24, true);


--
-- Name: seo_seoconfig_id_seq; Type: SEQUENCE SET; Schema: public; Owner: -
--

SELECT pg_catalog.setval('public.seo_seoconfig_id_seq', 1, true);


--
-- Name: seo_seodata_id_seq; Type: SEQUENCE SET; Schema: public; Owner: -
--

SELECT pg_catalog.setval('public.seo_seodata_id_seq', 16, true);


--
-- Name: services_service_id_seq; Type: SEQUENCE SET; Schema: public; Owner: -
--

SELECT pg_catalog.setval('public.services_service_id_seq', 9, true);


--
-- Name: services_servicebenefit_id_seq; Type: SEQUENCE SET; Schema: public; Owner: -
--

SELECT pg_catalog.setval('public.services_servicebenefit_id_seq', 4, true);


--
-- Name: services_servicesconfig_id_seq; Type: SEQUENCE SET; Schema: public; Owner: -
--

SELECT pg_catalog.setval('public.services_servicesconfig_id_seq', 1, true);


--
-- Name: social_networks_feedpost_id_seq; Type: SEQUENCE SET; Schema: public; Owner: -
--

SELECT pg_catalog.setval('public.social_networks_feedpost_id_seq', 1, false);


--
-- Name: social_networks_socialconfig_id_seq; Type: SEQUENCE SET; Schema: public; Owner: -
--

SELECT pg_catalog.setval('public.social_networks_socialconfig_id_seq', 1, true);


--
-- Name: social_networks_sociallink_id_seq; Type: SEQUENCE SET; Schema: public; Owner: -
--

SELECT pg_catalog.setval('public.social_networks_sociallink_id_seq', 1, false);


--
-- Name: social_networks_sociallinks_id_seq; Type: SEQUENCE SET; Schema: public; Owner: -
--

SELECT pg_catalog.setval('public.social_networks_sociallinks_id_seq', 1, false);


--
-- Name: testimonials_testimonials_id_seq; Type: SEQUENCE SET; Schema: public; Owner: -
--

SELECT pg_catalog.setval('public.testimonials_testimonials_id_seq', 11, true);


--
-- Name: testimonials_testimonialsconfig_id_seq; Type: SEQUENCE SET; Schema: public; Owner: -
--

SELECT pg_catalog.setval('public.testimonials_testimonialsconfig_id_seq', 1, true);


--
-- Name: users_customuser_groups_id_seq; Type: SEQUENCE SET; Schema: public; Owner: -
--

SELECT pg_catalog.setval('public.users_customuser_groups_id_seq', 1, true);


--
-- Name: users_customuser_id_seq; Type: SEQUENCE SET; Schema: public; Owner: -
--

SELECT pg_catalog.setval('public.users_customuser_id_seq', 3, true);


--
-- Name: users_customuser_user_permissions_id_seq; Type: SEQUENCE SET; Schema: public; Owner: -
--

SELECT pg_catalog.setval('public.users_customuser_user_permissions_id_seq', 1, false);


--
-- Name: about_aboutconfig about_aboutconfig_pkey; Type: CONSTRAINT; Schema: public; Owner: -
--

ALTER TABLE ONLY public.about_aboutconfig
    ADD CONSTRAINT about_aboutconfig_pkey PRIMARY KEY (id);


--
-- Name: admin_honeypot_loginattempt admin_honeypot_loginattempt_pkey; Type: CONSTRAINT; Schema: public; Owner: -
--

ALTER TABLE ONLY public.admin_honeypot_loginattempt
    ADD CONSTRAINT admin_honeypot_loginattempt_pkey PRIMARY KEY (id);


--
-- Name: attachable_blocks_attachableblock attachable_blocks_attachableblock_pkey; Type: CONSTRAINT; Schema: public; Owner: -
--

ALTER TABLE ONLY public.attachable_blocks_attachableblock
    ADD CONSTRAINT attachable_blocks_attachableblock_pkey PRIMARY KEY (id);


--
-- Name: attachable_blocks_attachablereference attachable_blocks_attachablereference_pkey; Type: CONSTRAINT; Schema: public; Owner: -
--

ALTER TABLE ONLY public.attachable_blocks_attachablereference
    ADD CONSTRAINT attachable_blocks_attachablereference_pkey PRIMARY KEY (id);


--
-- Name: auth_group auth_group_name_key; Type: CONSTRAINT; Schema: public; Owner: -
--

ALTER TABLE ONLY public.auth_group
    ADD CONSTRAINT auth_group_name_key UNIQUE (name);


--
-- Name: auth_group_permissions auth_group_permissions_group_id_permission_id_0cd325b0_uniq; Type: CONSTRAINT; Schema: public; Owner: -
--

ALTER TABLE ONLY public.auth_group_permissions
    ADD CONSTRAINT auth_group_permissions_group_id_permission_id_0cd325b0_uniq UNIQUE (group_id, permission_id);


--
-- Name: auth_group_permissions auth_group_permissions_pkey; Type: CONSTRAINT; Schema: public; Owner: -
--

ALTER TABLE ONLY public.auth_group_permissions
    ADD CONSTRAINT auth_group_permissions_pkey PRIMARY KEY (id);


--
-- Name: auth_group auth_group_pkey; Type: CONSTRAINT; Schema: public; Owner: -
--

ALTER TABLE ONLY public.auth_group
    ADD CONSTRAINT auth_group_pkey PRIMARY KEY (id);


--
-- Name: auth_permission auth_permission_content_type_id_codename_01ab375a_uniq; Type: CONSTRAINT; Schema: public; Owner: -
--

ALTER TABLE ONLY public.auth_permission
    ADD CONSTRAINT auth_permission_content_type_id_codename_01ab375a_uniq UNIQUE (content_type_id, codename);


--
-- Name: auth_permission auth_permission_pkey; Type: CONSTRAINT; Schema: public; Owner: -
--

ALTER TABLE ONLY public.auth_permission
    ADD CONSTRAINT auth_permission_pkey PRIMARY KEY (id);


--
-- Name: ckeditor_pagefile ckeditor_pagefile_pkey; Type: CONSTRAINT; Schema: public; Owner: -
--

ALTER TABLE ONLY public.ckeditor_pagefile
    ADD CONSTRAINT ckeditor_pagefile_pkey PRIMARY KEY (id);


--
-- Name: ckeditor_pagephoto ckeditor_pagephoto_pkey; Type: CONSTRAINT; Schema: public; Owner: -
--

ALTER TABLE ONLY public.ckeditor_pagephoto
    ADD CONSTRAINT ckeditor_pagephoto_pkey PRIMARY KEY (id);


--
-- Name: ckeditor_simplephoto ckeditor_simplephoto_pkey; Type: CONSTRAINT; Schema: public; Owner: -
--

ALTER TABLE ONLY public.ckeditor_simplephoto
    ADD CONSTRAINT ckeditor_simplephoto_pkey PRIMARY KEY (id);


--
-- Name: contacts_address contacts_address_pkey; Type: CONSTRAINT; Schema: public; Owner: -
--

ALTER TABLE ONLY public.contacts_address
    ADD CONSTRAINT contacts_address_pkey PRIMARY KEY (id);


--
-- Name: contacts_contactblock contacts_contactblock_pkey; Type: CONSTRAINT; Schema: public; Owner: -
--

ALTER TABLE ONLY public.contacts_contactblock
    ADD CONSTRAINT contacts_contactblock_pkey PRIMARY KEY (attachableblock_ptr_id);


--
-- Name: contacts_contactformblock contacts_contactformblock_pkey; Type: CONSTRAINT; Schema: public; Owner: -
--

ALTER TABLE ONLY public.contacts_contactformblock
    ADD CONSTRAINT contacts_contactformblock_pkey PRIMARY KEY (attachableblock_ptr_id);


--
-- Name: contacts_contactsconfig contacts_contactsconfig_pkey; Type: CONSTRAINT; Schema: public; Owner: -
--

ALTER TABLE ONLY public.contacts_contactsconfig
    ADD CONSTRAINT contacts_contactsconfig_pkey PRIMARY KEY (id);


--
-- Name: contacts_contactsthankyouconfig contacts_contactsthankyouconfig_pkey; Type: CONSTRAINT; Schema: public; Owner: -
--

ALTER TABLE ONLY public.contacts_contactsthankyouconfig
    ADD CONSTRAINT contacts_contactsthankyouconfig_pkey PRIMARY KEY (id);


--
-- Name: contacts_message contacts_message_pkey; Type: CONSTRAINT; Schema: public; Owner: -
--

ALTER TABLE ONLY public.contacts_message
    ADD CONSTRAINT contacts_message_pkey PRIMARY KEY (id);


--
-- Name: contacts_notificationreceiver contacts_notificationreceiver_pkey; Type: CONSTRAINT; Schema: public; Owner: -
--

ALTER TABLE ONLY public.contacts_notificationreceiver
    ADD CONSTRAINT contacts_notificationreceiver_pkey PRIMARY KEY (id);


--
-- Name: contacts_openinghours contacts_openinghours_pkey; Type: CONSTRAINT; Schema: public; Owner: -
--

ALTER TABLE ONLY public.contacts_openinghours
    ADD CONSTRAINT contacts_openinghours_pkey PRIMARY KEY (id);


--
-- Name: contacts_phonenumber contacts_phonenumber_pkey; Type: CONSTRAINT; Schema: public; Owner: -
--

ALTER TABLE ONLY public.contacts_phonenumber
    ADD CONSTRAINT contacts_phonenumber_pkey PRIMARY KEY (id);


--
-- Name: contacts_specialofferconfig contacts_specialofferconfig_pkey; Type: CONSTRAINT; Schema: public; Owner: -
--

ALTER TABLE ONLY public.contacts_specialofferconfig
    ADD CONSTRAINT contacts_specialofferconfig_pkey PRIMARY KEY (id);


--
-- Name: contacts_specialofferrequest contacts_specialofferrequest_pkey; Type: CONSTRAINT; Schema: public; Owner: -
--

ALTER TABLE ONLY public.contacts_specialofferrequest
    ADD CONSTRAINT contacts_specialofferrequest_pkey PRIMARY KEY (id);


--
-- Name: contacts_specialofferthankyouconfig contacts_specialofferthankyouconfig_pkey; Type: CONSTRAINT; Schema: public; Owner: -
--

ALTER TABLE ONLY public.contacts_specialofferthankyouconfig
    ADD CONSTRAINT contacts_specialofferthankyouconfig_pkey PRIMARY KEY (id);


--
-- Name: contacts_stopword contacts_stopword_pkey; Type: CONSTRAINT; Schema: public; Owner: -
--

ALTER TABLE ONLY public.contacts_stopword
    ADD CONSTRAINT contacts_stopword_pkey PRIMARY KEY (id);


--
-- Name: django_admin_log django_admin_log_pkey; Type: CONSTRAINT; Schema: public; Owner: -
--

ALTER TABLE ONLY public.django_admin_log
    ADD CONSTRAINT django_admin_log_pkey PRIMARY KEY (id);


--
-- Name: django_content_type django_content_type_app_label_model_76bd3d3b_uniq; Type: CONSTRAINT; Schema: public; Owner: -
--

ALTER TABLE ONLY public.django_content_type
    ADD CONSTRAINT django_content_type_app_label_model_76bd3d3b_uniq UNIQUE (app_label, model);


--
-- Name: django_content_type django_content_type_pkey; Type: CONSTRAINT; Schema: public; Owner: -
--

ALTER TABLE ONLY public.django_content_type
    ADD CONSTRAINT django_content_type_pkey PRIMARY KEY (id);


--
-- Name: django_cron_cronjoblog django_cron_cronjoblog_pkey; Type: CONSTRAINT; Schema: public; Owner: -
--

ALTER TABLE ONLY public.django_cron_cronjoblog
    ADD CONSTRAINT django_cron_cronjoblog_pkey PRIMARY KEY (id);


--
-- Name: django_migrations django_migrations_pkey; Type: CONSTRAINT; Schema: public; Owner: -
--

ALTER TABLE ONLY public.django_migrations
    ADD CONSTRAINT django_migrations_pkey PRIMARY KEY (id);


--
-- Name: django_session django_session_pkey; Type: CONSTRAINT; Schema: public; Owner: -
--

ALTER TABLE ONLY public.django_session
    ADD CONSTRAINT django_session_pkey PRIMARY KEY (session_key);


--
-- Name: django_site django_site_domain_a2e37b91_uniq; Type: CONSTRAINT; Schema: public; Owner: -
--

ALTER TABLE ONLY public.django_site
    ADD CONSTRAINT django_site_domain_a2e37b91_uniq UNIQUE (domain);


--
-- Name: django_site django_site_pkey; Type: CONSTRAINT; Schema: public; Owner: -
--

ALTER TABLE ONLY public.django_site
    ADD CONSTRAINT django_site_pkey PRIMARY KEY (id);


--
-- Name: faq_faqconfig faq_faqconfig_pkey; Type: CONSTRAINT; Schema: public; Owner: -
--

ALTER TABLE ONLY public.faq_faqconfig
    ADD CONSTRAINT faq_faqconfig_pkey PRIMARY KEY (id);


--
-- Name: faq_question faq_question_pkey; Type: CONSTRAINT; Schema: public; Owner: -
--

ALTER TABLE ONLY public.faq_question
    ADD CONSTRAINT faq_question_pkey PRIMARY KEY (id);


--
-- Name: gallery_galleryitembase gallery_galleryitembase_pkey; Type: CONSTRAINT; Schema: public; Owner: -
--

ALTER TABLE ONLY public.gallery_galleryitembase
    ADD CONSTRAINT gallery_galleryitembase_pkey PRIMARY KEY (id);


--
-- Name: google_maps_mapandaddress google_maps_mapandaddress_pkey; Type: CONSTRAINT; Schema: public; Owner: -
--

ALTER TABLE ONLY public.google_maps_mapandaddress
    ADD CONSTRAINT google_maps_mapandaddress_pkey PRIMARY KEY (id);


--
-- Name: main_advantage main_advantage_pkey; Type: CONSTRAINT; Schema: public; Owner: -
--

ALTER TABLE ONLY public.main_advantage
    ADD CONSTRAINT main_advantage_pkey PRIMARY KEY (id);


--
-- Name: main_advantagesblock main_advantagesblock_pkey; Type: CONSTRAINT; Schema: public; Owner: -
--

ALTER TABLE ONLY public.main_advantagesblock
    ADD CONSTRAINT main_advantagesblock_pkey PRIMARY KEY (attachableblock_ptr_id);


--
-- Name: main_award main_award_pkey; Type: CONSTRAINT; Schema: public; Owner: -
--

ALTER TABLE ONLY public.main_award
    ADD CONSTRAINT main_award_pkey PRIMARY KEY (id);


--
-- Name: main_awardblock main_awardblock_pkey; Type: CONSTRAINT; Schema: public; Owner: -
--

ALTER TABLE ONLY public.main_awardblock
    ADD CONSTRAINT main_awardblock_pkey PRIMARY KEY (attachableblock_ptr_id);


--
-- Name: main_mainpageconfig main_mainpageconfig_pkey; Type: CONSTRAINT; Schema: public; Owner: -
--

ALTER TABLE ONLY public.main_mainpageconfig
    ADD CONSTRAINT main_mainpageconfig_pkey PRIMARY KEY (id);


--
-- Name: portfolio_blockgallery portfolio_blockgallery_pkey; Type: CONSTRAINT; Schema: public; Owner: -
--

ALTER TABLE ONLY public.portfolio_blockgallery
    ADD CONSTRAINT portfolio_blockgallery_pkey PRIMARY KEY (id);


--
-- Name: portfolio_galleryblock portfolio_galleryblock_gallery_id_key; Type: CONSTRAINT; Schema: public; Owner: -
--

ALTER TABLE ONLY public.portfolio_galleryblock
    ADD CONSTRAINT portfolio_galleryblock_gallery_id_key UNIQUE (gallery_id);


--
-- Name: portfolio_galleryblock portfolio_galleryblock_pkey; Type: CONSTRAINT; Schema: public; Owner: -
--

ALTER TABLE ONLY public.portfolio_galleryblock
    ADD CONSTRAINT portfolio_galleryblock_pkey PRIMARY KEY (attachableblock_ptr_id);


--
-- Name: portfolio_mediagalleryblockimageitem portfolio_mediagalleryblockimageitem_pkey; Type: CONSTRAINT; Schema: public; Owner: -
--

ALTER TABLE ONLY public.portfolio_mediagalleryblockimageitem
    ADD CONSTRAINT portfolio_mediagalleryblockimageitem_pkey PRIMARY KEY (galleryitembase_ptr_id);


--
-- Name: portfolio_portfolioconfig portfolio_portfolioconfig_gallery_id_key; Type: CONSTRAINT; Schema: public; Owner: -
--

ALTER TABLE ONLY public.portfolio_portfolioconfig
    ADD CONSTRAINT portfolio_portfolioconfig_gallery_id_key UNIQUE (gallery_id);


--
-- Name: portfolio_portfolioconfig portfolio_portfolioconfig_pkey; Type: CONSTRAINT; Schema: public; Owner: -
--

ALTER TABLE ONLY public.portfolio_portfolioconfig
    ADD CONSTRAINT portfolio_portfolioconfig_pkey PRIMARY KEY (id);


--
-- Name: portfolio_portfoliogallery portfolio_portfoliogallery_pkey; Type: CONSTRAINT; Schema: public; Owner: -
--

ALTER TABLE ONLY public.portfolio_portfoliogallery
    ADD CONSTRAINT portfolio_portfoliogallery_pkey PRIMARY KEY (id);


--
-- Name: portfolio_portfoliogalleryimageitem portfolio_portfoliogalleryimageitem_pkey; Type: CONSTRAINT; Schema: public; Owner: -
--

ALTER TABLE ONLY public.portfolio_portfoliogalleryimageitem
    ADD CONSTRAINT portfolio_portfoliogalleryimageitem_pkey PRIMARY KEY (galleryitembase_ptr_id);


--
-- Name: privacy_privacypolicyconfig privacy_privacypolicyconfig_pkey; Type: CONSTRAINT; Schema: public; Owner: -
--

ALTER TABLE ONLY public.privacy_privacypolicyconfig
    ADD CONSTRAINT privacy_privacypolicyconfig_pkey PRIMARY KEY (id);


--
-- Name: rating_ratingvote rating_ratingvote_pkey; Type: CONSTRAINT; Schema: public; Owner: -
--

ALTER TABLE ONLY public.rating_ratingvote
    ADD CONSTRAINT rating_ratingvote_pkey PRIMARY KEY (id);


--
-- Name: seo_counter seo_counter_pkey; Type: CONSTRAINT; Schema: public; Owner: -
--

ALTER TABLE ONLY public.seo_counter
    ADD CONSTRAINT seo_counter_pkey PRIMARY KEY (id);


--
-- Name: seo_redirect seo_redirect_old_path_key; Type: CONSTRAINT; Schema: public; Owner: -
--

ALTER TABLE ONLY public.seo_redirect
    ADD CONSTRAINT seo_redirect_old_path_key UNIQUE (old_path);


--
-- Name: seo_redirect seo_redirect_pkey; Type: CONSTRAINT; Schema: public; Owner: -
--

ALTER TABLE ONLY public.seo_redirect
    ADD CONSTRAINT seo_redirect_pkey PRIMARY KEY (id);


--
-- Name: seo_seoconfig seo_seoconfig_pkey; Type: CONSTRAINT; Schema: public; Owner: -
--

ALTER TABLE ONLY public.seo_seoconfig
    ADD CONSTRAINT seo_seoconfig_pkey PRIMARY KEY (id);


--
-- Name: seo_seodata seo_seodata_content_type_id_object_id_054f2257_uniq; Type: CONSTRAINT; Schema: public; Owner: -
--

ALTER TABLE ONLY public.seo_seodata
    ADD CONSTRAINT seo_seodata_content_type_id_object_id_054f2257_uniq UNIQUE (content_type_id, object_id);


--
-- Name: seo_seodata seo_seodata_pkey; Type: CONSTRAINT; Schema: public; Owner: -
--

ALTER TABLE ONLY public.seo_seodata
    ADD CONSTRAINT seo_seodata_pkey PRIMARY KEY (id);


--
-- Name: services_service services_service_pkey; Type: CONSTRAINT; Schema: public; Owner: -
--

ALTER TABLE ONLY public.services_service
    ADD CONSTRAINT services_service_pkey PRIMARY KEY (id);


--
-- Name: services_service services_service_slug_key; Type: CONSTRAINT; Schema: public; Owner: -
--

ALTER TABLE ONLY public.services_service
    ADD CONSTRAINT services_service_slug_key UNIQUE (slug);


--
-- Name: services_servicebenefit services_servicebenefit_pkey; Type: CONSTRAINT; Schema: public; Owner: -
--

ALTER TABLE ONLY public.services_servicebenefit
    ADD CONSTRAINT services_servicebenefit_pkey PRIMARY KEY (id);


--
-- Name: services_servicebenefitsblock services_servicebenefitsblock_pkey; Type: CONSTRAINT; Schema: public; Owner: -
--

ALTER TABLE ONLY public.services_servicebenefitsblock
    ADD CONSTRAINT services_servicebenefitsblock_pkey PRIMARY KEY (attachableblock_ptr_id);


--
-- Name: services_serviceblock services_serviceblock_pkey; Type: CONSTRAINT; Schema: public; Owner: -
--

ALTER TABLE ONLY public.services_serviceblock
    ADD CONSTRAINT services_serviceblock_pkey PRIMARY KEY (attachableblock_ptr_id);


--
-- Name: services_servicesconfig services_servicesconfig_pkey; Type: CONSTRAINT; Schema: public; Owner: -
--

ALTER TABLE ONLY public.services_servicesconfig
    ADD CONSTRAINT services_servicesconfig_pkey PRIMARY KEY (id);


--
-- Name: social_networks_feedpost social_networks_feedpost_pkey; Type: CONSTRAINT; Schema: public; Owner: -
--

ALTER TABLE ONLY public.social_networks_feedpost
    ADD CONSTRAINT social_networks_feedpost_pkey PRIMARY KEY (id);


--
-- Name: social_networks_socialconfig social_networks_socialconfig_pkey; Type: CONSTRAINT; Schema: public; Owner: -
--

ALTER TABLE ONLY public.social_networks_socialconfig
    ADD CONSTRAINT social_networks_socialconfig_pkey PRIMARY KEY (id);


--
-- Name: social_networks_sociallink social_networks_sociallink_pkey; Type: CONSTRAINT; Schema: public; Owner: -
--

ALTER TABLE ONLY public.social_networks_sociallink
    ADD CONSTRAINT social_networks_sociallink_pkey PRIMARY KEY (id);


--
-- Name: social_networks_sociallink social_networks_sociallink_provider_key; Type: CONSTRAINT; Schema: public; Owner: -
--

ALTER TABLE ONLY public.social_networks_sociallink
    ADD CONSTRAINT social_networks_sociallink_provider_key UNIQUE (provider);


--
-- Name: social_networks_sociallinks social_networks_sociallinks_pkey; Type: CONSTRAINT; Schema: public; Owner: -
--

ALTER TABLE ONLY public.social_networks_sociallinks
    ADD CONSTRAINT social_networks_sociallinks_pkey PRIMARY KEY (id);


--
-- Name: testimonials_testimonials testimonials_testimonials_pkey; Type: CONSTRAINT; Schema: public; Owner: -
--

ALTER TABLE ONLY public.testimonials_testimonials
    ADD CONSTRAINT testimonials_testimonials_pkey PRIMARY KEY (id);


--
-- Name: testimonials_testimonialsblock testimonials_testimonialsblock_pkey; Type: CONSTRAINT; Schema: public; Owner: -
--

ALTER TABLE ONLY public.testimonials_testimonialsblock
    ADD CONSTRAINT testimonials_testimonialsblock_pkey PRIMARY KEY (attachableblock_ptr_id);


--
-- Name: testimonials_testimonialsconfig testimonials_testimonialsconfig_pkey; Type: CONSTRAINT; Schema: public; Owner: -
--

ALTER TABLE ONLY public.testimonials_testimonialsconfig
    ADD CONSTRAINT testimonials_testimonialsconfig_pkey PRIMARY KEY (id);


--
-- Name: users_customuser_groups users_customuser_groups_customuser_id_group_id_76b619e3_uniq; Type: CONSTRAINT; Schema: public; Owner: -
--

ALTER TABLE ONLY public.users_customuser_groups
    ADD CONSTRAINT users_customuser_groups_customuser_id_group_id_76b619e3_uniq UNIQUE (customuser_id, group_id);


--
-- Name: users_customuser_groups users_customuser_groups_pkey; Type: CONSTRAINT; Schema: public; Owner: -
--

ALTER TABLE ONLY public.users_customuser_groups
    ADD CONSTRAINT users_customuser_groups_pkey PRIMARY KEY (id);


--
-- Name: users_customuser users_customuser_pkey; Type: CONSTRAINT; Schema: public; Owner: -
--

ALTER TABLE ONLY public.users_customuser
    ADD CONSTRAINT users_customuser_pkey PRIMARY KEY (id);


--
-- Name: users_customuser_user_permissions users_customuser_user_pe_customuser_id_permission_7a7debf6_uniq; Type: CONSTRAINT; Schema: public; Owner: -
--

ALTER TABLE ONLY public.users_customuser_user_permissions
    ADD CONSTRAINT users_customuser_user_pe_customuser_id_permission_7a7debf6_uniq UNIQUE (customuser_id, permission_id);


--
-- Name: users_customuser_user_permissions users_customuser_user_permissions_pkey; Type: CONSTRAINT; Schema: public; Owner: -
--

ALTER TABLE ONLY public.users_customuser_user_permissions
    ADD CONSTRAINT users_customuser_user_permissions_pkey PRIMARY KEY (id);


--
-- Name: users_customuser users_customuser_username_key; Type: CONSTRAINT; Schema: public; Owner: -
--

ALTER TABLE ONLY public.users_customuser
    ADD CONSTRAINT users_customuser_username_key UNIQUE (username);


--
-- Name: attachable_blocks_attach_content_type_id_object_i_4acc765c_idx; Type: INDEX; Schema: public; Owner: -
--

CREATE INDEX attachable_blocks_attach_content_type_id_object_i_4acc765c_idx ON public.attachable_blocks_attachablereference USING btree (content_type_id, object_id, set_name);


--
-- Name: attachable_blocks_attachab_block_content_type_id_be944dd9; Type: INDEX; Schema: public; Owner: -
--

CREATE INDEX attachable_blocks_attachab_block_content_type_id_be944dd9 ON public.attachable_blocks_attachableblock USING btree (content_type_id);


--
-- Name: attachable_blocks_attachablereference_block_ct_id_15d56ae9; Type: INDEX; Schema: public; Owner: -
--

CREATE INDEX attachable_blocks_attachablereference_block_ct_id_15d56ae9 ON public.attachable_blocks_attachablereference USING btree (block_ct_id);


--
-- Name: attachable_blocks_attachablereference_block_id_fd3268f6; Type: INDEX; Schema: public; Owner: -
--

CREATE INDEX attachable_blocks_attachablereference_block_id_fd3268f6 ON public.attachable_blocks_attachablereference USING btree (block_id);


--
-- Name: attachable_blocks_attachablereference_content_type_id_4ebeb60e; Type: INDEX; Schema: public; Owner: -
--

CREATE INDEX attachable_blocks_attachablereference_content_type_id_4ebeb60e ON public.attachable_blocks_attachablereference USING btree (content_type_id);


--
-- Name: auth_group_name_a6ea08ec_like; Type: INDEX; Schema: public; Owner: -
--

CREATE INDEX auth_group_name_a6ea08ec_like ON public.auth_group USING btree (name varchar_pattern_ops);


--
-- Name: auth_group_permissions_group_id_b120cbf9; Type: INDEX; Schema: public; Owner: -
--

CREATE INDEX auth_group_permissions_group_id_b120cbf9 ON public.auth_group_permissions USING btree (group_id);


--
-- Name: auth_group_permissions_permission_id_84c5c92e; Type: INDEX; Schema: public; Owner: -
--

CREATE INDEX auth_group_permissions_permission_id_84c5c92e ON public.auth_group_permissions USING btree (permission_id);


--
-- Name: auth_permission_content_type_id_2f476e4b; Type: INDEX; Schema: public; Owner: -
--

CREATE INDEX auth_permission_content_type_id_2f476e4b ON public.auth_permission USING btree (content_type_id);


--
-- Name: ckeditor_pagefile_instance_id_53d0f7b0; Type: INDEX; Schema: public; Owner: -
--

CREATE INDEX ckeditor_pagefile_instance_id_53d0f7b0 ON public.ckeditor_pagefile USING btree (instance_id);


--
-- Name: ckeditor_pagephoto_instance_id_106fb714; Type: INDEX; Schema: public; Owner: -
--

CREATE INDEX ckeditor_pagephoto_instance_id_106fb714 ON public.ckeditor_pagephoto USING btree (instance_id);


--
-- Name: ckeditor_simplephoto_instance_id_57648948; Type: INDEX; Schema: public; Owner: -
--

CREATE INDEX ckeditor_simplephoto_instance_id_57648948 ON public.ckeditor_simplephoto USING btree (instance_id);


--
-- Name: contacts_notificationreceiver_config_id_9bcdc197; Type: INDEX; Schema: public; Owner: -
--

CREATE INDEX contacts_notificationreceiver_config_id_9bcdc197 ON public.contacts_notificationreceiver USING btree (config_id);


--
-- Name: contacts_openinghours_address_id_562c8062; Type: INDEX; Schema: public; Owner: -
--

CREATE INDEX contacts_openinghours_address_id_562c8062 ON public.contacts_openinghours USING btree (address_id);


--
-- Name: contacts_phonenumber_address_id_5b30eaf2; Type: INDEX; Schema: public; Owner: -
--

CREATE INDEX contacts_phonenumber_address_id_5b30eaf2 ON public.contacts_phonenumber USING btree (address_id);


--
-- Name: contacts_stopword_config_id_869df1d5; Type: INDEX; Schema: public; Owner: -
--

CREATE INDEX contacts_stopword_config_id_869df1d5 ON public.contacts_stopword USING btree (config_id);


--
-- Name: django_admin_log_content_type_id_c4bce8eb; Type: INDEX; Schema: public; Owner: -
--

CREATE INDEX django_admin_log_content_type_id_c4bce8eb ON public.django_admin_log USING btree (content_type_id);


--
-- Name: django_admin_log_user_id_c564eba6; Type: INDEX; Schema: public; Owner: -
--

CREATE INDEX django_admin_log_user_id_c564eba6 ON public.django_admin_log USING btree (user_id);


--
-- Name: django_cron_cronjoblog_code_48865653; Type: INDEX; Schema: public; Owner: -
--

CREATE INDEX django_cron_cronjoblog_code_48865653 ON public.django_cron_cronjoblog USING btree (code);


--
-- Name: django_cron_cronjoblog_code_48865653_like; Type: INDEX; Schema: public; Owner: -
--

CREATE INDEX django_cron_cronjoblog_code_48865653_like ON public.django_cron_cronjoblog USING btree (code varchar_pattern_ops);


--
-- Name: django_cron_cronjoblog_code_is_success_ran_at_time_84da9606_idx; Type: INDEX; Schema: public; Owner: -
--

CREATE INDEX django_cron_cronjoblog_code_is_success_ran_at_time_84da9606_idx ON public.django_cron_cronjoblog USING btree (code, is_success, ran_at_time);


--
-- Name: django_cron_cronjoblog_code_start_time_4fc78f9d_idx; Type: INDEX; Schema: public; Owner: -
--

CREATE INDEX django_cron_cronjoblog_code_start_time_4fc78f9d_idx ON public.django_cron_cronjoblog USING btree (code, start_time);


--
-- Name: django_cron_cronjoblog_code_start_time_ran_at_time_8b50b8fa_idx; Type: INDEX; Schema: public; Owner: -
--

CREATE INDEX django_cron_cronjoblog_code_start_time_ran_at_time_8b50b8fa_idx ON public.django_cron_cronjoblog USING btree (code, start_time, ran_at_time);


--
-- Name: django_cron_cronjoblog_end_time_7918602a; Type: INDEX; Schema: public; Owner: -
--

CREATE INDEX django_cron_cronjoblog_end_time_7918602a ON public.django_cron_cronjoblog USING btree (end_time);


--
-- Name: django_cron_cronjoblog_ran_at_time_7fed2751; Type: INDEX; Schema: public; Owner: -
--

CREATE INDEX django_cron_cronjoblog_ran_at_time_7fed2751 ON public.django_cron_cronjoblog USING btree (ran_at_time);


--
-- Name: django_cron_cronjoblog_start_time_d68c0dd9; Type: INDEX; Schema: public; Owner: -
--

CREATE INDEX django_cron_cronjoblog_start_time_d68c0dd9 ON public.django_cron_cronjoblog USING btree (start_time);


--
-- Name: django_session_expire_date_a5c62663; Type: INDEX; Schema: public; Owner: -
--

CREATE INDEX django_session_expire_date_a5c62663 ON public.django_session USING btree (expire_date);


--
-- Name: django_session_session_key_c0390e0f_like; Type: INDEX; Schema: public; Owner: -
--

CREATE INDEX django_session_session_key_c0390e0f_like ON public.django_session USING btree (session_key varchar_pattern_ops);


--
-- Name: django_site_domain_a2e37b91_like; Type: INDEX; Schema: public; Owner: -
--

CREATE INDEX django_site_domain_a2e37b91_like ON public.django_site USING btree (domain varchar_pattern_ops);


--
-- Name: gallery_galleryitembase_content_type_id_4d7922a1; Type: INDEX; Schema: public; Owner: -
--

CREATE INDEX gallery_galleryitembase_content_type_id_4d7922a1 ON public.gallery_galleryitembase USING btree (content_type_id);


--
-- Name: gallery_galleryitembase_content_type_id_object_id_c585f52c_idx; Type: INDEX; Schema: public; Owner: -
--

CREATE INDEX gallery_galleryitembase_content_type_id_object_id_c585f52c_idx ON public.gallery_galleryitembase USING btree (content_type_id, object_id);


--
-- Name: gallery_galleryitembase_self_type_id_e78588e4; Type: INDEX; Schema: public; Owner: -
--

CREATE INDEX gallery_galleryitembase_self_type_id_e78588e4 ON public.gallery_galleryitembase USING btree (self_type_id);


--
-- Name: google_maps_mapandaddress_address_23afa94e; Type: INDEX; Schema: public; Owner: -
--

CREATE INDEX google_maps_mapandaddress_address_23afa94e ON public.google_maps_mapandaddress USING btree (address);


--
-- Name: google_maps_mapandaddress_address_23afa94e_like; Type: INDEX; Schema: public; Owner: -
--

CREATE INDEX google_maps_mapandaddress_address_23afa94e_like ON public.google_maps_mapandaddress USING btree (address varchar_pattern_ops);


--
-- Name: main_advantage_config_id_94d9ee65; Type: INDEX; Schema: public; Owner: -
--

CREATE INDEX main_advantage_config_id_94d9ee65 ON public.main_advantage USING btree (config_id);


--
-- Name: rating_ratingvote_date_5757f547; Type: INDEX; Schema: public; Owner: -
--

CREATE INDEX rating_ratingvote_date_5757f547 ON public.rating_ratingvote USING btree (date);


--
-- Name: rating_ratingvote_ip_d7d35214; Type: INDEX; Schema: public; Owner: -
--

CREATE INDEX rating_ratingvote_ip_d7d35214 ON public.rating_ratingvote USING btree (ip);


--
-- Name: seo_counter_position_2c479bea; Type: INDEX; Schema: public; Owner: -
--

CREATE INDEX seo_counter_position_2c479bea ON public.seo_counter USING btree ("position");


--
-- Name: seo_counter_position_2c479bea_like; Type: INDEX; Schema: public; Owner: -
--

CREATE INDEX seo_counter_position_2c479bea_like ON public.seo_counter USING btree ("position" varchar_pattern_ops);


--
-- Name: seo_redirect_old_path_9b1184c9_like; Type: INDEX; Schema: public; Owner: -
--

CREATE INDEX seo_redirect_old_path_9b1184c9_like ON public.seo_redirect USING btree (old_path varchar_pattern_ops);


--
-- Name: seo_seodata_content_type_id_9e8769a6; Type: INDEX; Schema: public; Owner: -
--

CREATE INDEX seo_seodata_content_type_id_9e8769a6 ON public.seo_seodata USING btree (content_type_id);


--
-- Name: services_service_slug_a56f96e2_like; Type: INDEX; Schema: public; Owner: -
--

CREATE INDEX services_service_slug_a56f96e2_like ON public.services_service USING btree (slug varchar_pattern_ops);


--
-- Name: services_servicebenefit_config_id_abacc726; Type: INDEX; Schema: public; Owner: -
--

CREATE INDEX services_servicebenefit_config_id_abacc726 ON public.services_servicebenefit USING btree (config_id);


--
-- Name: social_networks_feedpost_content_type_id_6782ee3a; Type: INDEX; Schema: public; Owner: -
--

CREATE INDEX social_networks_feedpost_content_type_id_6782ee3a ON public.social_networks_feedpost USING btree (content_type_id);


--
-- Name: social_networks_feedpost_network_content_type_id__1125abd0_idx; Type: INDEX; Schema: public; Owner: -
--

CREATE INDEX social_networks_feedpost_network_content_type_id__1125abd0_idx ON public.social_networks_feedpost USING btree (network, content_type_id, object_id);


--
-- Name: social_networks_sociallink_provider_3a990582_like; Type: INDEX; Schema: public; Owner: -
--

CREATE INDEX social_networks_sociallink_provider_3a990582_like ON public.social_networks_sociallink USING btree (provider varchar_pattern_ops);


--
-- Name: users_customuser_groups_customuser_id_958147bf; Type: INDEX; Schema: public; Owner: -
--

CREATE INDEX users_customuser_groups_customuser_id_958147bf ON public.users_customuser_groups USING btree (customuser_id);


--
-- Name: users_customuser_groups_group_id_01390b14; Type: INDEX; Schema: public; Owner: -
--

CREATE INDEX users_customuser_groups_group_id_01390b14 ON public.users_customuser_groups USING btree (group_id);


--
-- Name: users_customuser_user_permissions_customuser_id_5771478b; Type: INDEX; Schema: public; Owner: -
--

CREATE INDEX users_customuser_user_permissions_customuser_id_5771478b ON public.users_customuser_user_permissions USING btree (customuser_id);


--
-- Name: users_customuser_user_permissions_permission_id_baaa2f74; Type: INDEX; Schema: public; Owner: -
--

CREATE INDEX users_customuser_user_permissions_permission_id_baaa2f74 ON public.users_customuser_user_permissions USING btree (permission_id);


--
-- Name: users_customuser_username_80452fdf_like; Type: INDEX; Schema: public; Owner: -
--

CREATE INDEX users_customuser_username_80452fdf_like ON public.users_customuser USING btree (username varchar_pattern_ops);


--
-- Name: attachable_blocks_attachablereference attachable_blocks_at_block_ct_id_15d56ae9_fk_django_co; Type: FK CONSTRAINT; Schema: public; Owner: -
--

ALTER TABLE ONLY public.attachable_blocks_attachablereference
    ADD CONSTRAINT attachable_blocks_at_block_ct_id_15d56ae9_fk_django_co FOREIGN KEY (block_ct_id) REFERENCES public.django_content_type(id) DEFERRABLE INITIALLY DEFERRED;


--
-- Name: attachable_blocks_attachablereference attachable_blocks_at_block_id_fd3268f6_fk_attachabl; Type: FK CONSTRAINT; Schema: public; Owner: -
--

ALTER TABLE ONLY public.attachable_blocks_attachablereference
    ADD CONSTRAINT attachable_blocks_at_block_id_fd3268f6_fk_attachabl FOREIGN KEY (block_id) REFERENCES public.attachable_blocks_attachableblock(id) DEFERRABLE INITIALLY DEFERRED;


--
-- Name: attachable_blocks_attachableblock attachable_blocks_at_content_type_id_13504436_fk_django_co; Type: FK CONSTRAINT; Schema: public; Owner: -
--

ALTER TABLE ONLY public.attachable_blocks_attachableblock
    ADD CONSTRAINT attachable_blocks_at_content_type_id_13504436_fk_django_co FOREIGN KEY (content_type_id) REFERENCES public.django_content_type(id) DEFERRABLE INITIALLY DEFERRED;


--
-- Name: attachable_blocks_attachablereference attachable_blocks_at_content_type_id_4ebeb60e_fk_django_co; Type: FK CONSTRAINT; Schema: public; Owner: -
--

ALTER TABLE ONLY public.attachable_blocks_attachablereference
    ADD CONSTRAINT attachable_blocks_at_content_type_id_4ebeb60e_fk_django_co FOREIGN KEY (content_type_id) REFERENCES public.django_content_type(id) DEFERRABLE INITIALLY DEFERRED;


--
-- Name: auth_group_permissions auth_group_permissio_permission_id_84c5c92e_fk_auth_perm; Type: FK CONSTRAINT; Schema: public; Owner: -
--

ALTER TABLE ONLY public.auth_group_permissions
    ADD CONSTRAINT auth_group_permissio_permission_id_84c5c92e_fk_auth_perm FOREIGN KEY (permission_id) REFERENCES public.auth_permission(id) DEFERRABLE INITIALLY DEFERRED;


--
-- Name: auth_group_permissions auth_group_permissions_group_id_b120cbf9_fk_auth_group_id; Type: FK CONSTRAINT; Schema: public; Owner: -
--

ALTER TABLE ONLY public.auth_group_permissions
    ADD CONSTRAINT auth_group_permissions_group_id_b120cbf9_fk_auth_group_id FOREIGN KEY (group_id) REFERENCES public.auth_group(id) DEFERRABLE INITIALLY DEFERRED;


--
-- Name: auth_permission auth_permission_content_type_id_2f476e4b_fk_django_co; Type: FK CONSTRAINT; Schema: public; Owner: -
--

ALTER TABLE ONLY public.auth_permission
    ADD CONSTRAINT auth_permission_content_type_id_2f476e4b_fk_django_co FOREIGN KEY (content_type_id) REFERENCES public.django_content_type(id) DEFERRABLE INITIALLY DEFERRED;


--
-- Name: contacts_contactblock contacts_contactbloc_attachableblock_ptr__2b66830f_fk_attachabl; Type: FK CONSTRAINT; Schema: public; Owner: -
--

ALTER TABLE ONLY public.contacts_contactblock
    ADD CONSTRAINT contacts_contactbloc_attachableblock_ptr__2b66830f_fk_attachabl FOREIGN KEY (attachableblock_ptr_id) REFERENCES public.attachable_blocks_attachableblock(id) DEFERRABLE INITIALLY DEFERRED;


--
-- Name: contacts_contactformblock contacts_contactform_attachableblock_ptr__a3c14af3_fk_attachabl; Type: FK CONSTRAINT; Schema: public; Owner: -
--

ALTER TABLE ONLY public.contacts_contactformblock
    ADD CONSTRAINT contacts_contactform_attachableblock_ptr__a3c14af3_fk_attachabl FOREIGN KEY (attachableblock_ptr_id) REFERENCES public.attachable_blocks_attachableblock(id) DEFERRABLE INITIALLY DEFERRED;


--
-- Name: contacts_notificationreceiver contacts_notificatio_config_id_9bcdc197_fk_contacts_; Type: FK CONSTRAINT; Schema: public; Owner: -
--

ALTER TABLE ONLY public.contacts_notificationreceiver
    ADD CONSTRAINT contacts_notificatio_config_id_9bcdc197_fk_contacts_ FOREIGN KEY (config_id) REFERENCES public.contacts_contactsconfig(id) DEFERRABLE INITIALLY DEFERRED;


--
-- Name: contacts_openinghours contacts_openinghour_address_id_562c8062_fk_contacts_; Type: FK CONSTRAINT; Schema: public; Owner: -
--

ALTER TABLE ONLY public.contacts_openinghours
    ADD CONSTRAINT contacts_openinghour_address_id_562c8062_fk_contacts_ FOREIGN KEY (address_id) REFERENCES public.contacts_address(id) DEFERRABLE INITIALLY DEFERRED;


--
-- Name: contacts_phonenumber contacts_phonenumber_address_id_5b30eaf2_fk_contacts_address_id; Type: FK CONSTRAINT; Schema: public; Owner: -
--

ALTER TABLE ONLY public.contacts_phonenumber
    ADD CONSTRAINT contacts_phonenumber_address_id_5b30eaf2_fk_contacts_address_id FOREIGN KEY (address_id) REFERENCES public.contacts_address(id) DEFERRABLE INITIALLY DEFERRED;


--
-- Name: contacts_stopword contacts_stopword_config_id_869df1d5_fk_contacts_; Type: FK CONSTRAINT; Schema: public; Owner: -
--

ALTER TABLE ONLY public.contacts_stopword
    ADD CONSTRAINT contacts_stopword_config_id_869df1d5_fk_contacts_ FOREIGN KEY (config_id) REFERENCES public.contacts_contactsconfig(id) DEFERRABLE INITIALLY DEFERRED;


--
-- Name: django_admin_log django_admin_log_content_type_id_c4bce8eb_fk_django_co; Type: FK CONSTRAINT; Schema: public; Owner: -
--

ALTER TABLE ONLY public.django_admin_log
    ADD CONSTRAINT django_admin_log_content_type_id_c4bce8eb_fk_django_co FOREIGN KEY (content_type_id) REFERENCES public.django_content_type(id) DEFERRABLE INITIALLY DEFERRED;


--
-- Name: django_admin_log django_admin_log_user_id_c564eba6_fk_users_customuser_id; Type: FK CONSTRAINT; Schema: public; Owner: -
--

ALTER TABLE ONLY public.django_admin_log
    ADD CONSTRAINT django_admin_log_user_id_c564eba6_fk_users_customuser_id FOREIGN KEY (user_id) REFERENCES public.users_customuser(id) DEFERRABLE INITIALLY DEFERRED;


--
-- Name: gallery_galleryitembase gallery_galleryitemb_content_type_id_4d7922a1_fk_django_co; Type: FK CONSTRAINT; Schema: public; Owner: -
--

ALTER TABLE ONLY public.gallery_galleryitembase
    ADD CONSTRAINT gallery_galleryitemb_content_type_id_4d7922a1_fk_django_co FOREIGN KEY (content_type_id) REFERENCES public.django_content_type(id) DEFERRABLE INITIALLY DEFERRED;


--
-- Name: gallery_galleryitembase gallery_galleryitemb_self_type_id_e78588e4_fk_django_co; Type: FK CONSTRAINT; Schema: public; Owner: -
--

ALTER TABLE ONLY public.gallery_galleryitembase
    ADD CONSTRAINT gallery_galleryitemb_self_type_id_e78588e4_fk_django_co FOREIGN KEY (self_type_id) REFERENCES public.django_content_type(id) DEFERRABLE INITIALLY DEFERRED;


--
-- Name: main_advantage main_advantage_config_id_94d9ee65_fk_main_mainpageconfig_id; Type: FK CONSTRAINT; Schema: public; Owner: -
--

ALTER TABLE ONLY public.main_advantage
    ADD CONSTRAINT main_advantage_config_id_94d9ee65_fk_main_mainpageconfig_id FOREIGN KEY (config_id) REFERENCES public.main_mainpageconfig(id) DEFERRABLE INITIALLY DEFERRED;


--
-- Name: main_advantagesblock main_advantagesblock_attachableblock_ptr__ec1ad8a7_fk_attachabl; Type: FK CONSTRAINT; Schema: public; Owner: -
--

ALTER TABLE ONLY public.main_advantagesblock
    ADD CONSTRAINT main_advantagesblock_attachableblock_ptr__ec1ad8a7_fk_attachabl FOREIGN KEY (attachableblock_ptr_id) REFERENCES public.attachable_blocks_attachableblock(id) DEFERRABLE INITIALLY DEFERRED;


--
-- Name: main_awardblock main_awardblock_attachableblock_ptr__cdcfedd8_fk_attachabl; Type: FK CONSTRAINT; Schema: public; Owner: -
--

ALTER TABLE ONLY public.main_awardblock
    ADD CONSTRAINT main_awardblock_attachableblock_ptr__cdcfedd8_fk_attachabl FOREIGN KEY (attachableblock_ptr_id) REFERENCES public.attachable_blocks_attachableblock(id) DEFERRABLE INITIALLY DEFERRED;


--
-- Name: portfolio_galleryblock portfolio_galleryblo_attachableblock_ptr__caedcd50_fk_attachabl; Type: FK CONSTRAINT; Schema: public; Owner: -
--

ALTER TABLE ONLY public.portfolio_galleryblock
    ADD CONSTRAINT portfolio_galleryblo_attachableblock_ptr__caedcd50_fk_attachabl FOREIGN KEY (attachableblock_ptr_id) REFERENCES public.attachable_blocks_attachableblock(id) DEFERRABLE INITIALLY DEFERRED;


--
-- Name: portfolio_galleryblock portfolio_galleryblo_gallery_id_e24d53f3_fk_portfolio; Type: FK CONSTRAINT; Schema: public; Owner: -
--

ALTER TABLE ONLY public.portfolio_galleryblock
    ADD CONSTRAINT portfolio_galleryblo_gallery_id_e24d53f3_fk_portfolio FOREIGN KEY (gallery_id) REFERENCES public.portfolio_blockgallery(id) DEFERRABLE INITIALLY DEFERRED;


--
-- Name: portfolio_mediagalleryblockimageitem portfolio_mediagalle_galleryitembase_ptr__433f93d9_fk_gallery_g; Type: FK CONSTRAINT; Schema: public; Owner: -
--

ALTER TABLE ONLY public.portfolio_mediagalleryblockimageitem
    ADD CONSTRAINT portfolio_mediagalle_galleryitembase_ptr__433f93d9_fk_gallery_g FOREIGN KEY (galleryitembase_ptr_id) REFERENCES public.gallery_galleryitembase(id) DEFERRABLE INITIALLY DEFERRED;


--
-- Name: portfolio_portfolioconfig portfolio_portfolioc_gallery_id_dd46aa0f_fk_portfolio; Type: FK CONSTRAINT; Schema: public; Owner: -
--

ALTER TABLE ONLY public.portfolio_portfolioconfig
    ADD CONSTRAINT portfolio_portfolioc_gallery_id_dd46aa0f_fk_portfolio FOREIGN KEY (gallery_id) REFERENCES public.portfolio_portfoliogallery(id) DEFERRABLE INITIALLY DEFERRED;


--
-- Name: portfolio_portfoliogalleryimageitem portfolio_portfoliog_galleryitembase_ptr__d7e40c91_fk_gallery_g; Type: FK CONSTRAINT; Schema: public; Owner: -
--

ALTER TABLE ONLY public.portfolio_portfoliogalleryimageitem
    ADD CONSTRAINT portfolio_portfoliog_galleryitembase_ptr__d7e40c91_fk_gallery_g FOREIGN KEY (galleryitembase_ptr_id) REFERENCES public.gallery_galleryitembase(id) DEFERRABLE INITIALLY DEFERRED;


--
-- Name: seo_seodata seo_seodata_content_type_id_9e8769a6_fk_django_content_type_id; Type: FK CONSTRAINT; Schema: public; Owner: -
--

ALTER TABLE ONLY public.seo_seodata
    ADD CONSTRAINT seo_seodata_content_type_id_9e8769a6_fk_django_content_type_id FOREIGN KEY (content_type_id) REFERENCES public.django_content_type(id) DEFERRABLE INITIALLY DEFERRED;


--
-- Name: services_servicebenefitsblock services_servicebene_attachableblock_ptr__e3beb30b_fk_attachabl; Type: FK CONSTRAINT; Schema: public; Owner: -
--

ALTER TABLE ONLY public.services_servicebenefitsblock
    ADD CONSTRAINT services_servicebene_attachableblock_ptr__e3beb30b_fk_attachabl FOREIGN KEY (attachableblock_ptr_id) REFERENCES public.attachable_blocks_attachableblock(id) DEFERRABLE INITIALLY DEFERRED;


--
-- Name: services_servicebenefit services_servicebene_config_id_abacc726_fk_services_; Type: FK CONSTRAINT; Schema: public; Owner: -
--

ALTER TABLE ONLY public.services_servicebenefit
    ADD CONSTRAINT services_servicebene_config_id_abacc726_fk_services_ FOREIGN KEY (config_id) REFERENCES public.services_servicesconfig(id) DEFERRABLE INITIALLY DEFERRED;


--
-- Name: services_serviceblock services_servicebloc_attachableblock_ptr__6e5628d7_fk_attachabl; Type: FK CONSTRAINT; Schema: public; Owner: -
--

ALTER TABLE ONLY public.services_serviceblock
    ADD CONSTRAINT services_servicebloc_attachableblock_ptr__6e5628d7_fk_attachabl FOREIGN KEY (attachableblock_ptr_id) REFERENCES public.attachable_blocks_attachableblock(id) DEFERRABLE INITIALLY DEFERRED;


--
-- Name: social_networks_feedpost social_networks_feed_content_type_id_6782ee3a_fk_django_co; Type: FK CONSTRAINT; Schema: public; Owner: -
--

ALTER TABLE ONLY public.social_networks_feedpost
    ADD CONSTRAINT social_networks_feed_content_type_id_6782ee3a_fk_django_co FOREIGN KEY (content_type_id) REFERENCES public.django_content_type(id) DEFERRABLE INITIALLY DEFERRED;


--
-- Name: testimonials_testimonialsblock testimonials_testimo_attachableblock_ptr__66dd6724_fk_attachabl; Type: FK CONSTRAINT; Schema: public; Owner: -
--

ALTER TABLE ONLY public.testimonials_testimonialsblock
    ADD CONSTRAINT testimonials_testimo_attachableblock_ptr__66dd6724_fk_attachabl FOREIGN KEY (attachableblock_ptr_id) REFERENCES public.attachable_blocks_attachableblock(id) DEFERRABLE INITIALLY DEFERRED;


--
-- Name: users_customuser_groups users_customuser_gro_customuser_id_958147bf_fk_users_cus; Type: FK CONSTRAINT; Schema: public; Owner: -
--

ALTER TABLE ONLY public.users_customuser_groups
    ADD CONSTRAINT users_customuser_gro_customuser_id_958147bf_fk_users_cus FOREIGN KEY (customuser_id) REFERENCES public.users_customuser(id) DEFERRABLE INITIALLY DEFERRED;


--
-- Name: users_customuser_groups users_customuser_groups_group_id_01390b14_fk_auth_group_id; Type: FK CONSTRAINT; Schema: public; Owner: -
--

ALTER TABLE ONLY public.users_customuser_groups
    ADD CONSTRAINT users_customuser_groups_group_id_01390b14_fk_auth_group_id FOREIGN KEY (group_id) REFERENCES public.auth_group(id) DEFERRABLE INITIALLY DEFERRED;


--
-- Name: users_customuser_user_permissions users_customuser_use_customuser_id_5771478b_fk_users_cus; Type: FK CONSTRAINT; Schema: public; Owner: -
--

ALTER TABLE ONLY public.users_customuser_user_permissions
    ADD CONSTRAINT users_customuser_use_customuser_id_5771478b_fk_users_cus FOREIGN KEY (customuser_id) REFERENCES public.users_customuser(id) DEFERRABLE INITIALLY DEFERRED;


--
-- Name: users_customuser_user_permissions users_customuser_use_permission_id_baaa2f74_fk_auth_perm; Type: FK CONSTRAINT; Schema: public; Owner: -
--

ALTER TABLE ONLY public.users_customuser_user_permissions
    ADD CONSTRAINT users_customuser_use_permission_id_baaa2f74_fk_auth_perm FOREIGN KEY (permission_id) REFERENCES public.auth_permission(id) DEFERRABLE INITIALLY DEFERRED;


--
--

