-- Data for Name: contacts_notificationreceiver; Type: TABLE DATA; Schema: public; Owner: postgres
--

COPY public.contacts_notificationreceiver (id, email, config_id, visible) FROM stdin;
16	illuminationconcepts@gmail.com	1	t
17	martin@codingit.dev	1	f
\.


--
-- TOC entry 3682 (class 0 OID 16491)
-- Dependencies: 228
-- Data for Name: contacts_openinghours; Type: TABLE DATA; Schema: public; Owner: postgres
--

COPY public.contacts_openinghours (id, weekdays, start_time, end_time, address_id) FROM stdin;
1	0,1,2,3,4	08:00:00	18:00:00	1
2	5	08:00:00	12:00:00	1
3	6	\N	\N	1
\.


--
-- TOC entry 3684 (class 0 OID 16496)
-- Dependencies: 230
-- Data for Name: contacts_phonenumber; Type: TABLE DATA; Schema: public; Owner: postgres
--

COPY public.contacts_phonenumber (id, number, sort_order, address_id) FROM stdin;
1	+1 512-963-3121	0	1
\.


--
-- TOC entry 3686 (class 0 OID 16502)
-- Dependencies: 232
-- Data for Name: contacts_specialofferconfig; Type: TABLE DATA; Schema: public; Owner: postgres
--

COPY public.contacts_specialofferconfig (id, header, description, btn_text, visible) FROM stdin;
1	Get 5% Discount!	We offer a special 5% discount for new installation	Get a Discount	t
\.


--
-- TOC entry 3688 (class 0 OID 16510)
-- Dependencies: 234
-- Data for Name: contacts_specialofferrequest; Type: TABLE DATA; Schema: public; Owner: postgres
--

COPY public.contacts_specialofferrequest (id, email, date, referer) FROM stdin;
4	Rycray@me.com	2021-08-26 01:09:45.498322+00	https://austinlandscapelighting.us/
6	Lauren_Shingleton@hotmail.com	2021-09-01 12:28:47.84445+00	https://austinlandscapelighting.us/?utm_campaign=Illumination+Concepts-%5B1060332304%5D&amp;utm_source=google&amp;utm_medium=ppc&amp;utm_term=backyard%20lighting&amp;utm_content=2950571xEAIaIQobChMIzZ-WmOPd8gIV4SCtBh0LOAGkEAAYASAAEgIbpPD_BwE
7	anthony@storybuilt.com	2021-09-01 14:29:22.658951+00	https://austinlandscapelighting.us/
8	chrisshollis@gmail.com	2021-09-12 18:25:26.524348+00	https://austinlandscapelighting.us/?utm_campaign=Illumination+Concepts-%5B1060332304%5D&amp;utm_source=google&amp;utm_medium=ppc&amp;utm_term=backyard%20lighting&amp;utm_content=2950571xCjwKCAjwyvaJBhBpEiwA8d38vDy1-Z0Fb4tkh_hBKdvPLav8XOB5XMitUYPPYYNLJ0ob3TAz4qhjYhoCaCwQAvD_BwE
9	lbietz2001@aol.com	2021-09-24 14:19:41.240239+00	https://austinlandscapelighting.us/
10	Ajay.Waghray@gmail.com	2021-09-25 22:46:43.258627+00	https://austinlandscapelighting.us/
11	chernetsov@gmail.com	2021-09-27 01:07:29.766014+00	https://austinlandscapelighting.us/?utm_campaign=Illumination+Concepts-%5B1060332304%5D&amp;utm_source=google&amp;utm_medium=ppc&amp;utm_term=exterior%20lighting&amp;utm_content=2950571xCj0KCQjwtMCKBhDAARIsAG-2Eu9d0agpr9ihz0caznnIF__x7e4CET5FfzL6msihaRYP2OEEp7XE4WkaAos9EALw_wcB
12	leonardjrperry@yahoo.com	2021-10-06 00:59:47.213331+00	https://austinlandscapelighting.us/?utm_campaign=Illumination+Concepts-%5B1060332304%5D&amp;utm_source=google&amp;utm_medium=ppc&amp;utm_term=outdoor%20lighting&amp;utm_content=2950571xCjwKCAjw7--KBhAMEiwAxfpkWDJdKbEEgD7Gdm-MpIws5YjQ85UA3I2LRau91lJ2d1thuFTvvw1B4BoCFuUQAvD_BwE
13	jessakatherine@hotmail.com	2021-10-11 20:39:19.125627+00	https://austinlandscapelighting.us/?utm_campaign=Illumination+Concepts-%5B1060332304%5D&amp;utm_source=google&amp;utm_medium=ppc&amp;utm_term=outdoor%20lighting&amp;utm_content=2950571xEAIaIQobChMI4aa_t5vD8wIVmODICh2dWQhQEAAYBCAAEgKpbvD_BwE
14	deanna.kuykendall@gmail.com	2021-10-12 17:22:27.821003+00	https://austinlandscapelighting.us/
15	mehta.vishal@yahoo.com	2021-10-15 18:55:27.359154+00	https://austinlandscapelighting.us/?utm_campaign=Illumination+Concepts-%5B1060332304%5D&amp;utm_source=google&amp;utm_medium=ppc&amp;utm_term=outdoor%20lighting&amp;utm_content=2950571xCjwKCAjwzaSLBhBJEiwAJSRokpWkqs1t22PfDsFiV98rh7XeJgtuhFqL_Zge98KpMkxIGf1brvsclhoCHkYQAvD_BwE
16	richardnaylor7@gmail.com	2021-11-01 15:14:05.365466+00	https://austinlandscapelighting.us/contact/
17	Ingrid.Toro@fsresidential.com	2021-11-10 20:40:48.497908+00	https://austinlandscapelighting.us/?utm_campaign=Illumination+Concepts-%5B1060332304%5D&amp;utm_source=google&amp;utm_medium=ppc&amp;utm_term=landscape%20lighting&amp;utm_content=2950571xEAIaIQobChMIpre65dOO9AIVMR-tBh0EwwNxEAAYAiAAEgL-A_D_BwE
18	meganboulette@gmail.com	2021-11-28 08:04:02.880089+00	https://austinlandscapelighting.us/contact/
19	Ueber.kirsten@bcg.com	2021-12-02 18:41:41.20599+00	https://austinlandscapelighting.us/
20	jskacie34@yahoo.com	2021-12-02 19:19:25.020639+00	https://austinlandscapelighting.us/
21	daniellaps80@icloud.com	2021-12-03 02:57:54.339908+00	https://austinlandscapelighting.us/
22	texhesley@icloud.com	2021-12-07 17:18:34.89547+00	https://austinlandscapelighting.us/
23	dr.trevorah@gmail.com	2021-12-17 15:47:40.286286+00	https://austinlandscapelighting.us/
24	kmstroud000@gmail.com	2022-01-31 09:17:38.488857+00	https://austinlandscapelighting.us/
25	annamarielindsey@gmail.com	2022-03-07 19:29:41.671984+00	https://austinlandscapelighting.us/
26	Debcartall1@gmail.com	2022-08-08 14:15:54.64302+00	https://austinlandscapelighting.us/contact/
27	snapshotgt@gmail.com	2022-09-15 01:16:34.824955+00	https://austinlandscapelighting.us/?fbclid=IwAR3wl7QUlP_76Prnr2_9M5q7Y71AkdvcHDQKWMxkJoSfzYPjumLcoGmwXl4
28	Mfloreson@aol.com	2022-09-25 19:09:40.632903+00	https://austinlandscapelighting.us/
29	cawalsh123@gmail.com	2023-01-04 00:08:51.908471+00	https://austinlandscapelighting.us/contact/thank-you/
30	maldonado.jon.09@gmail.com	2023-03-29 01:05:10.948466+00	https://austinlandscapelighting.us/
31	testing@example.com	2023-04-11 09:00:22.667891+00	https://austinlandscapelighting.us/contact/
\.


--
-- TOC entry 3690 (class 0 OID 16518)
-- Dependencies: 236
-- Data for Name: contacts_specialofferthankyouconfig; Type: TABLE DATA; Schema: public; Owner: postgres
--

COPY public.contacts_specialofferthankyouconfig (id, image, title_image, alt_image, title, header, description, text, btn_text, btn_url, updated) FROM stdin;
1				Thank You!	Thank You!	Thank you for contacting Illumination Concepts Inc.! Our manager will get back to you ASAP with the estimate.		Go to the Home Page		2021-08-06 10:50:39.427+00
\.


--
-- TOC entry 3692 (class 0 OID 16526)
-- Dependencies: 238
-- Data for Name: contacts_stopword; Type: TABLE DATA; Schema: public; Owner: postgres
--

COPY public.contacts_stopword (id, word, config_id) FROM stdin;
1	testr	1
\.


--
-- TOC entry 3694 (class 0 OID 16531)
-- Dependencies: 240
-- Data for Name: django_admin_log; Type: TABLE DATA; Schema: public; Owner: postgres
--

COPY public.django_admin_log (id, action_time, object_id, object_repr, action_flag, change_message, content_type_id, user_id) FROM stdin;
1	2021-08-18 07:26:16.498447+00	None	robots.txt	1	[{"added": {}}]	55	1
2	2021-08-18 07:26:30.608218+00	1	austinlandscapelighting.us	2	[{"changed": {"fields": ["domain", "name"]}}]	6	1
3	2021-08-18 07:29:29.573444+00	1	dladmin	2	[{"changed": {"fields": ["username"]}}]	45	1
4	2021-08-18 07:32:24.624477+00	1	dladmin	2	[]	45	1
5	2021-08-18 07:32:37.521016+00	1	dladmin	2	[{"changed": {"fields": ["password"]}}]	45	1
6	2021-08-18 07:33:14.163387+00	3	seo	1	[{"added": {}}]	45	1
7	2021-08-18 07:33:20.317128+00	3	seo	2	[{"changed": {"fields": ["is_staff", "is_superuser"]}}]	45	1
8	2021-08-18 07:33:45.920715+00	13	test	3		15	1
9	2021-08-18 07:33:45.922476+00	12	test	3		15	1
10	2021-08-18 07:33:45.923346+00	11	test	3		15	1
11	2021-08-18 07:33:45.924218+00	10	test	3		15	1
12	2021-08-18 07:33:45.925074+00	9	B	3		15	1
13	2021-08-18 07:33:45.925916+00	8	Test	3		15	1
14	2021-08-18 07:33:45.926761+00	7	123	3		15	1
15	2021-08-18 07:33:45.927549+00	6	test	3		15	1
16	2021-08-18 07:33:45.92836+00	5	test	3		15	1
17	2021-08-18 07:33:45.929135+00	4	testr	3		15	1
18	2021-08-18 07:33:45.92992+00	3	test	3		15	1
19	2021-08-18 07:33:45.930689+00	2	test	3		15	1
20	2021-08-18 07:33:45.931468+00	1	test	3		15	1
21	2021-08-18 07:34:06.135896+00	1	e.chelnokova@directline.digital	3		20	1
22	2021-08-18 09:35:33.474056+00	1	Contact Us	2	[{"added": {"name": "notification receiver", "object": "workdltester+ic@gmail.com"}}, {"deleted": {"name": "notification receiver", "object": "illuminationconcepts@gmail.com"}}]	13	3
23	2021-08-18 09:38:12.971138+00	3	workdltester+ic2@gmail.com	3		20	3
24	2021-08-18 09:38:12.973652+00	2	test@test.dl	3		20	3
25	2021-08-18 09:42:52.794477+00	1	Contact Us	2	[{"added": {"name": "notification receiver", "object": "illuminationconcepts@gmail.com"}}]	13	3
26	2021-08-18 09:52:12.875007+00	1	Contact Us	2	[{"deleted": {"name": "notification receiver", "object": "workdltester+ic@gmail.com"}}]	13	3
27	2021-08-18 10:27:01.041611+00	1	(301) "/testimonials/" → "/testimonials/"	1	[{"added": {}}]	57	3
28	2021-08-18 10:28:07.614362+00	2	(301) "/ngg_tag/austin/" → "/"	1	[{"added": {}}]	57	3
29	2021-08-18 10:28:56.511015+00	3	(301) "/links/" → "/"	1	[{"added": {}}]	57	3
30	2021-08-18 10:30:25.962202+00	4	(301) "/about-us/" → "/about/"	1	[{"added": {}}]	57	3
31	2021-08-18 10:33:55.936239+00	5	(301) "/contact-us/" → "/contact/"	1	[{"added": {}}]	57	3
32	2021-08-18 10:37:29.222613+00	6	(301) "/review-us/" → "/"	1	[{"added": {}}]	57	3
33	2021-08-18 10:39:07.392155+00	7	(301) "/austin-outdoor-lighting/" → "/"	1	[{"added": {}}]	57	3
34	2021-08-18 10:40:10.616739+00	8	(301) "/lakeway-outdoor-lighting/" → "/"	1	[{"added": {}}]	57	3
35	2021-08-18 10:41:20.579989+00	9	(301) "/spicewood-outdoor-lighting/" → "/"	1	[{"added": {}}]	57	3
36	2021-08-18 10:41:58.711962+00	10	(301) "/outdoor-lighting-austin/" → "/"	1	[{"added": {}}]	57	3
37	2021-08-18 10:44:06.339398+00	11	(301) "/dev/why-lighting/" → "/"	1	[{"added": {}}]	57	3
38	2021-08-18 10:45:42.822905+00	1	Contact Us	2	[{"added": {"name": "notification receiver", "object": "workdltester+ic@gmail.com"}}, {"deleted": {"name": "notification receiver", "object": "illuminationconcepts@gmail.com"}}]	13	3
39	2021-08-18 10:47:28.959594+00	12	(301) "/westlake-outdoor-lighting/" → "/"	1	[{"added": {}}]	57	3
40	2021-08-18 10:48:51.706148+00	13	(301) "/portfolio/cavenders003-2/" → "/portfolio/"	1	[{"added": {}}]	57	3
41	2021-08-18 10:49:31.453051+00	1	Contact Us	2	[{"added": {"name": "notification receiver", "object": "illuminationconcepts@gmail.com"}}, {"deleted": {"name": "notification receiver", "object": "workdltester+ic@gmail.com"}}]	13	3
42	2021-08-18 10:50:10.356042+00	14	(301) "/dripping-springs-outdoor-lighting/" → "/"	1	[{"added": {}}]	57	3
43	2021-08-18 10:51:16.869497+00	15	(301) "/austin-led-landscape-lighting-austin-led-outdoor-lighting/" → "/led-lighting/"	1	[{"added": {}}]	57	3
44	2021-08-18 10:54:51.919141+00	16	(301) "/austin-low-voltage-landscape-lighting-austin-low-voltage-outdoor-lighting/" → "/"	1	[{"added": {}}]	57	3
45	2021-08-18 10:55:19.097335+00	17	(301) "/austin-low-voltage-outdoor-lighting-austin-low-voltage-landscape-lighting/" → "/"	1	[{"added": {}}]	57	3
46	2021-08-18 10:57:42.790996+00	6	(301) "/review-us/" → "/testimonials/"	2	[{"changed": {"fields": ["new_path"]}}]	57	3
47	2021-08-18 11:01:28.203479+00	18	(301) "/portfolio/austin_home_023/" → "/portfolio/"	1	[{"added": {}}]	57	3
48	2021-08-19 04:32:26.415818+00	3	GA	1	[{"added": {}}]	56	3
49	2021-08-19 06:08:33.985921+00	3	GA	2	[{"changed": {"fields": ["content"]}}]	56	3
50	2021-08-23 06:51:11.91958+00	2	contact-block	2	[{"changed": {"fields": ["header"]}}]	11	3
51	2021-08-23 06:51:27.881928+00	1	Home page	2	[]	25	3
52	2021-08-23 06:55:58.066679+00	6	contact-block-phone	2	[{"changed": {"fields": ["header"]}}]	11	3
53	2021-08-23 06:55:59.88246+00	1	Contact Us	2	[]	13	3
54	2021-08-23 06:57:17.84627+00	6	contact-block-phone	2	[{"changed": {"fields": ["header"]}}]	11	3
55	2021-08-23 06:57:30.458425+00	6	contact-block-phone	2	[{"changed": {"fields": ["header"]}}]	11	3
56	2021-08-23 06:57:32.08669+00	1	Contact Us	2	[]	13	3
57	2021-08-23 06:57:54.570166+00	2	contact-block	2	[{"changed": {"fields": ["header"]}}]	11	3
58	2021-08-23 06:58:04.392192+00	2	contact-block	2	[{"changed": {"fields": ["header"]}}]	11	3
59	2021-08-23 06:58:05.749887+00	1	Home page	2	[]	25	3
60	2021-08-23 07:21:54.270263+00	1	Contact Us	2	[{"added": {"name": "notification receiver", "object": "workdltester@gmail.com"}}]	13	3
61	2021-08-23 07:22:01.178108+00	1	Contact Us	2	[{"deleted": {"name": "notification receiver", "object": "workdltester@gmail.com"}}]	13	3
62	2021-08-23 07:27:04.947968+00	1	Contact Us	2	[{"added": {"name": "notification receiver", "object": "workdltester@gmail.com"}}]	13	3
63	2021-08-23 07:28:03.721316+00	1	Contact Us	2	[{"deleted": {"name": "notification receiver", "object": "illuminationconcepts@gmail.com"}}]	13	3
64	2021-08-23 07:28:31.349676+00	1	Contact Us	2	[{"added": {"name": "notification receiver", "object": "illuminationconcepts@gmail.com"}}, {"deleted": {"name": "notification receiver", "object": "workdltester@gmail.com"}}]	13	3
65	2021-08-23 07:28:48.653234+00	20	test	3		15	3
66	2021-08-23 12:49:02.652764+00	1	Contact Us	2	[{"added": {"name": "notification receiver", "object": "test@test.dl"}}]	13	3
67	2021-08-23 12:52:57.517132+00	1	Contact Us	2	[{"changed": {"name": "notification receiver", "object": "test@test.dl", "fields": ["visible"]}}]	13	3
68	2021-08-23 12:53:06.435672+00	1	Contact Us	2	[{"deleted": {"name": "notification receiver", "object": "test@test.dl"}}]	13	3
69	2021-08-23 12:53:10.62094+00	1	Contact Us	2	[]	13	3
70	2021-08-24 06:06:16.105013+00	1	Contact Us	2	[{"added": {"name": "notification receiver", "object": "test@test.com"}}]	13	3
71	2021-08-24 06:06:39.758739+00	1	Contact Us	2	[{"deleted": {"name": "notification receiver", "object": "test@test.com"}}]	13	3
72	2021-08-24 11:19:44.719021+00	5	LED Lighting	2	[{"changed": {"fields": ["image", "preview"]}}]	37	3
73	2021-08-24 11:19:44.723384+00	1	SeoData for service(#5)	2	[{"changed": {"fields": ["og_image"]}}]	59	3
74	2021-08-24 11:22:00.795022+00	1	Residential Lighting	2	[{"changed": {"fields": ["image", "preview"]}}]	37	3
75	2021-08-24 11:22:35.522014+00	1	Residential Lighting	2	[{"changed": {"fields": ["image", "preview"]}}]	37	3
76	2021-08-24 11:23:59.094397+00	1	Residential Lighting	2	[{"changed": {"fields": ["image", "preview"]}}]	37	3
77	2021-08-24 11:25:03.592748+00	5	LED Lighting	2	[{"changed": {"fields": ["image", "preview"]}}]	37	3
78	2021-08-24 11:25:03.596494+00	1	SeoData for service(#5)	2	[{"changed": {"fields": ["og_image"]}}]	59	3
79	2021-08-24 11:42:27.879904+00	1	Residential Lighting	2	[{"changed": {"fields": ["image", "preview"]}}]	37	3
80	2021-08-24 11:42:27.884106+00	4	SeoData for service(#1)	2	[{"changed": {"fields": ["og_image"]}}]	59	3
81	2021-08-27 04:34:25.252259+00	1	Contact Us	2	[{"added": {"name": "notification receiver", "object": "workdltester+il@gmail.com"}}, {"deleted": {"name": "notification receiver", "object": "illuminationconcepts@gmail.com"}}]	13	3
82	2021-08-27 04:37:55.788194+00	1	Contact Us	2	[{"added": {"name": "notification receiver", "object": "illuminationconcepts@gmail.com"}}, {"deleted": {"name": "notification receiver", "object": "workdltester+il@gmail.com"}}]	13	3
83	2021-08-27 04:38:17.267421+00	24	test	3		15	3
84	2021-08-27 04:38:17.269659+00	23	Test name	3		15	3
85	2021-08-27 04:38:23.746424+00	5	test@test.com	3		20	3
86	2021-08-30 12:35:16.931423+00	2	contact-block	2	[{"changed": {"fields": ["header"]}}]	11	3
87	2021-08-30 12:35:18.790349+00	1	Home page	2	[]	25	3
88	2021-08-30 12:36:32.352476+00	2	contact-block	2	[{"changed": {"fields": ["header"]}}]	11	3
89	2021-08-30 12:36:33.929151+00	1	Home page	2	[]	25	3
90	2021-08-30 12:38:32.932975+00	6	contact-block-phone	2	[{"changed": {"fields": ["header"]}}]	11	3
91	2021-08-30 12:38:36.468178+00	1	Contact Us	2	[]	13	3
92	2021-09-08 06:48:57.467368+00	7	Lighting Installation	2	[{"changed": {"fields": ["header", "description", "text"]}}]	37	3
93	2021-09-08 06:48:57.47107+00	13	SeoData for service(#7)	1	[{"changed": {"fields": ["title", "description", "og_title", "og_description"]}}]	59	3
94	2021-09-08 06:49:05.7788+00	7	Lighting Installation	2	[{"changed": {"fields": ["visible"]}}]	37	3
95	2021-09-08 07:06:51.689022+00	1	Residential Lighting	2	[{"changed": {"fields": ["text"]}}]	37	3
96	2021-09-08 07:10:55.33292+00	5	LED Lighting	2	[{"changed": {"fields": ["image", "preview"]}}]	37	3
97	2021-09-08 07:13:50.921296+00	5	LED Lighting	2	[{"changed": {"fields": ["image", "preview"]}}]	37	3
98	2021-09-08 07:14:08.131792+00	5	LED Lighting	2	[]	37	3
99	2021-09-08 07:17:17.153314+00	5	LED Lighting	2	[{"changed": {"fields": ["image", "preview"]}}]	37	3
100	2021-09-08 07:17:56.264167+00	7	Lighting Installation	2	[{"changed": {"fields": ["image", "preview"]}}]	37	3
101	2021-09-08 07:19:14.861971+00	7	Lighting Installation	2	[{"changed": {"fields": ["image", "preview"]}}]	37	3
102	2021-09-08 07:20:05.822543+00	7	Lighting Installation	2	[{"changed": {"fields": ["text"]}}]	37	3
103	2021-09-08 07:20:35.780406+00	7	Lighting Installation	2	[]	37	3
104	2021-10-18 08:59:24.066275+00	3	GA	3		56	3
105	2021-10-21 06:57:27.427917+00	8	Lighting Maintenance	1	[{"added": {}}, {"added": {"name": "attached block", "object": "contact-block (Contact block) \\u2192 services.service (#8)"}}]	37	3
106	2021-10-21 06:57:27.430869+00	14	SeoData for service(#8)	1	[{"changed": {"fields": ["title", "description", "og_title", "og_description"]}}]	59	3
107	2021-10-21 07:00:44.461728+00	8	Lighting Maintenance	2	[{"changed": {"fields": ["text"]}}]	37	3
108	2021-10-21 07:01:22.888906+00	8	Lighting Maintenance	2	[{"changed": {"fields": ["visible"]}}]	37	3
109	2021-10-21 07:03:04.067885+00	8	Lighting Maintenance	2	[]	37	3
110	2021-10-21 07:09:04.642801+00	8	Lighting Maintenance	2	[{"changed": {"fields": ["text"]}}]	37	3
111	2021-10-21 07:10:10.99335+00	8	Lighting Maintenance	2	[{"changed": {"fields": ["text"]}}]	37	3
112	2021-10-21 07:10:59.875485+00	8	Lighting Maintenance	2	[{"changed": {"fields": ["text"]}}]	37	3
113	2021-10-21 07:11:15.910971+00	8	Lighting Maintenance	2	[{"changed": {"fields": ["text"]}}]	37	3
114	2021-10-21 07:11:44.10648+00	8	Lighting Maintenance	2	[{"changed": {"fields": ["text"]}}]	37	3
115	2021-10-21 07:15:54.719941+00	8	Lighting Maintenance	2	[{"changed": {"fields": ["text"]}}]	37	3
116	2021-10-21 07:17:25.491218+00	8	Lighting Maintenance	2	[{"changed": {"fields": ["alt_image"]}}]	37	3
117	2021-10-21 07:26:38.85303+00	8	Lighting Maintenance	2	[{"changed": {"fields": ["slug"]}}]	37	3
118	2021-10-21 08:51:18.127769+00	8	Lighting Maintenance	2	[{"changed": {"fields": ["slug"]}}]	37	3
119	2021-10-21 08:52:01.376762+00	6	Lighting Maintenance	3		37	3
120	2021-10-21 08:52:08.739956+00	8	Lighting Maintenance	2	[{"changed": {"fields": ["slug"]}}]	37	3
121	2021-10-22 06:19:32.731764+00	1	Home page	2	[{"changed": {"fields": ["btn_text"]}}]	25	3
122	2021-10-22 06:20:08.87767+00	1	Home page	2	[]	25	3
123	2021-10-25 06:59:27.008206+00	8	Lighting Maintenance	2	[]	37	3
124	2021-10-25 07:39:04.897691+00	None	robots.txt	1	[{"added": {}}]	55	3
125	2021-12-10 10:45:26.861213+00	1	Special Offer settings	2	[{"changed": {"fields": ["description"]}}]	21	3
126	2021-12-10 10:51:20.483801+00	1	Special Offer settings	2	[{"changed": {"fields": ["header", "btn_text"]}}]	21	3
127	2021-12-10 10:53:40.612363+00	1	Special Offer settings	2	[{"changed": {"fields": ["header", "description", "btn_text"]}}]	21	3
128	2021-12-29 12:33:58.237138+00	8	Lighting Maintenance	2	[{"changed": {"fields": ["text"]}}]	37	3
129	2022-01-12 09:09:34.864152+00	3	Home Accent Lighting	2	[{"changed": {"fields": ["header", "description", "visible", "text"]}}]	37	3
130	2022-01-12 09:09:34.868062+00	15	SeoData for service(#3)	1	[{"changed": {"fields": ["title", "description", "og_title", "og_image", "og_description"]}}]	59	3
131	2022-01-12 09:11:02.692762+00	3	Home Accent Lighting	2	[]	37	3
132	2022-01-12 09:43:10.080329+00	3	Home Accent Lighting	2	[{"changed": {"fields": ["text"]}}]	37	3
133	2022-01-20 10:48:02.142584+00	19	(301) "https://austinlandscapelighting.us/outdoor_lighting_austin.php" → "/"	1	[{"added": {}}]	57	3
134	2022-01-20 10:48:36.099567+00	19	(301) "https://austinlandscapelighting.us/outdoor_lighting_austin.php/" → "/"	2	[{"changed": {"fields": ["old_path"]}}]	57	3
135	2022-01-20 10:49:05.923437+00	19	(301) "austinlandscapelighting.us/outdoor_lighting_austin.php/" → "/"	2	[{"changed": {"fields": ["old_path"]}}]	57	3
136	2022-01-20 10:49:35.952884+00	19	(301) "/outdoor_lighting_austin.php/" → "/"	2	[{"changed": {"fields": ["old_path"]}}]	57	3
137	2022-01-31 08:04:18.45784+00	3	Home Accent Lighting	2	[]	37	3
138	2022-02-01 07:06:03.846809+00	4	FAQ	1	[{"added": {}}]	56	3
139	2022-02-01 07:20:35.555368+00	4	FAQ	2	[]	56	3
140	2022-02-01 07:27:28.120688+00	4	FAQ	2	[{"changed": {"fields": ["position"]}}]	56	3
141	2022-02-01 07:36:30.522022+00	4	FAQ	2	[]	56	3
142	2022-02-01 07:42:08.370164+00	4	FAQ	2	[{"changed": {"fields": ["content"]}}]	56	3
143	2022-02-03 06:04:26.983428+00	1	Home page	2	[]	25	3
144	2022-02-03 06:04:27.029754+00	2	SeoData for settings(#1)	2	[{"changed": {"fields": ["canonical"]}}]	59	3
145	2022-02-03 06:26:42.629969+00	None	robots.txt	1	[{"added": {}}]	55	3
146	2022-02-03 06:27:27.638116+00	None	robots.txt	1	[{"added": {}}]	55	3
147	2022-02-03 06:33:59.185735+00	None	robots.txt	1	[{"added": {}}]	55	3
148	2022-02-04 10:26:42.314597+00	1	Portfolio	2	[]	33	3
149	2022-02-17 09:17:10.503518+00	1	Home page	2	[]	25	1
150	2022-02-17 09:17:16.407899+00	1	Home page	2	[{"changed": {"fields": ["title"]}}]	25	1
151	2022-02-17 09:17:19.128953+00	1	Home page	2	[{"changed": {"fields": ["title"]}}]	25	1
152	2022-02-24 13:55:04.189255+00	1	About Us	2	[{"changed": {"fields": ["text"]}}]	9	3
153	2022-02-24 13:55:52.679967+00	2	Landscape Lighting	2	[{"changed": {"fields": ["text"]}}]	37	3
154	2022-02-24 13:56:41.683793+00	1	About Us	2	[{"changed": {"fields": ["text"]}}]	9	3
155	2022-02-24 13:57:29.858494+00	3	Home Accent Lighting	2	[{"changed": {"fields": ["text"]}}]	37	3
156	2022-02-24 13:58:34.077282+00	2	Landscape Lighting	2	[{"changed": {"fields": ["text"]}}]	37	3
157	2022-02-24 13:59:15.672761+00	5	LED Lighting	2	[{"changed": {"fields": ["text"]}}]	37	3
158	2022-02-24 13:59:45.093792+00	7	Lighting Installation	2	[{"changed": {"fields": ["text"]}}]	37	3
159	2022-02-24 14:00:14.333276+00	4	Pathway Lighting	2	[{"changed": {"fields": ["text"]}}]	37	3
160	2022-02-24 14:02:10.479764+00	1	Residential Lighting	2	[{"changed": {"fields": ["text"]}}]	37	3
161	2022-03-11 07:47:10.175879+00	4	FAQ	2	[]	56	3
162	2022-04-11 04:47:45.559811+00	1	Outdoor lighting	2	[{"changed": {"fields": ["title", "header", "description", "text"]}}]	39	3
163	2022-04-11 04:47:45.565408+00	3	SeoData for settings(#1)	2	[{"changed": {"fields": ["title", "description", "og_title", "og_description"]}}]	59	3
164	2022-04-11 04:51:36.06695+00	1	Outdoor lighting	2	[]	39	3
165	2022-04-11 04:55:40.750935+00	1	Outdoor lighting	2	[{"changed": {"fields": ["text"]}}]	39	3
166	2022-04-11 04:57:56.31234+00	1	Outdoor lighting	2	[{"deleted": {"name": "attached block", "object": "service-block (Service block) \\u2192 services.servicesconfig (#1)"}}, {"deleted": {"name": "attached block", "object": "service-benefits (Service benefits block) \\u2192 services.servicesconfig (#1)"}}, {"deleted": {"name": "attached block", "object": "contact-block (Contact block) \\u2192 services.servicesconfig (#1)"}}, {"added": {"name": "attached block", "object": "service-block (Service block) \\u2192 services.servicesconfig (#1)"}}, {"added": {"name": "attached block", "object": "service-benefits (Service benefits block) \\u2192 services.servicesconfig (#1)"}}, {"added": {"name": "attached block", "object": "contact-block (Contact block) \\u2192 services.servicesconfig (#1)"}}, {"changed": {"name": "service benefit", "object": "Usability", "fields": ["order"]}}, {"changed": {"name": "service benefit", "object": "Safety", "fields": ["order"]}}, {"changed": {"name": "service benefit", "object": "Value", "fields": ["order"]}}, {"changed": {"name": "service benefit", "object": "Environmentatlly Friendly", "fields": ["order"]}}]	39	3
167	2022-04-11 04:58:30.149389+00	1	Outdoor lighting	2	[{"added": {"name": "attached block", "object": "service-block (Service block) \\u2192 services.servicesconfig (#1)"}}, {"changed": {"name": "attached block", "object": "service-benefits (Service benefits block) \\u2192 services.servicesconfig (#1)", "fields": ["sort_order"]}}, {"changed": {"name": "attached block", "object": "contact-block (Contact block) \\u2192 services.servicesconfig (#1)", "fields": ["sort_order"]}}, {"deleted": {"name": "attached block", "object": "service-block (Service block) \\u2192 services.servicesconfig (#1)"}}, {"changed": {"name": "service benefit", "object": "Usability", "fields": ["order"]}}, {"changed": {"name": "service benefit", "object": "Safety", "fields": ["order"]}}, {"changed": {"name": "service benefit", "object": "Value", "fields": ["order"]}}, {"changed": {"name": "service benefit", "object": "Environmentatlly Friendly", "fields": ["order"]}}]	39	3
168	2022-04-12 11:09:45.377293+00	20	(301) "/services/" → "/outdoor-lighting/"	1	[{"added": {}}]	57	3
169	2022-04-12 11:10:40.617421+00	1	Residential Lighting	2	[{"changed": {"fields": ["text"]}}]	37	3
170	2022-04-12 11:10:47.496383+00	2	Landscape Lighting	2	[{"changed": {"fields": ["text"]}}]	37	3
171	2022-04-12 11:10:53.372671+00	3	Home Accent Lighting	2	[{"changed": {"fields": ["text"]}}]	37	3
172	2022-04-12 11:10:58.939795+00	4	Pathway Lighting	2	[{"changed": {"fields": ["text"]}}]	37	3
173	2022-04-12 11:11:51.430936+00	5	LED Lighting	2	[{"changed": {"fields": ["text"]}}]	37	3
174	2022-04-12 11:11:59.010044+00	7	Lighting Installation	2	[{"changed": {"fields": ["text"]}}]	37	3
175	2022-04-12 11:12:04.977289+00	8	Lighting Maintenance	2	[{"changed": {"fields": ["text"]}}]	37	3
176	2022-05-05 09:28:14.618314+00	1	Home page	2	[]	25	3
177	2022-05-05 09:28:14.665177+00	2	SeoData for settings(#1)	2	[{"changed": {"fields": ["canonical"]}}]	59	3
178	2022-05-05 09:28:37.680761+00	1	Home page	2	[]	25	3
179	2022-05-05 09:37:41.878405+00	1	Home page	2	[]	25	3
180	2022-05-05 09:52:05.732882+00	21	(301) "/austin-landscape-lighting/" → "/landscape-lighting/"	1	[{"added": {}}]	57	3
181	2022-05-05 10:20:12.329824+00	22	(301) "/about-us/ahba-logo/" → "/about/"	1	[{"added": {}}]	57	3
182	2022-05-05 10:22:33.305348+00	None	robots.txt	1	[{"added": {}}]	55	3
183	2022-05-05 10:24:26.842166+00	1	Outdoor lighting	2	[{"changed": {"fields": ["title_image", "alt_image"]}}, {"changed": {"name": "attached block", "object": "service-benefits (Service benefits block) \\u2192 services.servicesconfig (#1)", "fields": ["sort_order"]}}, {"changed": {"name": "attached block", "object": "contact-block (Contact block) \\u2192 services.servicesconfig (#1)", "fields": ["sort_order"]}}, {"changed": {"name": "service benefit", "object": "Usability", "fields": ["order"]}}, {"changed": {"name": "service benefit", "object": "Safety", "fields": ["order"]}}, {"changed": {"name": "service benefit", "object": "Value", "fields": ["order"]}}, {"changed": {"name": "service benefit", "object": "Environmentatlly Friendly", "fields": ["order"]}}]	39	3
184	2022-05-05 10:43:06.70243+00	None	robots.txt	1	[{"added": {}}]	55	3
185	2022-05-05 10:43:25.712238+00	None	robots.txt	1	[{"added": {}}]	55	3
186	2022-05-23 06:15:34.015248+00	1	Residential Lighting	2	[{"changed": {"fields": ["header", "text"]}}]	37	3
187	2022-05-23 06:15:34.019804+00	4	SeoData for service(#1)	2	[{"changed": {"fields": ["title", "description", "og_title", "og_description"]}}]	59	3
188	2022-05-23 06:49:41.630461+00	1	Residential Lighting	2	[{"changed": {"fields": ["slug"]}}]	37	3
189	2022-05-23 06:50:03.423406+00	23	(301) "/residential-lighting/" → "/residential-outdoor-lighting-companies/"	1	[{"added": {}}]	57	3
190	2022-05-27 07:33:03.737044+00	1	Outdoor lighting	2	[{"changed": {"fields": ["btn_text"]}}]	39	3
191	2022-05-27 07:33:28.396844+00	1	Residential Lighting	2	[{"changed": {"fields": ["btn_text"]}}]	37	3
192	2022-05-27 07:33:38.704297+00	2	Landscape Lighting	2	[{"changed": {"fields": ["btn_text"]}}]	37	3
193	2022-05-27 07:33:41.976164+00	3	Home Accent Lighting	2	[{"changed": {"fields": ["btn_text"]}}]	37	3
194	2022-05-27 07:33:45.7256+00	4	Pathway Lighting	2	[{"changed": {"fields": ["btn_text"]}}]	37	3
195	2022-05-27 07:33:50.123596+00	5	LED Lighting	2	[{"changed": {"fields": ["btn_text"]}}]	37	3
196	2022-05-27 07:33:54.040352+00	7	Lighting Installation	2	[{"changed": {"fields": ["btn_text"]}}]	37	3
197	2022-05-27 07:33:58.494384+00	8	Lighting Maintenance	2	[{"changed": {"fields": ["btn_text"]}}]	37	3
198	2022-05-27 07:42:16.864355+00	5	David Nice	1	[{"added": {}}]	42	3
199	2022-05-27 07:42:52.975133+00	6	Anindya Mukherjee	1	[{"added": {}}]	42	3
200	2022-05-27 07:44:06.579934+00	7	Susan Hochstatter	1	[{"added": {}}]	42	3
201	2022-05-27 07:44:28.185393+00	8	Bryan Kansas	1	[{"added": {}}]	42	3
202	2022-05-27 07:44:55.610834+00	9	John Dwyer	1	[{"added": {}}]	42	3
203	2022-05-27 07:45:14.102489+00	10	Tracy Dahl-Burg	1	[{"added": {}}]	42	3
204	2022-06-07 08:34:02.511538+00	7	Lighting Installation	2	[{"changed": {"fields": ["slug", "header", "description", "text"]}}]	37	3
205	2022-06-07 08:34:02.515017+00	13	SeoData for service(#7)	2	[{"changed": {"fields": ["title", "description", "og_title", "og_description"]}}]	59	3
206	2022-06-07 08:34:22.731031+00	7	Lighting Installation	2	[{"changed": {"fields": ["text"]}}]	37	3
207	2022-06-07 08:34:32.059632+00	24	(301) "/lighting-installation/" → "/lighting-installation-services/"	1	[{"added": {}}]	57	3
208	2022-07-12 06:30:38.947434+00	9	Landscape Speakers	1	[{"added": {}}, {"added": {"name": "attached block", "object": "contact-block (Contact block) \\u2192 services.service (#9)"}}]	37	3
209	2022-07-12 06:30:38.952728+00	16	SeoData for service(#9)	1	[{"changed": {"fields": ["title", "description", "og_title", "og_image", "og_description"]}}]	59	3
210	2022-07-12 06:31:32.037658+00	9	Landscape Speakers	2	[{"changed": {"fields": ["btn_text"]}}]	37	3
211	2022-07-12 06:32:20.35021+00	9	Landscape Speakers	2	[{"changed": {"fields": ["text"]}}]	37	3
212	2022-11-01 11:50:56.592834+00	5	LED Lighting	2	[{"changed": {"fields": ["text"]}}]	37	3
213	2022-11-01 11:51:18.503865+00	4	Pathway Lighting	2	[{"changed": {"fields": ["text"]}}]	37	3
214	2022-11-30 11:06:18.39138+00	9	Landscape Speakers	2	[{"changed": {"fields": ["text"]}}]	37	3
215	2022-11-30 11:14:02.364013+00	9	Landscape Speakers	2	[{"changed": {"fields": ["title_image", "alt_image"]}}]	37	3
216	2022-11-30 11:40:11.852421+00	3	Home Accent Lighting	2	[]	37	3
217	2022-11-30 11:40:11.856565+00	15	SeoData for service(#3)	2	[{"changed": {"fields": ["title", "og_title"]}}]	59	3
218	2022-11-30 11:40:44.556219+00	4	Pathway Lighting	2	[]	37	3
219	2022-11-30 11:40:44.559058+00	5	SeoData for service(#4)	2	[{"changed": {"fields": ["description", "og_description"]}}]	59	3
220	2022-12-16 11:52:35.951121+00	1	Outdoor lighting	2	[{"deleted": {"name": "attached block", "object": "contact-block (Contact block) \\u2192 services.servicesconfig (#1)"}}]	39	3
221	2022-12-16 11:53:27.032948+00	1	Outdoor lighting	2	[{"added": {"name": "attached block", "object": "form-contact-block (Contact block with form) \\u2192 services.servicesconfig (#1)"}}]	39	3
222	2022-12-16 12:08:48.859203+00	11	Rudy P.	1	[{"added": {}}]	42	3
223	2022-12-16 12:10:19.241062+00	11	Rudy P.	2	[{"changed": {"fields": ["sort_order"]}}]	42	3
224	2022-12-19 09:59:23.029937+00	1	FAQ	2	[]	23	1
225	2022-12-19 09:59:23.034006+00	9	SeoData for settings(#1)	2	[{"changed": {"fields": ["content"]}}]	59	1
226	2022-12-19 10:00:44.390653+00	4	FAQ	3		56	1
227	2023-01-12 04:50:08.685865+00	1	FAQ	2	[]	23	1
228	2023-01-12 04:50:08.690852+00	9	SeoData for settings(#1)	2	[{"changed": {"fields": ["content"]}}]	59	1
229	2023-06-15 16:30:39.830918+00	1	Home page	2	[]	25	1
230	2023-06-15 16:30:39.902797+00	2	SeoData for settings(#1)	2	[{"changed": {"fields": ["title", "description"]}}]	59	1
231	2023-06-15 16:31:47.481136+00	1	Outdoor lighting	2	[]	39	1
232	2023-06-15 16:31:47.485959+00	3	SeoData for settings(#1)	2	[{"changed": {"fields": ["title"]}}]	59	1
233	2023-06-24 15:59:02.064718+00	1	GTM head	2	[{"changed": {"fields": ["content"]}}]	56	1
234	2023-06-24 15:59:27.819202+00	1	GTM head	2	[{"changed": {"fields": ["sort_order"]}}]	56	1
235	2023-06-24 15:59:27.823491+00	2	GTM body	2	[{"changed": {"fields": ["sort_order"]}}]	56	1
236	2023-06-24 16:00:06.339386+00	1	GTM head	2	[]	56	1
237	2023-06-24 16:01:01.958513+00	2	GTM body	2	[{"changed": {"fields": ["content"]}}]	56	1
238	2023-06-24 16:07:24.518724+00	1	GTM head	2	[{"changed": {"fields": ["content"]}}]	56	1
239	2023-06-28 19:54:37.92062+00	1	Outdoor lighting	2	[{"changed": {"fields": ["text"]}}]	39	1
240	2023-06-28 19:54:57.135446+00	1	Outdoor lighting	2	[]	39	1
241	2023-06-28 19:57:00.907881+00	1	Residential Lighting	2	[{"changed": {"fields": ["header", "description"]}}]	37	1
242	2023-06-28 19:57:19.817109+00	1	Residential Lighting	2	[{"changed": {"fields": ["header"]}}]	37	1
243	2023-06-28 20:11:43.26885+00	1	Residential Lighting	2	[{"changed": {"fields": ["text"]}}]	37	1
244	2023-06-28 20:34:13.304919+00	1	Residential Lighting	2	[{"changed": {"fields": ["text"]}}]	37	1
245	2023-06-28 20:49:06.570442+00	1	Residential Lighting	2	[{"changed": {"fields": ["text"]}}]	37	1
246	2023-06-28 20:49:55.362775+00	1	Residential Lighting	2	[{"added": {"name": "attached block", "object": "gallery-block (Gallery block) \\u2192 services.service (#1)"}}]	37	1
247	2023-06-28 20:50:42.776258+00	1	Residential Lighting	2	[{"added": {"name": "attached block", "object": "awards-block (Awards block) \\u2192 services.service (#1)"}}, {"changed": {"name": "attached block", "object": "contact-block (Contact block) \\u2192 services.service (#1)", "fields": ["sort_order"]}}, {"changed": {"name": "attached block", "object": "gallery-block (Gallery block) \\u2192 services.service (#1)", "fields": ["sort_order"]}}]	37	1
248	2023-07-27 17:54:37.946655+00	2	Landscape Lighting	2	[{"changed": {"fields": ["header"]}}]	37	1
249	2023-07-27 17:55:10.9145+00	2	Landscape Lighting	2	[{"changed": {"fields": ["description"]}}]	37	1
250	2023-07-27 17:57:09.913088+00	2	Landscape Lighting	2	[{"changed": {"fields": ["text"]}}]	37	1
251	2023-08-22 03:22:18.000283+00	3	Home Accent Lighting	2	[{"changed": {"fields": ["header", "description", "btn_text"]}}]	37	1
252	2023-08-22 03:26:13.113163+00	3	Home Accent Lighting	2	[{"changed": {"fields": ["text"]}}]	37	1
253	2023-08-22 03:26:48.81524+00	3	Home Accent Lighting	2	[{"changed": {"fields": ["text"]}}]	37	1
254	2023-09-28 18:14:50.441617+00	4	Pathway Lighting	2	[{"changed": {"fields": ["header", "description", "text"]}}]	37	1
255	2023-09-28 20:54:02.563798+00	4	Pathway Lighting	2	[{"changed": {"fields": ["header", "description", "text"]}}]	37	1
256	2023-10-09 20:55:29.840888+00	10	sssssssss	1	[{"added": {}}]	37	1
257	2023-10-09 21:39:09.788883+00	10	Holiday Lighting Installation	2	[{"changed": {"fields": ["title", "slug", "header"]}}]	37	1
258	2023-10-09 21:39:33.610575+00	10	Holiday Lighting Installation	2	[{"changed": {"fields": ["text"]}}]	37	1
259	2023-10-09 21:40:14.946163+00	10	Holiday Lighting Installation	2	[{"changed": {"fields": ["title_image", "title_preview"]}}]	37	1
260	2023-10-09 21:40:56.025171+00	10	Holiday Lighting Installation	2	[{"changed": {"fields": ["text"]}}]	37	1
261	2023-10-09 21:41:38.783207+00	10	Holiday Lighting Installation	2	[{"added": {"name": "attached block", "object": "awards-block (Awards block) \\u2192 services.service (#10)"}}, {"added": {"name": "attached block", "object": "contact-block-phone (Contact block) \\u2192 services.service (#10)"}}, {"added": {"name": "attached block", "object": "service-block (Service block) \\u2192 services.service (#10)"}}]	37	1
262	2023-10-09 21:42:01.182901+00	10	Holiday Lighting Installation	2	[]	37	1
263	2023-10-09 21:42:01.198635+00	17	SeoData for service(#10)	1	[{"changed": {"fields": ["title", "description"]}}]	59	1
264	2023-10-09 21:42:40.466261+00	10	Holiday Lighting Installation	2	[]	37	1
265	2023-10-09 21:42:40.487873+00	17	SeoData for service(#10)	2	[{"changed": {"fields": ["og_title", "og_image", "og_description"]}}]	59	1
266	2023-10-09 21:43:05.021836+00	10	Holiday Lighting Installation	2	[{"added": {"name": "attached block", "object": "awards-block (Awards block) \\u2192 services.service (#10)"}}, {"changed": {"name": "attached block", "object": "contact-block-phone (Contact block) \\u2192 services.service (#10)", "fields": ["sort_order"]}}]	37	1
267	2023-10-09 21:43:42.635192+00	10	Holiday Lighting Installation	2	[{"changed": {"fields": ["description", "visible"]}}]	37	1
268	2023-10-09 21:43:59.560227+00	1	Residential Lighting	2	[{"changed": {"fields": ["sort_order"]}}]	37	1
269	2023-10-09 21:43:59.56926+00	2	Landscape Lighting	2	[{"changed": {"fields": ["sort_order"]}}]	37	1
270	2023-10-09 21:43:59.574663+00	7	Lighting Installation	2	[{"changed": {"fields": ["sort_order"]}}]	37	1
271	2023-10-09 21:43:59.580187+00	8	Lighting Maintenance	2	[{"changed": {"fields": ["sort_order"]}}]	37	1
272	2023-10-09 21:43:59.585633+00	9	Landscape Speakers	2	[{"changed": {"fields": ["sort_order"]}}]	37	1
273	2023-10-09 21:43:59.591129+00	10	Holiday Lighting Installation	2	[{"changed": {"fields": ["sort_order"]}}]	37	1
274	2023-10-09 21:44:54.083819+00	10	Holiday Lighting Installation	2	[{"deleted": {"name": "attached block", "object": "awards-block (Awards block) \\u2192 services.service (#10)"}}]	37	1
275	2023-10-09 21:46:45.605514+00	10	Holiday Lighting Installation	2	[{"changed": {"fields": ["text"]}}, {"changed": {"name": "attached block", "object": "awards-block (Awards block) \\u2192 services.service (#10)", "fields": ["sort_order"]}}, {"changed": {"name": "attached block", "object": "service-block (Service block) \\u2192 services.service (#10)", "fields": ["sort_order"]}}, {"changed": {"name": "attached block", "object": "contact-block-phone (Contact block) \\u2192 services.service (#10)", "fields": ["sort_order"]}}]	37	1
276	2023-10-09 21:48:04.686051+00	10	Holiday Lighting Installation	2	[{"changed": {"fields": ["text"]}}]	37	1
277	2023-10-09 21:49:49.661807+00	10	Holiday Lighting Installation	2	[{"changed": {"fields": ["text"]}}]	37	1
278	2023-10-09 21:56:24.163782+00	10	Holiday Lighting Installation	2	[{"changed": {"fields": ["text"]}}]	37	1
279	2023-10-09 22:20:22.726953+00	10	Holiday Lighting Installation	2	[]	37	1
280	2023-10-09 22:20:22.736604+00	17	SeoData for service(#10)	2	[{"changed": {"fields": ["title"]}}]	59	1
281	2023-10-09 22:21:33.070613+00	10	Holiday Lighting Installation	2	[{"changed": {"fields": ["text"]}}]	37	1
282	2023-10-10 00:43:24.304796+00	10	Holiday Lighting Installation	2	[{"added": {"name": "attached block", "object": "testimonials-block-no-header (Testimonials block) \\u2192 services.service (#10)"}}, {"changed": {"name": "attached block", "object": "awards-block (Awards block) \\u2192 services.service (#10)", "fields": ["sort_order"]}}, {"changed": {"name": "attached block", "object": "service-block (Service block) \\u2192 services.service (#10)", "fields": ["sort_order"]}}, {"changed": {"name": "attached block", "object": "contact-block-phone (Contact block) \\u2192 services.service (#10)", "fields": ["sort_order"]}}]	37	1
283	2023-10-10 00:43:52.985396+00	10	Holiday Lighting Installation	2	[{"deleted": {"name": "attached block", "object": "testimonials-block-no-header (Testimonials block) \\u2192 services.service (#10)"}}]	37	1
284	2023-10-10 00:44:37.040179+00	10	Holiday Lighting Installation	2	[{"added": {"name": "attached block", "object": "testimonials-block (Testimonials block) \\u2192 services.service (#10)"}}, {"changed": {"name": "attached block", "object": "service-block (Service block) \\u2192 services.service (#10)", "fields": ["sort_order"]}}, {"changed": {"name": "attached block", "object": "contact-block-phone (Contact block) \\u2192 services.service (#10)", "fields": ["sort_order"]}}]	37	1
285	2023-10-10 00:46:38.3913+00	10	Holiday Lighting Installation	2	[{"changed": {"name": "attached block", "object": "awards-block (Awards block) \\u2192 services.service (#10)", "fields": ["sort_order"]}}, {"changed": {"name": "attached block", "object": "testimonials-block (Testimonials block) \\u2192 services.service (#10)", "fields": ["sort_order"]}}, {"changed": {"name": "attached block", "object": "service-block (Service block) \\u2192 services.service (#10)", "fields": ["sort_order"]}}, {"changed": {"name": "attached block", "object": "contact-block-phone (Contact block) \\u2192 services.service (#10)", "fields": ["sort_order"]}}]	37	1
286	2023-10-10 00:46:38.397575+00	17	SeoData for service(#10)	2	[{"changed": {"fields": ["title"]}}]	59	1
287	2023-10-10 00:46:44.821319+00	10	Holiday Lighting Installation	2	[{"deleted": {"name": "attached block", "object": "testimonials-block (Testimonials block) \\u2192 services.service (#10)"}}]	37	1
288	2023-11-13 14:52:41.886644+00	1	Portfolio	2	[]	33	1
289	2023-11-13 15:00:01.605982+00	10	Holiday Lighting Installation	2	[{"changed": {"fields": ["alt_image", "alt_preview"]}}, {"changed": {"name": "attached block", "object": "service-block (Service block) \\u2192 services.service (#10)", "fields": ["sort_order"]}}, {"changed": {"name": "attached block", "object": "contact-block-phone (Contact block) \\u2192 services.service (#10)", "fields": ["sort_order"]}}]	37	1
290	2023-11-13 15:01:50.246749+00	10	Holiday Lighting Installation	2	[{"changed": {"fields": ["text"]}}]	37	1
291	2023-11-17 21:33:58.381937+00	8	Lighting Maintenance	2	[{"changed": {"fields": ["sort_order"]}}]	37	1
292	2023-11-17 21:33:58.389697+00	9	Landscape Speakers	2	[{"changed": {"fields": ["sort_order"]}}]	37	1
293	2023-11-17 21:34:14.942621+00	9	Landscape Speakers	2	[{"changed": {"fields": ["sort_order"]}}]	37	1
294	2023-11-17 21:34:14.948615+00	8	Lighting Maintenance	2	[{"changed": {"fields": ["sort_order"]}}]	37	1
295	2023-11-17 21:37:28.52067+00	10	Holiday Lighting Installation	2	[{"changed": {"fields": ["btn_text"]}}]	37	1
296	2023-11-17 22:09:35.625455+00	11	Permanent Holiday Lighting	1	[{"added": {}}]	37	1
297	2023-11-17 22:15:28.048888+00	11	Permanent Holiday Lighting	2	[{"changed": {"fields": ["text"]}}]	37	1
298	2023-11-17 22:18:26.657169+00	11	Permanent Holiday Lighting	2	[{"changed": {"fields": ["text"]}}]	37	1
299	2023-11-17 22:19:55.293442+00	11	Permanent Holiday Lighting	2	[{"added": {"name": "attached block", "object": "service-block (Service block) \\u2192 services.service (#11)"}}, {"added": {"name": "attached block", "object": "advantages-block (Advantages block) \\u2192 services.service (#11)"}}, {"added": {"name": "attached block", "object": "testimonials-block-no-header (Testimonials block) \\u2192 services.service (#11)"}}]	37	1
300	2023-11-17 22:24:38.091905+00	11	Permanent Holiday Lighting	2	[]	37	1
301	2023-11-17 22:24:38.103875+00	18	SeoData for service(#11)	1	[{"changed": {"fields": ["title", "description"]}}]	59	1
302	2023-11-17 22:24:44.361587+00	11	Permanent Holiday Lighting	2	[{"changed": {"fields": ["visible"]}}]	37	1
303	2023-11-17 22:27:28.269875+00	3	Home Accent Lighting	2	[{"changed": {"fields": ["sort_order"]}}]	37	1
304	2023-11-17 22:27:28.276926+00	4	Pathway Lighting	2	[{"changed": {"fields": ["sort_order"]}}]	37	1
305	2023-11-17 22:27:28.282426+00	5	LED Lighting	2	[{"changed": {"fields": ["sort_order"]}}]	37	1
306	2023-11-17 22:27:28.288015+00	7	Lighting Installation	2	[{"changed": {"fields": ["sort_order"]}}]	37	1
307	2023-11-17 22:27:28.293093+00	8	Lighting Maintenance	2	[{"changed": {"fields": ["sort_order"]}}]	37	1
308	2023-11-17 22:27:28.29843+00	9	Landscape Speakers	2	[{"changed": {"fields": ["sort_order"]}}]	37	1
309	2023-11-17 22:27:28.304093+00	11	Permanent Holiday Lighting	2	[{"changed": {"fields": ["sort_order"]}}]	37	1
310	2023-11-17 22:28:24.333429+00	11	Permanent Holiday Lighting	2	[{"changed": {"fields": ["btn_text", "btn_url"]}}]	37	1
311	2023-11-17 22:29:33.020389+00	11	Permanent Holiday Lighting	2	[]	37	1
312	2023-11-17 22:29:33.028155+00	18	SeoData for service(#11)	2	[{"changed": {"fields": ["og_image"]}}]	59	1
313	2023-11-17 22:30:09.64162+00	11	Permanent Holiday Lighting	2	[]	37	1
314	2023-11-17 22:30:09.646738+00	18	SeoData for service(#11)	2	[{"changed": {"fields": ["og_title"]}}]	59	1
315	2023-11-17 22:30:14.365587+00	10	Holiday Lighting Installation	2	[]	37	1
316	2023-11-17 22:30:14.370908+00	17	SeoData for service(#10)	2	[{"changed": {"fields": ["og_description"]}}]	59	1
317	2023-11-17 22:31:32.811929+00	11	Permanent Holiday Lighting	2	[]	37	1
318	2023-11-17 22:31:32.817686+00	18	SeoData for service(#11)	2	[{"changed": {"fields": ["og_title", "og_image", "og_description"]}}]	59	1
319	2023-11-17 22:50:37.647213+00	11	Permanent Holiday Lighting	2	[{"changed": {"fields": ["alt_image", "alt_preview", "btn_text"]}}]	37	1
320	2023-11-17 22:57:09.340726+00	11	Permanent Holiday Lighting	2	[{"changed": {"fields": ["visible"]}}]	37	1
321	2023-11-17 23:41:45.065986+00	11	Permanent Holiday Lighting test	2	[{"changed": {"fields": ["title"]}}]	37	1
322	2023-11-17 23:41:57.325405+00	11	Permanent Holiday Lighting	2	[{"changed": {"fields": ["title"]}}]	37	1
323	2023-11-18 00:08:32.567095+00	11	Permanent Holiday Lighting	2	[]	37	1
324	2023-11-18 00:12:20.494196+00	11	Permanent Holiday Lighting	2	[{"changed": {"fields": ["preview"]}}]	37	1
325	2023-11-18 00:17:51.929359+00	11	Permanent Holiday Lighting	2	[]	37	1
326	2023-11-18 00:17:51.935585+00	18	SeoData for service(#11)	2	[{"changed": {"fields": ["og_image"]}}]	59	1
327	2023-11-18 00:18:18.95019+00	11	Permanent Holiday Lighting	2	[{"changed": {"fields": ["visible"]}}]	37	1
328	2023-12-06 02:27:43.47868+00	11	Permanent Holiday Lighting	2	[{"added": {"name": "attached block", "object": "gallery-block (Gallery block) \\u2192 services.service (#11)"}}, {"changed": {"name": "attached block", "object": "service-block (Service block) \\u2192 services.service (#11)", "fields": ["sort_order"]}}, {"changed": {"name": "attached block", "object": "advantages-block (Advantages block) \\u2192 services.service (#11)", "fields": ["sort_order"]}}, {"changed": {"name": "attached block", "object": "testimonials-block-no-header (Testimonials block) \\u2192 services.service (#11)", "fields": ["sort_order"]}}]	37	1
329	2023-12-06 02:41:03.551893+00	1	Portfolio	2	[]	33	1
330	2023-12-06 02:44:50.371493+00	11	Permanent Holiday Lighting	2	[{"deleted": {"name": "attached block", "object": "gallery-block (Gallery block) \\u2192 services.service (#11)"}}]	37	1
331	2023-12-06 02:48:16.120632+00	11	Permanent Holiday Lighting	2	[{"changed": {"fields": ["text"]}}, {"changed": {"name": "attached block", "object": "service-block (Service block) \\u2192 services.service (#11)", "fields": ["sort_order"]}}, {"changed": {"name": "attached block", "object": "advantages-block (Advantages block) \\u2192 services.service (#11)", "fields": ["sort_order"]}}, {"changed": {"name": "attached block", "object": "testimonials-block-no-header (Testimonials block) \\u2192 services.service (#11)", "fields": ["sort_order"]}}]	37	1
332	2023-12-20 23:47:51.617062+00	1	Contact Us	2	[{"changed": {"name": "notification receiver", "object": "lucasmor83@gmail.com", "fields": ["email"]}}]	13	1
333	2023-12-21 00:41:21.976189+00	1	Contact Us	2	[{"added": {"name": "notification receiver", "object": "illuminationconcepts@gmail.com"}}]	13	1
334	2023-12-21 22:37:58.55716+00	1	Contact Us	2	[{"deleted": {"name": "notification receiver", "object": "lucasmor83@gmail.com"}}]	13	1
335	2023-12-21 22:38:42.064994+00	1	Contact Us	2	[{"deleted": {"name": "notification receiver", "object": "illuminationconcepts@gmail.com"}}]	13	1
336	2023-12-28 12:38:03.360871+00	1	Contact Us	2	[{"added": {"name": "notification receiver", "object": "morettilucas@hotmail.com"}}]	13	1
337	2023-12-28 12:40:59.18971+00	1	Contact Us	2	[{"changed": {"name": "notification receiver", "object": "lucasmor83@gmail.com", "fields": ["email"]}}]	13	1
338	2023-12-28 13:22:35.394029+00	168	Lucas	3		15	1
339	2023-12-28 13:22:35.427746+00	167	Lucas	3		15	1
340	2023-12-28 13:22:35.429735+00	166	Test	3		15	1
341	2023-12-28 13:22:35.431815+00	165	Lucas	3		15	1
342	2023-12-28 13:22:35.434006+00	164	Wrtu	3		15	1
343	2023-12-28 13:22:35.43615+00	163	Aaas	3		15	1
344	2023-12-28 13:22:35.438521+00	162	Aaa	3		15	1
345	2023-12-28 13:22:35.440827+00	161	Lucas	3		15	1
346	2023-12-28 13:22:35.442851+00	160	Lucas	3		15	1
347	2023-12-28 13:23:35.273748+00	156	morettilucas@hotmail.com	3		15	1
348	2023-12-28 13:23:35.27908+00	155	morettilucas@hotmail.com	3		15	1
349	2023-12-28 13:23:35.280993+00	154	morettilucas@hotmail.com	3		15	1
350	2023-12-28 13:23:35.282663+00	153	morettilucas@hotmail.com	3		15	1
351	2023-12-28 13:23:35.284455+00	152	lucas test	3		15	1
352	2023-12-28 13:23:35.286584+00	151	test	3		15	1
353	2023-12-28 13:49:40.075016+00	170	Lucas	3		15	1
354	2023-12-28 13:49:40.089642+00	169	Test	3		15	1
355	2023-12-28 13:53:09.482769+00	1	Contact Us	2	[{"added": {"name": "notification receiver", "object": "martin@codingit.dev"}}, {"changed": {"name": "notification receiver", "object": "illuminationconcepts@gmail.com", "fields": ["email"]}}]	13	1
356	2023-12-28 23:28:34.767724+00	1	Contact Us	2	[{"added": {"name": "notification receiver", "object": "lucasmor83@gmail.com"}}, {"deleted": {"name": "notification receiver", "object": "illuminationconcepts@gmail.com"}}, {"deleted": {"name": "notification receiver", "object": "martin@codingit.dev"}}]	13	1
357	2023-12-28 23:30:28.960527+00	1	Contact Us	2	[{"added": {"name": "notification receiver", "object": "martin@codingit.dev"}}, {"changed": {"name": "notification receiver", "object": "illuminationconcepts@gmail.com", "fields": ["email"]}}]	13	1
358	2023-12-28 23:30:49.948924+00	171	prod test	3		15	1
359	2024-01-16 21:08:55.98451+00	1	Contact Us	2	[{"changed": {"name": "notification receiver", "object": "martin@codingit.dev", "fields": ["visible"]}}]	13	1
\.


--
-- TOC entry 3696 (class 0 OID 16540)
-- Dependencies: 242
-- Data for Name: django_content_type; Type: TABLE DATA; Schema: public; Owner: postgres
--

COPY public.django_content_type (id, app_label, model) FROM stdin;
1	admin	logentry
2	auth	permission
3	auth	group
4	contenttypes	contenttype
5	sessions	session
6	sites	site
7	admin_honeypot	loginattempt
8	django_cron	cronjoblog
9	about	aboutconfig
10	contacts	address
11	contacts	contactblock
12	contacts	contactformblock
13	contacts	contactsconfig
14	contacts	contactsthankyouconfig
15	contacts	message
16	contacts	notificationreceiver
17	contacts	openinghours
18	contacts	phonenumber
19	contacts	stopword
20	contacts	specialofferrequest
21	contacts	specialofferconfig
22	contacts	specialofferthankyouconfig
23	faq	faqconfig
24	faq	question
25	main	mainpageconfig
26	main	advantage
27	main	advantagesblock
28	main	award
29	main	awardblock
30	portfolio	blockgallery
31	portfolio	galleryblock
32	portfolio	mediagalleryblockimageitem
33	portfolio	portfolioconfig
34	portfolio	portfoliogallery
35	portfolio	portfoliogalleryimageitem
36	privacy	privacypolicyconfig
37	services	service
38	services	serviceblock
39	services	servicesconfig
40	services	servicebenefit
41	services	servicebenefitsblock
42	testimonials	testimonials
43	testimonials	testimonialsblock
44	testimonials	testimonialsconfig
45	users	customuser
46	attachable_blocks	attachableblock
47	attachable_blocks	attachablereference
48	backups	backup
49	ckeditor	pagefile
50	ckeditor	pagephoto
51	ckeditor	simplephoto
52	gallery	galleryitembase
53	google_maps	mapandaddress
54	rating	ratingvote
55	seo	robots
56	seo	counter
57	seo	redirect
58	seo	seoconfig
59	seo	seodata
60	social_networks	feedpost
61	social_networks	sociallinks
62	social_networks	socialconfig
63	social_networks	sociallink
\.


--
-- TOC entry 3698 (class 0 OID 16545)
-- Dependencies: 244
-- Data for Name: django_cron_cronjoblog; Type: TABLE DATA; Schema: public; Owner: postgres
--

COPY public.django_cron_cronjoblog (id, code, start_time, end_time, is_success, message, ran_at_time) FROM stdin;
\.


--
-- TOC entry 3700 (class 0 OID 16553)
-- Dependencies: 246
-- Data for Name: django_migrations; Type: TABLE DATA; Schema: public; Owner: postgres
--

COPY public.django_migrations (id, app, name, applied) FROM stdin;
1	about	0001_initial	2021-08-18 07:16:21.933767+00
2	about	0002_auto_20210804_0634	2021-08-18 07:16:21.937112+00
3	about	0003_auto_20210805_0351	2021-08-18 07:16:21.942573+00
4	contenttypes	0001_initial	2021-08-18 07:16:21.949253+00
5	contenttypes	0002_remove_content_type_name	2021-08-18 07:16:21.95613+00
6	auth	0001_initial	2021-08-18 07:16:21.979898+00
7	auth	0002_alter_permission_name_max_length	2021-08-18 07:16:21.984039+00
8	auth	0003_alter_user_email_max_length	2021-08-18 07:16:21.988124+00
9	auth	0004_alter_user_username_opts	2021-08-18 07:16:21.992104+00
10	auth	0005_alter_user_last_login_null	2021-08-18 07:16:21.996251+00
11	auth	0006_require_contenttypes_0002	2021-08-18 07:16:21.997365+00
12	users	0001_initial	2021-08-18 07:16:22.020852+00
13	admin	0001_initial	2021-08-18 07:16:22.036469+00
14	admin	0002_logentry_remove_auto_add	2021-08-18 07:16:22.067103+00
15	admin_honeypot	0001_initial	2021-08-18 07:16:22.073532+00
16	admin_honeypot	0002_auto_20160208_0854	2021-08-18 07:16:22.076275+00
17	attachable_blocks	0001_initial	2021-08-18 07:16:22.104032+00
18	attachable_blocks	0002_auto_20170607_0345	2021-08-18 07:16:22.129655+00
19	attachable_blocks	0003_auto_20170905_0746	2021-08-18 07:16:22.134163+00
20	attachable_blocks	0004_auto_20170930_0822	2021-08-18 07:16:22.141272+00
21	attachable_blocks	0005_auto_20190321_1020	2021-08-18 07:16:22.15755+00
22	auth	0007_alter_validators_add_error_messages	2021-08-18 07:16:22.163428+00
23	auth	0008_alter_user_username_max_length	2021-08-18 07:16:22.170037+00
24	backups	0001_initial	2021-08-18 07:16:22.172473+00
25	ckeditor	0001_initial	2021-08-18 07:16:22.187232+00
26	ckeditor	0002_auto_20160916_0501	2021-08-18 07:16:22.190293+00
27	ckeditor	0003_auto_20170905_0746	2021-08-18 07:16:22.193224+00
28	contacts	0001_initial	2021-08-18 07:16:22.258985+00
29	contacts	0002_auto_20210716_1016	2021-08-18 07:16:22.263961+00
30	contacts	0003_auto_20210726_0203	2021-08-18 07:16:22.272041+00
31	contacts	0004_auto_20210804_0634	2021-08-18 07:16:22.286391+00
32	contacts	0005_auto_20210805_0351	2021-08-18 07:16:22.301048+00
33	contacts	0006_specialofferrequest	2021-08-18 07:16:22.307467+00
34	contacts	0007_specialofferconfig_specialofferthankyouconfig	2021-08-18 07:16:22.318955+00
35	django_cron	0001_initial	2021-08-18 07:16:22.335577+00
36	django_cron	0002_remove_max_length_from_CronJobLog_message	2021-08-18 07:16:22.339004+00
37	faq	0001_initial	2021-08-18 07:16:22.350378+00
38	faq	0002_auto_20210804_0634	2021-08-18 07:16:22.354423+00
39	faq	0003_auto_20210805_0351	2021-08-18 07:16:22.361255+00
40	gallery	0001_initial	2021-08-18 07:16:22.377566+00
41	gallery	0002_auto_20170330_1316	2021-08-18 07:16:22.386863+00
42	gallery	0003_auto_20190321_1020	2021-08-18 07:16:22.394585+00
43	google_maps	0001_initial	2021-08-18 07:16:22.402285+00
44	main	0001_initial	2021-08-18 07:16:22.408624+00
45	main	0002_auto_20210712_0231	2021-08-18 07:16:22.430813+00
46	main	0003_advantage_advantagesblock	2021-08-18 07:16:22.449157+00
47	main	0004_auto_20210713_0915	2021-08-18 07:16:22.453638+00
48	main	0005_mainpageconfig_image	2021-08-18 07:16:22.458758+00
49	main	0006_auto_20210716_0851	2021-08-18 07:16:22.462685+00
50	main	0007_award_awardblock	2021-08-18 07:16:22.475582+00
51	main	0008_auto_20210721_0544	2021-08-18 07:16:22.479839+00
52	main	0009_auto_20210804_0634	2021-08-18 07:16:22.484551+00
53	main	0010_auto_20210805_0351	2021-08-18 07:16:22.492746+00
54	portfolio	0001_initial	2021-08-18 07:16:22.537667+00
55	portfolio	0002_auto_20210804_0634	2021-08-18 07:16:22.547125+00
56	portfolio	0003_auto_20210805_0351	2021-08-18 07:16:22.555632+00
57	privacy	0001_initial	2021-08-18 07:16:22.563626+00
58	privacy	0002_auto_20210804_0634	2021-08-18 07:16:22.568238+00
59	privacy	0003_auto_20210805_0351	2021-08-18 07:16:22.575801+00
60	rating	0001_initial	2021-08-18 07:16:22.583319+00
61	rating	0002_auto_20190330_1532	2021-08-18 07:16:22.597371+00
62	rating	0003_auto_20190331_0104	2021-08-18 07:16:22.605893+00
63	seo	0001_initial	2021-08-18 07:16:22.640867+00
64	seo	0002_redirect_last_usage	2021-08-18 07:16:22.64538+00
65	seo	0003_auto_20160916_0233	2021-08-18 07:16:22.655132+00
66	seo	0004_auto_20161109_0306	2021-08-18 07:16:22.672107+00
67	seo	0005_auto_20170203_1458	2021-08-18 07:16:22.678356+00
68	seo	0006_auto_20170330_1316	2021-08-18 07:16:22.683482+00
69	seo	0007_auto_20170413_0355	2021-08-18 07:16:22.690223+00
70	seo	0008_auto_20181121_0817	2021-08-18 07:16:22.697577+00
71	services	0001_initial	2021-08-18 07:16:22.719622+00
72	services	0002_auto_20210715_0858	2021-08-18 07:16:22.726446+00
73	services	0003_auto_20210716_0851	2021-08-18 07:16:22.737361+00
74	services	0004_servicebenefit_servicebenefitsblock	2021-08-18 07:16:22.754579+00
75	services	0005_auto_20210722_0554	2021-08-18 07:16:22.759089+00
76	services	0006_auto_20210803_0519	2021-08-18 07:16:22.763315+00
77	services	0007_auto_20210804_0634	2021-08-18 07:16:22.775864+00
78	services	0008_auto_20210805_0351	2021-08-18 07:16:22.799563+00
79	sessions	0001_initial	2021-08-18 07:16:22.807733+00
80	sites	0001_initial	2021-08-18 07:16:22.813337+00
81	sites	0002_alter_domain_unique	2021-08-18 07:16:22.819976+00
82	social_networks	0001_initial	2021-08-18 07:16:22.841243+00
83	social_networks	0002_sociallinks_social_instagram	2021-08-18 07:16:22.846357+00
84	social_networks	0003_socialconfig	2021-08-18 07:16:22.853677+00
85	social_networks	0004_auto_20170120_0920	2021-08-18 07:16:22.861249+00
86	social_networks	0005_auto_20170120_0957	2021-08-18 07:16:22.865895+00
87	social_networks	0006_auto_20170120_1013	2021-08-18 07:16:22.911882+00
88	social_networks	0007_auto_20170121_0848	2021-08-18 07:16:22.920647+00
89	social_networks	0008_auto_20190405_1657	2021-08-18 07:16:22.93168+00
90	testimonials	0001_initial	2021-08-18 07:16:22.950976+00
91	testimonials	0002_auto_20210720_0628	2021-08-18 07:16:22.95539+00
92	testimonials	0003_auto_20210804_0634	2021-08-18 07:16:22.964467+00
93	testimonials	0004_auto_20210805_0351	2021-08-18 07:16:22.972953+00
94	users	0002_auto_20190321_1020	2021-08-18 07:16:22.982762+00
95	users	0003_auto_20190327_1359	2021-08-18 07:16:22.995318+00
96	contacts	0008_auto_20210821_1343	2021-08-23 06:43:24.260155+00
97	contacts	0009_message_email	2021-08-26 14:13:47.399024+00
98	seo	0009_seodata_content	2022-12-19 09:58:57.349431+00
\.


--
-- TOC entry 3702 (class 0 OID 16561)
-- Dependencies: 248
-- Data for Name: django_session; Type: TABLE DATA; Schema: public; Owner: postgres
--

COPY public.django_session (session_key, session_data, expire_date) FROM stdin;
04klpkpa631k2h9qqn7j8y2jlz1e1y57	OTFlMTNiNjIzNjBmOTc0NWQ3YTU4MjMyZDg1NzAxMWQ0N2M0NjBjNDp7Il9hdXRoX3VzZXJfaWQiOiIxIiwiX2F1dGhfdXNlcl9iYWNrZW5kIjoiZGphbmdvLmNvbnRyaWIuYXV0aC5iYWNrZW5kcy5Nb2RlbEJhY2tlbmQiLCJfYXV0aF91c2VyX2hhc2giOiI1NGEzMWYzM2Q3ZDFmMTMxYmE3NDNlYjE4YmJiZDI1NTY3YzA2MWYyIn0=	2021-08-18 06:10:22.367+00
80axzo2q7q1ckeyaqs7fbbtqhg6i8n7d	N2UwYzY3ZGE4YjczZmNjMDVmZWI5MmMwNjBmODBjZWE1OWZjYmYwZDp7Il9hdXRoX3VzZXJfaWQiOiIyIiwiX2F1dGhfdXNlcl9iYWNrZW5kIjoiZGphbmdvLmNvbnRyaWIuYXV0aC5iYWNrZW5kcy5Nb2RlbEJhY2tlbmQiLCJfYXV0aF91c2VyX2hhc2giOiIxNzAzMGM5MWFmMjgzMjYwNTVkMzc2MDFjMDgyNGMzNTkyNzk5ODBjIn0=	2021-09-10 09:15:28.026+00
ctmjhzsup8p3bo6b6xhl6f1jb396jo2f	ZTkwZGI5YzQyNDY5NGIzMGE0ZmE2NWVhNWYwODI0ODViMDA0YjQ3ZDp7Il9hdXRoX3VzZXJfaWQiOiIxIiwiX2F1dGhfdXNlcl9iYWNrZW5kIjoiZGphbmdvLmNvbnRyaWIuYXV0aC5iYWNrZW5kcy5Nb2RlbEJhY2tlbmQiLCJfYXV0aF91c2VyX2hhc2giOiJmZmVjZTdjZTJjMDRkN2U0OTNjNWUxNWMyMmJiMTU4ZDQ4MDE0MDVkIn0=	2021-09-04 14:34:51.551+00
d3etb34t2yc7pvlencevrc7cjtj7unkg	ZTkwZGI5YzQyNDY5NGIzMGE0ZmE2NWVhNWYwODI0ODViMDA0YjQ3ZDp7Il9hdXRoX3VzZXJfaWQiOiIxIiwiX2F1dGhfdXNlcl9iYWNrZW5kIjoiZGphbmdvLmNvbnRyaWIuYXV0aC5iYWNrZW5kcy5Nb2RlbEJhY2tlbmQiLCJfYXV0aF91c2VyX2hhc2giOiJmZmVjZTdjZTJjMDRkN2U0OTNjNWUxNWMyMmJiMTU4ZDQ4MDE0MDVkIn0=	2021-08-21 13:57:21.046+00
dm3d9b4gr8tgfcn8cw8x1qn8en4oe7ax	ZTkwZGI5YzQyNDY5NGIzMGE0ZmE2NWVhNWYwODI0ODViMDA0YjQ3ZDp7Il9hdXRoX3VzZXJfaWQiOiIxIiwiX2F1dGhfdXNlcl9iYWNrZW5kIjoiZGphbmdvLmNvbnRyaWIuYXV0aC5iYWNrZW5kcy5Nb2RlbEJhY2tlbmQiLCJfYXV0aF91c2VyX2hhc2giOiJmZmVjZTdjZTJjMDRkN2U0OTNjNWUxNWMyMmJiMTU4ZDQ4MDE0MDVkIn0=	2021-08-21 10:31:12.069+00
g0moggyrqqsqq4utrhnjgd3wg5geyg1b	ZTkwZGI5YzQyNDY5NGIzMGE0ZmE2NWVhNWYwODI0ODViMDA0YjQ3ZDp7Il9hdXRoX3VzZXJfaWQiOiIxIiwiX2F1dGhfdXNlcl9iYWNrZW5kIjoiZGphbmdvLmNvbnRyaWIuYXV0aC5iYWNrZW5kcy5Nb2RlbEJhY2tlbmQiLCJfYXV0aF91c2VyX2hhc2giOiJmZmVjZTdjZTJjMDRkN2U0OTNjNWUxNWMyMmJiMTU4ZDQ4MDE0MDVkIn0=	2021-09-02 10:16:28.261+00
inp6py9q6c0ak3sq8eizpd79r5qenc52	ZTkwZGI5YzQyNDY5NGIzMGE0ZmE2NWVhNWYwODI0ODViMDA0YjQ3ZDp7Il9hdXRoX3VzZXJfaWQiOiIxIiwiX2F1dGhfdXNlcl9iYWNrZW5kIjoiZGphbmdvLmNvbnRyaWIuYXV0aC5iYWNrZW5kcy5Nb2RlbEJhY2tlbmQiLCJfYXV0aF91c2VyX2hhc2giOiJmZmVjZTdjZTJjMDRkN2U0OTNjNWUxNWMyMmJiMTU4ZDQ4MDE0MDVkIn0=	2021-08-22 05:33:46.116+00
ir4hzz8m94q8odra88vtmusxien6m1ts	ZTkwZGI5YzQyNDY5NGIzMGE0ZmE2NWVhNWYwODI0ODViMDA0YjQ3ZDp7Il9hdXRoX3VzZXJfaWQiOiIxIiwiX2F1dGhfdXNlcl9iYWNrZW5kIjoiZGphbmdvLmNvbnRyaWIuYXV0aC5iYWNrZW5kcy5Nb2RlbEJhY2tlbmQiLCJfYXV0aF91c2VyX2hhc2giOiJmZmVjZTdjZTJjMDRkN2U0OTNjNWUxNWMyMmJiMTU4ZDQ4MDE0MDVkIn0=	2021-09-04 12:12:11.161+00
k3yatqs19eot5kqhbkoub3r52g5z4ap9	ZTkwZGI5YzQyNDY5NGIzMGE0ZmE2NWVhNWYwODI0ODViMDA0YjQ3ZDp7Il9hdXRoX3VzZXJfaWQiOiIxIiwiX2F1dGhfdXNlcl9iYWNrZW5kIjoiZGphbmdvLmNvbnRyaWIuYXV0aC5iYWNrZW5kcy5Nb2RlbEJhY2tlbmQiLCJfYXV0aF91c2VyX2hhc2giOiJmZmVjZTdjZTJjMDRkN2U0OTNjNWUxNWMyMmJiMTU4ZDQ4MDE0MDVkIn0=	2021-08-21 11:07:56.448+00
n1xvqali0pm4wg638igztbpdauu808of	ZTkwZGI5YzQyNDY5NGIzMGE0ZmE2NWVhNWYwODI0ODViMDA0YjQ3ZDp7Il9hdXRoX3VzZXJfaWQiOiIxIiwiX2F1dGhfdXNlcl9iYWNrZW5kIjoiZGphbmdvLmNvbnRyaWIuYXV0aC5iYWNrZW5kcy5Nb2RlbEJhY2tlbmQiLCJfYXV0aF91c2VyX2hhc2giOiJmZmVjZTdjZTJjMDRkN2U0OTNjNWUxNWMyMmJiMTU4ZDQ4MDE0MDVkIn0=	2021-08-21 10:03:47.356+00
obp9tr8n1h52vcji900amhpa8m6x6bga	ZTkwZGI5YzQyNDY5NGIzMGE0ZmE2NWVhNWYwODI0ODViMDA0YjQ3ZDp7Il9hdXRoX3VzZXJfaWQiOiIxIiwiX2F1dGhfdXNlcl9iYWNrZW5kIjoiZGphbmdvLmNvbnRyaWIuYXV0aC5iYWNrZW5kcy5Nb2RlbEJhY2tlbmQiLCJfYXV0aF91c2VyX2hhc2giOiJmZmVjZTdjZTJjMDRkN2U0OTNjNWUxNWMyMmJiMTU4ZDQ4MDE0MDVkIn0=	2021-08-21 11:42:15.901+00
ppxrztgzuadn8y95geq5647j83y64zwt	ZTkwZGI5YzQyNDY5NGIzMGE0ZmE2NWVhNWYwODI0ODViMDA0YjQ3ZDp7Il9hdXRoX3VzZXJfaWQiOiIxIiwiX2F1dGhfdXNlcl9iYWNrZW5kIjoiZGphbmdvLmNvbnRyaWIuYXV0aC5iYWNrZW5kcy5Nb2RlbEJhY2tlbmQiLCJfYXV0aF91c2VyX2hhc2giOiJmZmVjZTdjZTJjMDRkN2U0OTNjNWUxNWMyMmJiMTU4ZDQ4MDE0MDVkIn0=	2021-08-21 10:49:39.078+00
s0n6y10v3lpymka8r3lbalo0nw3g80fx	ZTkwZGI5YzQyNDY5NGIzMGE0ZmE2NWVhNWYwODI0ODViMDA0YjQ3ZDp7Il9hdXRoX3VzZXJfaWQiOiIxIiwiX2F1dGhfdXNlcl9iYWNrZW5kIjoiZGphbmdvLmNvbnRyaWIuYXV0aC5iYWNrZW5kcy5Nb2RlbEJhY2tlbmQiLCJfYXV0aF91c2VyX2hhc2giOiJmZmVjZTdjZTJjMDRkN2U0OTNjNWUxNWMyMmJiMTU4ZDQ4MDE0MDVkIn0=	2021-09-10 04:41:55.293+00
saoxg2ud1k33ikmitzl018yrj2dfr9w3	N2UwYzY3ZGE4YjczZmNjMDVmZWI5MmMwNjBmODBjZWE1OWZjYmYwZDp7Il9hdXRoX3VzZXJfaWQiOiIyIiwiX2F1dGhfdXNlcl9iYWNrZW5kIjoiZGphbmdvLmNvbnRyaWIuYXV0aC5iYWNrZW5kcy5Nb2RlbEJhY2tlbmQiLCJfYXV0aF91c2VyX2hhc2giOiIxNzAzMGM5MWFmMjgzMjYwNTVkMzc2MDFjMDgyNGMzNTkyNzk5ODBjIn0=	2021-09-15 15:49:45.767+00
ufdjf8rbstkpk4k3rykeqps98agy21v4	ZTkwZGI5YzQyNDY5NGIzMGE0ZmE2NWVhNWYwODI0ODViMDA0YjQ3ZDp7Il9hdXRoX3VzZXJfaWQiOiIxIiwiX2F1dGhfdXNlcl9iYWNrZW5kIjoiZGphbmdvLmNvbnRyaWIuYXV0aC5iYWNrZW5kcy5Nb2RlbEJhY2tlbmQiLCJfYXV0aF91c2VyX2hhc2giOiJmZmVjZTdjZTJjMDRkN2U0OTNjNWUxNWMyMmJiMTU4ZDQ4MDE0MDVkIn0=	2021-08-27 12:47:34.297+00
v5jx9dido35heyqjk9c7lpnzdwxh76el	OTFlMTNiNjIzNjBmOTc0NWQ3YTU4MjMyZDg1NzAxMWQ0N2M0NjBjNDp7Il9hdXRoX3VzZXJfaWQiOiIxIiwiX2F1dGhfdXNlcl9iYWNrZW5kIjoiZGphbmdvLmNvbnRyaWIuYXV0aC5iYWNrZW5kcy5Nb2RlbEJhY2tlbmQiLCJfYXV0aF91c2VyX2hhc2giOiI1NGEzMWYzM2Q3ZDFmMTMxYmE3NDNlYjE4YmJiZDI1NTY3YzA2MWYyIn0=	2021-08-12 07:37:07.859+00
vo63exl5i7elad5wspqz1ovg6ccxn1nk	ZTkwZGI5YzQyNDY5NGIzMGE0ZmE2NWVhNWYwODI0ODViMDA0YjQ3ZDp7Il9hdXRoX3VzZXJfaWQiOiIxIiwiX2F1dGhfdXNlcl9iYWNrZW5kIjoiZGphbmdvLmNvbnRyaWIuYXV0aC5iYWNrZW5kcy5Nb2RlbEJhY2tlbmQiLCJfYXV0aF91c2VyX2hhc2giOiJmZmVjZTdjZTJjMDRkN2U0OTNjNWUxNWMyMmJiMTU4ZDQ4MDE0MDVkIn0=	2021-09-03 19:32:58.005+00
vqb89e57zwt4apkhu61t4wl42iqlpx3m	ZTkwZGI5YzQyNDY5NGIzMGE0ZmE2NWVhNWYwODI0ODViMDA0YjQ3ZDp7Il9hdXRoX3VzZXJfaWQiOiIxIiwiX2F1dGhfdXNlcl9iYWNrZW5kIjoiZGphbmdvLmNvbnRyaWIuYXV0aC5iYWNrZW5kcy5Nb2RlbEJhY2tlbmQiLCJfYXV0aF91c2VyX2hhc2giOiJmZmVjZTdjZTJjMDRkN2U0OTNjNWUxNWMyMmJiMTU4ZDQ4MDE0MDVkIn0=	2021-09-10 09:12:53.601+00
xnevr46pnjorvoktekhi4ylovfxa0721	ZTkwZGI5YzQyNDY5NGIzMGE0ZmE2NWVhNWYwODI0ODViMDA0YjQ3ZDp7Il9hdXRoX3VzZXJfaWQiOiIxIiwiX2F1dGhfdXNlcl9iYWNrZW5kIjoiZGphbmdvLmNvbnRyaWIuYXV0aC5iYWNrZW5kcy5Nb2RlbEJhY2tlbmQiLCJfYXV0aF91c2VyX2hhc2giOiJmZmVjZTdjZTJjMDRkN2U0OTNjNWUxNWMyMmJiMTU4ZDQ4MDE0MDVkIn0=	2021-09-09 19:25:01.437+00
xsjl6mvtwvfsamapyfg7qej36p9vkv7q	OTFlMTNiNjIzNjBmOTc0NWQ3YTU4MjMyZDg1NzAxMWQ0N2M0NjBjNDp7Il9hdXRoX3VzZXJfaWQiOiIxIiwiX2F1dGhfdXNlcl9iYWNrZW5kIjoiZGphbmdvLmNvbnRyaWIuYXV0aC5iYWNrZW5kcy5Nb2RlbEJhY2tlbmQiLCJfYXV0aF91c2VyX2hhc2giOiI1NGEzMWYzM2Q3ZDFmMTMxYmE3NDNlYjE4YmJiZDI1NTY3YzA2MWYyIn0=	2021-08-20 09:47:16.675+00
yqoi2r3mak4xghjgw32vyoyhovmmy5ur	ZTkwZGI5YzQyNDY5NGIzMGE0ZmE2NWVhNWYwODI0ODViMDA0YjQ3ZDp7Il9hdXRoX3VzZXJfaWQiOiIxIiwiX2F1dGhfdXNlcl9iYWNrZW5kIjoiZGphbmdvLmNvbnRyaWIuYXV0aC5iYWNrZW5kcy5Nb2RlbEJhY2tlbmQiLCJfYXV0aF91c2VyX2hhc2giOiJmZmVjZTdjZTJjMDRkN2U0OTNjNWUxNWMyMmJiMTU4ZDQ4MDE0MDVkIn0=	2021-09-15 20:14:50.617+00
kfmsdzd9y7ph1jowrnidt8czqw58fkxz	N2UwYzY3ZGE4YjczZmNjMDVmZWI5MmMwNjBmODBjZWE1OWZjYmYwZDp7Il9hdXRoX3VzZXJfaWQiOiIyIiwiX2F1dGhfdXNlcl9iYWNrZW5kIjoiZGphbmdvLmNvbnRyaWIuYXV0aC5iYWNrZW5kcy5Nb2RlbEJhY2tlbmQiLCJfYXV0aF91c2VyX2hhc2giOiIxNzAzMGM5MWFmMjgzMjYwNTVkMzc2MDFjMDgyNGMzNTkyNzk5ODBjIn0=	2021-09-17 07:31:43.183921+00
v3ln0xc92na6t9nnwr8uz2e0am1d7uw1	ODUyMDhmNjEyZGQ2MzI0MGJmYWI1MDA5YWQ4YWZhYTgyNDIyYmM0ZTp7Il9hdXRoX3VzZXJfaWQiOiIxIiwiX2F1dGhfdXNlcl9iYWNrZW5kIjoiZGphbmdvLmNvbnRyaWIuYXV0aC5iYWNrZW5kcy5Nb2RlbEJhY2tlbmQiLCJfYXV0aF91c2VyX2hhc2giOiIyODYwMmI1ZDBiYjhhOTkyOTE4NzU0M2I4NmI0YjViMmY5ZjU2MGFkIn0=	2021-09-17 07:32:37.526478+00
xuj7sacf3o0s5soz49otx4s1v9075c05	MDVlY2QxOTY4ODM1ZTA1NmU5NmVjYjY0ZjQxMzg3NzI5ZWJhZDlhODp7Il9hdXRoX3VzZXJfaWQiOiIzIiwiX2F1dGhfdXNlcl9iYWNrZW5kIjoiZGphbmdvLmNvbnRyaWIuYXV0aC5iYWNrZW5kcy5Nb2RlbEJhY2tlbmQiLCJfYXV0aF91c2VyX2hhc2giOiJiY2ZhNWRlYjhiZjMzYWNjMTIzY2IwMGU5NzQ5ZjA3Y2RkMmRhOWRiIn0=	2021-09-17 07:41:37.524048+00
1qfxsea4xl93cmr4xt77f2pkczfabrh7	MDVlY2QxOTY4ODM1ZTA1NmU5NmVjYjY0ZjQxMzg3NzI5ZWJhZDlhODp7Il9hdXRoX3VzZXJfaWQiOiIzIiwiX2F1dGhfdXNlcl9iYWNrZW5kIjoiZGphbmdvLmNvbnRyaWIuYXV0aC5iYWNrZW5kcy5Nb2RlbEJhY2tlbmQiLCJfYXV0aF91c2VyX2hhc2giOiJiY2ZhNWRlYjhiZjMzYWNjMTIzY2IwMGU5NzQ5ZjA3Y2RkMmRhOWRiIn0=	2021-09-17 09:31:40.905137+00
ujkwzz4c0ankjwx3uml6uwjxqbagbhpz	MDVlY2QxOTY4ODM1ZTA1NmU5NmVjYjY0ZjQxMzg3NzI5ZWJhZDlhODp7Il9hdXRoX3VzZXJfaWQiOiIzIiwiX2F1dGhfdXNlcl9iYWNrZW5kIjoiZGphbmdvLmNvbnRyaWIuYXV0aC5iYWNrZW5kcy5Nb2RlbEJhY2tlbmQiLCJfYXV0aF91c2VyX2hhc2giOiJiY2ZhNWRlYjhiZjMzYWNjMTIzY2IwMGU5NzQ5ZjA3Y2RkMmRhOWRiIn0=	2021-09-17 10:41:23.291163+00
gsl9gbt87k5avj0n0spe6shr11kd3v99	MDVlY2QxOTY4ODM1ZTA1NmU5NmVjYjY0ZjQxMzg3NzI5ZWJhZDlhODp7Il9hdXRoX3VzZXJfaWQiOiIzIiwiX2F1dGhfdXNlcl9iYWNrZW5kIjoiZGphbmdvLmNvbnRyaWIuYXV0aC5iYWNrZW5kcy5Nb2RlbEJhY2tlbmQiLCJfYXV0aF91c2VyX2hhc2giOiJiY2ZhNWRlYjhiZjMzYWNjMTIzY2IwMGU5NzQ5ZjA3Y2RkMmRhOWRiIn0=	2021-09-17 11:26:57.076021+00
zpc4j9sp41fxi59wh3otepd75sjsb9hk	N2UwYzY3ZGE4YjczZmNjMDVmZWI5MmMwNjBmODBjZWE1OWZjYmYwZDp7Il9hdXRoX3VzZXJfaWQiOiIyIiwiX2F1dGhfdXNlcl9iYWNrZW5kIjoiZGphbmdvLmNvbnRyaWIuYXV0aC5iYWNrZW5kcy5Nb2RlbEJhY2tlbmQiLCJfYXV0aF91c2VyX2hhc2giOiIxNzAzMGM5MWFmMjgzMjYwNTVkMzc2MDFjMDgyNGMzNTkyNzk5ODBjIn0=	2021-09-17 15:48:36.787798+00
qk6qix8qdnnmbjw8k468uavfylgs0wx7	MDVlY2QxOTY4ODM1ZTA1NmU5NmVjYjY0ZjQxMzg3NzI5ZWJhZDlhODp7Il9hdXRoX3VzZXJfaWQiOiIzIiwiX2F1dGhfdXNlcl9iYWNrZW5kIjoiZGphbmdvLmNvbnRyaWIuYXV0aC5iYWNrZW5kcy5Nb2RlbEJhY2tlbmQiLCJfYXV0aF91c2VyX2hhc2giOiJiY2ZhNWRlYjhiZjMzYWNjMTIzY2IwMGU5NzQ5ZjA3Y2RkMmRhOWRiIn0=	2021-09-22 06:50:52.149082+00
9svq8qori2plzp5e7sduiy4t75pvf3up	MDVlY2QxOTY4ODM1ZTA1NmU5NmVjYjY0ZjQxMzg3NzI5ZWJhZDlhODp7Il9hdXRoX3VzZXJfaWQiOiIzIiwiX2F1dGhfdXNlcl9iYWNrZW5kIjoiZGphbmdvLmNvbnRyaWIuYXV0aC5iYWNrZW5kcy5Nb2RlbEJhY2tlbmQiLCJfYXV0aF91c2VyX2hhc2giOiJiY2ZhNWRlYjhiZjMzYWNjMTIzY2IwMGU5NzQ5ZjA3Y2RkMmRhOWRiIn0=	2021-09-22 07:21:20.537941+00
c9p2lgm075rsns1rs7moxhywm1n4i6hm	MDVlY2QxOTY4ODM1ZTA1NmU5NmVjYjY0ZjQxMzg3NzI5ZWJhZDlhODp7Il9hdXRoX3VzZXJfaWQiOiIzIiwiX2F1dGhfdXNlcl9iYWNrZW5kIjoiZGphbmdvLmNvbnRyaWIuYXV0aC5iYWNrZW5kcy5Nb2RlbEJhY2tlbmQiLCJfYXV0aF91c2VyX2hhc2giOiJiY2ZhNWRlYjhiZjMzYWNjMTIzY2IwMGU5NzQ5ZjA3Y2RkMmRhOWRiIn0=	2021-09-22 12:28:28.613667+00
fboevffzyv3ktdfjo3uwj8wa7u6gclmq	N2UwYzY3ZGE4YjczZmNjMDVmZWI5MmMwNjBmODBjZWE1OWZjYmYwZDp7Il9hdXRoX3VzZXJfaWQiOiIyIiwiX2F1dGhfdXNlcl9iYWNrZW5kIjoiZGphbmdvLmNvbnRyaWIuYXV0aC5iYWNrZW5kcy5Nb2RlbEJhY2tlbmQiLCJfYXV0aF91c2VyX2hhc2giOiIxNzAzMGM5MWFmMjgzMjYwNTVkMzc2MDFjMDgyNGMzNTkyNzk5ODBjIn0=	2021-09-22 16:43:48.658638+00
batp9j5uvwxbcuo5q3ywm9f9g5yj0ybp	MDVlY2QxOTY4ODM1ZTA1NmU5NmVjYjY0ZjQxMzg3NzI5ZWJhZDlhODp7Il9hdXRoX3VzZXJfaWQiOiIzIiwiX2F1dGhfdXNlcl9iYWNrZW5kIjoiZGphbmdvLmNvbnRyaWIuYXV0aC5iYWNrZW5kcy5Nb2RlbEJhY2tlbmQiLCJfYXV0aF91c2VyX2hhc2giOiJiY2ZhNWRlYjhiZjMzYWNjMTIzY2IwMGU5NzQ5ZjA3Y2RkMmRhOWRiIn0=	2021-09-23 04:39:46.95642+00
ghvz0u6kvv8cvs2z1enn2bfrw2u4ztkg	MDVlY2QxOTY4ODM1ZTA1NmU5NmVjYjY0ZjQxMzg3NzI5ZWJhZDlhODp7Il9hdXRoX3VzZXJfaWQiOiIzIiwiX2F1dGhfdXNlcl9iYWNrZW5kIjoiZGphbmdvLmNvbnRyaWIuYXV0aC5iYWNrZW5kcy5Nb2RlbEJhY2tlbmQiLCJfYXV0aF91c2VyX2hhc2giOiJiY2ZhNWRlYjhiZjMzYWNjMTIzY2IwMGU5NzQ5ZjA3Y2RkMmRhOWRiIn0=	2021-09-23 11:18:26.351782+00
hidqtew311dps79r2lagacoh10zlh0l6	MDVlY2QxOTY4ODM1ZTA1NmU5NmVjYjY0ZjQxMzg3NzI5ZWJhZDlhODp7Il9hdXRoX3VzZXJfaWQiOiIzIiwiX2F1dGhfdXNlcl9iYWNrZW5kIjoiZGphbmdvLmNvbnRyaWIuYXV0aC5iYWNrZW5kcy5Nb2RlbEJhY2tlbmQiLCJfYXV0aF91c2VyX2hhc2giOiJiY2ZhNWRlYjhiZjMzYWNjMTIzY2IwMGU5NzQ5ZjA3Y2RkMmRhOWRiIn0=	2021-09-23 17:00:52.655117+00
caw0x4m5ljvhs2eqtgbaryl0i8ow6kei	MDVlY2QxOTY4ODM1ZTA1NmU5NmVjYjY0ZjQxMzg3NzI5ZWJhZDlhODp7Il9hdXRoX3VzZXJfaWQiOiIzIiwiX2F1dGhfdXNlcl9iYWNrZW5kIjoiZGphbmdvLmNvbnRyaWIuYXV0aC5iYWNrZW5kcy5Nb2RlbEJhY2tlbmQiLCJfYXV0aF91c2VyX2hhc2giOiJiY2ZhNWRlYjhiZjMzYWNjMTIzY2IwMGU5NzQ5ZjA3Y2RkMmRhOWRiIn0=	2021-09-25 04:39:46.144083+00
6f4m206fw4dpo1hjtrbqsswwen1to608	MDVlY2QxOTY4ODM1ZTA1NmU5NmVjYjY0ZjQxMzg3NzI5ZWJhZDlhODp7Il9hdXRoX3VzZXJfaWQiOiIzIiwiX2F1dGhfdXNlcl9iYWNrZW5kIjoiZGphbmdvLmNvbnRyaWIuYXV0aC5iYWNrZW5kcy5Nb2RlbEJhY2tlbmQiLCJfYXV0aF91c2VyX2hhc2giOiJiY2ZhNWRlYjhiZjMzYWNjMTIzY2IwMGU5NzQ5ZjA3Y2RkMmRhOWRiIn0=	2021-09-26 04:33:51.232441+00
xxygq70olpdpnhfvyzvdq8opui1juvc3	MDVlY2QxOTY4ODM1ZTA1NmU5NmVjYjY0ZjQxMzg3NzI5ZWJhZDlhODp7Il9hdXRoX3VzZXJfaWQiOiIzIiwiX2F1dGhfdXNlcl9iYWNrZW5kIjoiZGphbmdvLmNvbnRyaWIuYXV0aC5iYWNrZW5kcy5Nb2RlbEJhY2tlbmQiLCJfYXV0aF91c2VyX2hhc2giOiJiY2ZhNWRlYjhiZjMzYWNjMTIzY2IwMGU5NzQ5ZjA3Y2RkMmRhOWRiIn0=	2021-10-03 10:56:41.024144+00
z2b4l7qkck932d3jutbk3ra8an0v1z55	MDVlY2QxOTY4ODM1ZTA1NmU5NmVjYjY0ZjQxMzg3NzI5ZWJhZDlhODp7Il9hdXRoX3VzZXJfaWQiOiIzIiwiX2F1dGhfdXNlcl9iYWNrZW5kIjoiZGphbmdvLmNvbnRyaWIuYXV0aC5iYWNrZW5kcy5Nb2RlbEJhY2tlbmQiLCJfYXV0aF91c2VyX2hhc2giOiJiY2ZhNWRlYjhiZjMzYWNjMTIzY2IwMGU5NzQ5ZjA3Y2RkMmRhOWRiIn0=	2021-10-08 06:27:06.785265+00
tri2lb8iq69f7q2eho1xa8xwvfiprm0b	MDVlY2QxOTY4ODM1ZTA1NmU5NmVjYjY0ZjQxMzg3NzI5ZWJhZDlhODp7Il9hdXRoX3VzZXJfaWQiOiIzIiwiX2F1dGhfdXNlcl9iYWNrZW5kIjoiZGphbmdvLmNvbnRyaWIuYXV0aC5iYWNrZW5kcy5Nb2RlbEJhY2tlbmQiLCJfYXV0aF91c2VyX2hhc2giOiJiY2ZhNWRlYjhiZjMzYWNjMTIzY2IwMGU5NzQ5ZjA3Y2RkMmRhOWRiIn0=	2021-11-17 07:39:54.927885+00
kn976x35f6elrycdh8ki3lsojrhbkiql	MDVlY2QxOTY4ODM1ZTA1NmU5NmVjYjY0ZjQxMzg3NzI5ZWJhZDlhODp7Il9hdXRoX3VzZXJfaWQiOiIzIiwiX2F1dGhfdXNlcl9iYWNrZW5kIjoiZGphbmdvLmNvbnRyaWIuYXV0aC5iYWNrZW5kcy5Nb2RlbEJhY2tlbmQiLCJfYXV0aF91c2VyX2hhc2giOiJiY2ZhNWRlYjhiZjMzYWNjMTIzY2IwMGU5NzQ5ZjA3Y2RkMmRhOWRiIn0=	2021-11-20 06:24:20.394704+00
859rrx02vku5xf3kfnsrot2b3oxghfxe	MDVlY2QxOTY4ODM1ZTA1NmU5NmVjYjY0ZjQxMzg3NzI5ZWJhZDlhODp7Il9hdXRoX3VzZXJfaWQiOiIzIiwiX2F1dGhfdXNlcl9iYWNrZW5kIjoiZGphbmdvLmNvbnRyaWIuYXV0aC5iYWNrZW5kcy5Nb2RlbEJhY2tlbmQiLCJfYXV0aF91c2VyX2hhc2giOiJiY2ZhNWRlYjhiZjMzYWNjMTIzY2IwMGU5NzQ5ZjA3Y2RkMmRhOWRiIn0=	2021-11-20 08:50:45.016194+00
s98gk5s8vregke4zuvadftqe7js6b50g	MDVlY2QxOTY4ODM1ZTA1NmU5NmVjYjY0ZjQxMzg3NzI5ZWJhZDlhODp7Il9hdXRoX3VzZXJfaWQiOiIzIiwiX2F1dGhfdXNlcl9iYWNrZW5kIjoiZGphbmdvLmNvbnRyaWIuYXV0aC5iYWNrZW5kcy5Nb2RlbEJhY2tlbmQiLCJfYXV0aF91c2VyX2hhc2giOiJiY2ZhNWRlYjhiZjMzYWNjMTIzY2IwMGU5NzQ5ZjA3Y2RkMmRhOWRiIn0=	2021-11-21 06:19:09.758099+00
j710ukw1rb7h53my8vgfoxnu7odvsw13	MDVlY2QxOTY4ODM1ZTA1NmU5NmVjYjY0ZjQxMzg3NzI5ZWJhZDlhODp7Il9hdXRoX3VzZXJfaWQiOiIzIiwiX2F1dGhfdXNlcl9iYWNrZW5kIjoiZGphbmdvLmNvbnRyaWIuYXV0aC5iYWNrZW5kcy5Nb2RlbEJhY2tlbmQiLCJfYXV0aF91c2VyX2hhc2giOiJiY2ZhNWRlYjhiZjMzYWNjMTIzY2IwMGU5NzQ5ZjA3Y2RkMmRhOWRiIn0=	2021-11-24 06:58:16.259619+00
345z8ejz84u2rfpes8wdvl8gsa087ta1	MDVlY2QxOTY4ODM1ZTA1NmU5NmVjYjY0ZjQxMzg3NzI5ZWJhZDlhODp7Il9hdXRoX3VzZXJfaWQiOiIzIiwiX2F1dGhfdXNlcl9iYWNrZW5kIjoiZGphbmdvLmNvbnRyaWIuYXV0aC5iYWNrZW5kcy5Nb2RlbEJhY2tlbmQiLCJfYXV0aF91c2VyX2hhc2giOiJiY2ZhNWRlYjhiZjMzYWNjMTIzY2IwMGU5NzQ5ZjA3Y2RkMmRhOWRiIn0=	2021-12-09 08:33:02.593773+00
9hlymbj9ef9j0qh2014fxqys4g6mo7pp	MDVlY2QxOTY4ODM1ZTA1NmU5NmVjYjY0ZjQxMzg3NzI5ZWJhZDlhODp7Il9hdXRoX3VzZXJfaWQiOiIzIiwiX2F1dGhfdXNlcl9iYWNrZW5kIjoiZGphbmdvLmNvbnRyaWIuYXV0aC5iYWNrZW5kcy5Nb2RlbEJhY2tlbmQiLCJfYXV0aF91c2VyX2hhc2giOiJiY2ZhNWRlYjhiZjMzYWNjMTIzY2IwMGU5NzQ5ZjA3Y2RkMmRhOWRiIn0=	2022-01-08 12:27:08.936505+00
6q6bxtvjxyb6ifflws7rqeu6qivqfh0s	MDVlY2QxOTY4ODM1ZTA1NmU5NmVjYjY0ZjQxMzg3NzI5ZWJhZDlhODp7Il9hdXRoX3VzZXJfaWQiOiIzIiwiX2F1dGhfdXNlcl9iYWNrZW5kIjoiZGphbmdvLmNvbnRyaWIuYXV0aC5iYWNrZW5kcy5Nb2RlbEJhY2tlbmQiLCJfYXV0aF91c2VyX2hhc2giOiJiY2ZhNWRlYjhiZjMzYWNjMTIzY2IwMGU5NzQ5ZjA3Y2RkMmRhOWRiIn0=	2022-02-11 09:02:06.521566+00
grd3ac6i15jvynsim3fcpzsfgpc3b69n	MDVlY2QxOTY4ODM1ZTA1NmU5NmVjYjY0ZjQxMzg3NzI5ZWJhZDlhODp7Il9hdXRoX3VzZXJfaWQiOiIzIiwiX2F1dGhfdXNlcl9iYWNrZW5kIjoiZGphbmdvLmNvbnRyaWIuYXV0aC5iYWNrZW5kcy5Nb2RlbEJhY2tlbmQiLCJfYXV0aF91c2VyX2hhc2giOiJiY2ZhNWRlYjhiZjMzYWNjMTIzY2IwMGU5NzQ5ZjA3Y2RkMmRhOWRiIn0=	2022-02-19 10:46:29.385398+00
zoknmy0b3uj5z06uopomy34qriy7leok	MDVlY2QxOTY4ODM1ZTA1NmU5NmVjYjY0ZjQxMzg3NzI5ZWJhZDlhODp7Il9hdXRoX3VzZXJfaWQiOiIzIiwiX2F1dGhfdXNlcl9iYWNrZW5kIjoiZGphbmdvLmNvbnRyaWIuYXV0aC5iYWNrZW5kcy5Nb2RlbEJhY2tlbmQiLCJfYXV0aF91c2VyX2hhc2giOiJiY2ZhNWRlYjhiZjMzYWNjMTIzY2IwMGU5NzQ5ZjA3Y2RkMmRhOWRiIn0=	2022-03-06 08:21:02.404768+00
16splltnsq3ug8qd3c7w08gqj1qzx3n8	ODUyMDhmNjEyZGQ2MzI0MGJmYWI1MDA5YWQ4YWZhYTgyNDIyYmM0ZTp7Il9hdXRoX3VzZXJfaWQiOiIxIiwiX2F1dGhfdXNlcl9iYWNrZW5kIjoiZGphbmdvLmNvbnRyaWIuYXV0aC5iYWNrZW5kcy5Nb2RlbEJhY2tlbmQiLCJfYXV0aF91c2VyX2hhc2giOiIyODYwMmI1ZDBiYjhhOTkyOTE4NzU0M2I4NmI0YjViMmY5ZjU2MGFkIn0=	2022-03-19 08:24:55.926994+00
8ofl67ck2li1bj010jzmqgsjby1erdjw	MDVlY2QxOTY4ODM1ZTA1NmU5NmVjYjY0ZjQxMzg3NzI5ZWJhZDlhODp7Il9hdXRoX3VzZXJfaWQiOiIzIiwiX2F1dGhfdXNlcl9iYWNrZW5kIjoiZGphbmdvLmNvbnRyaWIuYXV0aC5iYWNrZW5kcy5Nb2RlbEJhY2tlbmQiLCJfYXV0aF91c2VyX2hhc2giOiJiY2ZhNWRlYjhiZjMzYWNjMTIzY2IwMGU5NzQ5ZjA3Y2RkMmRhOWRiIn0=	2022-03-26 13:54:13.09845+00
7kfmtwfnk6ril9w1rd7pwifove9x4ba9	MDVlY2QxOTY4ODM1ZTA1NmU5NmVjYjY0ZjQxMzg3NzI5ZWJhZDlhODp7Il9hdXRoX3VzZXJfaWQiOiIzIiwiX2F1dGhfdXNlcl9iYWNrZW5kIjoiZGphbmdvLmNvbnRyaWIuYXV0aC5iYWNrZW5kcy5Nb2RlbEJhY2tlbmQiLCJfYXV0aF91c2VyX2hhc2giOiJiY2ZhNWRlYjhiZjMzYWNjMTIzY2IwMGU5NzQ5ZjA3Y2RkMmRhOWRiIn0=	2022-04-03 06:29:59.890574+00
w368sng7cej8l4zutnfrud3uk3fpx1he	MDVlY2QxOTY4ODM1ZTA1NmU5NmVjYjY0ZjQxMzg3NzI5ZWJhZDlhODp7Il9hdXRoX3VzZXJfaWQiOiIzIiwiX2F1dGhfdXNlcl9iYWNrZW5kIjoiZGphbmdvLmNvbnRyaWIuYXV0aC5iYWNrZW5kcy5Nb2RlbEJhY2tlbmQiLCJfYXV0aF91c2VyX2hhc2giOiJiY2ZhNWRlYjhiZjMzYWNjMTIzY2IwMGU5NzQ5ZjA3Y2RkMmRhOWRiIn0=	2022-04-08 07:35:14.602145+00
p4cm6a40n5u0846ck1lqflchrxqhsu8i	MDVlY2QxOTY4ODM1ZTA1NmU5NmVjYjY0ZjQxMzg3NzI5ZWJhZDlhODp7Il9hdXRoX3VzZXJfaWQiOiIzIiwiX2F1dGhfdXNlcl9iYWNrZW5kIjoiZGphbmdvLmNvbnRyaWIuYXV0aC5iYWNrZW5kcy5Nb2RlbEJhY2tlbmQiLCJfYXV0aF91c2VyX2hhc2giOiJiY2ZhNWRlYjhiZjMzYWNjMTIzY2IwMGU5NzQ5ZjA3Y2RkMmRhOWRiIn0=	2022-05-11 04:36:10.67617+00
85x81jh40x463igvklq8w27jyh93u7md	MDVlY2QxOTY4ODM1ZTA1NmU5NmVjYjY0ZjQxMzg3NzI5ZWJhZDlhODp7Il9hdXRoX3VzZXJfaWQiOiIzIiwiX2F1dGhfdXNlcl9iYWNrZW5kIjoiZGphbmdvLmNvbnRyaWIuYXV0aC5iYWNrZW5kcy5Nb2RlbEJhY2tlbmQiLCJfYXV0aF91c2VyX2hhc2giOiJiY2ZhNWRlYjhiZjMzYWNjMTIzY2IwMGU5NzQ5ZjA3Y2RkMmRhOWRiIn0=	2022-05-11 05:18:03.823539+00
wkdlxd4yw5ow4qm6j21y0hkp6bqhyzh7	MDVlY2QxOTY4ODM1ZTA1NmU5NmVjYjY0ZjQxMzg3NzI5ZWJhZDlhODp7Il9hdXRoX3VzZXJfaWQiOiIzIiwiX2F1dGhfdXNlcl9iYWNrZW5kIjoiZGphbmdvLmNvbnRyaWIuYXV0aC5iYWNrZW5kcy5Nb2RlbEJhY2tlbmQiLCJfYXV0aF91c2VyX2hhc2giOiJiY2ZhNWRlYjhiZjMzYWNjMTIzY2IwMGU5NzQ5ZjA3Y2RkMmRhOWRiIn0=	2022-05-12 11:09:13.240722+00
quxb6a1oyfatuc9v4hs2t6x12hkmmxaw	MDVlY2QxOTY4ODM1ZTA1NmU5NmVjYjY0ZjQxMzg3NzI5ZWJhZDlhODp7Il9hdXRoX3VzZXJfaWQiOiIzIiwiX2F1dGhfdXNlcl9iYWNrZW5kIjoiZGphbmdvLmNvbnRyaWIuYXV0aC5iYWNrZW5kcy5Nb2RlbEJhY2tlbmQiLCJfYXV0aF91c2VyX2hhc2giOiJiY2ZhNWRlYjhiZjMzYWNjMTIzY2IwMGU5NzQ5ZjA3Y2RkMmRhOWRiIn0=	2022-06-04 09:27:56.87623+00
23416t8vc9xurmh3orn8wzjepzds58ye	MDVlY2QxOTY4ODM1ZTA1NmU5NmVjYjY0ZjQxMzg3NzI5ZWJhZDlhODp7Il9hdXRoX3VzZXJfaWQiOiIzIiwiX2F1dGhfdXNlcl9iYWNrZW5kIjoiZGphbmdvLmNvbnRyaWIuYXV0aC5iYWNrZW5kcy5Nb2RlbEJhY2tlbmQiLCJfYXV0aF91c2VyX2hhc2giOiJiY2ZhNWRlYjhiZjMzYWNjMTIzY2IwMGU5NzQ5ZjA3Y2RkMmRhOWRiIn0=	2022-06-04 09:58:35.127808+00
631o0jvv45o96ny8i6sqoc3sk5lrkpb2	MDVlY2QxOTY4ODM1ZTA1NmU5NmVjYjY0ZjQxMzg3NzI5ZWJhZDlhODp7Il9hdXRoX3VzZXJfaWQiOiIzIiwiX2F1dGhfdXNlcl9iYWNrZW5kIjoiZGphbmdvLmNvbnRyaWIuYXV0aC5iYWNrZW5kcy5Nb2RlbEJhY2tlbmQiLCJfYXV0aF91c2VyX2hhc2giOiJiY2ZhNWRlYjhiZjMzYWNjMTIzY2IwMGU5NzQ5ZjA3Y2RkMmRhOWRiIn0=	2022-06-26 07:12:59.906444+00
70mbr9ncrguv6zvxo73cdurzmkv44w18	MDVlY2QxOTY4ODM1ZTA1NmU5NmVjYjY0ZjQxMzg3NzI5ZWJhZDlhODp7Il9hdXRoX3VzZXJfaWQiOiIzIiwiX2F1dGhfdXNlcl9iYWNrZW5kIjoiZGphbmdvLmNvbnRyaWIuYXV0aC5iYWNrZW5kcy5Nb2RlbEJhY2tlbmQiLCJfYXV0aF91c2VyX2hhc2giOiJiY2ZhNWRlYjhiZjMzYWNjMTIzY2IwMGU5NzQ5ZjA3Y2RkMmRhOWRiIn0=	2022-07-07 08:30:24.747935+00
cmwg6o8bg9qkbi83wvhuiw73h35sqa33	MDVlY2QxOTY4ODM1ZTA1NmU5NmVjYjY0ZjQxMzg3NzI5ZWJhZDlhODp7Il9hdXRoX3VzZXJfaWQiOiIzIiwiX2F1dGhfdXNlcl9iYWNrZW5kIjoiZGphbmdvLmNvbnRyaWIuYXV0aC5iYWNrZW5kcy5Nb2RlbEJhY2tlbmQiLCJfYXV0aF91c2VyX2hhc2giOiJiY2ZhNWRlYjhiZjMzYWNjMTIzY2IwMGU5NzQ5ZjA3Y2RkMmRhOWRiIn0=	2022-07-09 09:19:28.841862+00
w0uul1b1crnjq5pkfs1p9vo1fguvzr8r	MDVlY2QxOTY4ODM1ZTA1NmU5NmVjYjY0ZjQxMzg3NzI5ZWJhZDlhODp7Il9hdXRoX3VzZXJfaWQiOiIzIiwiX2F1dGhfdXNlcl9iYWNrZW5kIjoiZGphbmdvLmNvbnRyaWIuYXV0aC5iYWNrZW5kcy5Nb2RlbEJhY2tlbmQiLCJfYXV0aF91c2VyX2hhc2giOiJiY2ZhNWRlYjhiZjMzYWNjMTIzY2IwMGU5NzQ5ZjA3Y2RkMmRhOWRiIn0=	2022-07-16 05:39:32.930858+00
f4a1ejd8lggwhixryeeaipcp3p7up607	MDVlY2QxOTY4ODM1ZTA1NmU5NmVjYjY0ZjQxMzg3NzI5ZWJhZDlhODp7Il9hdXRoX3VzZXJfaWQiOiIzIiwiX2F1dGhfdXNlcl9iYWNrZW5kIjoiZGphbmdvLmNvbnRyaWIuYXV0aC5iYWNrZW5kcy5Nb2RlbEJhY2tlbmQiLCJfYXV0aF91c2VyX2hhc2giOiJiY2ZhNWRlYjhiZjMzYWNjMTIzY2IwMGU5NzQ5ZjA3Y2RkMmRhOWRiIn0=	2022-08-11 05:49:10.494001+00
5i34r0cbn0qqctlow6rsdvj9ovvkmee2	MDVlY2QxOTY4ODM1ZTA1NmU5NmVjYjY0ZjQxMzg3NzI5ZWJhZDlhODp7Il9hdXRoX3VzZXJfaWQiOiIzIiwiX2F1dGhfdXNlcl9iYWNrZW5kIjoiZGphbmdvLmNvbnRyaWIuYXV0aC5iYWNrZW5kcy5Nb2RlbEJhY2tlbmQiLCJfYXV0aF91c2VyX2hhc2giOiJiY2ZhNWRlYjhiZjMzYWNjMTIzY2IwMGU5NzQ5ZjA3Y2RkMmRhOWRiIn0=	2022-10-06 04:47:07.103954+00
7r52cxlz4w7j7r320tq2ey5ffs78s0bw	MDVlY2QxOTY4ODM1ZTA1NmU5NmVjYjY0ZjQxMzg3NzI5ZWJhZDlhODp7Il9hdXRoX3VzZXJfaWQiOiIzIiwiX2F1dGhfdXNlcl9iYWNrZW5kIjoiZGphbmdvLmNvbnRyaWIuYXV0aC5iYWNrZW5kcy5Nb2RlbEJhY2tlbmQiLCJfYXV0aF91c2VyX2hhc2giOiJiY2ZhNWRlYjhiZjMzYWNjMTIzY2IwMGU5NzQ5ZjA3Y2RkMmRhOWRiIn0=	2022-12-01 11:50:01.633126+00
nulsx9gg9nzium516kzmvkhbuw3zoc7i	MDVlY2QxOTY4ODM1ZTA1NmU5NmVjYjY0ZjQxMzg3NzI5ZWJhZDlhODp7Il9hdXRoX3VzZXJfaWQiOiIzIiwiX2F1dGhfdXNlcl9iYWNrZW5kIjoiZGphbmdvLmNvbnRyaWIuYXV0aC5iYWNrZW5kcy5Nb2RlbEJhY2tlbmQiLCJfYXV0aF91c2VyX2hhc2giOiJiY2ZhNWRlYjhiZjMzYWNjMTIzY2IwMGU5NzQ5ZjA3Y2RkMmRhOWRiIn0=	2023-01-15 08:28:01.208385+00
ity3wf2jrf6rt46r9haugx8833if8th7	MDVlY2QxOTY4ODM1ZTA1NmU5NmVjYjY0ZjQxMzg3NzI5ZWJhZDlhODp7Il9hdXRoX3VzZXJfaWQiOiIzIiwiX2F1dGhfdXNlcl9iYWNrZW5kIjoiZGphbmdvLmNvbnRyaWIuYXV0aC5iYWNrZW5kcy5Nb2RlbEJhY2tlbmQiLCJfYXV0aF91c2VyX2hhc2giOiJiY2ZhNWRlYjhiZjMzYWNjMTIzY2IwMGU5NzQ5ZjA3Y2RkMmRhOWRiIn0=	2023-01-15 11:48:20.166137+00
pixzjn2qzin64pcylu68w7k11e882eeb	ODUyMDhmNjEyZGQ2MzI0MGJmYWI1MDA5YWQ4YWZhYTgyNDIyYmM0ZTp7Il9hdXRoX3VzZXJfaWQiOiIxIiwiX2F1dGhfdXNlcl9iYWNrZW5kIjoiZGphbmdvLmNvbnRyaWIuYXV0aC5iYWNrZW5kcy5Nb2RlbEJhY2tlbmQiLCJfYXV0aF91c2VyX2hhc2giOiIyODYwMmI1ZDBiYjhhOTkyOTE4NzU0M2I4NmI0YjViMmY5ZjU2MGFkIn0=	2023-01-18 09:49:39.427303+00
gyzci8d8dpah8b20jssu3201945nkx22	ODUyMDhmNjEyZGQ2MzI0MGJmYWI1MDA5YWQ4YWZhYTgyNDIyYmM0ZTp7Il9hdXRoX3VzZXJfaWQiOiIxIiwiX2F1dGhfdXNlcl9iYWNrZW5kIjoiZGphbmdvLmNvbnRyaWIuYXV0aC5iYWNrZW5kcy5Nb2RlbEJhY2tlbmQiLCJfYXV0aF91c2VyX2hhc2giOiIyODYwMmI1ZDBiYjhhOTkyOTE4NzU0M2I4NmI0YjViMmY5ZjU2MGFkIn0=	2023-02-11 04:49:36.056689+00
6n53pknpb2mw49ejj3ryumrz7r2d4s4n	ODUyMDhmNjEyZGQ2MzI0MGJmYWI1MDA5YWQ4YWZhYTgyNDIyYmM0ZTp7Il9hdXRoX3VzZXJfaWQiOiIxIiwiX2F1dGhfdXNlcl9iYWNrZW5kIjoiZGphbmdvLmNvbnRyaWIuYXV0aC5iYWNrZW5kcy5Nb2RlbEJhY2tlbmQiLCJfYXV0aF91c2VyX2hhc2giOiIyODYwMmI1ZDBiYjhhOTkyOTE4NzU0M2I4NmI0YjViMmY5ZjU2MGFkIn0=	2023-07-06 22:33:05.121702+00
hxflo9p0oghqitjq9q8ter8qwldqay3x	ODUyMDhmNjEyZGQ2MzI0MGJmYWI1MDA5YWQ4YWZhYTgyNDIyYmM0ZTp7Il9hdXRoX3VzZXJfaWQiOiIxIiwiX2F1dGhfdXNlcl9iYWNrZW5kIjoiZGphbmdvLmNvbnRyaWIuYXV0aC5iYWNrZW5kcy5Nb2RlbEJhY2tlbmQiLCJfYXV0aF91c2VyX2hhc2giOiIyODYwMmI1ZDBiYjhhOTkyOTE4NzU0M2I4NmI0YjViMmY5ZjU2MGFkIn0=	2023-07-06 22:33:58.231045+00
si7fpiuvt1qen761wz2exiubqjjpw2th	ODUyMDhmNjEyZGQ2MzI0MGJmYWI1MDA5YWQ4YWZhYTgyNDIyYmM0ZTp7Il9hdXRoX3VzZXJfaWQiOiIxIiwiX2F1dGhfdXNlcl9iYWNrZW5kIjoiZGphbmdvLmNvbnRyaWIuYXV0aC5iYWNrZW5kcy5Nb2RlbEJhY2tlbmQiLCJfYXV0aF91c2VyX2hhc2giOiIyODYwMmI1ZDBiYjhhOTkyOTE4NzU0M2I4NmI0YjViMmY5ZjU2MGFkIn0=	2023-07-12 16:27:48.710192+00
sy0kvytayll7gskopc1t87wfp22ckbsk	ODUyMDhmNjEyZGQ2MzI0MGJmYWI1MDA5YWQ4YWZhYTgyNDIyYmM0ZTp7Il9hdXRoX3VzZXJfaWQiOiIxIiwiX2F1dGhfdXNlcl9iYWNrZW5kIjoiZGphbmdvLmNvbnRyaWIuYXV0aC5iYWNrZW5kcy5Nb2RlbEJhY2tlbmQiLCJfYXV0aF91c2VyX2hhc2giOiIyODYwMmI1ZDBiYjhhOTkyOTE4NzU0M2I4NmI0YjViMmY5ZjU2MGFkIn0=	2023-07-13 14:00:58.14255+00
aoeheitqw4lblhpr79086u245kgf9820	ODUyMDhmNjEyZGQ2MzI0MGJmYWI1MDA5YWQ4YWZhYTgyNDIyYmM0ZTp7Il9hdXRoX3VzZXJfaWQiOiIxIiwiX2F1dGhfdXNlcl9iYWNrZW5kIjoiZGphbmdvLmNvbnRyaWIuYXV0aC5iYWNrZW5kcy5Nb2RlbEJhY2tlbmQiLCJfYXV0aF91c2VyX2hhc2giOiIyODYwMmI1ZDBiYjhhOTkyOTE4NzU0M2I4NmI0YjViMmY5ZjU2MGFkIn0=	2023-07-15 16:27:58.211922+00
jambr0w4ofun5lthph09asxj38r51i94	ODUyMDhmNjEyZGQ2MzI0MGJmYWI1MDA5YWQ4YWZhYTgyNDIyYmM0ZTp7Il9hdXRoX3VzZXJfaWQiOiIxIiwiX2F1dGhfdXNlcl9iYWNrZW5kIjoiZGphbmdvLmNvbnRyaWIuYXV0aC5iYWNrZW5kcy5Nb2RlbEJhY2tlbmQiLCJfYXV0aF91c2VyX2hhc2giOiIyODYwMmI1ZDBiYjhhOTkyOTE4NzU0M2I4NmI0YjViMmY5ZjU2MGFkIn0=	2023-07-21 15:04:00.360712+00
mm3ee6ie4gxb1l6vrh58m2kp030335za	ODUyMDhmNjEyZGQ2MzI0MGJmYWI1MDA5YWQ4YWZhYTgyNDIyYmM0ZTp7Il9hdXRoX3VzZXJfaWQiOiIxIiwiX2F1dGhfdXNlcl9iYWNrZW5kIjoiZGphbmdvLmNvbnRyaWIuYXV0aC5iYWNrZW5kcy5Nb2RlbEJhY2tlbmQiLCJfYXV0aF91c2VyX2hhc2giOiIyODYwMmI1ZDBiYjhhOTkyOTE4NzU0M2I4NmI0YjViMmY5ZjU2MGFkIn0=	2023-07-24 15:57:33.243681+00
cdbz94i591bg0723t67u3rwe0lhvg2da	ODUyMDhmNjEyZGQ2MzI0MGJmYWI1MDA5YWQ4YWZhYTgyNDIyYmM0ZTp7Il9hdXRoX3VzZXJfaWQiOiIxIiwiX2F1dGhfdXNlcl9iYWNrZW5kIjoiZGphbmdvLmNvbnRyaWIuYXV0aC5iYWNrZW5kcy5Nb2RlbEJhY2tlbmQiLCJfYXV0aF91c2VyX2hhc2giOiIyODYwMmI1ZDBiYjhhOTkyOTE4NzU0M2I4NmI0YjViMmY5ZjU2MGFkIn0=	2023-08-25 21:52:54.625883+00
lqnh27tnxdizn344itf9xfw3p45h1sen	ODUyMDhmNjEyZGQ2MzI0MGJmYWI1MDA5YWQ4YWZhYTgyNDIyYmM0ZTp7Il9hdXRoX3VzZXJfaWQiOiIxIiwiX2F1dGhfdXNlcl9iYWNrZW5kIjoiZGphbmdvLmNvbnRyaWIuYXV0aC5iYWNrZW5kcy5Nb2RlbEJhY2tlbmQiLCJfYXV0aF91c2VyX2hhc2giOiIyODYwMmI1ZDBiYjhhOTkyOTE4NzU0M2I4NmI0YjViMmY5ZjU2MGFkIn0=	2023-10-22 13:55:01.687488+00
x4acm13aowehmnmze5ql0wrh8ujhqtxd	ODUyMDhmNjEyZGQ2MzI0MGJmYWI1MDA5YWQ4YWZhYTgyNDIyYmM0ZTp7Il9hdXRoX3VzZXJfaWQiOiIxIiwiX2F1dGhfdXNlcl9iYWNrZW5kIjoiZGphbmdvLmNvbnRyaWIuYXV0aC5iYWNrZW5kcy5Nb2RlbEJhY2tlbmQiLCJfYXV0aF91c2VyX2hhc2giOiIyODYwMmI1ZDBiYjhhOTkyOTE4NzU0M2I4NmI0YjViMmY5ZjU2MGFkIn0=	2023-10-28 16:34:48.201845+00
kogcupcvoubcmnwn4znk1f2o1kikrxvh	ODUyMDhmNjEyZGQ2MzI0MGJmYWI1MDA5YWQ4YWZhYTgyNDIyYmM0ZTp7Il9hdXRoX3VzZXJfaWQiOiIxIiwiX2F1dGhfdXNlcl9iYWNrZW5kIjoiZGphbmdvLmNvbnRyaWIuYXV0aC5iYWNrZW5kcy5Nb2RlbEJhY2tlbmQiLCJfYXV0aF91c2VyX2hhc2giOiIyODYwMmI1ZDBiYjhhOTkyOTE4NzU0M2I4NmI0YjViMmY5ZjU2MGFkIn0=	2023-10-28 18:08:23.373799+00
qcn7l5keftvockpd7r20fd1ain6yo8yl	ODUyMDhmNjEyZGQ2MzI0MGJmYWI1MDA5YWQ4YWZhYTgyNDIyYmM0ZTp7Il9hdXRoX3VzZXJfaWQiOiIxIiwiX2F1dGhfdXNlcl9iYWNrZW5kIjoiZGphbmdvLmNvbnRyaWIuYXV0aC5iYWNrZW5kcy5Nb2RlbEJhY2tlbmQiLCJfYXV0aF91c2VyX2hhc2giOiIyODYwMmI1ZDBiYjhhOTkyOTE4NzU0M2I4NmI0YjViMmY5ZjU2MGFkIn0=	2023-11-08 15:08:40.09815+00
mq3tci3j61677qqkf6hhp9lc4l906rb1	ODUyMDhmNjEyZGQ2MzI0MGJmYWI1MDA5YWQ4YWZhYTgyNDIyYmM0ZTp7Il9hdXRoX3VzZXJfaWQiOiIxIiwiX2F1dGhfdXNlcl9iYWNrZW5kIjoiZGphbmdvLmNvbnRyaWIuYXV0aC5iYWNrZW5kcy5Nb2RlbEJhY2tlbmQiLCJfYXV0aF91c2VyX2hhc2giOiIyODYwMmI1ZDBiYjhhOTkyOTE4NzU0M2I4NmI0YjViMmY5ZjU2MGFkIn0=	2023-12-17 21:32:39.805369+00
8413mp7iixrf9x4zkn9kloven8ogk907	ODUyMDhmNjEyZGQ2MzI0MGJmYWI1MDA5YWQ4YWZhYTgyNDIyYmM0ZTp7Il9hdXRoX3VzZXJfaWQiOiIxIiwiX2F1dGhfdXNlcl9iYWNrZW5kIjoiZGphbmdvLmNvbnRyaWIuYXV0aC5iYWNrZW5kcy5Nb2RlbEJhY2tlbmQiLCJfYXV0aF91c2VyX2hhc2giOiIyODYwMmI1ZDBiYjhhOTkyOTE4NzU0M2I4NmI0YjViMmY5ZjU2MGFkIn0=	2023-12-17 22:03:04.696209+00
28e2offl8euunthl866dsep9tajjtlx7	ODUyMDhmNjEyZGQ2MzI0MGJmYWI1MDA5YWQ4YWZhYTgyNDIyYmM0ZTp7Il9hdXRoX3VzZXJfaWQiOiIxIiwiX2F1dGhfdXNlcl9iYWNrZW5kIjoiZGphbmdvLmNvbnRyaWIuYXV0aC5iYWNrZW5kcy5Nb2RlbEJhY2tlbmQiLCJfYXV0aF91c2VyX2hhc2giOiIyODYwMmI1ZDBiYjhhOTkyOTE4NzU0M2I4NmI0YjViMmY5ZjU2MGFkIn0=	2023-12-17 22:28:16.5457+00
6n3kw9io5n7wmfr4nksyhmjcaxyquu97	ODUyMDhmNjEyZGQ2MzI0MGJmYWI1MDA5YWQ4YWZhYTgyNDIyYmM0ZTp7Il9hdXRoX3VzZXJfaWQiOiIxIiwiX2F1dGhfdXNlcl9iYWNrZW5kIjoiZGphbmdvLmNvbnRyaWIuYXV0aC5iYWNrZW5kcy5Nb2RlbEJhY2tlbmQiLCJfYXV0aF91c2VyX2hhc2giOiIyODYwMmI1ZDBiYjhhOTkyOTE4NzU0M2I4NmI0YjViMmY5ZjU2MGFkIn0=	2023-12-17 23:34:31.452446+00
a77czmpzrsvezwfz3i1gtxjygif7tgnb	ODUyMDhmNjEyZGQ2MzI0MGJmYWI1MDA5YWQ4YWZhYTgyNDIyYmM0ZTp7Il9hdXRoX3VzZXJfaWQiOiIxIiwiX2F1dGhfdXNlcl9iYWNrZW5kIjoiZGphbmdvLmNvbnRyaWIuYXV0aC5iYWNrZW5kcy5Nb2RlbEJhY2tlbmQiLCJfYXV0aF91c2VyX2hhc2giOiIyODYwMmI1ZDBiYjhhOTkyOTE4NzU0M2I4NmI0YjViMmY5ZjU2MGFkIn0=	2023-12-29 14:01:58.559877+00
c3gq8m497ewnj3852u1lw9cuqzhli3lv	ODUyMDhmNjEyZGQ2MzI0MGJmYWI1MDA5YWQ4YWZhYTgyNDIyYmM0ZTp7Il9hdXRoX3VzZXJfaWQiOiIxIiwiX2F1dGhfdXNlcl9iYWNrZW5kIjoiZGphbmdvLmNvbnRyaWIuYXV0aC5iYWNrZW5kcy5Nb2RlbEJhY2tlbmQiLCJfYXV0aF91c2VyX2hhc2giOiIyODYwMmI1ZDBiYjhhOTkyOTE4NzU0M2I4NmI0YjViMmY5ZjU2MGFkIn0=	2024-01-05 02:26:17.438206+00
vfo63fk14giw8pytidtx15awfe1bjraz	ODUyMDhmNjEyZGQ2MzI0MGJmYWI1MDA5YWQ4YWZhYTgyNDIyYmM0ZTp7Il9hdXRoX3VzZXJfaWQiOiIxIiwiX2F1dGhfdXNlcl9iYWNrZW5kIjoiZGphbmdvLmNvbnRyaWIuYXV0aC5iYWNrZW5kcy5Nb2RlbEJhY2tlbmQiLCJfYXV0aF91c2VyX2hhc2giOiIyODYwMmI1ZDBiYjhhOTkyOTE4NzU0M2I4NmI0YjViMmY5ZjU2MGFkIn0=	2024-01-19 23:33:22.151504+00
urpzm3govcu4wu8sxpk6i7pogsm171f3	ODUyMDhmNjEyZGQ2MzI0MGJmYWI1MDA5YWQ4YWZhYTgyNDIyYmM0ZTp7Il9hdXRoX3VzZXJfaWQiOiIxIiwiX2F1dGhfdXNlcl9iYWNrZW5kIjoiZGphbmdvLmNvbnRyaWIuYXV0aC5iYWNrZW5kcy5Nb2RlbEJhY2tlbmQiLCJfYXV0aF91c2VyX2hhc2giOiIyODYwMmI1ZDBiYjhhOTkyOTE4NzU0M2I4NmI0YjViMmY5ZjU2MGFkIn0=	2024-01-27 12:36:54.742003+00
\.


--
-- TOC entry 3703 (class 0 OID 16567)
-- Dependencies: 249
-- Data for Name: django_site; Type: TABLE DATA; Schema: public; Owner: postgres
--

COPY public.django_site (id, domain, name) FROM stdin;
1	austinlandscapelighting.us	austinlandscapelighting.us
\.


--
-- TOC entry 3705 (class 0 OID 16572)
-- Dependencies: 251
-- Data for Name: faq_faqconfig; Type: TABLE DATA; Schema: public; Owner: postgres
--

COPY public.faq_faqconfig (id, image, title, header, description, text, btn_text, btn_url, updated, alt_image, title_image) FROM stdin;
1	std_page/header/image_1_lLLw2xb.jpg	FAQ	FAQ	Our mission is to provide extraordinary landscape lighting services using innovative designs, eco-friendly materials, and unmatched customer support.				2023-01-12 04:50:08.684868+00		
\.


--
-- TOC entry 3707 (class 0 OID 16580)
-- Dependencies: 253
-- Data for Name: faq_question; Type: TABLE DATA; Schema: public; Owner: postgres
--

COPY public.faq_question (id, question, answer, sort_order, visible) FROM stdin;
1	What is landscape lighting?	<p>\r\n  Subtle accenting of your home and landscape to enhance your property.\r\n</p>	1	t
2	How many lumens for landscape lighting?	<p>\r\n  Lumens depicts the output of light from a lamp or a fixture. We choose lamps and fixtures based on what we are illuminating to provide effective accent lighting.\r\n</p>	2	t
3	How much does outdoor lighting installation cost?	<p>\r\n  Each system and design is unique so cost is going to be determined by a combination of style, number and output of the lights.\r\n</p>	3	t
4	How does low voltage lighting work?	<p>\r\n  Low voltage lighting is simply using a transformer to change the current of power from 120v to 12v. The lights we use are powered by 12v and are more efficient and easier to maintain.\r\n</p>	4	t
5	What size transformer do I need for low voltage lighting?	<p>\r\n  The size of the transformer will depend on the number of lights being installed. The bigger the system, the larger the transformer will need to be.\r\n</p>	5	t
6	What is the difference between led and low voltage lighting?	<p>\r\n  Low voltage denotes the voltage being used to provide power for the lights. LED is the style of lamp or fixture that is being used as light output. Our systems are low voltage LED systems.\r\n</p>	6	t
7	How many watts for led landscape lighting?	<p>\r\n  Each lamp or fixture can have different watts and beam spread depending on the desired output of light for its intended use.\r\n</p>	7	t
8	Do outdoor lights use a lot of electricity?	<p>\r\n  LED lighting systems use very little power and are very efficient. LED systems use 80% less power than halogen or mercury vapor systems\r\n</p>	8	t
\.


--
-- TOC entry 3709 (class 0 OID 16588)
-- Dependencies: 255
-- Data for Name: gallery_galleryitembase; Type: TABLE DATA; Schema: public; Owner: postgres
--

COPY public.gallery_galleryitembase (id, object_id, description, sort_order, created, changed, content_type_id, self_type_id) FROM stdin;
24	5		1	2021-07-20 10:33:08.59+00	2021-07-20 10:33:08.592+00	30	32
25	5		2	2021-07-20 10:33:09.439+00	2021-07-20 10:33:09.441+00	30	32
26	5		3	2021-07-20 10:45:37.49+00	2021-07-20 10:45:37.492+00	30	32
45	1		31	2021-08-11 19:58:00.141+00	2023-12-06 02:40:34.006204+00	34	35
98	1		1	2023-12-06 02:39:04.632128+00	2023-12-06 02:40:33.861401+00	34	35
46	1		32	2021-08-11 19:58:00.407+00	2023-12-06 02:40:34.010983+00	34	35
47	1		33	2021-08-11 19:58:00.779+00	2023-12-06 02:40:34.015432+00	34	35
48	1		34	2021-08-11 19:58:01.04+00	2023-12-06 02:40:34.019625+00	34	35
49	1		35	2021-08-11 19:58:01.299+00	2023-12-06 02:40:34.023837+00	34	35
77	1		64	2021-08-11 19:58:11.792+00	2023-12-06 02:40:34.149726+00	34	35
86	1		65	2022-02-04 10:26:07.226474+00	2023-12-06 02:40:34.154089+00	34	35
87	1		66	2022-02-04 10:26:10.696868+00	2023-12-06 02:40:34.158844+00	34	35
88	1		67	2022-02-04 10:26:30.877267+00	2023-12-06 02:40:34.16294+00	34	35
97	1		2	2023-12-06 02:38:57.771684+00	2023-12-06 02:40:33.866882+00	34	35
94	1		3	2023-12-06 02:38:34.865291+00	2023-12-06 02:40:33.871868+00	34	35
92	1		4	2023-12-06 02:38:17.526272+00	2023-12-06 02:40:33.87695+00	34	35
93	1		5	2023-12-06 02:38:25.92938+00	2023-12-06 02:40:33.882013+00	34	35
5	1		6	2021-07-19 10:45:17.951+00	2023-12-06 02:40:33.886604+00	34	35
8	1		7	2021-07-19 10:45:19.703+00	2023-12-06 02:40:33.892101+00	34	35
1	1		8	2021-07-19 10:45:15.951+00	2023-12-06 02:40:33.896719+00	34	35
3	1		9	2021-07-19 10:45:16.913+00	2023-12-06 02:40:33.901539+00	34	35
89	1	Portfolio Item	10	2023-11-13 14:49:09.135489+00	2023-12-06 02:40:33.90621+00	34	35
91	1	Portfolio Item	11	2023-11-13 14:51:45.28249+00	2023-12-06 02:40:33.910892+00	34	35
81	1		12	2021-08-11 20:08:11.756+00	2023-12-06 02:40:33.9157+00	34	35
80	1		13	2021-08-11 20:08:03.826+00	2023-12-06 02:40:33.920476+00	34	35
95	1		67	2023-12-06 02:38:41.696022+00	2023-12-06 02:38:41.697708+00	34	35
78	1		14	2021-08-11 20:07:44.471+00	2023-12-06 02:40:33.925272+00	34	35
6	1		15	2021-07-19 10:45:18.569+00	2023-12-06 02:40:33.929963+00	34	35
82	1		16	2021-08-11 20:08:20.835+00	2023-12-06 02:40:33.935147+00	34	35
79	1		17	2021-08-11 20:07:54.959+00	2023-12-06 02:40:33.939722+00	34	35
2	1		18	2021-07-19 10:45:16.44+00	2023-12-06 02:40:33.944442+00	34	35
32	1		19	2021-08-11 19:57:43.858+00	2023-12-06 02:40:33.949424+00	34	35
33	1		20	2021-08-11 19:57:44.392+00	2023-12-06 02:40:33.954275+00	34	35
34	1		21	2021-08-11 19:57:44.852+00	2023-12-06 02:40:33.959079+00	34	35
35	1		22	2021-08-11 19:57:45.152+00	2023-12-06 02:40:33.964097+00	34	35
36	1		23	2021-08-11 19:57:45.389+00	2023-12-06 02:40:33.969184+00	34	35
37	1		24	2021-08-11 19:57:45.973+00	2023-12-06 02:40:33.973853+00	34	35
50	1		36	2021-08-11 19:58:01.531+00	2023-12-06 02:40:34.029391+00	34	35
51	1		37	2021-08-11 19:58:01.893+00	2023-12-06 02:40:34.033717+00	34	35
52	1		38	2021-08-11 19:58:02.175+00	2023-12-06 02:40:34.037942+00	34	35
53	1		39	2021-08-11 19:58:02.421+00	2023-12-06 02:40:34.042065+00	34	35
54	1		40	2021-08-11 19:58:02.679+00	2023-12-06 02:40:34.046393+00	34	35
55	1		41	2021-08-11 19:58:02.939+00	2023-12-06 02:40:34.050693+00	34	35
56	1		42	2021-08-11 19:58:03.305+00	2023-12-06 02:40:34.054987+00	34	35
57	1		43	2021-08-11 19:58:03.561+00	2023-12-06 02:40:34.059487+00	34	35
58	1		44	2021-08-11 19:58:03.933+00	2023-12-06 02:40:34.063854+00	34	35
59	1		45	2021-08-11 19:58:04.175+00	2023-12-06 02:40:34.068302+00	34	35
60	1		46	2021-08-11 19:58:04.409+00	2023-12-06 02:40:34.072287+00	34	35
61	1		47	2021-08-11 19:58:04.665+00	2023-12-06 02:40:34.076441+00	34	35
62	1		48	2021-08-11 19:58:04.927+00	2023-12-06 02:40:34.080674+00	34	35
63	1		49	2021-08-11 19:58:05.191+00	2023-12-06 02:40:34.084812+00	34	35
64	1		50	2021-08-11 19:58:05.686+00	2023-12-06 02:40:34.089125+00	34	35
67	1		51	2021-08-11 19:58:07.655+00	2023-12-06 02:40:34.093535+00	34	35
65	1		52	2021-08-11 19:58:06.051+00	2023-12-06 02:40:34.097808+00	34	35
66	1		53	2021-08-11 19:58:07.293+00	2023-12-06 02:40:34.101992+00	34	35
68	1		54	2021-08-11 19:58:08.044+00	2023-12-06 02:40:34.106359+00	34	35
69	1		55	2021-08-11 19:58:08.433+00	2023-12-06 02:40:34.110859+00	34	35
70	1		56	2021-08-11 19:58:08.813+00	2023-12-06 02:40:34.114966+00	34	35
38	1		25	2021-08-11 19:57:46.228+00	2023-12-06 02:40:33.978587+00	34	35
40	1		26	2021-08-11 19:57:58.766+00	2023-12-06 02:40:33.98327+00	34	35
41	1		27	2021-08-11 19:57:59.035+00	2023-12-06 02:40:33.987682+00	34	35
42	1		28	2021-08-11 19:57:59.283+00	2023-12-06 02:40:33.992524+00	34	35
43	1		29	2021-08-11 19:57:59.53+00	2023-12-06 02:40:33.997015+00	34	35
71	1		57	2021-08-11 19:58:09.191+00	2023-12-06 02:40:34.119254+00	34	35
85	1		58	2021-08-11 20:08:49.771+00	2023-12-06 02:40:34.123242+00	34	35
73	1		59	2021-08-11 19:58:09.854+00	2023-12-06 02:40:34.127555+00	34	35
72	1		60	2021-08-11 19:58:09.569+00	2023-12-06 02:40:34.132092+00	34	35
74	1		61	2021-08-11 19:58:10.201+00	2023-12-06 02:40:34.136569+00	34	35
44	1		30	2021-08-11 19:57:59.774+00	2023-12-06 02:40:34.001558+00	34	35
75	1		62	2021-08-11 19:58:10.564+00	2023-12-06 02:40:34.140939+00	34	35
76	1		63	2021-08-11 19:58:10.963+00	2023-12-06 02:40:34.14529+00	34	35
\.


--
-- TOC entry 3711 (class 0 OID 16597)
-- Dependencies: 257
-- Data for Name: google_maps_mapandaddress; Type: TABLE DATA; Schema: public; Owner: postgres
--

COPY public.google_maps_mapandaddress (id, address, longitude, latitude) FROM stdin;
\.


--
-- TOC entry 3713 (class 0 OID 16602)
-- Dependencies: 259
-- Data for Name: main_advantage; Type: TABLE DATA; Schema: public; Owner: postgres
--

COPY public.main_advantage (id, title, icon, "order", config_id) FROM stdin;
12	26+ years of experience	time	8	1
13	Team of Certified Lighting Experts	team	9	1
14	High-Quality and Eco- Friendly Materials	eco-friendly	10	1
15	Custom Design	lamp	11	1
\.


--
-- TOC entry 3715 (class 0 OID 16608)
-- Dependencies: 261
-- Data for Name: main_advantagesblock; Type: TABLE DATA; Schema: public; Owner: postgres
--

COPY public.main_advantagesblock (attachableblock_ptr_id, header) FROM stdin;
1	Discover The Advantages of Working With Our Experts
\.


--
-- TOC entry 3716 (class 0 OID 16611)
-- Dependencies: 262
-- Data for Name: main_award; Type: TABLE DATA; Schema: public; Owner: postgres
--

COPY public.main_award (id, image, title_image, alt_image, link, visible, sort_order) FROM stdin;
1	award-1.png	Super Service Award	Super Service Award	\N	t	0
2	award-2.png	Angles List	Angles List	\N	t	1
3	award-3.png	Angles List	Angles List	\N	t	2
4	award-4.png	Angles List	Angles List	\N	t	3
\.


--
-- TOC entry 3718 (class 0 OID 16619)
-- Dependencies: 264
-- Data for Name: main_awardblock; Type: TABLE DATA; Schema: public; Owner: postgres
--

COPY public.main_awardblock (attachableblock_ptr_id, header) FROM stdin;
10	What Makes Illumination Concepts Inc The Best Choice?
\.


--
-- TOC entry 3719 (class 0 OID 16622)
-- Dependencies: 265
-- Data for Name: main_mainpageconfig; Type: TABLE DATA; Schema: public; Owner: postgres
--

COPY public.main_mainpageconfig (id, updated, btn_text, btn_url, description, header, text, title, image, alt_image, title_image) FROM stdin;
1	2023-06-15 16:30:39.82913+00	SCHEDULE MY FREE LIGHTNING CONSULTATION		At Illumination Concepts Inc, our mission is to provide extraordinary landscape lighting services using innovative designs, eco-friendly materials, and unmatched customer support.	Creative Landscape Lighting Solutions For Austin, TX Residents		Creative Landscape Lighting Solutions For Austin, TX Residents	std_page/header/image_1.jpg		
\.


--
-- TOC entry 3721 (class 0 OID 16630)
-- Dependencies: 267
-- Data for Name: portfolio_blockgallery; Type: TABLE DATA; Schema: public; Owner: postgres
--

COPY public.portfolio_blockgallery (id) FROM stdin;
4
5
\.


--
-- TOC entry 3723 (class 0 OID 16635)
-- Dependencies: 269
-- Data for Name: portfolio_galleryblock; Type: TABLE DATA; Schema: public; Owner: postgres
--

COPY public.portfolio_galleryblock (attachableblock_ptr_id, header, description, btn_text, gallery_id) FROM stdin;
8	Our Portfolio	Discover why many Austin residents trust us with providing lighting fixtures for their homes and businesses!	See More	5
\.


--
-- TOC entry 3724 (class 0 OID 16641)
-- Dependencies: 270
-- Data for Name: portfolio_mediagalleryblockimageitem; Type: TABLE DATA; Schema: public; Owner: postgres
--

COPY public.portfolio_mediagalleryblockimageitem (galleryitembase_ptr_id, image, image_crop, image_alt) FROM stdin;
24	0000/0024.jpg		
25	0000/0025.jpg		
26	0000/0026.jpg		
\.


--
-- TOC entry 3725 (class 0 OID 16644)
-- Dependencies: 271
-- Data for Name: portfolio_portfolioconfig; Type: TABLE DATA; Schema: public; Owner: postgres
--

COPY public.portfolio_portfolioconfig (id, image, title, header, description, text, btn_text, btn_url, updated, gallery_id, alt_image, title_image) FROM stdin;
1	std_page/header/image_1_KP7lDNI.jpg	Portfolio	Our Portfolio	Discover why many Austin residents trust us with providing lighting fixtures for their homes and businesses!				2023-12-06 02:41:03.550259+00	1		
\.


--
-- TOC entry 3727 (class 0 OID 16652)
-- Dependencies: 273
-- Data for Name: portfolio_portfoliogallery; Type: TABLE DATA; Schema: public; Owner: postgres
--

COPY public.portfolio_portfoliogallery (id) FROM stdin;
1
\.


--
-- TOC entry 3729 (class 0 OID 16657)
-- Dependencies: 275
-- Data for Name: portfolio_portfoliogalleryimageitem; Type: TABLE DATA; Schema: public; Owner: postgres
--

COPY public.portfolio_portfoliogalleryimageitem (galleryitembase_ptr_id, image, image_crop, image_alt) FROM stdin;
71	0000/0071.jpg		
85	0000/0085.png		
73	0000/0073.jpg		
72	0000/0072.jpg		
74	0000/0074.jpg		
75	0000/0075.jpg		
76	0000/0076.jpg		
77	0000/0077.jpg		
86	0000/0086.jpg		
98	0000/0098.png		
97	0000/0097.png		
94	0000/0094.png		
92	0000/0092.png		
93	0000/0093.png		
5	0000/0005.jpg		
8	0000/0008.jpg		
1	0000/0001.jpg		
3	0000/0003.jpg		
89	0000/0089.jpg		portfolio item
91	0000/0091.jpg		portfolio item
81	0000/0081.png		
80	0000/0080.png		
78	0000/0078.png		
6	0000/0006.jpg		
82	0000/0082.png		
79	0000/0079.png		
2	0000/0002.jpg		
32	0000/0032.jpg		
33	0000/0033.jpg		
34	0000/0034.jpg		
35	0000/0035.jpg		
36	0000/0036.jpg		
37	0000/0037.jpg		
38	0000/0038.jpg		
40	0000/0040.jpg		
41	0000/0041.jpg		
42	0000/0042.jpg		
43	0000/0043.jpg		
44	0000/0044.jpg		
45	0000/0045.jpg		
46	0000/0046.jpg		
47	0000/0047.jpg		
48	0000/0048.jpg		
49	0000/0049.jpg		
50	0000/0050.jpg		
51	0000/0051.jpg		
52	0000/0052.jpg		
53	0000/0053.jpg		
54	0000/0054.jpg		
55	0000/0055.jpg		
56	0000/0056.jpg		
57	0000/0057.jpg		
58	0000/0058.jpg		
59	0000/0059.jpg		
60	0000/0060.jpg		
61	0000/0061.jpg		
62	0000/0062.jpg		
63	0000/0063.jpg		
64	0000/0064.jpg		
67	0000/0067.jpg		
87	0000/0087.jpg		
88	0000/0088.png		
65	0000/0065.jpg		
66	0000/0066.jpg		
95	0000/0095.png		
68	0000/0068.jpg		
69	0000/0069.jpg		
70	0000/0070.jpg		
\.


--
-- TOC entry 3730 (class 0 OID 16660)
-- Dependencies: 276
-- Data for Name: privacy_privacypolicyconfig; Type: TABLE DATA; Schema: public; Owner: postgres
--

COPY public.privacy_privacypolicyconfig (id, image, title, header, description, text, btn_text, btn_url, updated, alt_image, title_image) FROM stdin;
1	std_page/header/image_1_4iCISlb.jpg	Privacy Policy	Privacy Policy for Illumination Concepts Inc.		<p>\r\n  At Illumination Concepts Inc., accessible at <a href="https://austinlandscapelighting.us/">https://austinlandscapelighting.us/</a>, one of our main priorities is the privacy of our visitors. This Privacy Policy determines the types of information that is collected and recorded by Illumination Concepts Inc. and the ways we use it.\r\n</p>\r\n\r\n<p>\r\n  Should you have additional questions or need more information about our Privacy Policy, please do not hesitate to contact us.\r\n</p>\r\n\r\n<p>\r\n  This Privacy Policy is only applicable to our online activities. Its terms and conditions are valid for visitors of our website with regards to the information that they shared and/or collected on the Illumination Concepts Inc site. This policy does not apply to any information collected offline or via channels other than this website.&nbsp;\r\n</p>\r\n\r\n<h2>Consent</h2>\r\n\r\n<p>\r\n  By using our website, you hereby consent to our Privacy Policy and agree to its terms.\r\n</p>\r\n\r\n<h2>Information we collect</h2>\r\n\r\n<p>\r\n  The personal information that we request, and the reasons why you are asked to provide it, will be explained to you at the point we ask you to enter your personal information.\r\n</p>\r\n\r\n<p>\r\n  When you contact us directly, we may get additional personal information about you such as your name, email address, phone number, the contents of the message, and/or attachments you may send us, and any other information you may choose to provide.\r\n</p>\r\n\r\n<p>\r\n  When you register for an Account on our website, we may ask for your contact information, including items such as name, work location, address, email address, and telephone number.\r\n</p>\r\n\r\n<h2>How we use your information</h2>\r\n\r\n<p>\r\n  We use the information that we collect on our website in various ways, including the following:\r\n</p>\r\n\r\n<ul>\r\n  <li>\r\n    Maintain, operate, and provide our website\r\n  </li>\r\n  <li>\r\n    Personalize, improve, and expand our website\r\n  </li>\r\n  <li>\r\n    Understand and analyze how visitors use our website\r\n  </li>\r\n  <li>\r\n    Develop new website features and functionality, as well as company products and services\r\n  </li>\r\n  <li>\r\n    Communicate with our visitors, either directly or through one of our partners, including for еру purpose of customer service, to send updates and other information relating to the website and our services, and for marketing and promotional purposes\r\n  </li>\r\n  <li>\r\n    Email you\r\n  </li>\r\n  <li>\r\n    Find and prevent fraud&nbsp;\r\n  </li>\r\n</ul>\r\n\r\n<h2>Log Files</h2>\r\n\r\n<p>\r\n  Illumination Concepts Inc. upholds a standard procedure of using log files. These are the files that log visitors when they visit websites. All hosting companies do this as part of hosting services&#39; analytics. Log files include such information as internet protocol (IP) addresses, browser type, Internet Service Provider (ISP), date and time stamp, referring/exit pages, and sometimes the number of clicks. These are not related to any personally identifiable information. The purpose of such information is for analyzing niche trends, administering the site, tracking users&#39; actions on the website, and gathering demographic information.\r\n</p>\r\n\r\n<h2>Advertising Partners Privacy Policies</h2>\r\n\r\n<p>\r\n  You may consult this list to find the Privacy Policy for each of the advertising partners of Illumination Concepts Inc.\r\n</p>\r\n\r\n<p>\r\n  Third-party ad servers or ad networks may use technologies like cookies, JavaScript, or Web Beacons that are applicable in their respective advertisements and links that appear on the Illumination Concepts Inc. website, which are subsequently sent directly to users&rsquo; browsers. They receive your IP address automatically when this occurs. These technologies help to measure the effectiveness of their advertising campaigns and/or to personalize the advertising content that you see on websites you browse.\r\n</p>\r\n\r\n<p>\r\n  Note that Illumination Concepts Inc. is unable to access or control the cookies that any third-party advertisers use.\r\n</p>\r\n\r\n<h2>Third-Party Privacy Policies</h2>\r\n\r\n<p>\r\n  The Privacy Policy for Illumination Concepts Inc. does not apply to any other advertisers or websites. Thus, we are advising you to consult the respective Privacy Policies of such third-party ad servers for details. It may include their own practices and instructions about how to opt out of certain options.\r\n</p>\r\n\r\n<p>\r\n  You can choose to disable cookies through your individual browser options. To learn more detailed information about cookie management with specific web browsers, please navigate to the browsers&#39; respective websites.\r\n</p>\r\n\r\n<h2>CCPA Privacy Rights (Do Not Sell My Personal Information)</h2>\r\n\r\n<p>\r\n  Under the California Consumer Privacy Act (CCPA), among other rights, California consumers have the right to:\r\n</p>\r\n\r\n<ul>\r\n  <li>\r\n    Request that a business that gathers a consumer&#39;s personal data disclose the categories and specific pieces of personal data that a business has collected about consumers.\r\n  </li>\r\n  <li>\r\n    Request that a business deletes any personal information about the consumer that a business has collected.\r\n  </li>\r\n  <li>\r\n    Request that a business that sells a consumer&#39;s personal data not sell the consumer&#39;s personal data.\r\n  </li>\r\n</ul>\r\n\r\n<p>\r\n  We have one month to respond to such requests. If you would like to exercise any of these rights, please contact us.\r\n</p>\r\n\r\n<h2>Your Data Protection Rights as per General Data Protection Regulation (GDPR)</h2>\r\n\r\n<p>\r\n  We would like to make sure our visitors are fully aware of all of their data protection rights. Every website user is entitled to the following rights:\r\n</p>\r\n\r\n<ul>\r\n  <li>\r\n    Access right &ndash; You have the right to get copies of your personal data. When you request it, we may charge you a small fee for this service.\r\n  </li>\r\n  <li>\r\n    Rectification right &ndash; You have the right to request corrections of any information you believe is inaccurate, and (or) completing the information you believe is incomplete.\r\n  </li>\r\n  <li>\r\n    Erasure right &ndash; You have the right to request that we erase any of your personal information but under certain conditions.\r\n  </li>\r\n  <li>\r\n    Restrict processing right &ndash; You have the right to request that we restrict the processing of your personal information, under certain conditions.\r\n  </li>\r\n  <li>\r\n    Object to processing right &ndash; You have the right to object that we process your personal data, under certain conditions.\r\n  </li>\r\n  <li>\r\n    Data portability right &ndash; You have the right to request that we transfer the data that we have collected to another organization, or directly to you, under certain conditions.\r\n  </li>\r\n</ul>\r\n\r\n<p>\r\n  We have one month to respond to such requests. If you would like to exercise any of these rights, please contact us.\r\n</p>\r\n\r\n<h2>Children&#39;s Privacy Policy</h2>\r\n\r\n<p>\r\n  Another part of our priority is ensuring protection for children while using the internet. We encourage parents and guardians to observe, participate in, and/or monitor and guide their online activity.\r\n</p>\r\n\r\n<p>\r\n  Illumination Concepts Inc. does not knowingly collect any Personally Identifiable Information from children under the age of 13. If you think that your child provided this kind of information on our website, we strongly recommend you to contact us immediately and we will make every effort to remove such information from our records as soon as possible.\r\n</p>\r\n			2021-08-12 04:48:02.438+00		
\.


--
-- TOC entry 3732 (class 0 OID 16668)
-- Dependencies: 278
-- Data for Name: rating_ratingvote; Type: TABLE DATA; Schema: public; Owner: postgres
--

COPY public.rating_ratingvote (id, ip, rating, date) FROM stdin;
\.


--
-- TOC entry 3734 (class 0 OID 16676)
-- Dependencies: 280
-- Data for Name: seo_counter; Type: TABLE DATA; Schema: public; Owner: postgres
--

COPY public.seo_counter (id, label, "position", content, sort_order) FROM stdin;
2	GTM body	body_top	<!-- Google Tag Manager (noscript) -->\n<noscript><iframe src="https://www.googletagmanager.com/ns.html?id=G-MYEX1E09MM"\nheight="0" width="0" style="display:none;visibility:hidden"></iframe></noscript>\n<!-- End Google Tag Manager (noscript) -->	1
1	GTM head	head	<!-- Google tag (gtag.js) -->\n<script async src="https://www.googletagmanager.com/gtag/js?id=G-MYEX1E09MM"></script>\n<script>\n  window.dataLayer = window.dataLayer || [];\n  function gtag(){dataLayer.push(arguments);}\n  gtag('js', new Date());\n  gtag('config', 'G-MYEX1E09MM');\n</script>	0
\.


--
-- TOC entry 3736 (class 0 OID 16684)
-- Dependencies: 282
-- Data for Name: seo_redirect; Type: TABLE DATA; Schema: public; Owner: postgres
--

COPY public.seo_redirect (id, old_path, new_path, permanent, note, created, last_usage) FROM stdin;
1	/testimonials/	/testimonials/	t		2021-08-18	\N
11	/dev/why-lighting/	/	t		2021-08-18	2022-04-01
24	/lighting-installation/	/lighting-installation-services/	t		2022-06-07	2024-01-31
21	/austin-landscape-lighting/	/landscape-lighting/	t		2022-05-05	2024-02-01
23	/residential-lighting/	/residential-outdoor-lighting-companies/	t		2022-05-23	2024-02-01
14	/dripping-springs-outdoor-lighting/	/	t		2021-08-18	2024-01-18
5	/contact-us/	/contact/	t		2021-08-18	2024-02-06
22	/about-us/ahba-logo/	/about/	t		2022-05-05	2023-12-15
15	/austin-led-landscape-lighting-austin-led-outdoor-lighting/	/led-lighting/	t		2021-08-18	2024-02-06
18	/portfolio/austin_home_023/	/portfolio/	t		2021-08-18	2024-01-02
3	/links/	/	t		2021-08-18	2024-01-20
20	/services/	/outdoor-lighting/	t		2022-04-12	2024-02-06
4	/about-us/	/about/	t		2021-08-18	2024-02-06
9	/spicewood-outdoor-lighting/	/	t		2021-08-18	2024-02-06
19	/outdoor_lighting_austin.php/	/	t		2022-01-20	2024-02-06
2	/ngg_tag/austin/	/	t		2021-08-18	2024-01-25
12	/westlake-outdoor-lighting/	/	t		2021-08-18	2024-01-11
6	/review-us/	/testimonials/	t		2021-08-18	2024-01-25
16	/austin-low-voltage-landscape-lighting-austin-low-voltage-outdoor-lighting/	/	t		2021-08-18	2024-01-28
17	/austin-low-voltage-outdoor-lighting-austin-low-voltage-landscape-lighting/	/	t		2021-08-18	2024-01-28
7	/austin-outdoor-lighting/	/	t		2021-08-18	2024-01-28
10	/outdoor-lighting-austin/	/	t		2021-08-18	2024-01-28
8	/lakeway-outdoor-lighting/	/	t		2021-08-18	2024-01-29
13	/portfolio/cavenders003-2/	/portfolio/	t		2021-08-18	2024-01-16
\.


--
-- TOC entry 3738 (class 0 OID 16692)
-- Dependencies: 284
-- Data for Name: seo_seoconfig; Type: TABLE DATA; Schema: public; Owner: postgres
--

COPY public.seo_seoconfig (id, title, keywords, description) FROM stdin;
1			
\.


--
-- TOC entry 3740 (class 0 OID 16700)
-- Dependencies: 286
-- Data for Name: seo_seodata; Type: TABLE DATA; Schema: public; Owner: postgres
--

COPY public.seo_seodata (id, object_id, title, keywords, description, canonical, noindex, og_title, og_image, og_description, content_type_id, content) FROM stdin;
6	1	Outdoor Lighting Experts in Austin, TX| Illumination Concepts Inc		Illumination Concepts Inc delivers tailored, cost-effective outdoor lighting solutions in the greater Austin, TX area. Click here to learn more!		f	Outdoor Lighting Experts in Austin, TX | Illumination Concepts Inc		Illumination Concepts Inc delivers tailored, cost-effective outdoor lighting solutions in the greater Austin, TX area. Click here to learn more!	9	
7	1	Check Out Our Completed Lighting Installation Projects		Navigate to inspiring pictures of our completed lighting installation jobs for commercial and residential properties - choose the one you love most!		f	Check Out Our Completed Lighting Installation Projects		Navigate to inspiring pictures of our completed lighting installation jobs for commercial and residential properties - choose the one you love most!	33	
8	1	Look Through the Reviews About Our Outdoor Lighting Services		Check out the reviews about the outdoor lighting solutions we have delivered for the homeowners and businesses in the greater Austin, TX area.		f	Look Through the Reviews About Our Outdoor Lighting Services		Check out the reviews about the outdoor lighting solutions we have delivered for the homeowners and businesses in the greater Austin, TX area.	44	
10	1	Call Outdoor Lighting Experts for Any Project in Austin, TX		If you have any questions or concerns about your next outdoor lighting project in Austin, TX, please feel free to contact our professional team ASAP.		f	Call Outdoor Lighting Experts for Any Project in Austin, TX		If you have any questions or concerns about your next outdoor lighting project in Austin, TX, please feel free to contact our professional team ASAP.	13	
11	2	Decorate Your Outdoors with Landscape Lighting in Austin, TX		The exterior of your home and your garden deserve professional landscape lighting in Austin, TX to enhance their beauty and provide several other benefits.		f	Decorate Your Outdoors with Landscape Lighting in Austin, TX		The exterior of your home and your garden deserve professional landscape lighting in Austin, TX to enhance their beauty and provide several other benefits.	37	
12	1	Navigate to Privacy Policy | Illumination Concepts Inc.		Read the Privacy Policy on our website to learn more about the types of information we collect and the ways we use it, as well as your data protection rights.		f	Navigate to Privacy Policy | Illumination Concepts Inc.		Read the Privacy Policy on our website to learn more about the types of information we collect and the ways we use it, as well as your data protection rights.	36	
1	5	Your Outdoor LED Lighting Professionals in Austin, TX		Outdoor LED lighting can make a huge difference to the aesthetics and safety of your property. Let our LED lighting experts help you achieve the look you want!		f	Your Outdoor LED Lighting Professionals in Austin, TX	2.jpg	Outdoor LED lighting can make a huge difference to the aesthetics and safety of your property. Let our landscape lighting design experts help you achieve the look you want!	37	
13	7	Lighting Installation Services for Your Home in Austin, TX		Illumination Concepts Inc. provides exquisite lighting installation services in Austin, TX to enhance the looks of your property and add a little magic to it.		f	Lighting Installation Services for Your Home in Austin, TX		Illumination Concepts Inc. provides exquisite lighting installation services in Austin, TX to enhance the looks of your property and add a little magic to it.	37	
14	8	Lighting Maintenance in Austin, TX - Light Up Your Space!		Illumination Concepts Inc offers expert lighting maintenance service in Austin, TX. Get your lighting system fixed to enhance the look of your property.		f	Lighting Maintenance in Austin, TX - Light Up Your Space!		Illumination Concepts Inc offers expert lighting maintenance service in Austin, TX. Get your lighting system fixed to enhance the look of your property.	37	
4	1	Best Residential Outdoor Lighting Companies in Austin, TX		Make your home more appealing and increase its resale value by choosing one of the best professional residential outdoor lighting companies in Austin, TX.		f	Best Residential Outdoor Lighting Companies in Austin, TX	1_LJFRhoF.jpg	Make your home more appealing and increase its resale value by choosing one of the best professional residential outdoor lighting companies in Austin, TX.	37	
16	9	Reinvent Your Outdoors With Landscape Speakers In Austin, TX		You can bring your entertainment outside with you by equipping your backyard with specially built landscape speakers that work as an outdoor sound system.		f	Reinvent Your Outdoors With Landscape Speakers In Austin, TX	image_8_DwnKjmg.jpg	You can bring your entertainment outside with you by equipping your backyard with specially built landscape speakers that work as an outdoor sound system.	37	
5	4	Pathway Lighting in Austin,TX: Elevate the Look of Your Home		Illumination Concepts Inc provides pathway lighting solutions in Austin, TX, to enhance the beauty of your property. We will make a custom design for you!		f	Pathway Lighting in Austin,TX: Elevate the Look of Your Home		Illumination Concepts Inc provides pathway lighting solutions in Austin, TX, to enhance the beauty of your property. We will make a custom design for you!	37	
15	3	Light up your estate with Home Accent Lighting in Austin, TX		Illumination Concepts Inc. offers top-quality home accent lighting in Austin, TX, and nearby areas. Enhance the look of your property with proper lighting!		f	Light up your estate with Home Accent Lighting in Austin, TX	image_3.jpg	Illumination Concepts Inc. offers top-quality home accent lighting in Austin, TX, and nearby areas. Enhance the look of your property with proper lighting!	37	
9	1	FAQ About Exterior Lighting Installation & Maintenance		Here, we answered the most common questions about exterior lighting installation and maintenance. Please feel free to get in touch for more details!		f	FAQ About Exterior Lighting Installation & Maintenance		Here, we answered the most common questions about exterior lighting installation and maintenance. Please feel free to get in touch for more details!	23	
3	1	Customized Outdoor Lighting Austin, TX		Illumination Concepts Inc. offers environment-friendly outdoor lighting options for the residents of the Austin, TX area. Get in touch to beautify your home.		f	Customized Outdoor Lighting Services in Austin, TX		Illumination Concepts Inc. offers environment-friendly outdoor lighting options for the residents of the Austin, TX area. Get in touch to beautify your home.	39	
2	1	Landscape Lighting  Austin, TX		The best way to beautify your home is to invest in landscape lighting Austin. Illumination Concepts Inc helps Austin residents enhance their property	https://austinlandscapelighting.us	f	Landscape Lighting Experts in Austin, TX		The best way to beautify your home is to invest in landscape lighting. Illumination Concepts Inc helps Austin, TX residents enhance the image of their property	25	
17	10	Austin's Best Holiday Light Installation Service | Illumination Concepts		Austin's premier holiday light installation service. Custom designs, hassle-free storage. Book early for a dazzling holiday season with Illumination Concepts.		f	Highest-Rated Holiday Light Installer in Austin, TX	All_Year_Holiday_Lights_1.png	Holiday Lights Installation	37	
18	11	Transform Your Home with Permanent Holiday Lighting		Experience the year-round brilliance of Gemstone Lights with our Permanent Holiday Lighting Design and Installation service by Illumination Concepts!		f	Highest Quality Permanent Holiday Lightning System	Permanent_Holiday_Track_Lightning_from_Above.jpg	Permanent Holiday Light System	37	
\.


--
-- TOC entry 3742 (class 0 OID 16709)
-- Dependencies: 288
-- Data for Name: services_service; Type: TABLE DATA; Schema: public; Owner: postgres
--

COPY public.services_service (id, image, title, header, description, text, btn_text, btn_url, updated, slug, visible, sort_order, preview, alt_image, alt_preview, title_image, title_preview) FROM stdin;
7	std_page/header/image_7_lWR6mZC.jpg	Lighting Installation	Enhance Your Home With Lighting Installation Services In Austin, TX	Upgrade your existing lighting installation or opt for a new custom design that fits your style and preference perfectly. We offer experience, quality, and unparalleled customer service.	<p>\r\n  <a href="/outdoor-lighting/">Outdoor lighting</a> can highlight your outer space while giving it a unique feel. Upgrading your home&rsquo;s lighting installation and landscaping overall may also increase the value of your property.&nbsp;\r\n</p>\r\n\r\n<p>\r\n  Only experienced professionals can make your space beautiful. Beginning with the initial design to ongoing service and maintenance, the Illumination Concepts team will be there with you at every step. Our dazzling landscape lighting installation solutions will set the perfect mood for you and your loved ones.\r\n</p>\r\n\r\n<p class="page-images single-image">\r\n  <img alt="Outdoor lighting installation has lit up a mansion with a creeper and bordered by a lawn" data-crop="" data-description="T3V0ZG9vciUyMGxpZ2h0aW5nJTIwaW5zdGFsbGF0aW9uJTIwaGFzJTIwbGl0JTIwdXAlMjB0aGUlMjBtYW5zaW9uJTIwYW5kJTIwaXRzJTIwY3JlZXBlcg==" data-id="16" data-source="/media/page_photos/0000/photo_16.jpg?_=1631085581" height="576" sizes="100vw" src="/media/page_photos/0000/photo_16.normal.jpg" srcset="/media/page_photos/0000/photo_16.wide.jpg?_=1631085581 1024w, /media/page_photos/0000/photo_16.normal.jpg?_=1631085581 800w, /media/page_photos/0000/photo_16.mobile.jpg?_=1631085581 480w" title="A mansion lit by an outdoor lighting installation" width="1024" />\r\n</p>\r\n\r\n<p>\r\n  Choose our professional lighting installation specialists to upgrade your lighting. Not only will it provide effective results, but it will help you save on your energy bills.&nbsp;\r\n</p>\r\n\r\n<h2>Our Solutions for Your Professional Lighting Installation Needs</h2>\r\n\r\n<p>\r\n  The LED lighting installation for recessed lighting solutions can make your home look as grand as you want it to be, especially if you go for a custom design made according to your preference and style. Illumination Concepts is a premium yard and indoor lighting installation company with a team of dedicated designers who will work with you to create a stylish, modern lighting design that fits perfectly with your outdoor furniture.&nbsp;\r\n</p>\r\n\r\n<p>\r\n  Outdoor lighting installation will make your space stand out. Our lighting installation specialists and designers are professionally trained to give you the best recommendations and provide dependable services. In addition to this, our annual maintenance plans allow us to make sure that your outdoor lighting is always functioning perfectly.&nbsp;\r\n</p>\r\n\r\n<p>\r\n  The &nbsp;lighting installation cost varies according to each project&#39;s specifications and the size of the outdoor space. We provide affordable plans according to your budget. The entire process of revamping your lawn will be hassle-free and all for a justifiable price.\r\n</p>\r\n\r\n<p class="page-images single-image">\r\n  <img alt="A pool, bordered by a garden and lake, next to a mansion, all lit by a lighting installation" data-crop="" data-description="WW91ciUyMGhvdXNlJTIwd2lsbCUyMHNob3clMjBpdHMlMjB0cnVlJTIwY29sb3JzJTIwd2l0aCUyMGxpZ2h0aW5nJTIwaW5zdGFsbGF0aW9u" data-id="17" data-source="/media/page_photos/0000/photo_17.jpg?_=1631085603" height="532" sizes="100vw" src="/media/page_photos/0000/photo_17.normal.jpg" srcset="/media/page_photos/0000/photo_17.wide.jpg?_=1631085603 800w, /media/page_photos/0000/photo_17.normal.jpg?_=1631085603 800w, /media/page_photos/0000/photo_17.mobile.jpg?_=1631085603 480w" title="Poolside view of lighting installation in a mansion" width="800" />\r\n</p>\r\n\r\n<h2>Get in Touch with One of the Best Lighting Installation Companies</h2>\r\n\r\n<p>\r\n  Add a little magic and whimsy to your outer garden with the help of Illumination Concepts! Our experienced light fixture wiring and fixture contractors are committed to finding the right solutions for all your electrical needs. As one of the top local companies, we are fully equipped and ready to repair or install your new landscape lighting today. All the issues that may arise with time will be dealt with by our maintenance specialists.&nbsp;\r\n</p>\r\n\r\n<p>\r\n  No need to google &ldquo;lighting installers near me&rdquo; anymore. Reach out to us today. We are currently providing our services in the following areas:\r\n</p>\r\n\r\n<ul>\r\n  <li>\r\n    Central and West Austin, TX\r\n  </li>\r\n  <li>\r\n    Lakeway, TX\r\n  </li>\r\n  <li>\r\n    Dripping Springs, TX&nbsp;\r\n  </li>\r\n  <li>\r\n    Driftwood, TX\r\n  </li>\r\n</ul>\r\n\r\n<p>\r\n  Choose the best for your landscape - <a href="/contact/">schedule a consultation</a> today for your landscape lighting installation project.\r\n</p>\r\n	SCHEDULE MY FREE LIGHTNING CONSULTATION		2023-11-17 22:27:28.284758+00	lighting-installation-services	t	7	service/preview/preview_7_mkfrlS9.jpg				
8	std_page/header/image_8.jpg	Lighting Maintenance	Get Professional Lighting Maintenance for Your Project in Austin, TX	We provide comprehensive lighting repair and maintenance services for your project to ensure your lighting system works properly. Talk to us today to light up your space.	<p>\r\n  Regular lighting maintenance and repair are essential for the safety and smooth functioning of your lighting system. Whether you require an indoor or <a href="/outdoor-lighting/">outdoor lighting</a> service, our outstanding customer service will compel you to choose us.\r\n</p>\r\n\r\n<p>\r\n  Several lighting maintenance companies offer many services; yet only experienced professionals can identify the exposed wiring, change out bulbs, and provide complete maintenance to light up your property. Illumination Concepts Inc ensures comprehensive lighting maintenance services according to your custom requirements. Your lighting should work perfectly and optimally at all times. You can choose a one-time maintenance service or opt for our maintenance plan. We are committed to providing excellent customer satisfaction.\r\n</p>\r\n\r\n<p class="page-images single-image">\r\n  <img alt="Lighting Maintenance Illumination Concepts Inc." data-crop="" data-id="18" data-source="/media/page_photos/0000/photo_18.jpg?_=1634798749" height="576" sizes="100vw" src="/media/page_photos/0000/photo_18.normal.jpg" srcset="/media/page_photos/0000/photo_18.wide.jpg?_=1634798749 1024w, /media/page_photos/0000/photo_18.normal.jpg?_=1634798749 800w, /media/page_photos/0000/photo_18.mobile.jpg?_=1634798749 480w" width="1024" />\r\n</p>\r\n\r\n<h2>Efficient &amp; Effective Lighting Maintenance Services</h2>\r\n\r\n<p>\r\n  If you want your existing lighting systems to work smoothly for the years to come, get the best lighting maintenance services you possibly can. Our experienced team will come to your location and examine all lighting equipment to ensure everything is functioning properly. Our lighting maintenance and repair plan includes:\r\n</p>\r\n\r\n<ul>\r\n  <li>\r\n    Check all lamps and replace them if needed\r\n  </li>\r\n  <li>\r\n    Replace all sockets\r\n  </li>\r\n  <li>\r\n    Ensure that your lights are as bright as possible by removing debris and hard water from glass lenses\r\n  </li>\r\n  <li>\r\n    Check the voltage of your lighting system for safety\r\n  </li>\r\n  <li>\r\n    Outdoor lighting maintenance will include trimming of plants around your lights so the lights are not blocked&nbsp;by any object\r\n  </li>\r\n  <li>\r\n    Fix all exposed wires\r\n  </li>\r\n  <li>\r\n    Adjust the positioning of all light fixtures if required\r\n  </li>\r\n  <li>\r\n    Fix all wires that may be cut overtime\r\n  </li>\r\n  <li>\r\n    Provide low voltage landscape lighting repair\r\n  </li>\r\n  <li>\r\n    Reset timers and adjust transformer\r\n  </li>\r\n  <li>\r\n    Provide replacement of broken or damaged fixtures\r\n  </li>\r\n</ul>\r\n\r\n<p class="page-images single-image">\r\n  <img alt="Lighting Maintenance in Austin, TX" data-crop="" data-id="19" data-source="/media/page_photos/0000/photo_19.jpg?_=1634799585" height="576" sizes="100vw" src="/media/page_photos/0000/photo_19.normal.jpg" srcset="/media/page_photos/0000/photo_19.wide.jpg?_=1634799585 1024w, /media/page_photos/0000/photo_19.normal.jpg?_=1634799585 800w, /media/page_photos/0000/photo_19.mobile.jpg?_=1634799585 480w" width="1024" />\r\n</p>\r\n\r\n<h2>Lighting Maintenance Companies and How They Can Help</h2>\r\n\r\n<p>\r\n  Among all lighting maintenance companies, choose a trusted service provider to fix all your electrical problems. Illumination Concepts Inc strives to provide premium lighting installation, repair, and maintenance service according to your preference and budget. Our lighting maintenance services are translated into the most efficient and effective process. We keep a record and track the job after completion to see recurring components so your future queries are better responded to with efficiency. We prefer to choose the right solutions for our customers. Our lighting maintenance plan involves a complete inspection of the lighting system including your LED lights. These lights have become the leading choice of professionals. LED lights are energy-efficient, cost-effective, safe, and provide longevity. You can always choose to upgrade your lighting system.\r\n</p>\r\n\r\n<p>\r\n  <a href="https://austinlandscapelighting.us/contact/">Get in touch</a> with our team to schedule your next lighting maintenance. Our services are available in the following areas:\r\n</p>\r\n\r\n<div class="columns">\r\n  <div class="column column-left">\r\n    <ul>\r\n      <li>\r\n        Austin, TX\r\n      </li>\r\n      <li>\r\n        Central and West Austin, TX\r\n      </li>\r\n      <li>\r\n        Lakeway, TX\r\n      </li>\r\n      <li>\r\n        Dripping Springs, TX\r\n      </li>\r\n      <li>\r\n        Driftwood, TX\r\n      </li>\r\n    </ul>\r\n  </div>\r\n\r\n  <div class="column column-right">\r\n    <ul>\r\n      <li>\r\n        Georgetown\r\n      </li>\r\n      <li>\r\n        Round Rock\r\n      </li>\r\n      <li>\r\n        Cedar Park\r\n      </li>\r\n      <li>\r\n        and surrounding areas\r\n      </li>\r\n    </ul>\r\n\r\n    <p>\r\n      &nbsp;\r\n    </p>\r\n  </div>\r\n</div>\r\n\r\n<p>\r\n  If you seek innovative designs, and eco-friendly material, choose the best landscape lighting service in Austin, TX.\r\n</p>\r\n	SCHEDULE MY FREE LIGHTNING CONSULTATION		2023-11-17 22:27:28.289894+00	lighting-maintenance	t	8	service/preview/preview_8.jpg	Lighting Maintenance in TX			
1	std_page/header/image_1_30Ifahy.jpg	Residential Lighting	The Best Residential Outdoor Lighting Company in Austin, TX	Illumination Concepts specializes in outdoor lighting projects. With over 26 years of experience in the field, we are capable of tackling even the most complex residential landscape lighting jobs.	<p>\r\n  You pay great attention to lighting up your house on the inside, so why not go all the way and install <a href="/outdoor-lighting/">outdoor lighting</a> as well? Our experienced team of professionals will create your unique residential lighting plan, adhere to all light pollution restrictions, listen to your feedback, and expertly install everything without you having to lift a single finger!&nbsp;&nbsp;\r\n</p>\r\n\r\n<p>\r\n  By choosing Illumination Concepts Inc. to highlght key areas&nbsp;of&nbsp;your home&#39;s exterior, you will make your house safer from potential burglars, extend your living space outdoors, and massively increase the curb appeal of your property!&nbsp;&nbsp;What&#39;s not to like about that?&nbsp;&nbsp;&nbsp;\r\n</p>\r\n\r\n<p>\r\n  Installing&nbsp;a custom, reliable Residential outdoor lighting system from a trusted provider&nbsp;has been shown to be one of the best additions a homeowner can make.&nbsp; So, get your home&#39;s exterior out of the dark and let&#39;s make it the envy of the neighborhood!&nbsp;\r\n</p>\r\n\r\n<p class="page-images single-image">\r\n  <img alt="A mansion lit by residential outdoor lighting against the dull background of the evening sky" data-crop="" data-description="UmVzaWRlbnRpYWwlMjBvdXRkb29yJTIwbGlnaHRpbmclMjBzaG93cyUyMHRoZSUyMGJlc3QlMjBsb29rJTIwb2YlMjBhJTIwaG91c2U=" data-id="15" data-source="/media/page_photos/0000/photo_15.jpg?_=1631084808" height="576" sizes="100vw" src="/media/page_photos/0000/photo_15.normal.jpg" srcset="/media/page_photos/0000/photo_15.wide.jpg?_=1631084808 1024w, /media/page_photos/0000/photo_15.normal.jpg?_=1631084808 800w, /media/page_photos/0000/photo_15.mobile.jpg?_=1631084808 480w" title="A panoramic display of residential outdoor lighting" width="1024" />\r\n</p>\r\n\r\n<h2>Residential Landscape Lighting Highlights the Special Features of Your Home</h2>\r\n\r\n<p>\r\n  Our professionals in residential outdoor lighting design know beauty when they see it. They will look at your property as a whole &ndash; driveway, house, and yard &ndash;&nbsp; identifying&nbsp;the areas that deserve being seen, and beautify even the most seemingly bland garden with clever placement of a energy-saving LED&nbsp;spotlights, flood lights, garden lights, uplights, and&nbsp;downlights.&nbsp;&nbsp;\r\n</p>\r\n\r\n<p>\r\n  Let&#39;s be honest, your home is your largest and most personal asset.&nbsp; Even if you are not considering putting it on the market any time soon, why not give your family the opportunity to enjoy more of it? Stretch the usable&nbsp;living space from the inside to the outside, make entertaining guests&nbsp;more delightful, and use the entire property, not just the ground floor.&nbsp;<br />\r\n  <br />\r\n  When the time does come to sell, you should know that residential landscape lighting has been shown to be one of the most effective ways of increasing its value.&nbsp; At the end of the day (no pun intended), your home is the place where you come to relax, unwind, and spend quality time with your family.&nbsp; You and it deserve it!\r\n</p>\r\n\r\n<p class="page-images single-image">\r\n  <img alt="An evening shot from a mansion's courtyard, showing the effect of residential landscape lighting" data-crop="" data-description="UmVzaWRlbnRpYWwlMjBsYW5kc2NhcGUlMjBsaWdodGluZyUyMGZvcm1zJTIwYSUyMGNvbnRyYXN0JTIwYWdhaW5zdCUyMHRoZSUyMG5pZ2h0JTIwc2t5" data-id="14" data-source="/media/page_photos/0000/photo_14.png?_=1628632961" height="576" sizes="100vw" src="/media/page_photos/0000/photo_14.normal.png" srcset="/media/page_photos/0000/photo_14.wide.png?_=1628632961 1024w, /media/page_photos/0000/photo_14.normal.png?_=1628632962 800w, /media/page_photos/0000/photo_14.mobile.png?_=1628632962 480w" title="Mansion lit beautifully by residential landscape lighting" width="1024" />\r\n</p>\r\n\r\n<h2>We Are Professionals in Residential Lighting Service!</h2>\r\n\r\n<p>\r\n  Illumination Concepts has over 26 years of experience in various residential outdoor lighting projects. We know how to bring out the best of a home by creating&nbsp;the best custom residential lighting landscape design for the property.&nbsp; We take into account&nbsp;the size and shape of your home, layout and landscaping of the yard, and your own taste to highlight the most entriguing areas. By doing this, we have been able to achieve 100% customer satisfaction.\r\n</p>\r\n\r\n<p>\r\n  Our company is based in Austin, TX, but we also serve customers in the extended area that includes:\r\n</p>\r\n\r\n<div class="columns">\r\n  <div class="column column-left">\r\n    <ul>\r\n      <li>\r\n        Lakeway\r\n      </li>\r\n      <li>\r\n        Dripping Springs\r\n      </li>\r\n      <li>\r\n        Driftwood\r\n      </li>\r\n      <li>\r\n        Bee Caves\r\n      </li>\r\n    </ul>\r\n  </div>\r\n\r\n  <div class="column column-right">\r\n    <ul>\r\n      <li>\r\n        Cedar Park\r\n      </li>\r\n      <li>\r\n        Georgetown\r\n      </li>\r\n      <li>\r\n        Round Rock\r\n      </li>\r\n      <li>\r\n        and surrounding areas\r\n      </li>\r\n    </ul>\r\n  </div>\r\n</div>\r\n\r\n<p>\r\n  Make your home safer, more beautiful, and more valuable with our lighting services. Call now to book a free consultation with our residential lighting consultant at <a href="tel:5129633121">512-963-3121</a>!\r\n</p>\r\n\r\n<p>\r\n  &nbsp;\r\n</p>\r\n	SCHEDULE MY FREE LIGHTNING CONSULTATION		2023-10-09 21:43:59.553648+00	residential-outdoor-lighting-companies	t	0	service/preview/preview_1_YmbEdC3.jpg				
2	std_page/header/image_2.jpg	Landscape Lighting	Enhancing Your Home with\nOur Landscape Lighting Services\n in Austin, TX and Beyond.	With more than 26 years of expertise, Illumination Concepts stands ready to transform your outdoor spaces. We specialize in designing and installing distinctive outdoor lighting for residential properties, effectively enhancing your garden with beautifully crafted landscape lighting.	<p>\r\n  Searching for an innovative approach to beautify your home? Consider the transformative power of outdoor lighting. Our team of professional landscape lighting contractors will conduct a meticulous evaluation of your home and garden, taking into account every architectural and landscaping detail.\r\n</p>\r\n\r\n<p>\r\n  Subsequently, they will craft a bespoke landscape lighting design that accentuates the most captivating aspects of your property, unveiling a magical realm as dusk falls. This summer, immerse yourself in extended evenings outdoors, creating cherished memories with family and friends under the enchanting glow of twinkling fairy lights.\r\n</p>\r\n\r\n<p class="page-images single-image">\r\n  <img alt="A tree lit by landscape lighting in the evening, nearby garden background is also visible" data-crop="" data-description="TGFuZHNjYXBlJTIwbGlnaHRpbmclMjBiZWF1dGlmaWVzJTIwdGhlJTIwbG9vayUyMG9mJTIwYSUyMGdhcmRlbiUyMG9yJTIwbGFuZHNjYXBl" data-id="5" data-source="/media/page_photos/0000/photo_5.png?_=1628629308" height="576" sizes="100vw" src="/media/page_photos/0000/photo_5.normal.png" srcset="/media/page_photos/0000/photo_5.wide.png?_=1628629308 1024w, /media/page_photos/0000/photo_5.normal.png?_=1628629308 800w, /media/page_photos/0000/photo_5.mobile.png?_=1628629309 480w" title="The enchanting effect of landscape lighting in display" width="1024" />\r\n</p>\r\n\r\n<h2>Landscape Lighting: More than Just Aesthetics</h2>\r\n\r\n<p>\r\n  The appeal of landscape lighting design extends beyond merely enhancing outdoor home d&eacute;cor&mdash;it serves various practical purposes as well. Imagine coming home late and recalling you left a deck chair in the garden; with well-placed lighting, you won&#39;t need a flashlight to retrieve it.\r\n</p>\r\n\r\n<p>\r\n  Moreover, a home bathed in light throughout the night deters burglars, as they would not risk being seen or captured clearly on security cameras. Therefore, landscape lighting is not just aesthetically pleasing&mdash;it&#39;s also a strategic measure to ensure your home&#39;s safety.\r\n</p>\r\n\r\n<h2>The Value of Hiring Specialized Landscape Lighting Contractors</h2>\r\n\r\n<p>\r\n  The task of arranging outdoor lights is complex. Even for adept DIY enthusiasts, it demands specific licensure for electrical works and the expertise of a landscape designer. Landscape lighting involves more than just stringing lights over a patio for a party.\r\n</p>\r\n\r\n<p>\r\n  A specialist will discern which elements of your property should be highlighted at night. The team of contractors will integrate various techniques into their plans, such as tree uplighting, landscape wall lighting, and pool landscape lighting. They focus on illuminating the most deserving aspects of your outdoor environment, thus transforming it into a nighttime spectacle.\r\n</p>\r\n\r\n<p class="page-images single-image">\r\n  <img alt="Landscape lighting has illuminated a garden with a statue in it, bordered by a wooden fence" data-crop="" data-description="TGFuZHNjYXBlJTIwbGlnaHRpbmclMjB1bmxlYXNoZXMlMjB0aGUlMjBiZWF1dHklMjBvZiUyMHlvdXIlMjBvdXRkb29yJTIwc3BhY2U=" data-id="4" data-source="/media/page_photos/0000/photo_4.jpg?_=1626937070" height="576" sizes="100vw" src="/media/page_photos/0000/photo_4.normal.jpg" srcset="/media/page_photos/0000/photo_4.wide.jpg?_=1626937070 1024w, /media/page_photos/0000/photo_4.normal.jpg?_=1626937070 800w, /media/page_photos/0000/photo_4.mobile.jpg?_=1626937070 480w" title="Fences of a garden lit by landscape lighting" width="1024" />\r\n</p>\r\n\r\n<h2><br />\r\nOpt for a Seasoned Landscape Lighting Company</h2>\r\n\r\n<p>\r\n  At Illumination Concepts, we draw from our rich legacy of 26 years in the business, during which we&#39;ve refined our skills and evolved into the seasoned landscape lighting contractors we are today. We have earned the trust of clients in:\r\n</p>\r\n\r\n<div class="columns">\r\n  <div class="column column-left">\r\n    <ul>\r\n      <li>\r\n        Austin\r\n      </li>\r\n      <li>\r\n        Lakeway\r\n      </li>\r\n      <li>\r\n        Dripping Springs\r\n      </li>\r\n      <li>\r\n        Cedar Park\r\n      </li>\r\n      <li>\r\n        Nearby areas\r\n      </li>\r\n    </ul>\r\n  </div>\r\n\r\n  <div class="column column-right">\r\n    <ul>\r\n      <li>\r\n        Georgetown\r\n      </li>\r\n      <li>\r\n        Round Rock\r\n      </li>\r\n      <li>\r\n        Bee Caves\r\n      </li>\r\n      <li>\r\n        Driftwood\r\n      </li>\r\n    </ul>\r\n\r\n    <p>\r\n      &nbsp;\r\n    </p>\r\n  </div>\r\n</div>\r\n\r\n<p>\r\n  Call us to book a free consultation with our landscape lighting specialists at <a href="tel:5129633121">512-963-3121</a>!\r\n</p>\r\n	SCHEDULE MY FREE LIGHTNING CONSULTATION		2023-10-09 21:43:59.56305+00	landscape-lighting	t	1	service/preview/preview_2_jDzgv7Q.jpg				
9	std_page/header/image_9.jpg	Landscape Speakers	Let’s Set Up Landscape Speakers In Your Austin, TX Home	Bringing your music addiction under the stars while you party on your patio is an inspired idea – we can install special landscape speakers in your Austin, TX home’s backyard for that effect.	<p>\r\n  You can redefine the boundaries of entertainment in your outdoor spaces with a combination of <a href="/outdoor-lighting/">outdoor lighting</a> and waterproof rock speakers. An outdoor sound system is everything you need to breathe new life and design into your backyard &ndash; with the installation of an outdoor solar-powered landscape stereo speaker with a Bluetooth connection, you can bring the entertainment outside for your parties or just to create an acoustic sweet spot for yourself as you immerse yourself in your landscape view. Not only are outdoor rock speakers cost-effective, but since they are mostly wireless Bluetooth rock speakers, there&#39;s a minimal hassle. You can operate your exterior speakers without installing any apps, just with your Bluetooth connection.\r\n</p>\r\n\r\n<p class="page-images single-image">\r\n  <img alt="A landscape speaker in the form of a mushroom" data-crop="" data-description="RmlsbCUyMHlvdXIlMjBnYXJkZW4lMjB3aXRoJTIwc291bmRzJTIwd2l0aCUyMG91ciUyMGxhbmRzY2FwZSUyMHNwZWFrZXJz" data-id="22" data-source="/media/page_photos/0000/photo_22.jpg?_=1657607340" height="450" sizes="100vw" src="/media/page_photos/0000/photo_22.normal.jpg" srcset="/media/page_photos/0000/photo_22.wide.jpg?_=1657607340 814w, /media/page_photos/0000/photo_22.normal.jpg?_=1657607340 800w, /media/page_photos/0000/photo_22.mobile.jpg?_=1657607340 480w" title="A landscape speaker in the yard" width="814" />\r\n</p>\r\n\r\n<h2>Why Install Outdoor Landscape Speakers?</h2>\r\n\r\n<p>\r\n  An outdoor audio system is able to not only provide entertainment outside but also to blend perfectly with the ambience. Our outdoor speakers, wireless rock speakers, and solar rock speakers are extremely resilient too, able to withstand environmental extremes, and remain operable even when faced with -15 to 160 degrees Fahrenheit temperatures. Feel free to contact our wireless speaker installation services contractors in Austin, TX for a cost estimation beforehand; rest assured, we&rsquo;ll pick the best audio rock landscape speaker system for your landscape. Re-enliven your backyard and patio with the installation of our favored outdoor sound systems.\r\n</p>\r\n\r\n<p>\r\n  Need more reasons to install our sound systems?&nbsp;\r\n</p>\r\n\r\n<div class="columns">\r\n  <div class="column column-left">\r\n    <ul class="custom-list">\r\n      <li>\r\n        Outdoor sound system is a hidden equipment that you won&rsquo;t notice in your backyard until you turn it on and hear the sound. This will create a charming atmosphere and a feeling that music went out of nowhere.&nbsp;\r\n      </li>\r\n      <li>\r\n        Our landscape speakers bring the entertainment outside of your house&#39;s walls.\r\n      </li>\r\n      <li>\r\n        An outdoor landscape speaker will undoubtedly raise the level of your home if one day you decide to sell it.\r\n      </li>\r\n    </ul>\r\n  </div>\r\n\r\n  <div class="column column-right">\r\n    <p class="page-images single-image">\r\n      <img alt="Two different types of hidden landscape audio system" data-crop="" data-description="T3VyJTIwc3lzdGVtcyUyMGRvbid0JTIwc3RhbmQlMjBvdXQlMjBpbiUyMHlvdXIlMjBiYWNreWFyZA==" data-id="23" data-source="/media/page_photos/0000/photo_23.jpg?_=1657607368" height="466" sizes="100vw" src="/media/page_photos/0000/photo_23.normal.jpg" srcset="/media/page_photos/0000/photo_23.wide.jpg?_=1657607368 800w, /media/page_photos/0000/photo_23.normal.jpg?_=1657607368 800w, /media/page_photos/0000/photo_23.mobile.jpg?_=1657607369 480w" title="Two types of hidden landscape audio system" width="800" />\r\n    </p>\r\n\r\n    <p>\r\n      &nbsp;\r\n    </p>\r\n  </div>\r\n</div>\r\n\r\n<blockquote><p>\r\n  Our systems have the ability to be connected from any device in any convenient way: Bluetooth, Siri, Voice Control with Google Home Assistant, Airplay 2, Chromecast and Spotify Connect or use a Wi-Fi network.\r\n</p>\r\n</blockquote>\r\n\r\n<h2>Hire The Best For Your Outdoor Speaker Installation</h2>\r\n\r\n<p>\r\n  When it comes to setting up a patio sound system, not only do you need the best speakers for sale but also a team of qualified professionals from a reputed local garden-scape and outdoor hardware installation company. Your custom Bluetooth landscape speakers are an investment and to get the best out of your garden rock speakers, you can put your trust in Illumination Concepts.\r\n</p>\r\n\r\n<p class="page-images single-image">\r\n  <img alt="A landscape audio system not standing out from the landscape" data-crop="" data-description="RGlzdHJpYnV0ZSUyMHF1YWxpdHklMjBzb3VuZCUyMHdpdGglMjBvdXIlMjBzb3VuZCUyMHN5c3RlbXM=" data-id="24" data-source="/media/page_photos/0000/photo_24.jpg?_=1657607400" height="496" sizes="100vw" src="/media/page_photos/0000/photo_24.normal.jpg" srcset="/media/page_photos/0000/photo_24.wide.jpg?_=1657607400 800w, /media/page_photos/0000/photo_24.normal.jpg?_=1657607400 800w, /media/page_photos/0000/photo_24.mobile.jpg?_=1657607400 480w" title="A landscape audio system in the form of the rock" width="800" />\r\n</p>\r\n\r\n<p>\r\n  We serve the following areas:\r\n</p>\r\n\r\n<ul>\r\n  <li>\r\n    Austin, TX\r\n  </li>\r\n  <li>\r\n    Lakeway, TX\r\n  </li>\r\n  <li>\r\n    Dripping Springs, TX\r\n  </li>\r\n  <li>\r\n    Driftwood, TX\r\n  </li>\r\n</ul>\r\n\r\n<p>\r\n  We have been in the business for over 26 years and understand the intricacies of setting up an outdoor speaker system and ensuring the longevity of landscape audio systems in general! <a href="tel:5129633121">Call us now</a> for a cost estimate!\r\n</p>\r\n	SCHEDULE MY FREE LIGHTNING CONSULTATION		2023-11-17 22:27:28.294917+00	landscape-speakers	t	9	service/preview/preview_9.jpg	Black landscape audio system located under the tree		Black Hidden Audio System Speaker	
3	std_page/header/image_3.jpg	Home Accent Lighting	Elevate Your Home's Exterior with Stunning Home Accent Lighting	Create an enchanting atmosphere with home accent lighting that illuminates and accentuates the unique features of your property. Unveil the hidden charm of your architectural design with our specialized lighting solutions.	<h2>Transform Your Home with LED Home Accent Lighting</h2>\r\n\r\n<p>\r\n  If you&#39;re on the hunt to give your home&#39;s exterior that extra flair, you can&#39;t go wrong with LED home accent lighting. These specialized lights enrich your home&#39;s exterior ambiance while casting a mesmerizing glow on architectural elements, trees, walkways, entrances, and patios.\r\n</p>\r\n\r\n<p>\r\n  At Illumination Concepts Inc., we offer a wide range of <a href="/outdoor-lighting/">outdoor lighting</a> solutions. Our experts design and install exterior accent lighting for homes to ensure the property maintains its charm and beauty after the sun goes down. We specialize in crafting tailored home accent lighting designs that make your property shine, long after the sun has set.\r\n</p>\r\n\r\n<h2>A Captivating Courtyard View Enabled by Home Accent Lighting</h2>\r\n\r\n<p>\r\n  Home accent lighting serves more than a functional purpose; it&#39;s a transformative design element that adds both beauty and value to your living space.\r\n</p>\r\n\r\n<p class="page-images single-image">\r\n  <img alt="A courtyard view of a mansion, contrasting against the evening sky due to home accent lighting" data-crop="" data-description="SG9tZSUyMGFjY2VudCUyMGxpZ2h0aW5nJTIwY2FuJTIwaGVscCUyMGlsbHVtaW5hdGUlMjB0aGUlMjBiZWF1dHklMjBvZiUyMHlvdXIlMjBwbGFjZQ==" data-id="20" data-source="/media/page_photos/0000/photo_20.jpg?_=1641978961" height="576" sizes="100vw" src="/media/page_photos/0000/photo_20.normal.jpg" srcset="/media/page_photos/0000/photo_20.wide.jpg?_=1641978961 1024w, /media/page_photos/0000/photo_20.normal.jpg?_=1641978962 800w, /media/page_photos/0000/photo_20.mobile.jpg?_=1641978962 480w" title="Courtyard lit excellently by home accent lighting" width="1024" />\r\n</p>\r\n\r\n<h2>Comprehensive Range of Outdoor Home Accent Lighting Solutions</h2>\r\n\r\n<p>\r\n  Our collection of home accent lighting aims to:\r\n</p>\r\n\r\n<ul class="extra-list">\r\n  <li>\r\n    <p>\r\n      Illuminate your pool area for evening swims and barbecues\r\n    </p>\r\n  </li>\r\n  <li>\r\n    <p>\r\n      Enhance your patio and deck ambiance\r\n    </p>\r\n  </li>\r\n  <li>\r\n    <p>\r\n      Spotlight garden features and hardscapes\r\n    </p>\r\n  </li>\r\n  <li>\r\n    <p>\r\n      Improve navigation and security\r\n    </p>\r\n  </li>\r\n  <li>\r\n    <p>\r\n      Add a whimsical touch with magical string lights\r\n    </p>\r\n  </li>\r\n  <li>\r\n    <p>\r\n      Offer Wifi Controls for user-friendly operation\r\n    </p>\r\n  </li>\r\n</ul>\r\n\r\n<p>\r\n  Our experts will tailor your LED home accent lighting solutions to align with your property&rsquo;s unique design and your personal preferences, guaranteeing you&#39;ll be dazzled by the end result.\r\n</p>\r\n\r\n<p>\r\n  An added benefit of our home accent lights is that they help save energy. We use low-voltage LED lights to reduce your energy costs. Our experts will provide a demo at night before the final installation so that you&rsquo;re 100% satisfied.&nbsp;\r\n</p>\r\n\r\n<h2>Energy-Efficient Home Accent Lighting</h2>\r\n\r\n<p>\r\n  One of the additional advantages of our home accent lighting solutions is their energy efficiency. We use low-voltage LED lighting technology to minimize your energy expenditure. To ensure you&#39;re completely satisfied, we even provide a nighttime demo prior to final installation.\r\n</p>\r\n\r\n<p class="page-images single-image">\r\n  <img alt="Mansion lit under the evening sky, contrasting with the glow of outdoor home accent lighting" data-crop="" data-description="T3V0ZG9vciUyMGhvbWUlMjBhY2NlbnQlMjBsaWdodGluZyUyMHdpbGwlMjBsaWdodCUyMHVwJTIweW91ciUyMGhvbWUlMjBsaWtlJTIwbmV2ZXIlMjBiZWZvcmU=" data-id="21" data-source="/media/page_photos/0000/photo_21.jpg?_=1641980586" height="576" sizes="100vw" src="/media/page_photos/0000/photo_21.normal.jpg" srcset="/media/page_photos/0000/photo_21.wide.jpg?_=1641980586 1024w, /media/page_photos/0000/photo_21.normal.jpg?_=1641980586 800w, /media/page_photos/0000/photo_21.mobile.jpg?_=1641980586 480w" title="A mansion gleaming due to outdoor home accent lighting" width="1024" />\r\n</p>\r\n\r\n<h2>Outdoor Home Accent Lighting: Where Aesthetics Meet Functionality</h2>\r\n\r\n<p>\r\n  Our home accent lighting options will transform your property, making it as breathtaking at night as it is during the day.\r\n</p>\r\n\r\n<h2>Let&#39;s Tailor Your Home Accent Lighting Experience!</h2>\r\n\r\n<p>\r\n  Our highly skilled and experienced team is ready to craft a customized LED home accent lighting plan that amplifies your property&#39;s aesthetic appeal.\r\n</p>\r\n\r\n<div class="columns">\r\n  <div class="column column-left">\r\n    <ul class="extra-list">\r\n      <li>\r\n        Central and West Austin, TX\r\n      </li>\r\n      <li>\r\n        Lakeway, TX&nbsp;\r\n      </li>\r\n      <li>\r\n        Dripping Springs, TX\r\n      </li>\r\n      <li>\r\n        Driftwood, TX\r\n      </li>\r\n      <li>\r\n        and all points in between&nbsp;\r\n      </li>\r\n    </ul>\r\n  </div>\r\n\r\n  <div class="column column-right">\r\n    <ul class="extra-list">\r\n      <li>\r\n        Georgetown, TX\r\n      </li>\r\n      <li>\r\n        Leander, TX\r\n      </li>\r\n      <li>\r\n        Round Rock, TX\r\n      </li>\r\n      <li>\r\n        Wimberley, TX\r\n      </li>\r\n    </ul>\r\n  </div>\r\n</div>\r\n\r\n<p>\r\n  &nbsp;\r\n</p>\r\n\r\n<p>\r\n  We also offer maintenance services for your home accent lighting, ensuring long-lasting functionality and beauty.\r\n</p>\r\n\r\n<h2>Contact Us for Top-Tier Home Accent Lighting</h2>\r\n\r\n<p>\r\n  <a href="/contact/">Reach out to us</a> today to elevate your home&#39;s exterior with our high-quality, modern home accent lighting solutions.\r\n</p>\r\n	BOOK MY FREE HOME ACCENT LIGHTING CONSULTATION		2023-11-17 22:27:28.265543+00	home-accent-lighting	t	4	service/preview/preview_3.jpg				
4	std_page/header/image_4.jpg	Pathway Lighting	Optimize Your Home’s Ambiance with Premier Pathway Lighting\n in Austin, TX	In the heart of Austin, TX, outdoor pathway lighting takes your residential haven to new aesthetic heights, whether through stairway illuminance, whimsical string lights, cozy patio lighting, or enchanting poolside ambiance. Tailor the brilliance to your style preference and witness the transformation.	<p>\r\n  Explore a realm of outdoor lighting possibilities with Illumination Concepts Inc., the leading light in designing and installing custom pathway lighting in Austin. Our mission is to spotlight the beauty of your property, ensuring a mesmerizing illumination spectacle night after night. We pride ourselves on fostering enduring relationships with our clientele, delivering distinctive lighting solutions that resonate with their tastes. Our pathway lighting designs are bound to captivate your imagination.\r\n</p>\r\n\r\n<p>\r\n  But our offerings don&rsquo;t end with installation. We embody a full-service lighting ethos. Our meticulous maintenance services are designed to address any issues that may occur with your pathway lighting system over time.\r\n</p>\r\n\r\n<p>\r\n  <img alt="A lush green garden, lit by pathway lighting, showing a walkway cutting through the grass" data-crop="" data-description="QSUyMHZlcmRhbnQlMjBnYXJkZW4lMjBhZG9ybmVkJTIwd2l0aCUyMHBhdGh3YXklMjBsaWdodGluZyUyQyUyMHJldmVhbGluZyUyMGElMjB0cmFpbCUyMG5lc3RsZWQlMjB3aXRoaW4lMjB0aGUlMjBncmVlbmVyeS4=" data-id="6" data-source="/media/page_photos/0000/photo_6.jpg?_=1628631273" height="576" sizes="100vw" src="/media/page_photos/0000/photo_6.normal.jpg" srcset="/media/page_photos/0000/photo_6.wide.jpg?_=1628631273 1024w, /media/page_photos/0000/photo_6.normal.jpg?_=1628631273 800w, /media/page_photos/0000/photo_6.mobile.jpg?_=1628631273 480w" title="A garden walkthrough lit by pathway lighting" width="1024" />\r\n</p>\r\n\r\n<h2>Comprehensive Landscape Path Lighting Services Tailored for You</h2>\r\n\r\n<p>\r\n  Our pathway lighting suite encompasses:\r\n</p>\r\n\r\n<ul>\r\n  <li>\r\n    Inviting poolside lights that elevate your nocturnal swim rendezvous.\r\n  </li>\r\n  <li>\r\n    Ambient lighting that sets a sublime mood for your patio and decks.\r\n  </li>\r\n  <li>\r\n    Accent lighting to amplify the architectural allure of your abode.\r\n  </li>\r\n  <li>\r\n    Stair and pathway lighting prioritizing your safety without compromising on style.\r\n  </li>\r\n  <li>\r\n    Charismatic string lights for an enchanted evening ambiance.\r\n  </li>\r\n  <li>\r\n    Graceful garden lighting solutions rendering a surreal nighttime landscape.\r\n  </li>\r\n</ul>\r\n\r\n<p>\r\n  Our adept designers are at your service to craft a bespoke outdoor pathway lighting blueprint that aligns with your style and needs. With seasoned advice from our team, reimagine and revamp the aesthetics of your outdoor haven.\r\n</p>\r\n\r\n<p class="page-images single-image">\r\n  <img alt="A walkway cutting through the grass, bordering a swimming pool gleaming under led pathway lights" data-crop="" data-description="QSUyMHBpY3R1cmVzcXVlJTIwd2Fsa3dheSUyMGJvcmRlcmVkJTIwYnklMjBhJTIwcG9vbCUyQyUyMHRoZSUyMHNjZW5lJTIwYmF0aGVkJTIwaW4lMjB0aGUlMjBnZW50bGUlMjBnbG93JTIwb2YlMjBMRUQlMjBwYXRod2F5JTIwbGlnaHRzLg==" data-id="7" data-source="/media/page_photos/0000/photo_7.jpg?_=1628631367" height="576" sizes="100vw" src="/media/page_photos/0000/photo_7.normal.jpg" srcset="/media/page_photos/0000/photo_7.wide.jpg?_=1628631367 1024w, /media/page_photos/0000/photo_7.normal.jpg?_=1628631368 800w, /media/page_photos/0000/photo_7.mobile.jpg?_=1628631368 480w" title="A swimming pool shining brightly due to led pathway lights" width="1024" />\r\n  &nbsp;\r\n</p>\r\n\r\n<p>\r\n  Experience the magic with a nocturnal demo during your pathway lighting setup, unveiling the unseen potential of your property. If your premises are already equipped with a lighting system, consider upgrading to energy-efficient LED lights, the epitome of low-voltage pathway lighting solutions. We ensure fine-tuning on-site to fulfill all your lighting desires before the final installation commences.\r\n</p>\r\n\r\n<h2><br />\r\nContact Us</h2>\r\n\r\n<p>\r\n  Engage with our proficient team to design a pathway lighting scheme that impeccably complements your property.\r\n</p>\r\n\r\n<p>\r\n  Servicing areas:\r\n</p>\r\n\r\n<div class="columns">\r\n  <div class="column column-left">\r\n    <ul>\r\n      <li>\r\n        Central and West Austin, TX\r\n      </li>\r\n      <li>\r\n        Lakeway, TX&nbsp;\r\n      </li>\r\n      <li>\r\n        Dripping Springs, TX\r\n      </li>\r\n      <li>\r\n        Driftwood, TX\r\n      </li>\r\n      <li>\r\n        Georgetown, TX\r\n      </li>\r\n    </ul>\r\n  </div>\r\n\r\n  <div class="column column-right">\r\n    <ul>\r\n      <li>\r\n        Leander, TX\r\n      </li>\r\n      <li>\r\n        Round Rock, TX\r\n      </li>\r\n      <li>\r\n        Wimberly, TX\r\n      </li>\r\n      <li>\r\n        and all areas between\r\n      </li>\r\n    </ul>\r\n  </div>\r\n</div>\r\n\r\n<p>\r\n  Embark on a journey of light with our seasoned technicians, illuminating your outdoor space with a quintessential pathway lighting design from Illumination Concepts Inc.\r\n</p>\r\n	SCHEDULE MY FREE LIGHTNING CONSULTATION		2023-11-17 22:27:28.272665+00	pathway-lighting	t	5	service/preview/preview_4_gzdykRE.jpg				
5	std_page/header/image_5_Bw8uLaS.jpg	LED Lighting	Outdoor LED Lighting Design & Installation in Austin, TX	We can transform your home’s exterior with strategically placed LED lighting. Whether you want to make your driveway safer or highlight the beauty of your garden, we can help.	<p>\r\n  No exterior design project is complete without adequate outdoor lighting. At Illumination Concepts Inc, we offer a wide range of <a href="/outdoor-lighting/">outdoor lighting</a> solutions that are tailored to the needs of each homeowner. If you&rsquo;re thinking about upgrading the lighting around your Austin, TX home, our experienced team is here to assist. We are experts in modern outdoor LED lighting design and installation, so all you need to do is contact us to discuss your project.\r\n</p>\r\n\r\n<p class="page-images single-image">\r\n  <img alt="A garden scene with a walkway, illuminated by the excellence of outdoor led lighting" data-crop="" data-description="T3V0ZG9vciUyMGxlZCUyMGxpZ2h0aW5nJTIwd29ya3MlMjBwZXJmZWN0bHklMjBpZiUyMHlvdSdyZSUyMGFycmFuZ2luZyUyMGElMjBwYXJ0eQ==" data-id="9" data-source="/media/page_photos/0000/photo_9.jpg?_=1628632046" height="576" sizes="100vw" src="/media/page_photos/0000/photo_9.normal.jpg" srcset="/media/page_photos/0000/photo_9.wide.jpg?_=1628632047 1024w, /media/page_photos/0000/photo_9.normal.jpg?_=1628632047 800w, /media/page_photos/0000/photo_9.mobile.jpg?_=1628632047 480w" title="Outdoor led lighting creates a festive atmosphere" width="1024" />\r\n</p>\r\n\r\n<h2>Why Invest in LED Landscape Lighting&nbsp;</h2>\r\n\r\n<p>\r\n  Improved visibility is the most obvious reason for upgrading your lighting. However, it&rsquo;s far from the only reason. Lighting plays an important role in improving the safety, security, beauty, and even value of a property. We take the time to find out exactly why you need more light so we can recommend and install the most appropriate outdoor LED lighting fixtures.&nbsp;\r\n</p>\r\n\r\n<p>\r\n  We&rsquo;ll consider your tastes, the mood you want to create, how each area is used, how much traffic your backyard or garden gets, and more! This will help us to determine whether you need outdoor LED deck lighting, outdoor LED spotlights, or another type of lighting.\r\n</p>\r\n\r\n<p>\r\n  Some of the areas you may want to illuminate include your:\r\n</p>\r\n\r\n<div class="columns">\r\n  <div class="column column-left">\r\n    <ul>\r\n      <li>\r\n        Driveway\r\n      </li>\r\n      <li>\r\n        Backyard\r\n      </li>\r\n      <li>\r\n        Flower beds\r\n      </li>\r\n      <li>\r\n        Fence\r\n      </li>\r\n      <li>\r\n        Trees\r\n      </li>\r\n      <li>\r\n        Walking paths\r\n      </li>\r\n    </ul>\r\n  </div>\r\n\r\n  <div class="column column-right">\r\n    <ul>\r\n      <li>\r\n        House\r\n      </li>\r\n      <li>\r\n        Landscape\r\n      </li>\r\n      <li>\r\n        Fountains\r\n      </li>\r\n      <li>\r\n        Structures\r\n      </li>\r\n      <li>\r\n        Art\r\n      </li>\r\n    </ul>\r\n  </div>\r\n</div>\r\n\r\n<p>\r\n  The team at Illumination Concepts Inc uses a variety of techniques to create the desired effect. Modern outdoor LED lighting can be used to highlight the areas of your property that you love and conceal those parts which aren&rsquo;t that aesthetically pleasing. We can provide the look you want, whether that&rsquo;s subtle or dramatic.\r\n</p>\r\n\r\n<p class="page-images single-image">\r\n  <img alt="Lush green garden with white-colored borders, lit under the evening sky by led landscape lighting" data-crop="" data-description="V2l0aCUyMGxlZCUyMGxhbmRzY2FwZSUyMGxpZ2h0aW5nJTJDJTIweW91ciUyMHBsYWNlJTIwd2lsbCUyMHN0YXklMjB3ZWxsJTIwbGl0JTIwYW5kJTIwc2FmZQ==" data-id="10" data-source="/media/page_photos/0000/photo_10.png?_=1628632165" height="576" sizes="100vw" src="/media/page_photos/0000/photo_10.normal.png" srcset="/media/page_photos/0000/photo_10.wide.png?_=1628632165 1024w, /media/page_photos/0000/photo_10.normal.png?_=1628632166 800w, /media/page_photos/0000/photo_10.mobile.png?_=1628632166 480w" title="A garden boundary lit by led landscape lighting" width="1024" />\r\n</p>\r\n\r\n<h2>Benefits of LED Lights</h2>\r\n\r\n<p>\r\n  Not all lighting is the same. LED lights are popular because they offer several advantages over incandescent light bulbs. Not only do they have a longer lifespan, but they:\r\n</p>\r\n\r\n<ul>\r\n  <li>\r\n    Are more energy-efficient\r\n  </li>\r\n  <li>\r\n    Are more durable or reliable\r\n  </li>\r\n  <li>\r\n    Are available in a wide range of temperatures and colors\r\n  </li>\r\n  <li>\r\n    Offer greater control over light output\r\n  </li>\r\n  <li>\r\n    Produce less heat\r\n  </li>\r\n</ul>\r\n\r\n<h2>Contact Us to Discuss Your Outdoor LED Lighting Options</h2>\r\n\r\n<p>\r\n  Whether you&rsquo;re ready to improve your lighting or you&rsquo;re just considering your options, we can provide the advice you need. We offer outdoor LED lighting services in various areas in Central and West Texas, including Lakeway, Dripping Springs, and Driftwood. <a href="/contact/">Contact us</a> today to schedule a consultation or ask questions.\r\n</p>\r\n	SCHEDULE MY FREE LIGHTNING CONSULTATION		2023-11-17 22:27:28.278955+00	led-lighting	t	6	service/preview/preview_5_m8cpRGG.jpg				
11	std_page/header/image_11.webp	Permanent Holiday Lighting	Illuminate Every Season with Permanent Holiday Lighting	Discover the Magic of Permanent Holiday Lighting by Illumination Concepts!\n\nAre you ready to transform your home into a year-round spectacle? Illumination Concepts proudly presents Permanent Holiday Lighting, featuring the exclusive Gemstone Lights' Permanent LED Track Lighting system. Experience the joy of effortlessly celebrating every season with a stunning display that lasts beyond the holidays.	<h2>Our Permanent Holiday Lighting Process</h2>\r\n\r\n<p>\r\n  &nbsp;\r\n</p>\r\n\r\n<p>\r\n  <strong>1. Schedule Your Lighting Design Advisory Appointment</strong>\r\n</p>\r\n\r\n<p>\r\n  Start the journey by calling Illumination Concepts to schedule your Lighting Design Advisory Appointment. Our expert team will guide you through the process, ensuring your vision comes to life.\r\n</p>\r\n\r\n<p>\r\n  &nbsp;\r\n</p>\r\n\r\n<p>\r\n  <strong>2. Custom-Tailored Lighting Plan and Estimate</strong>\r\n</p>\r\n\r\n<p>\r\n  Following the consultation, receive a custom-tailored Lighting Plan along with a detailed estimate. We tailor our plans to suit your style, making your home stand out with a unique and enchanting glow.\r\n</p>\r\n\r\n<p>\r\n  &nbsp;\r\n</p>\r\n\r\n<p>\r\n  <strong>3. Installation of Our Gemstone Lights Package</strong>\r\n</p>\r\n\r\n<p>\r\n  Our skilled technicians will bring your vision to life with the installation of Gemstone Lights&#39; Permanent LED Track Lighting system.&nbsp;\r\n</p>\r\n\r\n<p>\r\n  &nbsp;\r\n</p>\r\n\r\n<p>\r\n  <strong>4. Become Instantly Ready for Every Season!</strong>\r\n</p>\r\n\r\n<p>\r\n  With our Permanent Holiday Lighting, your home is always ready to celebrate any season.&nbsp; Craft amazing visual displays that are the envy of the neighborhood.&nbsp;&nbsp;\r\n</p>\r\n\r\n<p>\r\n  &nbsp;\r\n</p>\r\n\r\n<p class="page-images multi-image">\r\n  <img alt="" data-crop="" data-id="37" data-source="/media/page_photos/0000/photo_37.png?_=1701830725" height="576" sizes="100vw" src="/media/page_photos/0000/photo_37.normal.png" srcset="/media/page_photos/0000/photo_37.wide.png?_=1701830726 1024w, /media/page_photos/0000/photo_37.normal.png?_=1701830727 800w, /media/page_photos/0000/photo_37.mobile.png?_=1701830727 480w" width="1024" />\r\n  <img alt="" data-crop="" data-id="40" data-source="/media/page_photos/0000/photo_40.png?_=1701830879" height="576" sizes="100vw" src="/media/page_photos/0000/photo_40.normal.png" srcset="/media/page_photos/0000/photo_40.wide.png?_=1701830880 1024w, /media/page_photos/0000/photo_40.normal.png?_=1701830880 800w, /media/page_photos/0000/photo_40.mobile.png?_=1701830881 480w" width="1024" />\r\n</p>\r\n\r\n<p>\r\n  &nbsp;\r\n</p>\r\n\r\n<h3>The Benefits of Our Permanent LED Track Lighting System</h3>\r\n\r\n<h3>&nbsp;</h3>\r\n\r\n<p>\r\n  As an Authorized Dealer of Gemstone Lights, Illumination Concepts is proud to offer only the best in permanent lighting solutions. The Gemstone Lights&#39; Permanent LED Track Lighting system offers:\r\n</p>\r\n\r\n<p>\r\n  &nbsp;\r\n</p>\r\n\r\n<ul>\r\n  <li>\r\n    <strong>Versatility</strong>:<strong>&nbsp;</strong>Seamlessly transition between holidays and seasons with a customizable lighting system.\r\n  </li>\r\n  <li>\r\n    <strong>Energy Efficiency</strong>:<strong> </strong>Enjoy the brilliance of LED lights while being energy-efficient, saving you money on your electricity bill.\r\n  </li>\r\n  <li>\r\n    <strong>Durability</strong>:<strong> </strong>Gemstone Lights are built to withstand the elements, providing long-lasting beauty and reliability.\r\n  </li>\r\n  <li>\r\n    <strong>Smart Control</strong>: Manage your lights effortlessly with advanced smart controls, allowing you to customize colors and effects with ease.\r\n  </li>\r\n</ul>\r\n\r\n<p>\r\n  &nbsp;\r\n</p>\r\n\r\n<p>\r\n  Make your home a year-round masterpiece with Permanent Holiday Lighting by Illumination Concepts. Schedule your Lighting Design Advisory Appointment today and embark on a journey of timeless elegance.\r\n</p>\r\n\r\n<p>\r\n  &nbsp;\r\n</p>\r\n\r\n<p>\r\n  Gemstone Lights - Your Home&#39;s Permanent Holiday Lighting Solution\r\n</p>\r\n\r\n<p class="page-images multi-image">\r\n  <img alt="" data-crop="" data-id="38" data-source="/media/page_photos/0000/photo_38.png?_=1701830779" height="576" sizes="100vw" src="/media/page_photos/0000/photo_38.normal.png" srcset="/media/page_photos/0000/photo_38.wide.png?_=1701830780 1024w, /media/page_photos/0000/photo_38.normal.png?_=1701830781 800w, /media/page_photos/0000/photo_38.mobile.png?_=1701830781 480w" width="1024" />\r\n  <img alt="" data-crop="" data-id="39" data-source="/media/page_photos/0000/photo_39.png?_=1701830794" height="576" sizes="100vw" src="/media/page_photos/0000/photo_39.normal.png" srcset="/media/page_photos/0000/photo_39.wide.png?_=1701830795 1024w, /media/page_photos/0000/photo_39.normal.png?_=1701830795 800w, /media/page_photos/0000/photo_39.mobile.png?_=1701830796 480w" width="1024" />\r\n</p>\r\n\r\n<h2>Frequently Asked Questions</h2>\r\n\r\n<p>\r\n  &nbsp;\r\n</p>\r\n\r\n<p>\r\n  In our over 25 years of serving the Austin Metro area, we have learned a thing or two. Our comprehensive service is centered around you, the homeowner.\r\n</p>\r\n\r\n<table>\r\n  <tbody>\r\n    <tr>\r\n      <td><p>\r\n        <strong>Is the Permanent LED Track Lighting System Waterproof?</strong>\r\n      </p>\r\n\r\n      <p>\r\n        - Yes, the Permanent LED Track Lighting System is waterproof. It Is IP67 rated ensuring your system will have no issues when it comes to water.\r\n      </p>\r\n\r\n      <p>\r\n        &nbsp;\r\n      </p>\r\n\r\n      <p>\r\n        <strong>Is the Permanent LED Track Lighting System Protected From UV Rays?</strong>\r\n      </p>\r\n\r\n      <p>\r\n        - Yes, all cables and lights in the Permanent LED Track Lighting System are UV rated, allowing the system to work as efficiently as the day you bought it, throughout the lifetime of the lights.&nbsp;\r\n      </p>\r\n\r\n      <p>\r\n        &nbsp;\r\n      </p>\r\n\r\n      <p>\r\n        <strong>What is the Life Expectancy of the Permanent LED Track Lighting System?</strong>\r\n      </p>\r\n\r\n      <p>\r\n        - The Permanent LED Track Lighting System uses the most cutting-edge LED technology available, allowing for a life expectancy of 50,000 hours. With average usage being 6 hours a day, the system is rated to last around 23 years!\r\n      </p>\r\n\r\n      <p>\r\n        &nbsp;\r\n      </p>\r\n\r\n      <p>\r\n        <strong>What Happens if a Light Goes Out in the Permanent LED Track Lighting System?</strong>\r\n      </p>\r\n\r\n      <p>\r\n        - In the unlikely event a light goes out in the Permanent LED Track Lighting System a replacement is quick and simple and covered under our 5-year product warranty!&nbsp;\r\n      </p>\r\n\r\n      <p>\r\n        &nbsp;\r\n      </p>\r\n\r\n      <p>\r\n        <strong>Where is the Permanent LED Track Lighting System Control Box Installed?</strong>\r\n      </p>\r\n\r\n      <p>\r\n        - The installation of the Permanent LED Track Lighting System Control Box will depend on three things; proximity to an electrical outlet, path to the first light of the system, and keeping it hidden. More often than not, the Control Box is installed on the side of the home near a roofline, or in the attic of the garage.\r\n      </p>\r\n      </td>\r\n    </tr>\r\n  </tbody>\r\n</table>\r\n\r\n<p>\r\n  &nbsp;\r\n</p>\r\n\r\n<h3>Service Area</h3>\r\n\r\n<p>\r\n  &nbsp;\r\n</p>\r\n\r\n<p>\r\n  Our Permanent Holiday Lightning&nbsp;services are available to Austin and the following areas:\r\n</p>\r\n\r\n<ul>\r\n  <li>\r\n    Dripping Springs\r\n  </li>\r\n  <li>\r\n    Round Rock\r\n  </li>\r\n  <li>\r\n    Cedar Park\r\n  </li>\r\n  <li>\r\n    Georgetown\r\n  </li>\r\n  <li>\r\n    Pflugerville\r\n  </li>\r\n  <li>\r\n    Hutto\r\n  </li>\r\n  <li>\r\n    Leander\r\n  </li>\r\n  <li>\r\n    Liberty Hill\r\n  </li>\r\n</ul>\r\n\r\n<p>\r\n  &nbsp;\r\n</p>\r\n\r\n<p>\r\n  Make your home the shining example of your neighborhood with Illumination Concepts. Contact us today to schedule your Lighting Design Advisory Appointment and learn how easily we can incorporate every season into your custom Lightscape!\r\n</p>\r\n\r\n<p>\r\n  &nbsp;\r\n</p>\r\n\r\n<p>\r\n  Light Up Your Home with Illumination Concepts!\r\n</p>\r\n	Get Your FREE CONSULTATION!	https://austinlandscapelighting.us/contact/	2023-12-06 02:48:16.106196+00	permanent-holiday-lighting	t	3	service/preview/preview_11.jpg	Permanent Holiday Lights	Lightning for Every Season	Permanent Holiday Lights	Lightning for Every Season
10	std_page/header/image_10.jpg	Holiday Lighting Installation	Transform Your Austin-Area Home with Stunning Holiday Lights!	Welcome to Illumination Concepts - Austin's Premier Residential Outdoor Lighting Designer\n\nAre you ready to light up your holidays and create magical memories for your family and friends? At Illumination Concepts, we specialize in creating breathtaking holiday light displays that will leave your home the talk of the neighborhood. With hundreds of 5-star satisfied customers, we are your trusted partner for turning your Austin-area home into a festive wonderland.	<h2>Our Holiday Light Installation Process</h2>\r\n\r\n<p>\r\n  <strong>1. Schedule Your Lighting Design Advisory Appointment</strong>\r\n</p>\r\n\r\n<p>\r\n  The journey begins when you give us a call. Our expert team at Illumination Concepts will work closely with you to understand your vision and preferences. We&#39;ll schedule your Lighting Design Advisory Appointment to discuss ideas and assess your property.\r\n</p>\r\n\r\n<p>\r\n  <strong>2. Custom-Tailored Lighting Plan and Estimate will be Provided</strong>\r\n</p>\r\n\r\n<p>\r\n  Following our consultation, you&#39;ll receive a custom-tailored Lighting Plan that matches your home&rsquo;s unique style and holiday spirit. We&#39;ll provide you with a detailed estimate, ensuring transparency every step of the way.\r\n</p>\r\n\r\n<p>\r\n  <strong>3. Installation of Our Bespoke Holiday Lighting Package</strong>\r\n</p>\r\n\r\n<p>\r\n  Sit back, relax, and watch the magic unfold. Our skilled technicians will meticulously install your holiday lights, creating a stunning display that captures the essence of the season. We recommend mid-October as the ideal time to illuminate your home, allowing you to enjoy the lightscape for months.\r\n</p>\r\n\r\n<p>\r\n  <strong>4. Pick Up and Pack Up</strong>\r\n</p>\r\n\r\n<p>\r\n  When the holiday season comes to a close, we&#39;ll carefully take down your lights and decorations, placing them in storage boxes for easy access next year. This thoughtful service not only preserves your investment but also allows you to enhance your display in the following years.\r\n</p>\r\n\r\n<p>\r\n  <strong>5. Pre-Book for Next Year</strong>\r\n</p>\r\n\r\n<p>\r\n  Stay ahead of the game by pre-booking your holiday lighting for the following year. Our calendar fills up quickly, so reserving your spot in early November is recommended to ensure you don&#39;t miss out on the magic.\r\n</p>\r\n\r\n<p>\r\n  &nbsp;\r\n</p>\r\n\r\n<p class="page-images single-image">\r\n  <img alt="Landscape Lighting" data-crop="" data-id="34" data-source="/media/page_photos/0000/photo_34.png?_=1696887996" height="576" sizes="100vw" src="/media/page_photos/0000/photo_34.normal.png" srcset="/media/page_photos/0000/photo_34.wide.png?_=1696887997 1024w, /media/page_photos/0000/photo_34.normal.png?_=1696887998 800w, /media/page_photos/0000/photo_34.mobile.png?_=1696887998 480w" width="1024" />\r\n</p>\r\n\r\n<p>\r\n  &nbsp;\r\n</p>\r\n\r\n<h2>Frequently Asked Questions</h2>\r\n\r\n<p>\r\n  In our over 25 years of serving the Austin Metro area, we have learned a thing or two.&nbsp; We created this amazing service for those that want to spread a little joy during the Holiday season, but don&#39;t want the hassle and stress of doing it themselves.&nbsp; Our comprehensive service is centered around you, the homeowner.&nbsp;&nbsp;\r\n</p>\r\n\r\n<table border=".5">\r\n  <tbody>\r\n    <tr>\r\n      <td><p>\r\n        <strong>How far in advance do I need to reserve my event and holiday lights installation services?</strong>\r\n      </p>\r\n\r\n      <p>\r\n        -&nbsp; Illumination Concepts understands the holiday rush. We recommend contacting us in early November to secure your spot for Holiday Lighting. For year-round event lighting services, we suggest reaching out 8 weeks in advance to plan and install successfully.\r\n      </p>\r\n\r\n      <p>\r\n        &nbsp;\r\n      </p>\r\n\r\n      <p>\r\n        <strong>What if I have a problem with my display after installation?</strong>\r\n      </p>\r\n\r\n      <p>\r\n        -&nbsp; Rest assured, our experienced team conducts thorough checks before leaving your property. In the rare case of issues due to bad weather or unforeseen circumstances, call us, and we&#39;ll return promptly to ensure your lights display shines brightly.\r\n      </p>\r\n\r\n      <p>\r\n        &nbsp;\r\n      </p>\r\n\r\n      <p>\r\n        <strong>How will you attach the lights to my house?</strong>\r\n      </p>\r\n\r\n      <p>\r\n        -&nbsp; We prioritize the safety of your property and everyone who inhabits it. Our trained technicians use universal clips to attach lights to your home, avoiding any damage from screws or nails. These clips also enable us to remove the lights quickly once the holiday season ends.\r\n      </p>\r\n\r\n      <p>\r\n        &nbsp;\r\n      </p>\r\n\r\n      <p>\r\n        <strong>Where are the lights stored after you take them down?</strong>\r\n      </p>\r\n\r\n      <p>\r\n        -&nbsp; After the holidays, we&#39;ll carefully store your lights and decorations in storage boxes, ready for next season. We can even offer to store them for you to be utilized again next year, saving you time and space for that New Year&rsquo;s Resolution.&nbsp;&nbsp;\r\n      </p>\r\n      </td>\r\n    </tr>\r\n  </tbody>\r\n</table>\r\n\r\n<p>\r\n  As you can see, investing in high-quality decorations with Illumination Concepts in an investment in future you.&nbsp; Save the time, save the hassle, save the space, and stop buying and warehousing your own part-time decorations!\r\n</p>\r\n\r\n<p>\r\n  &nbsp;\r\n</p>\r\n\r\n<p class="page-images single-image">\r\n  <img alt="Landscape Lighting" data-crop="" data-id="35" data-source="/media/page_photos/0000/photo_35.png?_=1696888122" height="576" sizes="100vw" src="/media/page_photos/0000/photo_35.normal.png" srcset="/media/page_photos/0000/photo_35.wide.png?_=1696888123 1024w, /media/page_photos/0000/photo_35.normal.png?_=1696888124 800w, /media/page_photos/0000/photo_35.mobile.png?_=1696888125 480w" width="1024" />\r\n</p>\r\n\r\n<p>\r\n  &nbsp;\r\n</p>\r\n\r\n<h2>Service Area</h2>\r\n\r\n<p>\r\n  Our Holiday Light Installation services are available to Austin and the following areas:\r\n</p>\r\n\r\n<ul>\r\n  <li>\r\n    Dripping Springs\r\n  </li>\r\n  <li>\r\n    Round Rock\r\n  </li>\r\n  <li>\r\n    Cedar Park\r\n  </li>\r\n  <li>\r\n    Georgetown\r\n  </li>\r\n  <li>\r\n    Pflugerville\r\n  </li>\r\n  <li>\r\n    Hutto\r\n  </li>\r\n  <li>\r\n    Leander\r\n  </li>\r\n  <li>\r\n    Liberty Hill\r\n  </li>\r\n</ul>\r\n\r\n<p>\r\n  &nbsp;\r\n</p>\r\n\r\n<p>\r\n  Turn your home into a festive masterpiece with Illumination Concepts. Contact us today to schedule your Lighting Design Advisory Appointment and make this holiday season truly magical.\r\n</p>\r\n\r\n<p>\r\n  &nbsp;\r\n</p>\r\n\r\n<p>\r\n  Light Up Your Holidays with Illumination Concepts!\r\n</p>\r\n	Book Your FREE CONSULTATION!		2023-11-17 22:30:14.362402+00	professional-holiday-light-installation-service	t	2	service/preview/preview_10.jpg	Permanent Holiday Lighting Installation	Year Round Holiday LED Lights	Permanent Holiday Lighting Installation	Year Round Holiday LED Lights
\.


--
-- TOC entry 3744 (class 0 OID 16718)
-- Dependencies: 290
-- Data for Name: services_servicebenefit; Type: TABLE DATA; Schema: public; Owner: postgres
--

COPY public.services_servicebenefit (id, title, description, icon, "order", config_id) FROM stdin;
1	Usability	Installing lights around pools, patios and landscaping creates a safe space for your guests and family to enjoy your backyard.	usability	5	1
2	Safety	When its dark outside, or you are not able to see where you are going, a lighted walk way or pathway can make all the difference.	safety	6	1
3	Value	If you decide to sell your home, you can increase the value by having our outdoor light specialists create a lighting system that works for you.	value	7	1
4	Environmentatlly Friendly	Led lights only use 10% of energy that is required by traditional low voltage light bulbs and flood lamps. Therefore they burn less energy than regular lights.	eco-friendly	8	1
\.


--
-- TOC entry 3746 (class 0 OID 16727)
-- Dependencies: 292
-- Data for Name: services_servicebenefitsblock; Type: TABLE DATA; Schema: public; Owner: postgres
--

COPY public.services_servicebenefitsblock (attachableblock_ptr_id, header, description) FROM stdin;
11	How will you benefit from our services?	While investing in outdoor lights showcases the beauty of your Austin home, there are more benefits to having lights installed around your home. When you choose to work with our Austin Landscape lighting company, you can feel confident that you will receive the following benefits from the experience
\.


--
-- TOC entry 3747 (class 0 OID 16733)
-- Dependencies: 293
-- Data for Name: services_serviceblock; Type: TABLE DATA; Schema: public; Owner: postgres
--

COPY public.services_serviceblock (attachableblock_ptr_id, header, btn_text) FROM stdin;
4	Outdoor Lighting Services You Can Rely On	Click For More Lighting Solutions
\.


--
-- TOC entry 3748 (class 0 OID 16736)
-- Dependencies: 294
-- Data for Name: services_servicesconfig; Type: TABLE DATA; Schema: public; Owner: postgres
--

COPY public.services_servicesconfig (id, image, title, header, description, text, btn_text, btn_url, updated, alt_image, title_image) FROM stdin;
1	std_page/header/image_1_Q8zVubG.jpg	Outdoor lighting	Premier Outdoor Lighting Services in the Austin, TX Area	Lighting can show the best side of your home both in routine and special situations. Illumination Concepts Inc. can help you with various outdoor lighting services for Austin, TX, and beyond.	<p>\r\n  As a family-owned <a href="https://austinlandscapelighting.us/">outdoor lighting service</a> company with over 26 years of professional excellence to our credit, Illumination Concepts Inc. is the leading provider of outdoor lighting design for Austin, TX.&nbsp;\r\n</p>\r\n\r\n<p>\r\n  Want to bring out the best, most vibrant side of your house?\r\n</p>\r\n\r\n<p>\r\n  Our environment-friendly, low-voltage lighting services can illuminate your place, showing the best colors and shades of your outdoors.\r\n</p>\r\n\r\n<h2>We Offer Versatile Outdoor Lighting Service</h2>\r\n\r\n<p>\r\n  Whether it&rsquo;s for regular use or a holiday season setup, you can count on us to light up your house and make it gleam and glow like none else.\r\n</p>\r\n\r\n<p>\r\n  Our lighting services encompass:\r\n</p>\r\n\r\n<ul>\r\n  <li>\r\n    Residential Lighting\r\n  </li>\r\n  <li>\r\n    Outdoor Deck Lighting\r\n  </li>\r\n  <li>\r\n    Outdoor Post Lighting\r\n  </li>\r\n  <li>\r\n    Garden Lamp Lighting\r\n  </li>\r\n  <li>\r\n    Outside Wall Lighting\r\n  </li>\r\n  <li>\r\n    Pathway &amp; Patio Lighting\r\n  </li>\r\n  <li>\r\n    LED Lighting\r\n  </li>\r\n  <li>\r\n    Backyard Lighting Installation\r\n  </li>\r\n  <li>\r\n    Exterior Lighting Maintenance\r\n  </li>\r\n</ul>\r\n\r\n<p>\r\n  Custom residential outdoor driveway lighting is our business, and we&rsquo;ve been at it for the past 26 years. All the materials we use for our outdoor fence lighting services are eco-friendly, meaning that you&rsquo;ll be mitigating your carbon footprint which would&rsquo;ve been much bigger if you were to use conventional outdoor sign lighting fixtures.\r\n</p>\r\n\r\n<p>\r\n  Also, our LED outdoor walkway lighting system requires minimal upkeep and maintenance.\r\n</p>\r\n\r\n<h2>Elevate Your Outdoors with Illumination Concepts&nbsp;</h2>\r\n\r\n<p>\r\n  With years of professional success to back up our claim, we believe in giving our customers the best experience possible, as with all top-tier outdoor lighting contractors.\r\n</p>\r\n\r\n<p>\r\n  We operate in:\r\n</p>\r\n\r\n<ul>\r\n  <li>\r\n    Austin, TX\r\n  </li>\r\n  <li>\r\n    Central and West Austin, TX\r\n  </li>\r\n  <li>\r\n    Lakeway, TX\r\n  </li>\r\n  <li>\r\n    Dripping Springs, TX\r\n  </li>\r\n  <li>\r\n    Driftwood, TX\r\n  </li>\r\n</ul>\r\n\r\n<p>\r\n  No more searching for &ldquo;outdoor lighting near me!&rdquo; Give your home a beautiful new look with our services.&nbsp;\r\n</p>\r\n	SCHEDULE MY FREE LIGHTNING CONSULTATION		2023-06-28 19:54:57.133822+00	Our professionals will provide your home and garden with different types of outdoor lighting	Brightly lit front yard with the house of white stone
\.


--
-- TOC entry 3750 (class 0 OID 16744)
-- Dependencies: 296
-- Data for Name: social_networks_feedpost; Type: TABLE DATA; Schema: public; Owner: postgres
--

COPY public.social_networks_feedpost (id, network, text, url, scheduled, object_id, created, posted, content_type_id) FROM stdin;
\.


--
-- TOC entry 3752 (class 0 OID 16753)
-- Dependencies: 298
-- Data for Name: social_networks_socialconfig; Type: TABLE DATA; Schema: public; Owner: postgres
--

COPY public.social_networks_socialconfig (id, google_apikey, twitter_client_id, twitter_client_secret, twitter_access_token, twitter_access_token_secret, facebook_access_token, linkedin_access_token, instagram_client_id, instagram_client_secret, instagram_access_token, updated, linkedin_client_secret, linkedin_client_id, facebook_client_id, facebook_client_secret) FROM stdin;
1	AIzaSyDAx6URKWh7OAwJqKoiIkBq47mpZ0BGgR0										2021-07-12 12:24:13.323+00				
\.


--
-- TOC entry 3754 (class 0 OID 16761)
-- Dependencies: 300
-- Data for Name: social_networks_sociallink; Type: TABLE DATA; Schema: public; Owner: postgres
--

COPY public.social_networks_sociallink (id, provider, url, "order") FROM stdin;
\.


--
-- TOC entry 3756 (class 0 OID 16766)
-- Dependencies: 302
-- Data for Name: social_networks_sociallinks; Type: TABLE DATA; Schema: public; Owner: postgres
--

COPY public.social_networks_sociallinks (id, social_facebook, social_twitter, social_google, updated, social_instagram) FROM stdin;
\.


--
-- TOC entry 3758 (class 0 OID 16774)
-- Dependencies: 304
-- Data for Name: testimonials_testimonials; Type: TABLE DATA; Schema: public; Owner: postgres
--

COPY public.testimonials_testimonials (id, name, text, visible, sort_order) FROM stdin;
1	Matt Heyens	Chris and his team did an amazing job at our event venue The Addison Grove. They are great to work with, professional, and performed high quality work, installing our fixtures in a matter of days. Their prices were also very competitive. I’d highly recommend Illumination Concepts for your home or business. We will be working with them again in the near future to add on to our existing installment.	t	1
2	Andrew Schell CPA	Chris is an expert in lighting design. He understands the science of lighting to make any house look great at night. He uses professional equipment and an excellent installation crew. I spoke to just about every lighting company in the area. Most did not understand their products and did not understand lighting. Not all lighting companies are equal and Illumination Concepts is the best.	t	2
3	Deryl B.	Chris and his team do amazing work! I called to schedule an estimate and Chris was able to come out the SAME DAY, and I was on the schedule to have lights installed the following week. He blew his competition out of the water with his responsiveness. On the day of install, Chris arrived with is team, reviewed what needed to be done, then they went to work. His installation crew did an outstanding job. I’m very satisfied with the final product!!	t	3
4	Cheryl M.	Chris did an outstanding job at creating a solution to my needs for lighting wherein aesthetics meet security. He was quick to provide a thorough and competitive bid and provided me with nearby	t	4
5	David Nice	Professional installer, good value, creative in landscape lighting projects, has proven to stand behind the warranty on the parts and work performed, referred this installer to neighbor and they are satisfied as well.  Highly recommend.	t	5
6	Anindya Mukherjee	Had these guys put up a bunch of lighting all around my deck and backyard.  Reasonably priced and very quick to install.  Skilled, professional and responsive.  About 6 months after install, one set of lights were failing, and they came out right away and fixed me up.  Since the fault was product-related, I didn't pay anything out-of-pocket as they stand behind their work.  Would recommend.	t	6
7	Susan Hochstatter	At a time when it seems to take months to get on the schedule to have anything done,  our experience with Illumination Concepts was far better than expected.  On time, as quoted and stayed until the job was done.  My neighbors are very pleased with the look of our front and side yard.  These guys are great - should be anyone's first choice.	t	7
8	Bryan Kansas	Chris has done a great job with illumination concepts. If we have issues, they are dealt with promptly and at very fair price. The house and yard look fantastic lit up at night. Highly recommend illumination concepts if you are considering great lighting at your home. Thx!!	t	8
9	John Dwyer	Just recently moved into a new house with extensive outdoor mood lighting that was in disrepair.  All it took was one call to Chris at Illumination Concepts and the repairs and updates were quickly made. . . And later, when we thought we had electrical problems with the lights, Chris was able to solve them with a simple (no charge) phone call.  Great Service at a fair price!	t	9
10	Tracy Dahl-Burg	Chris with Illumination Concepts came through for us in a tight time-frame. The work was done quickly, professionally and looks great, overall. Would highly recommend this company.	t	10
11	Rudy P.	Great design, cool lighting!\nThey did a great job of designing the layout and we came up with a reasonable compromise on how to meet the budget. They did a solid job of scaling the forest on a steep hill to get some of the lights placed.	t	0
\.


--
-- TOC entry 3760 (class 0 OID 16782)
-- Dependencies: 306
-- Data for Name: testimonials_testimonialsblock; Type: TABLE DATA; Schema: public; Owner: postgres
--

COPY public.testimonials_testimonialsblock (attachableblock_ptr_id, header, btn_text) FROM stdin;
9	Reviews from Our Clients	Show More
12		Show More
\.


--
-- TOC entry 3761 (class 0 OID 16785)
-- Dependencies: 307
-- Data for Name: testimonials_testimonialsconfig; Type: TABLE DATA; Schema: public; Owner: postgres
--

COPY public.testimonials_testimonialsconfig (id, image, title, header, description, text, btn_text, btn_url, updated, alt_image, title_image) FROM stdin;
1	std_page/header/image_1_IghehDO.jpg	Testimonials	Testimonials	We always strive to achieve the best results for our clients and pride ourselves that our works are highly appreciated by them as well as the community.				2021-08-16 20:23:54.548+00		
\.


--
-- TOC entry 3763 (class 0 OID 16793)
-- Dependencies: 309
-- Data for Name: users_customuser; Type: TABLE DATA; Schema: public; Owner: postgres
--

COPY public.users_customuser (id, password, last_login, is_superuser, username, first_name, last_name, email, is_staff, is_active, date_joined) FROM stdin;
3	pbkdf2_sha256$36000$bahzhLOKJuHV$AfhXxHjh8yTPyRz9PPGvldtgLVkptuRHlBKKCFfZtqs=	2022-12-16 11:48:20.164675+00	t	seo				t	t	2021-08-18 07:33:14.152503+00
2	pbkdf2_sha256$36000$Y49h5TnPy7fC$j6v8GMkRbLhLEzrT2T8yBtzcgDRaRSxV4qMSYkFtqIw=	2021-08-23 16:43:48.656611+00	f	austinlandscapelighting				t	t	2021-08-11 09:15:00.549+00
1	pbkdf2_sha256$36000$kkoCYtnDvKIO$W4wtiJnAj6jWSnvtSO/PWSfVMV8+akbuSnkYGLeesdU=	2023-12-28 12:36:54.735474+00	t	dladmin				t	t	2021-07-13 07:35:23.329+00
\.


--
-- TOC entry 3764 (class 0 OID 16799)
-- Dependencies: 310
-- Data for Name: users_customuser_groups; Type: TABLE DATA; Schema: public; Owner: postgres
--

COPY public.users_customuser_groups (id, customuser_id, group_id) FROM stdin;
1	2	1
\.


--
-- TOC entry 3767 (class 0 OID 16806)
-- Dependencies: 313
-- Data for Name: users_customuser_user_permissions; Type: TABLE DATA; Schema: public; Owner: postgres
--

COPY public.users_customuser_user_permissions (id, customuser_id, permission_id) FROM stdin;
\.


--
-- TOC entry 3829 (class 0 OID 0)
-- Dependencies: 197
-- Name: about_aboutconfig_id_seq; Type: SEQUENCE SET; Schema: public; Owner: postgres
--

SELECT pg_catalog.setval('public.about_aboutconfig_id_seq', 1, true);


--
-- TOC entry 3830 (class 0 OID 0)
-- Dependencies: 199
-- Name: admin_honeypot_loginattempt_id_seq; Type: SEQUENCE SET; Schema: public; Owner: postgres
--

SELECT pg_catalog.setval('public.admin_honeypot_loginattempt_id_seq', 754, true);


--
-- TOC entry 3831 (class 0 OID 0)
-- Dependencies: 201
-- Name: attachable_blocks_attachableblock_id_seq; Type: SEQUENCE SET; Schema: public; Owner: postgres
--

SELECT pg_catalog.setval('public.attachable_blocks_attachableblock_id_seq', 12, true);


--
-- TOC entry 3832 (class 0 OID 0)
-- Dependencies: 203
-- Name: attachable_blocks_attachablereference_id_seq; Type: SEQUENCE SET; Schema: public; Owner: postgres
--

SELECT pg_catalog.setval('public.attachable_blocks_attachablereference_id_seq', 52, true);


--
-- TOC entry 3833 (class 0 OID 0)
-- Dependencies: 205
-- Name: auth_group_id_seq; Type: SEQUENCE SET; Schema: public; Owner: postgres
--

SELECT pg_catalog.setval('public.auth_group_id_seq', 1, true);


--
-- TOC entry 3834 (class 0 OID 0)
-- Dependencies: 207
-- Name: auth_group_permissions_id_seq; Type: SEQUENCE SET; Schema: public; Owner: postgres
--

SELECT pg_catalog.setval('public.auth_group_permissions_id_seq', 84, true);


--
-- TOC entry 3835 (class 0 OID 0)
-- Dependencies: 209
-- Name: auth_permission_id_seq; Type: SEQUENCE SET; Schema: public; Owner: postgres
--

SELECT pg_catalog.setval('public.auth_permission_id_seq', 120, true);


--
-- TOC entry 3836 (class 0 OID 0)
-- Dependencies: 211
-- Name: ckeditor_pagefile_id_seq; Type: SEQUENCE SET; Schema: public; Owner: postgres
--

SELECT pg_catalog.setval('public.ckeditor_pagefile_id_seq', 1, false);


--
-- TOC entry 3837 (class 0 OID 0)
-- Dependencies: 213
-- Name: ckeditor_pagephoto_id_seq; Type: SEQUENCE SET; Schema: public; Owner: postgres
--

SELECT pg_catalog.setval('public.ckeditor_pagephoto_id_seq', 40, true);


--
-- TOC entry 3838 (class 0 OID 0)
-- Dependencies: 215
-- Name: ckeditor_simplephoto_id_seq; Type: SEQUENCE SET; Schema: public; Owner: postgres
--

SELECT pg_catalog.setval('public.ckeditor_simplephoto_id_seq', 1, true);


--
-- TOC entry 3839 (class 0 OID 0)
-- Dependencies: 217
-- Name: contacts_address_id_seq; Type: SEQUENCE SET; Schema: public; Owner: postgres
--

SELECT pg_catalog.setval('public.contacts_address_id_seq', 1, true);


--
-- TOC entry 3840 (class 0 OID 0)
-- Dependencies: 221
-- Name: contacts_contactsconfig_id_seq; Type: SEQUENCE SET; Schema: public; Owner: postgres
--

SELECT pg_catalog.setval('public.contacts_contactsconfig_id_seq', 1, true);


--
-- TOC entry 3841 (class 0 OID 0)
-- Dependencies: 223
-- Name: contacts_contactsthankyouconfig_id_seq; Type: SEQUENCE SET; Schema: public; Owner: postgres
--

SELECT pg_catalog.setval('public.contacts_contactsthankyouconfig_id_seq', 1, true);


--
-- TOC entry 3842 (class 0 OID 0)
-- Dependencies: 225
-- Name: contacts_message_id_seq; Type: SEQUENCE SET; Schema: public; Owner: postgres
--

SELECT pg_catalog.setval('public.contacts_message_id_seq', 174, true);


--
-- TOC entry 3843 (class 0 OID 0)
-- Dependencies: 227
-- Name: contacts_notificationreceiver_id_seq; Type: SEQUENCE SET; Schema: public; Owner: postgres
--

SELECT pg_catalog.setval('public.contacts_notificationreceiver_id_seq', 17, true);


--
-- TOC entry 3844 (class 0 OID 0)
-- Dependencies: 229
-- Name: contacts_openinghours_id_seq; Type: SEQUENCE SET; Schema: public; Owner: postgres
--

SELECT pg_catalog.setval('public.contacts_openinghours_id_seq', 3, true);


--
-- TOC entry 3845 (class 0 OID 0)
-- Dependencies: 231
-- Name: contacts_phonenumber_id_seq; Type: SEQUENCE SET; Schema: public; Owner: postgres
--

SELECT pg_catalog.setval('public.contacts_phonenumber_id_seq', 1, true);


--
-- TOC entry 3846 (class 0 OID 0)
-- Dependencies: 233
-- Name: contacts_specialofferconfig_id_seq; Type: SEQUENCE SET; Schema: public; Owner: postgres
--

SELECT pg_catalog.setval('public.contacts_specialofferconfig_id_seq', 1, true);


--
-- TOC entry 3847 (class 0 OID 0)
-- Dependencies: 235
-- Name: contacts_specialofferrequest_id_seq; Type: SEQUENCE SET; Schema: public; Owner: postgres
--

SELECT pg_catalog.setval('public.contacts_specialofferrequest_id_seq', 31, true);


--
-- TOC entry 3848 (class 0 OID 0)
-- Dependencies: 237
-- Name: contacts_specialofferthankyouconfig_id_seq; Type: SEQUENCE SET; Schema: public; Owner: postgres
--

SELECT pg_catalog.setval('public.contacts_specialofferthankyouconfig_id_seq', 1, true);


--
-- TOC entry 3849 (class 0 OID 0)
-- Dependencies: 239
-- Name: contacts_stopword_id_seq; Type: SEQUENCE SET; Schema: public; Owner: postgres
--

SELECT pg_catalog.setval('public.contacts_stopword_id_seq', 1, true);


--
-- TOC entry 3850 (class 0 OID 0)
-- Dependencies: 241
-- Name: django_admin_log_id_seq; Type: SEQUENCE SET; Schema: public; Owner: postgres
--

SELECT pg_catalog.setval('public.django_admin_log_id_seq', 359, true);


--
-- TOC entry 3851 (class 0 OID 0)
-- Dependencies: 243
-- Name: django_content_type_id_seq; Type: SEQUENCE SET; Schema: public; Owner: postgres
--

SELECT pg_catalog.setval('public.django_content_type_id_seq', 63, true);


--
-- TOC entry 3852 (class 0 OID 0)
-- Dependencies: 245
-- Name: django_cron_cronjoblog_id_seq; Type: SEQUENCE SET; Schema: public; Owner: postgres
--

SELECT pg_catalog.setval('public.django_cron_cronjoblog_id_seq', 1, false);


--
-- TOC entry 3853 (class 0 OID 0)
-- Dependencies: 247
-- Name: django_migrations_id_seq; Type: SEQUENCE SET; Schema: public; Owner: postgres
--

SELECT pg_catalog.setval('public.django_migrations_id_seq', 98, true);


--
-- TOC entry 3854 (class 0 OID 0)
-- Dependencies: 250
-- Name: django_site_id_seq; Type: SEQUENCE SET; Schema: public; Owner: postgres
--

SELECT pg_catalog.setval('public.django_site_id_seq', 1, true);


--
-- TOC entry 3855 (class 0 OID 0)
-- Dependencies: 252
-- Name: faq_faqconfig_id_seq; Type: SEQUENCE SET; Schema: public; Owner: postgres
--

SELECT pg_catalog.setval('public.faq_faqconfig_id_seq', 1, true);


--
-- TOC entry 3856 (class 0 OID 0)
-- Dependencies: 254
-- Name: faq_question_id_seq; Type: SEQUENCE SET; Schema: public; Owner: postgres
--

SELECT pg_catalog.setval('public.faq_question_id_seq', 8, true);


--
-- TOC entry 3857 (class 0 OID 0)
-- Dependencies: 256
-- Name: gallery_galleryitembase_id_seq; Type: SEQUENCE SET; Schema: public; Owner: postgres
--

SELECT pg_catalog.setval('public.gallery_galleryitembase_id_seq', 98, true);


--
-- TOC entry 3858 (class 0 OID 0)
-- Dependencies: 258
-- Name: google_maps_mapandaddress_id_seq; Type: SEQUENCE SET; Schema: public; Owner: postgres
--

SELECT pg_catalog.setval('public.google_maps_mapandaddress_id_seq', 1, false);


--
-- TOC entry 3859 (class 0 OID 0)
-- Dependencies: 260
-- Name: main_advantage_id_seq; Type: SEQUENCE SET; Schema: public; Owner: postgres
--

SELECT pg_catalog.setval('public.main_advantage_id_seq', 15, true);


--
-- TOC entry 3860 (class 0 OID 0)
-- Dependencies: 263
-- Name: main_award_id_seq; Type: SEQUENCE SET; Schema: public; Owner: postgres
--

SELECT pg_catalog.setval('public.main_award_id_seq', 4, true);


--
-- TOC entry 3861 (class 0 OID 0)
-- Dependencies: 266
-- Name: main_mainpageconfig_id_seq; Type: SEQUENCE SET; Schema: public; Owner: postgres
--

SELECT pg_catalog.setval('public.main_mainpageconfig_id_seq', 1, true);


--
-- TOC entry 3862 (class 0 OID 0)
-- Dependencies: 268
-- Name: portfolio_blockgallery_id_seq; Type: SEQUENCE SET; Schema: public; Owner: postgres
--

SELECT pg_catalog.setval('public.portfolio_blockgallery_id_seq', 5, true);


--
-- TOC entry 3863 (class 0 OID 0)
-- Dependencies: 272
-- Name: portfolio_portfolioconfig_id_seq; Type: SEQUENCE SET; Schema: public; Owner: postgres
--

SELECT pg_catalog.setval('public.portfolio_portfolioconfig_id_seq', 1, true);


--
-- TOC entry 3864 (class 0 OID 0)
-- Dependencies: 274
-- Name: portfolio_portfoliogallery_id_seq; Type: SEQUENCE SET; Schema: public; Owner: postgres
--

SELECT pg_catalog.setval('public.portfolio_portfoliogallery_id_seq', 1, true);


--
-- TOC entry 3865 (class 0 OID 0)
-- Dependencies: 277
-- Name: privacy_privacypolicyconfig_id_seq; Type: SEQUENCE SET; Schema: public; Owner: postgres
--

SELECT pg_catalog.setval('public.privacy_privacypolicyconfig_id_seq', 1, true);


--
-- TOC entry 3866 (class 0 OID 0)
-- Dependencies: 279
-- Name: rating_ratingvote_id_seq; Type: SEQUENCE SET; Schema: public; Owner: postgres
--

SELECT pg_catalog.setval('public.rating_ratingvote_id_seq', 1, false);


--
-- TOC entry 3867 (class 0 OID 0)
-- Dependencies: 281
-- Name: seo_counter_id_seq; Type: SEQUENCE SET; Schema: public; Owner: postgres
--

SELECT pg_catalog.setval('public.seo_counter_id_seq', 4, true);


--
-- TOC entry 3868 (class 0 OID 0)
-- Dependencies: 283
-- Name: seo_redirect_id_seq; Type: SEQUENCE SET; Schema: public; Owner: postgres
--

SELECT pg_catalog.setval('public.seo_redirect_id_seq', 24, true);


--
-- TOC entry 3869 (class 0 OID 0)
-- Dependencies: 285
-- Name: seo_seoconfig_id_seq; Type: SEQUENCE SET; Schema: public; Owner: postgres
--

SELECT pg_catalog.setval('public.seo_seoconfig_id_seq', 1, true);


--
-- TOC entry 3870 (class 0 OID 0)
-- Dependencies: 287
-- Name: seo_seodata_id_seq; Type: SEQUENCE SET; Schema: public; Owner: postgres
--

SELECT pg_catalog.setval('public.seo_seodata_id_seq', 18, true);


--
-- TOC entry 3871 (class 0 OID 0)
-- Dependencies: 289
-- Name: services_service_id_seq; Type: SEQUENCE SET; Schema: public; Owner: postgres
--

SELECT pg_catalog.setval('public.services_service_id_seq', 11, true);


--
-- TOC entry 3872 (class 0 OID 0)
-- Dependencies: 291
-- Name: services_servicebenefit_id_seq; Type: SEQUENCE SET; Schema: public; Owner: postgres
--

SELECT pg_catalog.setval('public.services_servicebenefit_id_seq', 4, true);


--
-- TOC entry 3873 (class 0 OID 0)
-- Dependencies: 295
-- Name: services_servicesconfig_id_seq; Type: SEQUENCE SET; Schema: public; Owner: postgres
--

SELECT pg_catalog.setval('public.services_servicesconfig_id_seq', 1, true);


--
-- TOC entry 3874 (class 0 OID 0)
-- Dependencies: 297
-- Name: social_networks_feedpost_id_seq; Type: SEQUENCE SET; Schema: public; Owner: postgres
--

SELECT pg_catalog.setval('public.social_networks_feedpost_id_seq', 1, false);


--
-- TOC entry 3875 (class 0 OID 0)
-- Dependencies: 299
-- Name: social_networks_socialconfig_id_seq; Type: SEQUENCE SET; Schema: public; Owner: postgres
--

SELECT pg_catalog.setval('public.social_networks_socialconfig_id_seq', 1, true);


--
-- TOC entry 3876 (class 0 OID 0)
-- Dependencies: 301
-- Name: social_networks_sociallink_id_seq; Type: SEQUENCE SET; Schema: public; Owner: postgres
--

SELECT pg_catalog.setval('public.social_networks_sociallink_id_seq', 1, false);


--
-- TOC entry 3877 (class 0 OID 0)
-- Dependencies: 303
-- Name: social_networks_sociallinks_id_seq; Type: SEQUENCE SET; Schema: public; Owner: postgres
--

SELECT pg_catalog.setval('public.social_networks_sociallinks_id_seq', 1, false);


--
-- TOC entry 3878 (class 0 OID 0)
-- Dependencies: 305
-- Name: testimonials_testimonials_id_seq; Type: SEQUENCE SET; Schema: public; Owner: postgres
--

SELECT pg_catalog.setval('public.testimonials_testimonials_id_seq', 11, true);


--
-- TOC entry 3879 (class 0 OID 0)
-- Dependencies: 308
-- Name: testimonials_testimonialsconfig_id_seq; Type: SEQUENCE SET; Schema: public; Owner: postgres
--

SELECT pg_catalog.setval('public.testimonials_testimonialsconfig_id_seq', 1, true);


--
-- TOC entry 3880 (class 0 OID 0)
-- Dependencies: 311
-- Name: users_customuser_groups_id_seq; Type: SEQUENCE SET; Schema: public; Owner: postgres
--

SELECT pg_catalog.setval('public.users_customuser_groups_id_seq', 1, true);


--
-- TOC entry 3881 (class 0 OID 0)
-- Dependencies: 312
-- Name: users_customuser_id_seq; Type: SEQUENCE SET; Schema: public; Owner: postgres
--

SELECT pg_catalog.setval('public.users_customuser_id_seq', 3, true);


--
-- TOC entry 3882 (class 0 OID 0)
-- Dependencies: 314
-- Name: users_customuser_user_permissions_id_seq; Type: SEQUENCE SET; Schema: public; Owner: postgres
--

SELECT pg_catalog.setval('public.users_customuser_user_permissions_id_seq', 1, false);


--
-- TOC entry 3286 (class 2606 OID 16875)
-- Name: about_aboutconfig about_aboutconfig_pkey; Type: CONSTRAINT; Schema: public; Owner: postgres
--

ALTER TABLE ONLY public.about_aboutconfig
    ADD CONSTRAINT about_aboutconfig_pkey PRIMARY KEY (id);


--
-- TOC entry 3288 (class 2606 OID 16877)
-- Name: admin_honeypot_loginattempt admin_honeypot_loginattempt_pkey; Type: CONSTRAINT; Schema: public; Owner: postgres
--

ALTER TABLE ONLY public.admin_honeypot_loginattempt
    ADD CONSTRAINT admin_honeypot_loginattempt_pkey PRIMARY KEY (id);


--
-- TOC entry 3291 (class 2606 OID 16879)
-- Name: attachable_blocks_attachableblock attachable_blocks_attachableblock_pkey; Type: CONSTRAINT; Schema: public; Owner: postgres
--

ALTER TABLE ONLY public.attachable_blocks_attachableblock
    ADD CONSTRAINT attachable_blocks_attachableblock_pkey PRIMARY KEY (id);


--
-- TOC entry 3297 (class 2606 OID 16881)
-- Name: attachable_blocks_attachablereference attachable_blocks_attachablereference_pkey; Type: CONSTRAINT; Schema: public; Owner: postgres
--

ALTER TABLE ONLY public.attachable_blocks_attachablereference
    ADD CONSTRAINT attachable_blocks_attachablereference_pkey PRIMARY KEY (id);


--
-- TOC entry 3300 (class 2606 OID 16883)
-- Name: auth_group auth_group_name_key; Type: CONSTRAINT; Schema: public; Owner: postgres
--

ALTER TABLE ONLY public.auth_group
    ADD CONSTRAINT auth_group_name_key UNIQUE (name);


--
-- TOC entry 3305 (class 2606 OID 16885)
-- Name: auth_group_permissions auth_group_permissions_group_id_permission_id_0cd325b0_uniq; Type: CONSTRAINT; Schema: public; Owner: postgres
--

ALTER TABLE ONLY public.auth_group_permissions
    ADD CONSTRAINT auth_group_permissions_group_id_permission_id_0cd325b0_uniq UNIQUE (group_id, permission_id);


--
-- TOC entry 3308 (class 2606 OID 16887)
-- Name: auth_group_permissions auth_group_permissions_pkey; Type: CONSTRAINT; Schema: public; Owner: postgres
--

ALTER TABLE ONLY public.auth_group_permissions
    ADD CONSTRAINT auth_group_permissions_pkey PRIMARY KEY (id);


--
-- TOC entry 3302 (class 2606 OID 16889)
-- Name: auth_group auth_group_pkey; Type: CONSTRAINT; Schema: public; Owner: postgres
--

ALTER TABLE ONLY public.auth_group
    ADD CONSTRAINT auth_group_pkey PRIMARY KEY (id);


--
-- TOC entry 3311 (class 2606 OID 16891)
-- Name: auth_permission auth_permission_content_type_id_codename_01ab375a_uniq; Type: CONSTRAINT; Schema: public; Owner: postgres
--

ALTER TABLE ONLY public.auth_permission
    ADD CONSTRAINT auth_permission_content_type_id_codename_01ab375a_uniq UNIQUE (content_type_id, codename);


--
-- TOC entry 3313 (class 2606 OID 16893)
-- Name: auth_permission auth_permission_pkey; Type: CONSTRAINT; Schema: public; Owner: postgres
--

ALTER TABLE ONLY public.auth_permission
    ADD CONSTRAINT auth_permission_pkey PRIMARY KEY (id);


--
-- TOC entry 3316 (class 2606 OID 16895)
-- Name: ckeditor_pagefile ckeditor_pagefile_pkey; Type: CONSTRAINT; Schema: public; Owner: postgres
--

ALTER TABLE ONLY public.ckeditor_pagefile
    ADD CONSTRAINT ckeditor_pagefile_pkey PRIMARY KEY (id);


--
-- TOC entry 3319 (class 2606 OID 16897)
-- Name: ckeditor_pagephoto ckeditor_pagephoto_pkey; Type: CONSTRAINT; Schema: public; Owner: postgres
--

ALTER TABLE ONLY public.ckeditor_pagephoto
    ADD CONSTRAINT ckeditor_pagephoto_pkey PRIMARY KEY (id);


--
-- TOC entry 3322 (class 2606 OID 16899)
-- Name: ckeditor_simplephoto ckeditor_simplephoto_pkey; Type: CONSTRAINT; Schema: public; Owner: postgres
--

ALTER TABLE ONLY public.ckeditor_simplephoto
    ADD CONSTRAINT ckeditor_simplephoto_pkey PRIMARY KEY (id);


--
-- TOC entry 3324 (class 2606 OID 16901)
-- Name: contacts_address contacts_address_pkey; Type: CONSTRAINT; Schema: public; Owner: postgres
--

ALTER TABLE ONLY public.contacts_address
    ADD CONSTRAINT contacts_address_pkey PRIMARY KEY (id);


--
-- TOC entry 3326 (class 2606 OID 16903)
-- Name: contacts_contactblock contacts_contactblock_pkey; Type: CONSTRAINT; Schema: public; Owner: postgres
--

ALTER TABLE ONLY public.contacts_contactblock
    ADD CONSTRAINT contacts_contactblock_pkey PRIMARY KEY (attachableblock_ptr_id);


--
-- TOC entry 3328 (class 2606 OID 16905)
-- Name: contacts_contactformblock contacts_contactformblock_pkey; Type: CONSTRAINT; Schema: public; Owner: postgres
--

ALTER TABLE ONLY public.contacts_contactformblock
    ADD CONSTRAINT contacts_contactformblock_pkey PRIMARY KEY (attachableblock_ptr_id);


--
-- TOC entry 3330 (class 2606 OID 16907)
-- Name: contacts_contactsconfig contacts_contactsconfig_pkey; Type: CONSTRAINT; Schema: public; Owner: postgres
--

ALTER TABLE ONLY public.contacts_contactsconfig
    ADD CONSTRAINT contacts_contactsconfig_pkey PRIMARY KEY (id);


--
-- TOC entry 3332 (class 2606 OID 16909)
-- Name: contacts_contactsthankyouconfig contacts_contactsthankyouconfig_pkey; Type: CONSTRAINT; Schema: public; Owner: postgres
--

ALTER TABLE ONLY public.contacts_contactsthankyouconfig
    ADD CONSTRAINT contacts_contactsthankyouconfig_pkey PRIMARY KEY (id);


--
-- TOC entry 3334 (class 2606 OID 16911)
-- Name: contacts_message contacts_message_pkey; Type: CONSTRAINT; Schema: public; Owner: postgres
--

ALTER TABLE ONLY public.contacts_message
    ADD CONSTRAINT contacts_message_pkey PRIMARY KEY (id);


--
-- TOC entry 3337 (class 2606 OID 16913)
-- Name: contacts_notificationreceiver contacts_notificationreceiver_pkey; Type: CONSTRAINT; Schema: public; Owner: postgres
--

ALTER TABLE ONLY public.contacts_notificationreceiver
    ADD CONSTRAINT contacts_notificationreceiver_pkey PRIMARY KEY (id);


--
-- TOC entry 3340 (class 2606 OID 16915)
-- Name: contacts_openinghours contacts_openinghours_pkey; Type: CONSTRAINT; Schema: public; Owner: postgres
--

ALTER TABLE ONLY public.contacts_openinghours
    ADD CONSTRAINT contacts_openinghours_pkey PRIMARY KEY (id);


--
-- TOC entry 3343 (class 2606 OID 16917)
-- Name: contacts_phonenumber contacts_phonenumber_pkey; Type: CONSTRAINT; Schema: public; Owner: postgres
--

ALTER TABLE ONLY public.contacts_phonenumber
    ADD CONSTRAINT contacts_phonenumber_pkey PRIMARY KEY (id);


--
-- TOC entry 3345 (class 2606 OID 16919)
-- Name: contacts_specialofferconfig contacts_specialofferconfig_pkey; Type: CONSTRAINT; Schema: public; Owner: postgres
--

ALTER TABLE ONLY public.contacts_specialofferconfig
    ADD CONSTRAINT contacts_specialofferconfig_pkey PRIMARY KEY (id);


--
-- TOC entry 3347 (class 2606 OID 16921)
-- Name: contacts_specialofferrequest contacts_specialofferrequest_pkey; Type: CONSTRAINT; Schema: public; Owner: postgres
--

ALTER TABLE ONLY public.contacts_specialofferrequest
    ADD CONSTRAINT contacts_specialofferrequest_pkey PRIMARY KEY (id);


--
-- TOC entry 3349 (class 2606 OID 16923)
-- Name: contacts_specialofferthankyouconfig contacts_specialofferthankyouconfig_pkey; Type: CONSTRAINT; Schema: public; Owner: postgres
--

ALTER TABLE ONLY public.contacts_specialofferthankyouconfig
    ADD CONSTRAINT contacts_specialofferthankyouconfig_pkey PRIMARY KEY (id);


--
-- TOC entry 3352 (class 2606 OID 16925)
-- Name: contacts_stopword contacts_stopword_pkey; Type: CONSTRAINT; Schema: public; Owner: postgres
--

ALTER TABLE ONLY public.contacts_stopword
    ADD CONSTRAINT contacts_stopword_pkey PRIMARY KEY (id);


--
-- TOC entry 3355 (class 2606 OID 16927)
-- Name: django_admin_log django_admin_log_pkey; Type: CONSTRAINT; Schema: public; Owner: postgres
--

ALTER TABLE ONLY public.django_admin_log
    ADD CONSTRAINT django_admin_log_pkey PRIMARY KEY (id);


--
-- TOC entry 3358 (class 2606 OID 16929)
-- Name: django_content_type django_content_type_app_label_model_76bd3d3b_uniq; Type: CONSTRAINT; Schema: public; Owner: postgres
--

ALTER TABLE ONLY public.django_content_type
    ADD CONSTRAINT django_content_type_app_label_model_76bd3d3b_uniq UNIQUE (app_label, model);


--
-- TOC entry 3360 (class 2606 OID 16931)
-- Name: django_content_type django_content_type_pkey; Type: CONSTRAINT; Schema: public; Owner: postgres
--

ALTER TABLE ONLY public.django_content_type
    ADD CONSTRAINT django_content_type_pkey PRIMARY KEY (id);


--
-- TOC entry 3368 (class 2606 OID 16933)
-- Name: django_cron_cronjoblog django_cron_cronjoblog_pkey; Type: CONSTRAINT; Schema: public; Owner: postgres
--

ALTER TABLE ONLY public.django_cron_cronjoblog
    ADD CONSTRAINT django_cron_cronjoblog_pkey PRIMARY KEY (id);


--
-- TOC entry 3372 (class 2606 OID 16935)
-- Name: django_migrations django_migrations_pkey; Type: CONSTRAINT; Schema: public; Owner: postgres
--

ALTER TABLE ONLY public.django_migrations
    ADD CONSTRAINT django_migrations_pkey PRIMARY KEY (id);


--
-- TOC entry 3375 (class 2606 OID 16937)
-- Name: django_session django_session_pkey; Type: CONSTRAINT; Schema: public; Owner: postgres
--

ALTER TABLE ONLY public.django_session
    ADD CONSTRAINT django_session_pkey PRIMARY KEY (session_key);


--
-- TOC entry 3379 (class 2606 OID 16939)
-- Name: django_site django_site_domain_a2e37b91_uniq; Type: CONSTRAINT; Schema: public; Owner: postgres
--

ALTER TABLE ONLY public.django_site
    ADD CONSTRAINT django_site_domain_a2e37b91_uniq UNIQUE (domain);


--
-- TOC entry 3381 (class 2606 OID 16941)
-- Name: django_site django_site_pkey; Type: CONSTRAINT; Schema: public; Owner: postgres
--

ALTER TABLE ONLY public.django_site
    ADD CONSTRAINT django_site_pkey PRIMARY KEY (id);


--
-- TOC entry 3383 (class 2606 OID 16943)
-- Name: faq_faqconfig faq_faqconfig_pkey; Type: CONSTRAINT; Schema: public; Owner: postgres
--

ALTER TABLE ONLY public.faq_faqconfig
    ADD CONSTRAINT faq_faqconfig_pkey PRIMARY KEY (id);


--
-- TOC entry 3385 (class 2606 OID 16945)
-- Name: faq_question faq_question_pkey; Type: CONSTRAINT; Schema: public; Owner: postgres
--

ALTER TABLE ONLY public.faq_question
    ADD CONSTRAINT faq_question_pkey PRIMARY KEY (id);


--
-- TOC entry 3389 (class 2606 OID 16947)
-- Name: gallery_galleryitembase gallery_galleryitembase_pkey; Type: CONSTRAINT; Schema: public; Owner: postgres
--

ALTER TABLE ONLY public.gallery_galleryitembase
    ADD CONSTRAINT gallery_galleryitembase_pkey PRIMARY KEY (id);


--
-- TOC entry 3394 (class 2606 OID 16949)
-- Name: google_maps_mapandaddress google_maps_mapandaddress_pkey; Type: CONSTRAINT; Schema: public; Owner: postgres
--

ALTER TABLE ONLY public.google_maps_mapandaddress
    ADD CONSTRAINT google_maps_mapandaddress_pkey PRIMARY KEY (id);


--
-- TOC entry 3397 (class 2606 OID 16951)
-- Name: main_advantage main_advantage_pkey; Type: CONSTRAINT; Schema: public; Owner: postgres
--

ALTER TABLE ONLY public.main_advantage
    ADD CONSTRAINT main_advantage_pkey PRIMARY KEY (id);


--
-- TOC entry 3399 (class 2606 OID 16953)
-- Name: main_advantagesblock main_advantagesblock_pkey; Type: CONSTRAINT; Schema: public; Owner: postgres
--

ALTER TABLE ONLY public.main_advantagesblock
    ADD CONSTRAINT main_advantagesblock_pkey PRIMARY KEY (attachableblock_ptr_id);


--
-- TOC entry 3401 (class 2606 OID 16955)
-- Name: main_award main_award_pkey; Type: CONSTRAINT; Schema: public; Owner: postgres
--

ALTER TABLE ONLY public.main_award
    ADD CONSTRAINT main_award_pkey PRIMARY KEY (id);


--
-- TOC entry 3403 (class 2606 OID 16957)
-- Name: main_awardblock main_awardblock_pkey; Type: CONSTRAINT; Schema: public; Owner: postgres
--

ALTER TABLE ONLY public.main_awardblock
    ADD CONSTRAINT main_awardblock_pkey PRIMARY KEY (attachableblock_ptr_id);


--
-- TOC entry 3405 (class 2606 OID 16959)
-- Name: main_mainpageconfig main_mainpageconfig_pkey; Type: CONSTRAINT; Schema: public; Owner: postgres
--

ALTER TABLE ONLY public.main_mainpageconfig
    ADD CONSTRAINT main_mainpageconfig_pkey PRIMARY KEY (id);


--
-- TOC entry 3407 (class 2606 OID 16961)
-- Name: portfolio_blockgallery portfolio_blockgallery_pkey; Type: CONSTRAINT; Schema: public; Owner: postgres
--

ALTER TABLE ONLY public.portfolio_blockgallery
    ADD CONSTRAINT portfolio_blockgallery_pkey PRIMARY KEY (id);


--
-- TOC entry 3409 (class 2606 OID 16963)
-- Name: portfolio_galleryblock portfolio_galleryblock_gallery_id_key; Type: CONSTRAINT; Schema: public; Owner: postgres
--

ALTER TABLE ONLY public.portfolio_galleryblock
    ADD CONSTRAINT portfolio_galleryblock_gallery_id_key UNIQUE (gallery_id);


--
-- TOC entry 3411 (class 2606 OID 16965)
-- Name: portfolio_galleryblock portfolio_galleryblock_pkey; Type: CONSTRAINT; Schema: public; Owner: postgres
--

ALTER TABLE ONLY public.portfolio_galleryblock
    ADD CONSTRAINT portfolio_galleryblock_pkey PRIMARY KEY (attachableblock_ptr_id);


--
-- TOC entry 3413 (class 2606 OID 16967)
-- Name: portfolio_mediagalleryblockimageitem portfolio_mediagalleryblockimageitem_pkey; Type: CONSTRAINT; Schema: public; Owner: postgres
--

ALTER TABLE ONLY public.portfolio_mediagalleryblockimageitem
    ADD CONSTRAINT portfolio_mediagalleryblockimageitem_pkey PRIMARY KEY (galleryitembase_ptr_id);


--
-- TOC entry 3415 (class 2606 OID 16969)
-- Name: portfolio_portfolioconfig portfolio_portfolioconfig_gallery_id_key; Type: CONSTRAINT; Schema: public; Owner: postgres
--

ALTER TABLE ONLY public.portfolio_portfolioconfig
    ADD CONSTRAINT portfolio_portfolioconfig_gallery_id_key UNIQUE (gallery_id);


--
-- TOC entry 3417 (class 2606 OID 16971)
-- Name: portfolio_portfolioconfig portfolio_portfolioconfig_pkey; Type: CONSTRAINT; Schema: public; Owner: postgres
--

ALTER TABLE ONLY public.portfolio_portfolioconfig
    ADD CONSTRAINT portfolio_portfolioconfig_pkey PRIMARY KEY (id);


--
-- TOC entry 3419 (class 2606 OID 16973)
-- Name: portfolio_portfoliogallery portfolio_portfoliogallery_pkey; Type: CONSTRAINT; Schema: public; Owner: postgres
--

ALTER TABLE ONLY public.portfolio_portfoliogallery
    ADD CONSTRAINT portfolio_portfoliogallery_pkey PRIMARY KEY (id);


--
-- TOC entry 3421 (class 2606 OID 16975)
-- Name: portfolio_portfoliogalleryimageitem portfolio_portfoliogalleryimageitem_pkey; Type: CONSTRAINT; Schema: public; Owner: postgres
--

ALTER TABLE ONLY public.portfolio_portfoliogalleryimageitem
    ADD CONSTRAINT portfolio_portfoliogalleryimageitem_pkey PRIMARY KEY (galleryitembase_ptr_id);


--
-- TOC entry 3423 (class 2606 OID 16977)
-- Name: privacy_privacypolicyconfig privacy_privacypolicyconfig_pkey; Type: CONSTRAINT; Schema: public; Owner: postgres
--

ALTER TABLE ONLY public.privacy_privacypolicyconfig
    ADD CONSTRAINT privacy_privacypolicyconfig_pkey PRIMARY KEY (id);


--
-- TOC entry 3427 (class 2606 OID 16979)
-- Name: rating_ratingvote rating_ratingvote_pkey; Type: CONSTRAINT; Schema: public; Owner: postgres
--

ALTER TABLE ONLY public.rating_ratingvote
    ADD CONSTRAINT rating_ratingvote_pkey PRIMARY KEY (id);


--
-- TOC entry 3429 (class 2606 OID 16981)
-- Name: seo_counter seo_counter_pkey; Type: CONSTRAINT; Schema: public; Owner: postgres
--

ALTER TABLE ONLY public.seo_counter
    ADD CONSTRAINT seo_counter_pkey PRIMARY KEY (id);


--
-- TOC entry 3434 (class 2606 OID 16983)
-- Name: seo_redirect seo_redirect_old_path_key; Type: CONSTRAINT; Schema: public; Owner: postgres
--

ALTER TABLE ONLY public.seo_redirect
    ADD CONSTRAINT seo_redirect_old_path_key UNIQUE (old_path);


--
-- TOC entry 3436 (class 2606 OID 16985)
-- Name: seo_redirect seo_redirect_pkey; Type: CONSTRAINT; Schema: public; Owner: postgres
--

ALTER TABLE ONLY public.seo_redirect
    ADD CONSTRAINT seo_redirect_pkey PRIMARY KEY (id);


--
-- TOC entry 3438 (class 2606 OID 16987)
-- Name: seo_seoconfig seo_seoconfig_pkey; Type: CONSTRAINT; Schema: public; Owner: postgres
--

ALTER TABLE ONLY public.seo_seoconfig
    ADD CONSTRAINT seo_seoconfig_pkey PRIMARY KEY (id);


--
-- TOC entry 3441 (class 2606 OID 16989)
-- Name: seo_seodata seo_seodata_content_type_id_object_id_054f2257_uniq; Type: CONSTRAINT; Schema: public; Owner: postgres
--

ALTER TABLE ONLY public.seo_seodata
    ADD CONSTRAINT seo_seodata_content_type_id_object_id_054f2257_uniq UNIQUE (content_type_id, object_id);


--
-- TOC entry 3443 (class 2606 OID 16991)
-- Name: seo_seodata seo_seodata_pkey; Type: CONSTRAINT; Schema: public; Owner: postgres
--

ALTER TABLE ONLY public.seo_seodata
    ADD CONSTRAINT seo_seodata_pkey PRIMARY KEY (id);


--
-- TOC entry 3445 (class 2606 OID 16993)
-- Name: services_service services_service_pkey; Type: CONSTRAINT; Schema: public; Owner: postgres
--

ALTER TABLE ONLY public.services_service
    ADD CONSTRAINT services_service_pkey PRIMARY KEY (id);


--
-- TOC entry 3448 (class 2606 OID 16995)
-- Name: services_service services_service_slug_key; Type: CONSTRAINT; Schema: public; Owner: postgres
--

ALTER TABLE ONLY public.services_service
    ADD CONSTRAINT services_service_slug_key UNIQUE (slug);


--
-- TOC entry 3451 (class 2606 OID 16997)
-- Name: services_servicebenefit services_servicebenefit_pkey; Type: CONSTRAINT; Schema: public; Owner: postgres
--

ALTER TABLE ONLY public.services_servicebenefit
    ADD CONSTRAINT services_servicebenefit_pkey PRIMARY KEY (id);


--
-- TOC entry 3453 (class 2606 OID 16999)
-- Name: services_servicebenefitsblock services_servicebenefitsblock_pkey; Type: CONSTRAINT; Schema: public; Owner: postgres
--

ALTER TABLE ONLY public.services_servicebenefitsblock
    ADD CONSTRAINT services_servicebenefitsblock_pkey PRIMARY KEY (attachableblock_ptr_id);


--
-- TOC entry 3455 (class 2606 OID 17001)
-- Name: services_serviceblock services_serviceblock_pkey; Type: CONSTRAINT; Schema: public; Owner: postgres
--

ALTER TABLE ONLY public.services_serviceblock
    ADD CONSTRAINT services_serviceblock_pkey PRIMARY KEY (attachableblock_ptr_id);


--
-- TOC entry 3457 (class 2606 OID 17003)
-- Name: services_servicesconfig services_servicesconfig_pkey; Type: CONSTRAINT; Schema: public; Owner: postgres
--

ALTER TABLE ONLY public.services_servicesconfig
    ADD CONSTRAINT services_servicesconfig_pkey PRIMARY KEY (id);


--
-- TOC entry 3461 (class 2606 OID 17005)
-- Name: social_networks_feedpost social_networks_feedpost_pkey; Type: CONSTRAINT; Schema: public; Owner: postgres
--

ALTER TABLE ONLY public.social_networks_feedpost
    ADD CONSTRAINT social_networks_feedpost_pkey PRIMARY KEY (id);


--
-- TOC entry 3463 (class 2606 OID 17007)
-- Name: social_networks_socialconfig social_networks_socialconfig_pkey; Type: CONSTRAINT; Schema: public; Owner: postgres
--

ALTER TABLE ONLY public.social_networks_socialconfig
    ADD CONSTRAINT social_networks_socialconfig_pkey PRIMARY KEY (id);


--
-- TOC entry 3465 (class 2606 OID 17009)
-- Name: social_networks_sociallink social_networks_sociallink_pkey; Type: CONSTRAINT; Schema: public; Owner: postgres
--

ALTER TABLE ONLY public.social_networks_sociallink
    ADD CONSTRAINT social_networks_sociallink_pkey PRIMARY KEY (id);


--
-- TOC entry 3468 (class 2606 OID 17011)
-- Name: social_networks_sociallink social_networks_sociallink_provider_key; Type: CONSTRAINT; Schema: public; Owner: postgres
--

ALTER TABLE ONLY public.social_networks_sociallink
    ADD CONSTRAINT social_networks_sociallink_provider_key UNIQUE (provider);


--
-- TOC entry 3470 (class 2606 OID 17013)
-- Name: social_networks_sociallinks social_networks_sociallinks_pkey; Type: CONSTRAINT; Schema: public; Owner: postgres
--

ALTER TABLE ONLY public.social_networks_sociallinks
    ADD CONSTRAINT social_networks_sociallinks_pkey PRIMARY KEY (id);


--
-- TOC entry 3472 (class 2606 OID 17015)
-- Name: testimonials_testimonials testimonials_testimonials_pkey; Type: CONSTRAINT; Schema: public; Owner: postgres
--

ALTER TABLE ONLY public.testimonials_testimonials
    ADD CONSTRAINT testimonials_testimonials_pkey PRIMARY KEY (id);


--
-- TOC entry 3474 (class 2606 OID 17017)
-- Name: testimonials_testimonialsblock testimonials_testimonialsblock_pkey; Type: CONSTRAINT; Schema: public; Owner: postgres
--

ALTER TABLE ONLY public.testimonials_testimonialsblock
    ADD CONSTRAINT testimonials_testimonialsblock_pkey PRIMARY KEY (attachableblock_ptr_id);


--
-- TOC entry 3476 (class 2606 OID 17019)
-- Name: testimonials_testimonialsconfig testimonials_testimonialsconfig_pkey; Type: CONSTRAINT; Schema: public; Owner: postgres
--

ALTER TABLE ONLY public.testimonials_testimonialsconfig
    ADD CONSTRAINT testimonials_testimonialsconfig_pkey PRIMARY KEY (id);


--
-- TOC entry 3484 (class 2606 OID 17021)
-- Name: users_customuser_groups users_customuser_groups_customuser_id_group_id_76b619e3_uniq; Type: CONSTRAINT; Schema: public; Owner: postgres
--

ALTER TABLE ONLY public.users_customuser_groups
    ADD CONSTRAINT users_customuser_groups_customuser_id_group_id_76b619e3_uniq UNIQUE (customuser_id, group_id);


--
-- TOC entry 3487 (class 2606 OID 17023)
-- Name: users_customuser_groups users_customuser_groups_pkey; Type: CONSTRAINT; Schema: public; Owner: postgres
--

ALTER TABLE ONLY public.users_customuser_groups
    ADD CONSTRAINT users_customuser_groups_pkey PRIMARY KEY (id);


--
-- TOC entry 3478 (class 2606 OID 17025)
-- Name: users_customuser users_customuser_pkey; Type: CONSTRAINT; Schema: public; Owner: postgres
--

ALTER TABLE ONLY public.users_customuser
    ADD CONSTRAINT users_customuser_pkey PRIMARY KEY (id);


--
-- TOC entry 3489 (class 2606 OID 17027)
-- Name: users_customuser_user_permissions users_customuser_user_pe_customuser_id_permission_7a7debf6_uniq; Type: CONSTRAINT; Schema: public; Owner: postgres
--

ALTER TABLE ONLY public.users_customuser_user_permissions
    ADD CONSTRAINT users_customuser_user_pe_customuser_id_permission_7a7debf6_uniq UNIQUE (customuser_id, permission_id);


--
-- TOC entry 3493 (class 2606 OID 17029)
-- Name: users_customuser_user_permissions users_customuser_user_permissions_pkey; Type: CONSTRAINT; Schema: public; Owner: postgres
--

ALTER TABLE ONLY public.users_customuser_user_permissions
    ADD CONSTRAINT users_customuser_user_permissions_pkey PRIMARY KEY (id);


--
-- TOC entry 3481 (class 2606 OID 17031)
-- Name: users_customuser users_customuser_username_key; Type: CONSTRAINT; Schema: public; Owner: postgres
--

ALTER TABLE ONLY public.users_customuser
    ADD CONSTRAINT users_customuser_username_key UNIQUE (username);


--
-- TOC entry 3292 (class 1259 OID 17032)
-- Name: attachable_blocks_attach_content_type_id_object_i_4acc765c_idx; Type: INDEX; Schema: public; Owner: postgres
--

CREATE INDEX attachable_blocks_attach_content_type_id_object_i_4acc765c_idx ON public.attachable_blocks_attachablereference USING btree (content_type_id, object_id, set_name);


--
-- TOC entry 3289 (class 1259 OID 17033)
-- Name: attachable_blocks_attachab_block_content_type_id_be944dd9; Type: INDEX; Schema: public; Owner: postgres
--

CREATE INDEX attachable_blocks_attachab_block_content_type_id_be944dd9 ON public.attachable_blocks_attachableblock USING btree (content_type_id);


--
-- TOC entry 3293 (class 1259 OID 17034)
-- Name: attachable_blocks_attachablereference_block_ct_id_15d56ae9; Type: INDEX; Schema: public; Owner: postgres
--

CREATE INDEX attachable_blocks_attachablereference_block_ct_id_15d56ae9 ON public.attachable_blocks_attachablereference USING btree (block_ct_id);


--
-- TOC entry 3294 (class 1259 OID 17035)
-- Name: attachable_blocks_attachablereference_block_id_fd3268f6; Type: INDEX; Schema: public; Owner: postgres
--

CREATE INDEX attachable_blocks_attachablereference_block_id_fd3268f6 ON public.attachable_blocks_attachablereference USING btree (block_id);


--
-- TOC entry 3295 (class 1259 OID 17036)
-- Name: attachable_blocks_attachablereference_content_type_id_4ebeb60e; Type: INDEX; Schema: public; Owner: postgres
--

CREATE INDEX attachable_blocks_attachablereference_content_type_id_4ebeb60e ON public.attachable_blocks_attachablereference USING btree (content_type_id);


--
-- TOC entry 3298 (class 1259 OID 17037)
-- Name: auth_group_name_a6ea08ec_like; Type: INDEX; Schema: public; Owner: postgres
--

CREATE INDEX auth_group_name_a6ea08ec_like ON public.auth_group USING btree (name varchar_pattern_ops);


--
-- TOC entry 3303 (class 1259 OID 17038)
-- Name: auth_group_permissions_group_id_b120cbf9; Type: INDEX; Schema: public; Owner: postgres
--

CREATE INDEX auth_group_permissions_group_id_b120cbf9 ON public.auth_group_permissions USING btree (group_id);


--
-- TOC entry 3306 (class 1259 OID 17039)
-- Name: auth_group_permissions_permission_id_84c5c92e; Type: INDEX; Schema: public; Owner: postgres
--

CREATE INDEX auth_group_permissions_permission_id_84c5c92e ON public.auth_group_permissions USING btree (permission_id);


--
-- TOC entry 3309 (class 1259 OID 17040)
-- Name: auth_permission_content_type_id_2f476e4b; Type: INDEX; Schema: public; Owner: postgres
--

CREATE INDEX auth_permission_content_type_id_2f476e4b ON public.auth_permission USING btree (content_type_id);


--
-- TOC entry 3314 (class 1259 OID 17041)
-- Name: ckeditor_pagefile_instance_id_53d0f7b0; Type: INDEX; Schema: public; Owner: postgres
--

CREATE INDEX ckeditor_pagefile_instance_id_53d0f7b0 ON public.ckeditor_pagefile USING btree (instance_id);


--
-- TOC entry 3317 (class 1259 OID 17042)
-- Name: ckeditor_pagephoto_instance_id_106fb714; Type: INDEX; Schema: public; Owner: postgres
--

CREATE INDEX ckeditor_pagephoto_instance_id_106fb714 ON public.ckeditor_pagephoto USING btree (instance_id);


--
-- TOC entry 3320 (class 1259 OID 17043)
-- Name: ckeditor_simplephoto_instance_id_57648948; Type: INDEX; Schema: public; Owner: postgres
--

CREATE INDEX ckeditor_simplephoto_instance_id_57648948 ON public.ckeditor_simplephoto USING btree (instance_id);


--
-- TOC entry 3335 (class 1259 OID 17044)
-- Name: contacts_notificationreceiver_config_id_9bcdc197; Type: INDEX; Schema: public; Owner: postgres
--

CREATE INDEX contacts_notificationreceiver_config_id_9bcdc197 ON public.contacts_notificationreceiver USING btree (config_id);


--
-- TOC entry 3338 (class 1259 OID 17045)
-- Name: contacts_openinghours_address_id_562c8062; Type: INDEX; Schema: public; Owner: postgres
--

CREATE INDEX contacts_openinghours_address_id_562c8062 ON public.contacts_openinghours USING btree (address_id);


--
-- TOC entry 3341 (class 1259 OID 17046)
-- Name: contacts_phonenumber_address_id_5b30eaf2; Type: INDEX; Schema: public; Owner: postgres
--

CREATE INDEX contacts_phonenumber_address_id_5b30eaf2 ON public.contacts_phonenumber USING btree (address_id);


--
-- TOC entry 3350 (class 1259 OID 17047)
-- Name: contacts_stopword_config_id_869df1d5; Type: INDEX; Schema: public; Owner: postgres
--

CREATE INDEX contacts_stopword_config_id_869df1d5 ON public.contacts_stopword USING btree (config_id);


--
-- TOC entry 3353 (class 1259 OID 17048)
-- Name: django_admin_log_content_type_id_c4bce8eb; Type: INDEX; Schema: public; Owner: postgres
--

CREATE INDEX django_admin_log_content_type_id_c4bce8eb ON public.django_admin_log USING btree (content_type_id);


--
-- TOC entry 3356 (class 1259 OID 17049)
-- Name: django_admin_log_user_id_c564eba6; Type: INDEX; Schema: public; Owner: postgres
--

CREATE INDEX django_admin_log_user_id_c564eba6 ON public.django_admin_log USING btree (user_id);


--
-- TOC entry 3361 (class 1259 OID 17050)
-- Name: django_cron_cronjoblog_code_48865653; Type: INDEX; Schema: public; Owner: postgres
--

CREATE INDEX django_cron_cronjoblog_code_48865653 ON public.django_cron_cronjoblog USING btree (code);


--
-- TOC entry 3362 (class 1259 OID 17051)
-- Name: django_cron_cronjoblog_code_48865653_like; Type: INDEX; Schema: public; Owner: postgres
--

CREATE INDEX django_cron_cronjoblog_code_48865653_like ON public.django_cron_cronjoblog USING btree (code varchar_pattern_ops);


--
-- TOC entry 3363 (class 1259 OID 17052)
-- Name: django_cron_cronjoblog_code_is_success_ran_at_time_84da9606_idx; Type: INDEX; Schema: public; Owner: postgres
--

CREATE INDEX django_cron_cronjoblog_code_is_success_ran_at_time_84da9606_idx ON public.django_cron_cronjoblog USING btree (code, is_success, ran_at_time);


--
-- TOC entry 3364 (class 1259 OID 17053)
-- Name: django_cron_cronjoblog_code_start_time_4fc78f9d_idx; Type: INDEX; Schema: public; Owner: postgres
--

CREATE INDEX django_cron_cronjoblog_code_start_time_4fc78f9d_idx ON public.django_cron_cronjoblog USING btree (code, start_time);


--
-- TOC entry 3365 (class 1259 OID 17054)
-- Name: django_cron_cronjoblog_code_start_time_ran_at_time_8b50b8fa_idx; Type: INDEX; Schema: public; Owner: postgres
--

CREATE INDEX django_cron_cronjoblog_code_start_time_ran_at_time_8b50b8fa_idx ON public.django_cron_cronjoblog USING btree (code, start_time, ran_at_time);


--
-- TOC entry 3366 (class 1259 OID 17055)
-- Name: django_cron_cronjoblog_end_time_7918602a; Type: INDEX; Schema: public; Owner: postgres
--

CREATE INDEX django_cron_cronjoblog_end_time_7918602a ON public.django_cron_cronjoblog USING btree (end_time);


--
-- TOC entry 3369 (class 1259 OID 17056)
-- Name: django_cron_cronjoblog_ran_at_time_7fed2751; Type: INDEX; Schema: public; Owner: postgres
--

CREATE INDEX django_cron_cronjoblog_ran_at_time_7fed2751 ON public.django_cron_cronjoblog USING btree (ran_at_time);


--
-- TOC entry 3370 (class 1259 OID 17057)
-- Name: django_cron_cronjoblog_start_time_d68c0dd9; Type: INDEX; Schema: public; Owner: postgres
--

CREATE INDEX django_cron_cronjoblog_start_time_d68c0dd9 ON public.django_cron_cronjoblog USING btree (start_time);


--
-- TOC entry 3373 (class 1259 OID 17058)
-- Name: django_session_expire_date_a5c62663; Type: INDEX; Schema: public; Owner: postgres
--

CREATE INDEX django_session_expire_date_a5c62663 ON public.django_session USING btree (expire_date);


--
-- TOC entry 3376 (class 1259 OID 17059)
-- Name: django_session_session_key_c0390e0f_like; Type: INDEX; Schema: public; Owner: postgres
--

CREATE INDEX django_session_session_key_c0390e0f_like ON public.django_session USING btree (session_key varchar_pattern_ops);


--
-- TOC entry 3377 (class 1259 OID 17060)
-- Name: django_site_domain_a2e37b91_like; Type: INDEX; Schema: public; Owner: postgres
--

CREATE INDEX django_site_domain_a2e37b91_like ON public.django_site USING btree (domain varchar_pattern_ops);


--
-- TOC entry 3386 (class 1259 OID 17061)
-- Name: gallery_galleryitembase_content_type_id_4d7922a1; Type: INDEX; Schema: public; Owner: postgres
--

CREATE INDEX gallery_galleryitembase_content_type_id_4d7922a1 ON public.gallery_galleryitembase USING btree (content_type_id);


--
-- TOC entry 3387 (class 1259 OID 17062)
-- Name: gallery_galleryitembase_content_type_id_object_id_c585f52c_idx; Type: INDEX; Schema: public; Owner: postgres
--

CREATE INDEX gallery_galleryitembase_content_type_id_object_id_c585f52c_idx ON public.gallery_galleryitembase USING btree (content_type_id, object_id);


--
-- TOC entry 3390 (class 1259 OID 17063)
-- Name: gallery_galleryitembase_self_type_id_e78588e4; Type: INDEX; Schema: public; Owner: postgres
--

CREATE INDEX gallery_galleryitembase_self_type_id_e78588e4 ON public.gallery_galleryitembase USING btree (self_type_id);


--
-- TOC entry 3391 (class 1259 OID 17064)
-- Name: google_maps_mapandaddress_address_23afa94e; Type: INDEX; Schema: public; Owner: postgres
--

CREATE INDEX google_maps_mapandaddress_address_23afa94e ON public.google_maps_mapandaddress USING btree (address);


--
-- TOC entry 3392 (class 1259 OID 17065)
-- Name: google_maps_mapandaddress_address_23afa94e_like; Type: INDEX; Schema: public; Owner: postgres
--

CREATE INDEX google_maps_mapandaddress_address_23afa94e_like ON public.google_maps_mapandaddress USING btree (address varchar_pattern_ops);


--
-- TOC entry 3395 (class 1259 OID 17066)
-- Name: main_advantage_config_id_94d9ee65; Type: INDEX; Schema: public; Owner: postgres
--

CREATE INDEX main_advantage_config_id_94d9ee65 ON public.main_advantage USING btree (config_id);


--
-- TOC entry 3424 (class 1259 OID 17067)
-- Name: rating_ratingvote_date_5757f547; Type: INDEX; Schema: public; Owner: postgres
--

CREATE INDEX rating_ratingvote_date_5757f547 ON public.rating_ratingvote USING btree (date);


--
-- TOC entry 3425 (class 1259 OID 17068)
-- Name: rating_ratingvote_ip_d7d35214; Type: INDEX; Schema: public; Owner: postgres
--

CREATE INDEX rating_ratingvote_ip_d7d35214 ON public.rating_ratingvote USING btree (ip);


--
-- TOC entry 3430 (class 1259 OID 17069)
-- Name: seo_counter_position_2c479bea; Type: INDEX; Schema: public; Owner: postgres
--

CREATE INDEX seo_counter_position_2c479bea ON public.seo_counter USING btree ("position");


--
-- TOC entry 3431 (class 1259 OID 17070)
-- Name: seo_counter_position_2c479bea_like; Type: INDEX; Schema: public; Owner: postgres
--

CREATE INDEX seo_counter_position_2c479bea_like ON public.seo_counter USING btree ("position" varchar_pattern_ops);


--
-- TOC entry 3432 (class 1259 OID 17071)
-- Name: seo_redirect_old_path_9b1184c9_like; Type: INDEX; Schema: public; Owner: postgres
--

CREATE INDEX seo_redirect_old_path_9b1184c9_like ON public.seo_redirect USING btree (old_path varchar_pattern_ops);


--
-- TOC entry 3439 (class 1259 OID 17072)
-- Name: seo_seodata_content_type_id_9e8769a6; Type: INDEX; Schema: public; Owner: postgres
--

CREATE INDEX seo_seodata_content_type_id_9e8769a6 ON public.seo_seodata USING btree (content_type_id);


--
-- TOC entry 3446 (class 1259 OID 17073)
-- Name: services_service_slug_a56f96e2_like; Type: INDEX; Schema: public; Owner: postgres
--

CREATE INDEX services_service_slug_a56f96e2_like ON public.services_service USING btree (slug varchar_pattern_ops);


--
-- TOC entry 3449 (class 1259 OID 17074)
-- Name: services_servicebenefit_config_id_abacc726; Type: INDEX; Schema: public; Owner: postgres
--

CREATE INDEX services_servicebenefit_config_id_abacc726 ON public.services_servicebenefit USING btree (config_id);


--
-- TOC entry 3458 (class 1259 OID 17075)
-- Name: social_networks_feedpost_content_type_id_6782ee3a; Type: INDEX; Schema: public; Owner: postgres
--

CREATE INDEX social_networks_feedpost_content_type_id_6782ee3a ON public.social_networks_feedpost USING btree (content_type_id);


--
-- TOC entry 3459 (class 1259 OID 17076)
-- Name: social_networks_feedpost_network_content_type_id__1125abd0_idx; Type: INDEX; Schema: public; Owner: postgres
--

CREATE INDEX social_networks_feedpost_network_content_type_id__1125abd0_idx ON public.social_networks_feedpost USING btree (network, content_type_id, object_id);


--
-- TOC entry 3466 (class 1259 OID 17077)
-- Name: social_networks_sociallink_provider_3a990582_like; Type: INDEX; Schema: public; Owner: postgres
--

CREATE INDEX social_networks_sociallink_provider_3a990582_like ON public.social_networks_sociallink USING btree (provider varchar_pattern_ops);


--
-- TOC entry 3482 (class 1259 OID 17078)
-- Name: users_customuser_groups_customuser_id_958147bf; Type: INDEX; Schema: public; Owner: postgres
--

CREATE INDEX users_customuser_groups_customuser_id_958147bf ON public.users_customuser_groups USING btree (customuser_id);


--
-- TOC entry 3485 (class 1259 OID 17079)
-- Name: users_customuser_groups_group_id_01390b14; Type: INDEX; Schema: public; Owner: postgres
--

CREATE INDEX users_customuser_groups_group_id_01390b14 ON public.users_customuser_groups USING btree (group_id);


--
-- TOC entry 3490 (class 1259 OID 17080)
-- Name: users_customuser_user_permissions_customuser_id_5771478b; Type: INDEX; Schema: public; Owner: postgres
--

CREATE INDEX users_customuser_user_permissions_customuser_id_5771478b ON public.users_customuser_user_permissions USING btree (customuser_id);


--
-- TOC entry 3491 (class 1259 OID 17081)
-- Name: users_customuser_user_permissions_permission_id_baaa2f74; Type: INDEX; Schema: public; Owner: postgres
--

CREATE INDEX users_customuser_user_permissions_permission_id_baaa2f74 ON public.users_customuser_user_permissions USING btree (permission_id);


--
-- TOC entry 3479 (class 1259 OID 17082)
-- Name: users_customuser_username_80452fdf_like; Type: INDEX; Schema: public; Owner: postgres
--

CREATE INDEX users_customuser_username_80452fdf_like ON public.users_customuser USING btree (username varchar_pattern_ops);


--
-- TOC entry 3495 (class 2606 OID 17083)
-- Name: attachable_blocks_attachablereference attachable_blocks_at_block_ct_id_15d56ae9_fk_django_co; Type: FK CONSTRAINT; Schema: public; Owner: postgres
--

ALTER TABLE ONLY public.attachable_blocks_attachablereference
    ADD CONSTRAINT attachable_blocks_at_block_ct_id_15d56ae9_fk_django_co FOREIGN KEY (block_ct_id) REFERENCES public.django_content_type(id) DEFERRABLE INITIALLY DEFERRED;


--
-- TOC entry 3496 (class 2606 OID 17088)
-- Name: attachable_blocks_attachablereference attachable_blocks_at_block_id_fd3268f6_fk_attachabl; Type: FK CONSTRAINT; Schema: public; Owner: postgres
--

ALTER TABLE ONLY public.attachable_blocks_attachablereference
    ADD CONSTRAINT attachable_blocks_at_block_id_fd3268f6_fk_attachabl FOREIGN KEY (block_id) REFERENCES public.attachable_blocks_attachableblock(id) DEFERRABLE INITIALLY DEFERRED;


--
-- TOC entry 3494 (class 2606 OID 17093)
-- Name: attachable_blocks_attachableblock attachable_blocks_at_content_type_id_13504436_fk_django_co; Type: FK CONSTRAINT; Schema: public; Owner: postgres
--

ALTER TABLE ONLY public.attachable_blocks_attachableblock
    ADD CONSTRAINT attachable_blocks_at_content_type_id_13504436_fk_django_co FOREIGN KEY (content_type_id) REFERENCES public.django_content_type(id) DEFERRABLE INITIALLY DEFERRED;


--
-- TOC entry 3497 (class 2606 OID 17098)
-- Name: attachable_blocks_attachablereference attachable_blocks_at_content_type_id_4ebeb60e_fk_django_co; Type: FK CONSTRAINT; Schema: public; Owner: postgres
--

ALTER TABLE ONLY public.attachable_blocks_attachablereference
    ADD CONSTRAINT attachable_blocks_at_content_type_id_4ebeb60e_fk_django_co FOREIGN KEY (content_type_id) REFERENCES public.django_content_type(id) DEFERRABLE INITIALLY DEFERRED;


--
-- TOC entry 3498 (class 2606 OID 17103)
-- Name: auth_group_permissions auth_group_permissio_permission_id_84c5c92e_fk_auth_perm; Type: FK CONSTRAINT; Schema: public; Owner: postgres
--

ALTER TABLE ONLY public.auth_group_permissions
    ADD CONSTRAINT auth_group_permissio_permission_id_84c5c92e_fk_auth_perm FOREIGN KEY (permission_id) REFERENCES public.auth_permission(id) DEFERRABLE INITIALLY DEFERRED;


--
-- TOC entry 3499 (class 2606 OID 17108)
-- Name: auth_group_permissions auth_group_permissions_group_id_b120cbf9_fk_auth_group_id; Type: FK CONSTRAINT; Schema: public; Owner: postgres
--

ALTER TABLE ONLY public.auth_group_permissions
    ADD CONSTRAINT auth_group_permissions_group_id_b120cbf9_fk_auth_group_id FOREIGN KEY (group_id) REFERENCES public.auth_group(id) DEFERRABLE INITIALLY DEFERRED;


--
-- TOC entry 3500 (class 2606 OID 17113)
-- Name: auth_permission auth_permission_content_type_id_2f476e4b_fk_django_co; Type: FK CONSTRAINT; Schema: public; Owner: postgres
--

ALTER TABLE ONLY public.auth_permission
    ADD CONSTRAINT auth_permission_content_type_id_2f476e4b_fk_django_co FOREIGN KEY (content_type_id) REFERENCES public.django_content_type(id) DEFERRABLE INITIALLY DEFERRED;


--
-- TOC entry 3501 (class 2606 OID 17118)
-- Name: contacts_contactblock contacts_contactbloc_attachableblock_ptr__2b66830f_fk_attachabl; Type: FK CONSTRAINT; Schema: public; Owner: postgres
--

ALTER TABLE ONLY public.contacts_contactblock
    ADD CONSTRAINT contacts_contactbloc_attachableblock_ptr__2b66830f_fk_attachabl FOREIGN KEY (attachableblock_ptr_id) REFERENCES public.attachable_blocks_attachableblock(id) DEFERRABLE INITIALLY DEFERRED;


--
-- TOC entry 3502 (class 2606 OID 17123)
-- Name: contacts_contactformblock contacts_contactform_attachableblock_ptr__a3c14af3_fk_attachabl; Type: FK CONSTRAINT; Schema: public; Owner: postgres
--

ALTER TABLE ONLY public.contacts_contactformblock
    ADD CONSTRAINT contacts_contactform_attachableblock_ptr__a3c14af3_fk_attachabl FOREIGN KEY (attachableblock_ptr_id) REFERENCES public.attachable_blocks_attachableblock(id) DEFERRABLE INITIALLY DEFERRED;


--
-- TOC entry 3503 (class 2606 OID 17128)
-- Name: contacts_notificationreceiver contacts_notificatio_config_id_9bcdc197_fk_contacts_; Type: FK CONSTRAINT; Schema: public; Owner: postgres
--

ALTER TABLE ONLY public.contacts_notificationreceiver
    ADD CONSTRAINT contacts_notificatio_config_id_9bcdc197_fk_contacts_ FOREIGN KEY (config_id) REFERENCES public.contacts_contactsconfig(id) DEFERRABLE INITIALLY DEFERRED;


--
-- TOC entry 3504 (class 2606 OID 17133)
-- Name: contacts_openinghours contacts_openinghour_address_id_562c8062_fk_contacts_; Type: FK CONSTRAINT; Schema: public; Owner: postgres
--

ALTER TABLE ONLY public.contacts_openinghours
    ADD CONSTRAINT contacts_openinghour_address_id_562c8062_fk_contacts_ FOREIGN KEY (address_id) REFERENCES public.contacts_address(id) DEFERRABLE INITIALLY DEFERRED;


--
-- TOC entry 3505 (class 2606 OID 17138)
-- Name: contacts_phonenumber contacts_phonenumber_address_id_5b30eaf2_fk_contacts_address_id; Type: FK CONSTRAINT; Schema: public; Owner: postgres
--

ALTER TABLE ONLY public.contacts_phonenumber
    ADD CONSTRAINT contacts_phonenumber_address_id_5b30eaf2_fk_contacts_address_id FOREIGN KEY (address_id) REFERENCES public.contacts_address(id) DEFERRABLE INITIALLY DEFERRED;


--
-- TOC entry 3506 (class 2606 OID 17143)
-- Name: contacts_stopword contacts_stopword_config_id_869df1d5_fk_contacts_; Type: FK CONSTRAINT; Schema: public; Owner: postgres
--

ALTER TABLE ONLY public.contacts_stopword
    ADD CONSTRAINT contacts_stopword_config_id_869df1d5_fk_contacts_ FOREIGN KEY (config_id) REFERENCES public.contacts_contactsconfig(id) DEFERRABLE INITIALLY DEFERRED;


--
-- TOC entry 3507 (class 2606 OID 17148)
-- Name: django_admin_log django_admin_log_content_type_id_c4bce8eb_fk_django_co; Type: FK CONSTRAINT; Schema: public; Owner: postgres
--

ALTER TABLE ONLY public.django_admin_log
    ADD CONSTRAINT django_admin_log_content_type_id_c4bce8eb_fk_django_co FOREIGN KEY (content_type_id) REFERENCES public.django_content_type(id) DEFERRABLE INITIALLY DEFERRED;


--
-- TOC entry 3508 (class 2606 OID 17153)
-- Name: django_admin_log django_admin_log_user_id_c564eba6_fk_users_customuser_id; Type: FK CONSTRAINT; Schema: public; Owner: postgres
--

ALTER TABLE ONLY public.django_admin_log
    ADD CONSTRAINT django_admin_log_user_id_c564eba6_fk_users_customuser_id FOREIGN KEY (user_id) REFERENCES public.users_customuser(id) DEFERRABLE INITIALLY DEFERRED;


--
-- TOC entry 3509 (class 2606 OID 17158)
-- Name: gallery_galleryitembase gallery_galleryitemb_content_type_id_4d7922a1_fk_django_co; Type: FK CONSTRAINT; Schema: public; Owner: postgres
--

ALTER TABLE ONLY public.gallery_galleryitembase
    ADD CONSTRAINT gallery_galleryitemb_content_type_id_4d7922a1_fk_django_co FOREIGN KEY (content_type_id) REFERENCES public.django_content_type(id) DEFERRABLE INITIALLY DEFERRED;


--
-- TOC entry 3510 (class 2606 OID 17163)
-- Name: gallery_galleryitembase gallery_galleryitemb_self_type_id_e78588e4_fk_django_co; Type: FK CONSTRAINT; Schema: public; Owner: postgres
--

ALTER TABLE ONLY public.gallery_galleryitembase
    ADD CONSTRAINT gallery_galleryitemb_self_type_id_e78588e4_fk_django_co FOREIGN KEY (self_type_id) REFERENCES public.django_content_type(id) DEFERRABLE INITIALLY DEFERRED;


--
-- TOC entry 3511 (class 2606 OID 17168)
-- Name: main_advantage main_advantage_config_id_94d9ee65_fk_main_mainpageconfig_id; Type: FK CONSTRAINT; Schema: public; Owner: postgres
--

ALTER TABLE ONLY public.main_advantage
    ADD CONSTRAINT main_advantage_config_id_94d9ee65_fk_main_mainpageconfig_id FOREIGN KEY (config_id) REFERENCES public.main_mainpageconfig(id) DEFERRABLE INITIALLY DEFERRED;


--
-- TOC entry 3512 (class 2606 OID 17173)
-- Name: main_advantagesblock main_advantagesblock_attachableblock_ptr__ec1ad8a7_fk_attachabl; Type: FK CONSTRAINT; Schema: public; Owner: postgres
--

ALTER TABLE ONLY public.main_advantagesblock
    ADD CONSTRAINT main_advantagesblock_attachableblock_ptr__ec1ad8a7_fk_attachabl FOREIGN KEY (attachableblock_ptr_id) REFERENCES public.attachable_blocks_attachableblock(id) DEFERRABLE INITIALLY DEFERRED;


--
-- TOC entry 3513 (class 2606 OID 17178)
-- Name: main_awardblock main_awardblock_attachableblock_ptr__cdcfedd8_fk_attachabl; Type: FK CONSTRAINT; Schema: public; Owner: postgres
--

ALTER TABLE ONLY public.main_awardblock
    ADD CONSTRAINT main_awardblock_attachableblock_ptr__cdcfedd8_fk_attachabl FOREIGN KEY (attachableblock_ptr_id) REFERENCES public.attachable_blocks_attachableblock(id) DEFERRABLE INITIALLY DEFERRED;


--
-- TOC entry 3514 (class 2606 OID 17183)
-- Name: portfolio_galleryblock portfolio_galleryblo_attachableblock_ptr__caedcd50_fk_attachabl; Type: FK CONSTRAINT; Schema: public; Owner: postgres
--

ALTER TABLE ONLY public.portfolio_galleryblock
    ADD CONSTRAINT portfolio_galleryblo_attachableblock_ptr__caedcd50_fk_attachabl FOREIGN KEY (attachableblock_ptr_id) REFERENCES public.attachable_blocks_attachableblock(id) DEFERRABLE INITIALLY DEFERRED;


--
-- TOC entry 3515 (class 2606 OID 17188)
-- Name: portfolio_galleryblock portfolio_galleryblo_gallery_id_e24d53f3_fk_portfolio; Type: FK CONSTRAINT; Schema: public; Owner: postgres
--

ALTER TABLE ONLY public.portfolio_galleryblock
    ADD CONSTRAINT portfolio_galleryblo_gallery_id_e24d53f3_fk_portfolio FOREIGN KEY (gallery_id) REFERENCES public.portfolio_blockgallery(id) DEFERRABLE INITIALLY DEFERRED;


--
-- TOC entry 3516 (class 2606 OID 17193)
-- Name: portfolio_mediagalleryblockimageitem portfolio_mediagalle_galleryitembase_ptr__433f93d9_fk_gallery_g; Type: FK CONSTRAINT; Schema: public; Owner: postgres
--

ALTER TABLE ONLY public.portfolio_mediagalleryblockimageitem
    ADD CONSTRAINT portfolio_mediagalle_galleryitembase_ptr__433f93d9_fk_gallery_g FOREIGN KEY (galleryitembase_ptr_id) REFERENCES public.gallery_galleryitembase(id) DEFERRABLE INITIALLY DEFERRED;


--
-- TOC entry 3517 (class 2606 OID 17198)
-- Name: portfolio_portfolioconfig portfolio_portfolioc_gallery_id_dd46aa0f_fk_portfolio; Type: FK CONSTRAINT; Schema: public; Owner: postgres
--

ALTER TABLE ONLY public.portfolio_portfolioconfig
    ADD CONSTRAINT portfolio_portfolioc_gallery_id_dd46aa0f_fk_portfolio FOREIGN KEY (gallery_id) REFERENCES public.portfolio_portfoliogallery(id) DEFERRABLE INITIALLY DEFERRED;


--
-- TOC entry 3518 (class 2606 OID 17203)
-- Name: portfolio_portfoliogalleryimageitem portfolio_portfoliog_galleryitembase_ptr__d7e40c91_fk_gallery_g; Type: FK CONSTRAINT; Schema: public; Owner: postgres
--

ALTER TABLE ONLY public.portfolio_portfoliogalleryimageitem
    ADD CONSTRAINT portfolio_portfoliog_galleryitembase_ptr__d7e40c91_fk_gallery_g FOREIGN KEY (galleryitembase_ptr_id) REFERENCES public.gallery_galleryitembase(id) DEFERRABLE INITIALLY DEFERRED;


--
-- TOC entry 3519 (class 2606 OID 17208)
-- Name: seo_seodata seo_seodata_content_type_id_9e8769a6_fk_django_content_type_id; Type: FK CONSTRAINT; Schema: public; Owner: postgres
--

ALTER TABLE ONLY public.seo_seodata
    ADD CONSTRAINT seo_seodata_content_type_id_9e8769a6_fk_django_content_type_id FOREIGN KEY (content_type_id) REFERENCES public.django_content_type(id) DEFERRABLE INITIALLY DEFERRED;


--
-- TOC entry 3521 (class 2606 OID 17213)
-- Name: services_servicebenefitsblock services_servicebene_attachableblock_ptr__e3beb30b_fk_attachabl; Type: FK CONSTRAINT; Schema: public; Owner: postgres
--

ALTER TABLE ONLY public.services_servicebenefitsblock
    ADD CONSTRAINT services_servicebene_attachableblock_ptr__e3beb30b_fk_attachabl FOREIGN KEY (attachableblock_ptr_id) REFERENCES public.attachable_blocks_attachableblock(id) DEFERRABLE INITIALLY DEFERRED;


--
-- TOC entry 3520 (class 2606 OID 17218)
-- Name: services_servicebenefit services_servicebene_config_id_abacc726_fk_services_; Type: FK CONSTRAINT; Schema: public; Owner: postgres
--

ALTER TABLE ONLY public.services_servicebenefit
    ADD CONSTRAINT services_servicebene_config_id_abacc726_fk_services_ FOREIGN KEY (config_id) REFERENCES public.services_servicesconfig(id) DEFERRABLE INITIALLY DEFERRED;


--
-- TOC entry 3522 (class 2606 OID 17223)
-- Name: services_serviceblock services_servicebloc_attachableblock_ptr__6e5628d7_fk_attachabl; Type: FK CONSTRAINT; Schema: public; Owner: postgres
--

ALTER TABLE ONLY public.services_serviceblock
    ADD CONSTRAINT services_servicebloc_attachableblock_ptr__6e5628d7_fk_attachabl FOREIGN KEY (attachableblock_ptr_id) REFERENCES public.attachable_blocks_attachableblock(id) DEFERRABLE INITIALLY DEFERRED;


--
-- TOC entry 3523 (class 2606 OID 17228)
-- Name: social_networks_feedpost social_networks_feed_content_type_id_6782ee3a_fk_django_co; Type: FK CONSTRAINT; Schema: public; Owner: postgres
--

ALTER TABLE ONLY public.social_networks_feedpost
    ADD CONSTRAINT social_networks_feed_content_type_id_6782ee3a_fk_django_co FOREIGN KEY (content_type_id) REFERENCES public.django_content_type(id) DEFERRABLE INITIALLY DEFERRED;


--
-- TOC entry 3524 (class 2606 OID 17233)
-- Name: testimonials_testimonialsblock testimonials_testimo_attachableblock_ptr__66dd6724_fk_attachabl; Type: FK CONSTRAINT; Schema: public; Owner: postgres
--

ALTER TABLE ONLY public.testimonials_testimonialsblock
    ADD CONSTRAINT testimonials_testimo_attachableblock_ptr__66dd6724_fk_attachabl FOREIGN KEY (attachableblock_ptr_id) REFERENCES public.attachable_blocks_attachableblock(id) DEFERRABLE INITIALLY DEFERRED;


--
-- TOC entry 3525 (class 2606 OID 17238)
-- Name: users_customuser_groups users_customuser_gro_customuser_id_958147bf_fk_users_cus; Type: FK CONSTRAINT; Schema: public; Owner: postgres
--

ALTER TABLE ONLY public.users_customuser_groups
    ADD CONSTRAINT users_customuser_gro_customuser_id_958147bf_fk_users_cus FOREIGN KEY (customuser_id) REFERENCES public.users_customuser(id) DEFERRABLE INITIALLY DEFERRED;


--
-- TOC entry 3526 (class 2606 OID 17243)
-- Name: users_customuser_groups users_customuser_groups_group_id_01390b14_fk_auth_group_id; Type: FK CONSTRAINT; Schema: public; Owner: postgres
--

ALTER TABLE ONLY public.users_customuser_groups
    ADD CONSTRAINT users_customuser_groups_group_id_01390b14_fk_auth_group_id FOREIGN KEY (group_id) REFERENCES public.auth_group(id) DEFERRABLE INITIALLY DEFERRED;


--
-- TOC entry 3527 (class 2606 OID 17248)
-- Name: users_customuser_user_permissions users_customuser_use_customuser_id_5771478b_fk_users_cus; Type: FK CONSTRAINT; Schema: public; Owner: postgres
--

ALTER TABLE ONLY public.users_customuser_user_permissions
    ADD CONSTRAINT users_customuser_use_customuser_id_5771478b_fk_users_cus FOREIGN KEY (customuser_id) REFERENCES public.users_customuser(id) DEFERRABLE INITIALLY DEFERRED;


--
-- TOC entry 3528 (class 2606 OID 17253)
-- Name: users_customuser_user_permissions users_customuser_use_permission_id_baaa2f74_fk_auth_perm; Type: FK CONSTRAINT; Schema: public; Owner: postgres
--

ALTER TABLE ONLY public.users_customuser_user_permissions
    ADD CONSTRAINT users_customuser_use_permission_id_baaa2f74_fk_auth_perm FOREIGN KEY (permission_id) REFERENCES public.auth_permission(id) DEFERRABLE INITIALLY DEFERRED;


-- Completed on 2024-02-06 19:41:28 UTC

--
--

\connect postgres

--
--


-- Started on 2024-02-06 19:41:28 UTC

SELECT pg_catalog.set_config('search_path', '', false);

-- Completed on 2024-02-06 19:41:29 UTC

--
--

-- Completed on 2024-02-06 19:41:29 UTC

--
-- PostgreSQL database cluster dump complete
--

