-- https://www.phpmyadmin.net/
--
-- Servidor: localhost
-- Tiempo de generación: 02-10-2023 a las 15:46:05
-- Versión del servidor: 8.0.34-0ubuntu0.22.04.1
-- Versión de PHP: 7.4.33

START TRANSACTION;



--
-- Base de datos: `cadda_sudamericano`
--

-- --------------------------------------------------------

--
-- Estructura de tabla para la tabla `categories`
--

CREATE TABLE `categories` (
  `id` int UNSIGNED NOT NULL,
  `parent_id` int UNSIGNED DEFAULT NULL,
  `order` int NOT NULL DEFAULT '1',
  `name` varchar(191) CHARACTER SET utf8mb4 COLLATE utf8mb4_unicode_ci NOT NULL,
  `slug` varchar(191) CHARACTER SET utf8mb4 COLLATE utf8mb4_unicode_ci NOT NULL,
  `created_at` timestamp NULL DEFAULT NULL,
  `updated_at` timestamp NULL DEFAULT NULL
) ENGINE=InnoDB DEFAULT CHARSET=utf8mb4 COLLATE=utf8mb4_unicode_ci;

--
-- Volcado de datos para la tabla `categories`
--

INSERT INTO `categories` (`id`, `parent_id`, `order`, `name`, `slug`, `created_at`, `updated_at`) VALUES
(1, NULL, 1, 'Category 1', 'category-1', '2020-02-20 12:46:10', '2020-02-20 12:46:10'),
(2, NULL, 1, 'Category 2', 'category-2', '2020-02-20 12:46:10', '2020-02-20 12:46:10');

-- --------------------------------------------------------

--
-- Estructura de tabla para la tabla `customers`
--

CREATE TABLE `customers` (
  `id` int UNSIGNED NOT NULL,
  `user_id` int UNSIGNED NOT NULL,
  `gender` varchar(50) COLLATE utf8mb4_unicode_ci NOT NULL,
  `first_name` varchar(100) COLLATE utf8mb4_unicode_ci NOT NULL,
  `last_name` varchar(100) COLLATE utf8mb4_unicode_ci NOT NULL,
  `phone` varchar(10) COLLATE utf8mb4_unicode_ci NOT NULL,
  `town_city` varchar(100) COLLATE utf8mb4_unicode_ci NOT NULL,
  `country` varchar(60) COLLATE utf8mb4_unicode_ci NOT NULL,
  `created_at` timestamp NULL DEFAULT NULL,
  `updated_at` timestamp NULL DEFAULT NULL,
  `deleted_at` timestamp NULL DEFAULT NULL
) ENGINE=InnoDB DEFAULT CHARSET=utf8mb4 COLLATE=utf8mb4_unicode_ci;

-- --------------------------------------------------------

--
-- Estructura de tabla para la tabla `customer_addresses`
--

CREATE TABLE `customer_addresses` (
  `id` int UNSIGNED NOT NULL,
  `customer_id` int UNSIGNED NOT NULL,
  `address` varchar(255) COLLATE utf8mb4_unicode_ci NOT NULL,
  `created_at` timestamp NULL DEFAULT NULL,
  `updated_at` timestamp NULL DEFAULT NULL
) ENGINE=InnoDB DEFAULT CHARSET=utf8mb4 COLLATE=utf8mb4_unicode_ci;

-- --------------------------------------------------------

--
-- Estructura de tabla para la tabla `customer_payment_methods`
--

CREATE TABLE `customer_payment_methods` (
  `id` int UNSIGNED NOT NULL,
  `customer_id` int UNSIGNED NOT NULL,
  `payment_method_id` int UNSIGNED NOT NULL,
  `credit_card_number` varchar(20) COLLATE utf8mb4_unicode_ci DEFAULT NULL,
  `details` text COLLATE utf8mb4_unicode_ci,
  `created_at` timestamp NULL DEFAULT NULL,
  `updated_at` timestamp NULL DEFAULT NULL
) ENGINE=InnoDB DEFAULT CHARSET=utf8mb4 COLLATE=utf8mb4_unicode_ci;

-- --------------------------------------------------------

--
-- Estructura de tabla para la tabla `data_rows`
--

CREATE TABLE `data_rows` (
  `id` int UNSIGNED NOT NULL,
  `data_type_id` int UNSIGNED NOT NULL,
  `field` varchar(191) CHARACTER SET utf8mb4 COLLATE utf8mb4_unicode_ci NOT NULL,
  `type` varchar(191) CHARACTER SET utf8mb4 COLLATE utf8mb4_unicode_ci NOT NULL,
  `display_name` varchar(191) CHARACTER SET utf8mb4 COLLATE utf8mb4_unicode_ci NOT NULL,
  `required` tinyint(1) NOT NULL DEFAULT '0',
  `browse` tinyint(1) NOT NULL DEFAULT '1',
  `read` tinyint(1) NOT NULL DEFAULT '1',
  `edit` tinyint(1) NOT NULL DEFAULT '1',
  `add` tinyint(1) NOT NULL DEFAULT '1',
  `delete` tinyint(1) NOT NULL DEFAULT '1',
  `details` text CHARACTER SET utf8mb4 COLLATE utf8mb4_unicode_ci,
  `order` int NOT NULL DEFAULT '1'
) ENGINE=InnoDB DEFAULT CHARSET=utf8mb4 COLLATE=utf8mb4_unicode_ci;

--
-- Volcado de datos para la tabla `data_rows`
--

INSERT INTO `data_rows` (`id`, `data_type_id`, `field`, `type`, `display_name`, `required`, `browse`, `read`, `edit`, `add`, `delete`, `details`, `order`) VALUES
(1, 1, 'id', 'number', 'ID', 1, 0, 0, 0, 0, 0, NULL, 1),
(2, 1, 'name', 'text', 'Nombre', 1, 1, 1, 1, 1, 1, NULL, 2),
(3, 1, 'email', 'text', 'Email', 1, 1, 1, 1, 1, 1, NULL, 3),
(4, 1, 'password', 'password', 'Password', 1, 0, 0, 1, 1, 0, NULL, 4),
(5, 1, 'remember_token', 'text', 'Remember Token', 0, 0, 0, 0, 0, 0, NULL, 5),
(6, 1, 'created_at', 'timestamp', 'Created At', 0, 1, 1, 0, 0, 0, NULL, 6),
(7, 1, 'updated_at', 'timestamp', 'Updated At', 0, 0, 0, 0, 0, 0, NULL, 7),
(8, 1, 'avatar', 'image', 'Avatar', 0, 1, 1, 1, 1, 1, NULL, 8),
(9, 1, 'user_belongsto_role_relationship', 'relationship', 'Role', 0, 1, 1, 1, 1, 0, '{\"model\":\"TCG\\\\Voyager\\\\Models\\\\Role\",\"table\":\"roles\",\"type\":\"belongsTo\",\"column\":\"role_id\",\"key\":\"id\",\"label\":\"display_name\",\"pivot_table\":\"roles\",\"pivot\":\"0\",\"taggable\":\"0\"}', 10),
(10, 1, 'user_belongstomany_role_relationship', 'relationship', 'Roles', 0, 1, 1, 1, 1, 0, '{\"model\":\"TCG\\\\Voyager\\\\Models\\\\Role\",\"table\":\"roles\",\"type\":\"belongsToMany\",\"column\":\"id\",\"key\":\"id\",\"label\":\"display_name\",\"pivot_table\":\"user_roles\",\"pivot\":\"1\",\"taggable\":\"0\"}', 11),
(11, 1, 'settings', 'hidden', 'Settings', 0, 0, 0, 0, 0, 0, NULL, 12),
(12, 2, 'id', 'number', 'ID', 1, 0, 0, 0, 0, 0, NULL, 1),
(13, 2, 'name', 'text', 'Name', 1, 1, 1, 1, 1, 1, NULL, 2),
(14, 2, 'created_at', 'timestamp', 'Created At', 0, 0, 0, 0, 0, 0, NULL, 3),
(15, 2, 'updated_at', 'timestamp', 'Updated At', 0, 0, 0, 0, 0, 0, NULL, 4),
(16, 3, 'id', 'number', 'ID', 1, 0, 0, 0, 0, 0, NULL, 1),
(17, 3, 'name', 'text', 'Name', 1, 1, 1, 1, 1, 1, NULL, 2),
(18, 3, 'created_at', 'timestamp', 'Created At', 0, 0, 0, 0, 0, 0, NULL, 3),
(19, 3, 'updated_at', 'timestamp', 'Updated At', 0, 0, 0, 0, 0, 0, NULL, 4),
(20, 3, 'display_name', 'text', 'Display Name', 1, 1, 1, 1, 1, 1, NULL, 5),
(21, 1, 'role_id', 'text', 'Role', 0, 1, 1, 1, 1, 1, NULL, 9),
(22, 4, 'id', 'number', 'ID', 1, 0, 0, 0, 0, 0, NULL, 1),
(23, 4, 'parent_id', 'select_dropdown', 'Parent', 0, 0, 1, 1, 1, 1, '{\"default\":\"\",\"null\":\"\",\"options\":{\"\":\"-- None --\"},\"relationship\":{\"key\":\"id\",\"label\":\"name\"}}', 2),
(24, 4, 'order', 'text', 'Order', 1, 1, 1, 1, 1, 1, '{\"default\":1}', 3),
(25, 4, 'name', 'text', 'Name', 1, 1, 1, 1, 1, 1, NULL, 4),
(26, 4, 'slug', 'text', 'Slug', 1, 1, 1, 1, 1, 1, '{\"slugify\":{\"origin\":\"name\"}}', 5),
(27, 4, 'created_at', 'timestamp', 'Created At', 0, 0, 1, 0, 0, 0, NULL, 6),
(28, 4, 'updated_at', 'timestamp', 'Updated At', 0, 0, 0, 0, 0, 0, NULL, 7),
(29, 5, 'id', 'number', 'ID', 1, 0, 0, 0, 0, 0, NULL, 1),
(30, 5, 'author_id', 'text', 'Author', 1, 0, 1, 1, 0, 1, NULL, 2),
(31, 5, 'category_id', 'text', 'Category', 1, 0, 1, 1, 1, 0, NULL, 3),
(32, 5, 'title', 'text', 'Title', 1, 1, 1, 1, 1, 1, NULL, 4),
(33, 5, 'excerpt', 'text_area', 'Excerpt', 1, 0, 1, 1, 1, 1, NULL, 5),
(34, 5, 'body', 'rich_text_box', 'Body', 1, 0, 1, 1, 1, 1, NULL, 6),
(35, 5, 'image', 'image', 'Post Image', 0, 1, 1, 1, 1, 1, '{\"resize\":{\"width\":\"1000\",\"height\":\"null\"},\"quality\":\"70%\",\"upsize\":true,\"thumbnails\":[{\"name\":\"medium\",\"scale\":\"50%\"},{\"name\":\"small\",\"scale\":\"25%\"},{\"name\":\"cropped\",\"crop\":{\"width\":\"300\",\"height\":\"250\"}}]}', 7),
(36, 5, 'slug', 'text', 'Slug', 1, 0, 1, 1, 1, 1, '{\"slugify\":{\"origin\":\"title\",\"forceUpdate\":true},\"validation\":{\"rule\":\"unique:posts,slug\"}}', 8),
(37, 5, 'meta_description', 'text_area', 'Meta Description', 1, 0, 1, 1, 1, 1, NULL, 9),
(38, 5, 'meta_keywords', 'text_area', 'Meta Keywords', 1, 0, 1, 1, 1, 1, NULL, 10),
(39, 5, 'status', 'select_dropdown', 'Status', 1, 1, 1, 1, 1, 1, '{\"default\":\"DRAFT\",\"options\":{\"PUBLISHED\":\"published\",\"DRAFT\":\"draft\",\"PENDING\":\"pending\"}}', 11),
(40, 5, 'created_at', 'timestamp', 'Created At', 0, 1, 1, 0, 0, 0, NULL, 12),
(41, 5, 'updated_at', 'timestamp', 'Updated At', 0, 0, 0, 0, 0, 0, NULL, 13),
(42, 5, 'seo_title', 'text', 'SEO Title', 0, 1, 1, 1, 1, 1, NULL, 14),
(43, 5, 'featured', 'checkbox', 'Featured', 1, 1, 1, 1, 1, 1, NULL, 15),
(44, 6, 'id', 'number', 'ID', 1, 0, 0, 0, 0, 0, NULL, 1),
(45, 6, 'author_id', 'text', 'Author', 1, 0, 0, 0, 0, 0, NULL, 2),
(46, 6, 'title', 'text', 'Title', 1, 1, 1, 1, 1, 1, NULL, 3),
(47, 6, 'excerpt', 'text_area', 'Excerpt', 1, 0, 1, 1, 1, 1, NULL, 4),
(48, 6, 'body', 'rich_text_box', 'Body', 1, 0, 1, 1, 1, 1, NULL, 5),
(49, 6, 'slug', 'text', 'Slug', 1, 0, 1, 1, 1, 1, '{\"slugify\":{\"origin\":\"title\"},\"validation\":{\"rule\":\"unique:pages,slug\"}}', 6),
(50, 6, 'meta_description', 'text', 'Meta Description', 1, 0, 1, 1, 1, 1, NULL, 7),
(51, 6, 'meta_keywords', 'text', 'Meta Keywords', 1, 0, 1, 1, 1, 1, NULL, 8),
(52, 6, 'status', 'select_dropdown', 'Status', 1, 1, 1, 1, 1, 1, '{\"default\":\"INACTIVE\",\"options\":{\"INACTIVE\":\"INACTIVE\",\"ACTIVE\":\"ACTIVE\"}}', 9),
(53, 6, 'created_at', 'timestamp', 'Created At', 1, 1, 1, 0, 0, 0, NULL, 10),
(54, 6, 'updated_at', 'timestamp', 'Updated At', 1, 0, 0, 0, 0, 0, NULL, 11),
(55, 6, 'image', 'image', 'Page Image', 0, 1, 1, 1, 1, 1, NULL, 12),
(56, 8, 'id', 'text', 'Id', 1, 0, 0, 0, 0, 0, NULL, 1),
(57, 8, 'created_at', 'timestamp', 'Created At', 0, 0, 0, 0, 0, 0, NULL, 2),
(58, 8, 'updated_at', 'timestamp', 'Updated At', 0, 0, 0, 0, 0, 0, NULL, 3),
(59, 8, 'deleted_at', 'timestamp', 'Deleted At', 0, 0, 0, 0, 0, 0, NULL, 4),
(60, 8, 'nombre', 'text', 'Nombre', 0, 1, 1, 1, 1, 1, NULL, 5),
(61, 1, 'user_belongsto_paise_relationship', 'relationship', 'paises', 0, 1, 1, 1, 1, 1, '{\"model\":\"App\\\\Paise\",\"table\":\"paises\",\"type\":\"belongsTo\",\"column\":\"paises_id\",\"key\":\"id\",\"label\":\"nombre\",\"pivot_table\":\"categories\",\"pivot\":\"0\",\"taggable\":\"0\"}', 13),
(62, 1, 'paises_id', 'text', 'Paises Id', 0, 1, 1, 1, 1, 1, NULL, 11),
(63, 10, 'id', 'text', 'Id', 1, 0, 0, 0, 0, 0, NULL, 1),
(64, 10, 'nombre', 'text', 'Nombre', 0, 1, 1, 1, 1, 1, NULL, 2),
(70, 13, 'id', 'text', 'Id', 1, 0, 0, 0, 0, 0, NULL, 1),
(71, 13, 'created_at', 'timestamp', 'Created At', 0, 0, 0, 0, 0, 0, NULL, 2),
(72, 13, 'updated_at', 'timestamp', 'Updated At', 0, 0, 0, 0, 0, 0, NULL, 3),
(73, 13, 'deleted_at', 'timestamp', 'Deleted At', 0, 0, 0, 0, 0, 0, NULL, 4),
(74, 13, 'nombre', 'text', 'Nombre', 0, 1, 1, 1, 1, 1, NULL, 5),
(75, 14, 'id', 'text', 'Id', 1, 0, 0, 0, 0, 0, NULL, 1),
(76, 14, 'deleted_at', 'timestamp', 'Deleted At', 0, 0, 0, 0, 0, 0, NULL, 2),
(77, 14, 'created_at', 'timestamp', 'Created At', 0, 0, 0, 0, 0, 0, NULL, 3),
(78, 14, 'updated_at', 'timestamp', 'Updated At', 0, 0, 0, 0, 0, 0, NULL, 4),
(79, 14, 'nombre', 'text', 'Nombre', 1, 1, 1, 1, 1, 1, '{\"validation\":{\"rule\":\"required\"}}', 5),
(80, 14, 'apellidopaterno', 'text', 'Apellido Paterno', 1, 1, 1, 1, 1, 1, '{\"validation\":{\"rule\":\"required\"}}', 6),
(81, 14, 'apellidomaterno', 'text', 'Apellido Materno', 0, 1, 1, 1, 1, 1, '{\"default\":\"-\"}', 7),
(82, 14, 'dni', 'text', 'Documento de Identidad', 1, 1, 1, 1, 1, 1, '{\"validation\":{\"rule\":\"required\"}}', 8),
(83, 14, 'sexo', 'select_dropdown', 'Sexo', 1, 1, 1, 1, 1, 1, '{\"default\":\"option1\",\"options\":{\"option1\":\"Masculino\",\"option2\":\"Femenino\"}}', 9),
(84, 14, 'paises_id', 'select_dropdown', 'Paises Id', 1, 1, 1, 1, 1, 1, '{\"validation\":{\"rule\":\"required\"}}', 10),
(85, 14, 'foto', 'image', 'Foto', 0, 1, 1, 1, 1, 1, '{\"resize\":{\"width\":\"300\",\"height\":\"null\"},\"quality\":\"80%\",\"upsize\":true,\"thumbnails\":[{\"name\":\"medium\",\"scale\":\"50%\"},{\"name\":\"small\",\"scale\":\"25%\"},{\"name\":\"cropped\",\"crop\":{\"width\":\"300\",\"height\":\"250\"}}]}', 11),
(86, 14, 'deportista_belongsto_paise_relationship', 'relationship', 'Pais', 0, 1, 1, 1, 1, 1, '{\"model\":\"App\\\\Paise\",\"table\":\"paises\",\"type\":\"belongsTo\",\"column\":\"paises_id\",\"key\":\"id\",\"label\":\"nombre\",\"pivot_table\":\"categories\",\"pivot\":\"0\",\"taggable\":\"0\"}', 12),
(87, 14, 'deportista_belongsto_disciplina_relationship', 'relationship', 'Disciplina', 0, 1, 1, 1, 1, 1, '{\"model\":\"App\\\\Disciplina\",\"table\":\"disciplinas\",\"type\":\"belongsTo\",\"column\":\"disciplina_id\",\"key\":\"id\",\"label\":\"nombre\",\"pivot_table\":\"categories\",\"pivot\":\"0\",\"taggable\":\"0\"}', 13),
(88, 14, 'disciplina_id', 'text', 'Disciplina Id', 1, 0, 0, 0, 1, 1, '{\"validation\":{\"rule\":\"required\"}}', 12),
(89, 16, 'id', 'text', 'Id', 1, 0, 0, 0, 0, 0, NULL, 1),
(90, 16, 'created_at', 'timestamp', 'Created At', 0, 0, 0, 0, 0, 0, NULL, 2),
(91, 16, 'updated_at', 'timestamp', 'Updated At', 0, 0, 0, 0, 0, 0, NULL, 3),
(92, 16, 'deleted_at', 'timestamp', 'Deleted At', 0, 0, 0, 0, 0, 0, NULL, 4),
(93, 16, 'nombre', 'text', 'Nombre', 1, 1, 1, 1, 1, 1, '{\"validation\":{\"rule\":\"required\"}}', 5),
(94, 16, 'apellidopaterno', 'text', 'Apellido Paterno', 1, 1, 1, 1, 1, 1, '{\"validation\":{\"rule\":\"required\"}}', 6),
(95, 16, 'apellidomaterno', 'text', 'Apellido Materno', 1, 1, 1, 1, 1, 1, '{\"default\":\"-\"}', 7),
(96, 16, 'dni', 'text', 'Documento de Identidad', 1, 1, 1, 1, 1, 1, '{\"validation\":{\"rule\":\"required\"}}', 8),
(97, 16, 'sexo', 'select_dropdown', 'Sexo', 1, 1, 1, 1, 1, 1, '{\"default\":\"option1\",\"options\":{\"option1\":\"Masculino\",\"option2\":\"Femenino\"}}', 9),
(98, 16, 'paises_id', 'text', 'Paises Id', 0, 0, 0, 0, 1, 1, '{\"validation\":{\"rule\":\"required\"}}', 10),
(99, 16, 'foto', 'image', 'Foto', 0, 1, 1, 1, 1, 1, '{\"resize\":{\"width\":\"300\",\"height\":\"null\"},\"quality\":\"80%\",\"upsize\":true,\"thumbnails\":[{\"name\":\"medium\",\"scale\":\"50%\"},{\"name\":\"small\",\"scale\":\"25%\"},{\"name\":\"cropped\",\"crop\":{\"width\":\"300\",\"height\":\"250\"}}]}', 11),
(100, 16, 'disciplina_id', 'text', 'Disciplina Id', 0, 0, 0, 0, 1, 1, '{\"validation\":{\"rule\":\"required\"}}', 12),
(101, 16, 'rolintegrante_id', 'text', 'Rolintegrante Id', 0, 1, 1, 1, 1, 1, '{\"validation\":{\"rule\":\"required\"}}', 13),
(102, 16, 'juece_belongsto_paise_relationship', 'relationship', 'Pais', 0, 1, 1, 1, 1, 1, '{\"model\":\"App\\\\Paise\",\"table\":\"paises\",\"type\":\"belongsTo\",\"column\":\"paises_id\",\"key\":\"id\",\"label\":\"nombre\",\"pivot_table\":\"categories\",\"pivot\":\"0\",\"taggable\":\"0\"}', 14),
(103, 16, 'juece_belongsto_disciplina_relationship', 'relationship', 'Disciplina', 0, 1, 1, 1, 1, 1, '{\"model\":\"App\\\\Disciplina\",\"table\":\"disciplinas\",\"type\":\"belongsTo\",\"column\":\"disciplina_id\",\"key\":\"id\",\"label\":\"nombre\",\"pivot_table\":\"categories\",\"pivot\":\"0\",\"taggable\":\"0\"}', 15),
(104, 16, 'juece_belongsto_rolintegrante_relationship', 'relationship', 'Rol', 0, 1, 1, 1, 1, 1, '{\"model\":\"App\\\\Rolintegrante\",\"table\":\"rolintegrantes\",\"type\":\"belongsTo\",\"column\":\"rolintegrante_id\",\"key\":\"id\",\"label\":\"nombre\",\"pivot_table\":\"categories\",\"pivot\":\"0\",\"taggable\":\"0\"}', 16),
(105, 18, 'id', 'text', 'Id', 1, 0, 0, 0, 0, 0, NULL, 1),
(106, 18, 'created_at', 'timestamp', 'Created At', 0, 0, 0, 0, 0, 0, NULL, 2),
(107, 18, 'updated_at', 'timestamp', 'Updated At', 0, 0, 0, 0, 0, 0, NULL, 3),
(108, 18, 'deleted_at', 'timestamp', 'Deleted At', 0, 0, 0, 0, 0, 0, NULL, 4),
(109, 18, 'nombre', 'text', 'Nombre', 1, 1, 1, 1, 1, 1, '{\"validation\":{\"rule\":\"required\"}}', 5),
(110, 18, 'apellidopaterno', 'text', 'Apellido Paterno', 1, 1, 1, 1, 1, 1, '{\"validation\":{\"rule\":\"required\"}}', 6),
(111, 18, 'apellidomaterno', 'text', 'Apellido Materno', 0, 1, 1, 1, 1, 1, '{\"default\":\"-\"}', 7),
(112, 18, 'dni', 'text', 'Documento de Identidad', 1, 1, 1, 1, 1, 1, '{\"validation\":{\"rule\":\"required\"}}', 8),
(113, 18, 'sexo', 'select_dropdown', 'Sexo', 1, 1, 1, 1, 1, 1, '{\"default\":\"option1\",\"options\":{\"option1\":\"Masculino\",\"option2\":\"Femenino\"}}', 9),
(114, 18, 'paises_id', 'text', 'Paises Id', 0, 1, 1, 1, 1, 1, '{\"validation\":{\"rule\":\"required\"}}', 10),
(115, 18, 'foto', 'image', 'Foto', 0, 1, 1, 1, 1, 1, '{\"resize\":{\"width\":\"300\",\"height\":\"null\"},\"quality\":\"80%\",\"upsize\":true,\"thumbnails\":[{\"name\":\"medium\",\"scale\":\"50%\"},{\"name\":\"small\",\"scale\":\"25%\"},{\"name\":\"cropped\",\"crop\":{\"width\":\"300\",\"height\":\"250\"}}]}', 11),
(116, 18, 'disciplina_id', 'text', 'Disciplina Id', 0, 1, 1, 1, 1, 1, '{\"validation\":{\"rule\":\"required\"}}', 12),
(117, 18, 'rolintegrante_id', 'text', 'Rolintegrante Id', 0, 1, 1, 1, 1, 1, '{\"validation\":{\"rule\":\"required\"}}', 13),
(118, 18, 'oficiale_belongsto_paise_relationship', 'relationship', 'Pais', 0, 1, 1, 1, 1, 1, '{\"model\":\"App\\\\Paise\",\"table\":\"paises\",\"type\":\"belongsTo\",\"column\":\"paises_id\",\"key\":\"id\",\"label\":\"nombre\",\"pivot_table\":\"categories\",\"pivot\":\"0\",\"taggable\":\"0\"}', 14),
(119, 18, 'oficiale_belongsto_disciplina_relationship', 'relationship', 'Disciplina', 0, 1, 1, 1, 1, 1, '{\"model\":\"App\\\\Disciplina\",\"table\":\"disciplinas\",\"type\":\"belongsTo\",\"column\":\"disciplina_id\",\"key\":\"id\",\"label\":\"nombre\",\"pivot_table\":\"categories\",\"pivot\":\"0\",\"taggable\":\"0\"}', 15),
(120, 18, 'oficiale_belongsto_rolintegrante_relationship', 'relationship', 'Rol', 0, 1, 1, 1, 1, 1, '{\"model\":\"App\\\\Rolintegrante\",\"table\":\"rolintegrantes\",\"type\":\"belongsTo\",\"column\":\"rolintegrante_id\",\"key\":\"id\",\"label\":\"nombre\",\"pivot_table\":\"categories\",\"pivot\":\"0\",\"taggable\":\"0\"}', 16),
(131, 20, 'id', 'text', 'Id', 1, 0, 0, 0, 0, 0, NULL, 1),
(132, 20, 'created_at', 'timestamp', 'Created At', 0, 0, 0, 0, 0, 0, NULL, 2),
(133, 20, 'updated_at', 'timestamp', 'Updated At', 0, 0, 0, 0, 0, 0, NULL, 3),
(134, 20, 'deleted_at', 'timestamp', 'Deleted At', 0, 0, 0, 0, 0, 0, NULL, 4),
(135, 20, 'nombre', 'text', 'Nombre', 0, 1, 1, 1, 1, 1, NULL, 5),
(136, 20, 'disciplina_id', 'text', 'Disciplina Id', 0, 1, 1, 1, 1, 1, NULL, 6),
(137, 20, 'inscripcion_id', 'text', 'Inscripcion Id', 0, 0, 0, 0, 0, 0, NULL, 7),
(138, 20, 'jornada', 'select_dropdown', 'Jornada', 0, 1, 1, 1, 1, 1, '{\"default\":\"option11\",\"options\":{\"option1\":\"1ra Jornada\",\"option2\":\"2da Jornada\",\"option3\":\"3ra Jornada\",\"option4\":\"4ta Jornada\",\"option5\":\"5ta Jornada\",\"option6\":\"6ta Jornada\",\"option7\":\"7ma Jornada\",\"option8\":\"8va Jornada\",\"option9\":\"9na Jornada\",\"option10\":\"10ma Jornada\",\"option11\":\"Elegir\"}}', 8),
(139, 20, 'ganador_id', 'text', 'Ganador Id', 0, 0, 0, 0, 0, 0, NULL, 9),
(140, 20, 'prueba_belongsto_disciplina_relationship', 'relationship', 'disciplinas', 0, 1, 1, 1, 1, 1, '{\"model\":\"App\\\\Disciplina\",\"table\":\"disciplinas\",\"type\":\"belongsTo\",\"column\":\"disciplina_id\",\"key\":\"id\",\"label\":\"nombre\",\"pivot_table\":\"categories\",\"pivot\":\"0\",\"taggable\":\"0\"}', 10),
(141, 21, 'id', 'text', 'Id', 1, 0, 0, 0, 0, 0, NULL, 1),
(142, 21, 'created_at', 'timestamp', 'Created At', 0, 0, 0, 0, 0, 0, NULL, 2),
(143, 21, 'updated_at', 'timestamp', 'Updated At', 0, 0, 0, 0, 0, 0, NULL, 3),
(144, 21, 'deleted_at', 'timestamp', 'Deleted At', 0, 0, 0, 0, 0, 0, NULL, 4),
(145, 21, 'deportista_id', 'text', 'Deportista Id', 0, 1, 1, 1, 1, 1, '{\"validation\":{\"rule\":\"required\"}}', 5),
(146, 21, 'prueba_id', 'text', 'Prueba Id', 0, 1, 1, 1, 1, 1, '{\"validation\":{\"rule\":\"required\"}}', 6),
(147, 21, 'marca', 'text', 'Mejor Marca', 0, 1, 1, 1, 1, 1, NULL, 9),
(148, 21, 'inscripcione_belongsto_deportista_relationship', 'relationship', 'Deportista', 0, 1, 1, 1, 1, 1, '{\"model\":\"App\\\\Deportista\",\"table\":\"deportistas\",\"type\":\"belongsTo\",\"column\":\"deportista_id\",\"key\":\"id\",\"label\":\"full_name\",\"pivot_table\":\"categories\",\"pivot\":\"0\",\"taggable\":\"0\"}', 7),
(149, 21, 'inscripcione_belongsto_prueba_relationship', 'relationship', 'Prueba', 0, 1, 1, 1, 1, 1, '{\"model\":\"App\\\\Prueba\",\"table\":\"pruebas\",\"type\":\"belongsTo\",\"column\":\"prueba_id\",\"key\":\"id\",\"label\":\"full_name\",\"pivot_table\":\"categories\",\"pivot\":\"0\",\"taggable\":\"0\"}', 8),
(150, 14, 'fechanacimiento', 'date', 'Fecha de nacimiento', 0, 1, 1, 1, 1, 1, '{\"validation\":{\"rule\":\"required\"}}', 13),
(151, 16, 'fechanacimiento', 'date', 'Fecha  de nacimiento', 1, 1, 1, 1, 1, 1, '{\"validation\":{\"rule\":\"required\"}}', 14),
(152, 18, 'fechanacimiento', 'date', 'Fecha de nacimiento', 1, 1, 1, 1, 1, 1, '{\"validation\":{\"rule\":\"required\"}}', 14),
(153, 22, 'id', 'text', 'Id', 1, 0, 0, 0, 0, 0, NULL, 1),
(155, 22, 'created_at', 'timestamp', 'Created At', 0, 0, 0, 0, 0, 0, NULL, 3),
(156, 22, 'updated_at', 'timestamp', 'Updated At', 0, 0, 0, 0, 0, 0, NULL, 4),
(157, 22, 'deleted_at', 'timestamp', 'Deleted At', 0, 0, 0, 0, 0, 0, NULL, 5),
(158, 22, 'model', 'text', 'Model', 0, 1, 1, 1, 1, 1, NULL, 2);

-- --------------------------------------------------------

--
-- Estructura de tabla para la tabla `data_types`
--

CREATE TABLE `data_types` (
  `id` int UNSIGNED NOT NULL,
  `name` varchar(191) CHARACTER SET utf8mb4 COLLATE utf8mb4_unicode_ci NOT NULL,
  `slug` varchar(191) CHARACTER SET utf8mb4 COLLATE utf8mb4_unicode_ci NOT NULL,
  `display_name_singular` varchar(191) CHARACTER SET utf8mb4 COLLATE utf8mb4_unicode_ci NOT NULL,
  `display_name_plural` varchar(191) CHARACTER SET utf8mb4 COLLATE utf8mb4_unicode_ci NOT NULL,
  `icon` varchar(191) CHARACTER SET utf8mb4 COLLATE utf8mb4_unicode_ci DEFAULT NULL,
  `model_name` varchar(191) CHARACTER SET utf8mb4 COLLATE utf8mb4_unicode_ci DEFAULT NULL,
  `policy_name` varchar(191) CHARACTER SET utf8mb4 COLLATE utf8mb4_unicode_ci DEFAULT NULL,
  `controller` varchar(191) CHARACTER SET utf8mb4 COLLATE utf8mb4_unicode_ci DEFAULT NULL,
  `description` varchar(191) CHARACTER SET utf8mb4 COLLATE utf8mb4_unicode_ci DEFAULT NULL,
  `generate_permissions` tinyint(1) NOT NULL DEFAULT '0',
  `server_side` tinyint NOT NULL DEFAULT '0',
  `details` text CHARACTER SET utf8mb4 COLLATE utf8mb4_unicode_ci,
  `created_at` timestamp NULL DEFAULT NULL,
  `updated_at` timestamp NULL DEFAULT NULL
) ENGINE=InnoDB DEFAULT CHARSET=utf8mb4 COLLATE=utf8mb4_unicode_ci;

--
-- Volcado de datos para la tabla `data_types`
--

INSERT INTO `data_types` (`id`, `name`, `slug`, `display_name_singular`, `display_name_plural`, `icon`, `model_name`, `policy_name`, `controller`, `description`, `generate_permissions`, `server_side`, `details`, `created_at`, `updated_at`) VALUES
(1, 'users', 'users', 'User', 'Users', 'voyager-person', 'TCG\\Voyager\\Models\\User', 'TCG\\Voyager\\Policies\\UserPolicy', NULL, NULL, 1, 0, '{\"order_column\":null,\"order_display_column\":null}', '2020-02-20 12:46:08', '2020-02-20 20:58:38'),
(2, 'menus', 'menus', 'Menu', 'Menus', 'voyager-list', 'TCG\\Voyager\\Models\\Menu', NULL, '', '', 1, 0, NULL, '2020-02-20 12:46:08', '2020-02-20 12:46:08'),
(3, 'roles', 'roles', 'Rol', 'Roles', 'voyager-lock', 'TCG\\Voyager\\Models\\Role', NULL, NULL, NULL, 1, 0, '{\"order_column\":null,\"order_display_column\":null}', '2020-02-20 12:46:08', '2020-03-01 14:42:57'),
(4, 'categories', 'categories', 'Category', 'Categories', 'voyager-categories', 'TCG\\Voyager\\Models\\Category', NULL, '', '', 1, 0, NULL, '2020-02-20 12:46:10', '2020-02-20 12:46:10'),
(5, 'posts', 'posts', 'Post', 'Posts', 'voyager-news', 'TCG\\Voyager\\Models\\Post', 'TCG\\Voyager\\Policies\\PostPolicy', '', '', 1, 0, NULL, '2020-02-20 12:46:10', '2020-02-20 12:46:10'),
(6, 'pages', 'pages', 'Page', 'Pages', 'voyager-file-text', 'TCG\\Voyager\\Models\\Page', NULL, '', '', 1, 0, NULL, '2020-02-20 12:46:11', '2020-02-20 12:46:11'),
(8, 'paises', 'paises', 'Pais', 'Paises', 'voyager-world', 'App\\Paise', NULL, NULL, NULL, 1, 0, '{\"order_column\":null,\"order_display_column\":null}', '2020-02-21 17:03:51', '2020-03-01 14:42:30'),
(10, 'disciplinas', 'disciplinas', 'Disciplina', 'Disciplinas', 'voyager-megaphone', 'App\\Disciplina', NULL, NULL, NULL, 1, 0, '{\"order_column\":null,\"order_display_column\":null}', '2020-02-23 14:11:23', '2020-02-23 14:11:23'),
(13, 'rolintegrantes', 'rolintegrantes', 'Rol de integrante', 'Rol de integrantes', NULL, 'App\\Rolintegrante', NULL, NULL, NULL, 1, 0, '{\"order_column\":null,\"order_display_column\":null}', '2020-02-23 14:32:12', '2020-03-01 14:43:22'),
(14, 'deportistas', 'deportistas', 'Deportista', 'Deportistas', NULL, 'App\\Deportista', NULL, NULL, NULL, 1, 0, '{\"order_column\":null,\"order_display_column\":null}', '2020-02-27 02:19:40', '2020-02-27 06:03:55'),
(16, 'jueces', 'jueces', 'Juez', 'Jueces', 'voyager-person', 'App\\Juece', NULL, NULL, NULL, 1, 0, '{\"order_column\":null,\"order_display_column\":null}', '2020-02-27 23:15:03', '2020-02-27 23:15:44'),
(18, 'oficiales', 'oficiales', 'Oficial', 'Oficiales', 'voyager-person', 'App\\Oficiale', NULL, NULL, NULL, 1, 0, '{\"order_column\":null,\"order_display_column\":null}', '2020-02-27 23:31:23', '2020-02-27 23:31:23'),
(20, 'pruebas', 'pruebas', 'Prueba', 'Pruebas', 'voyager-sound', 'App\\Prueba', NULL, NULL, NULL, 1, 0, '{\"order_column\":null,\"order_display_column\":null}', '2020-02-28 00:28:16', '2020-02-28 00:28:16'),
(21, 'inscripciones', 'inscripciones', 'Inscripcion', 'Inscripciones', NULL, 'App\\Inscripcione', NULL, NULL, NULL, 1, 0, '{\"order_column\":null,\"order_display_column\":null}', '2020-03-01 12:58:55', '2020-03-01 14:42:02'),
(22, 'exports', 'exports', 'Reporte', 'Reportes', 'voyager-cloud-download', 'App\\Export', NULL, 'ExporterController', NULL, 1, 0, '{\"order_column\":null,\"order_display_column\":null}', '2020-03-02 23:57:57', '2020-03-02 23:57:57');

-- --------------------------------------------------------

--
-- Estructura de tabla para la tabla `deportistas`
--

CREATE TABLE `deportistas` (
  `id` int UNSIGNED NOT NULL,
  `deleted_at` timestamp NULL DEFAULT NULL,
  `created_at` timestamp NULL DEFAULT NULL,
  `updated_at` timestamp NULL DEFAULT NULL,
  `nombre` tinytext CHARACTER SET utf8mb4 COLLATE utf8mb4_unicode_ci NOT NULL,
  `apellidopaterno` tinytext CHARACTER SET utf8mb4 COLLATE utf8mb4_unicode_ci NOT NULL,
  `apellidomaterno` tinytext CHARACTER SET utf8mb4 COLLATE utf8mb4_unicode_ci,
  `dni` tinytext CHARACTER SET utf8mb4 COLLATE utf8mb4_unicode_ci NOT NULL,
  `sexo` tinytext CHARACTER SET utf8mb4 COLLATE utf8mb4_unicode_ci NOT NULL,
  `paises_id` tinytext CHARACTER SET utf8mb4 COLLATE utf8mb4_unicode_ci NOT NULL,
  `foto` varchar(255) CHARACTER SET utf8mb4 COLLATE utf8mb4_unicode_ci DEFAULT NULL,
  `disciplina_id` tinytext CHARACTER SET utf8mb4 COLLATE utf8mb4_unicode_ci NOT NULL,
  `fechanacimiento` date DEFAULT NULL
) ENGINE=InnoDB DEFAULT CHARSET=utf8mb4 COLLATE=utf8mb4_unicode_ci;

--
-- Volcado de datos para la tabla `deportistas`
--

INSERT INTO `deportistas` (`id`, `deleted_at`, `created_at`, `updated_at`, `nombre`, `apellidopaterno`, `apellidomaterno`, `dni`, `sexo`, `paises_id`, `foto`, `disciplina_id`, `fechanacimiento`) VALUES
(237, NULL, '2023-08-07 21:59:39', '2023-08-23 19:01:35', 'Facundo', 'Rosso', 'Rodriguez', '57234608', 'option1', '13', 'deportistas/August2023/6EvbkaQxVhuaDJQ13O80.JPG', '2', '2007-05-17'),
(238, NULL, '2023-08-08 01:12:25', '2023-08-08 01:32:25', 'SANTIAGO AARON', 'CHOEZ', 'VILLAGOMEZ', '0950776583', 'option1', '9', 'deportistas/August2023/hmkQvL3RmXVUCMA0zUzQ.jpg', '3', '2008-09-16'),
(239, NULL, '2023-08-08 23:43:53', '2023-08-17 23:19:13', 'Ariana Camila', 'Coronado', 'Ardiles', '122120014', 'option2', '4', 'deportistas/August2023/kJxpEggcky7sh5eFGaH0.JPG', '4', '2005-02-28'),
(240, NULL, '2023-08-09 00:10:18', '2023-08-17 23:21:16', 'Adriana del Carmen', 'Toulier', 'Salcedo', '120228197', 'option2', '4', 'deportistas/August2023/3qxpaHSZEay0rHTaTXEn.jpg', '4', '2004-07-16'),
(241, NULL, '2023-08-09 00:39:30', '2023-08-09 00:39:30', 'RICARDO FERNANDO', 'DURAN', 'CABALLERO', 'SE98205', 'option1', '5', 'deportistas/August2023/iyoTsnEB4IgQGA2tvoZ7.jpeg', '1', '2005-06-30'),
(242, NULL, '2023-08-09 00:41:10', '2023-08-09 00:41:10', 'AGUSTIN MIGUEL', 'GONGORA', 'MENDEZ', 'SE60627', 'option1', '5', 'deportistas/August2023/LEf5aqpBDvmet8eRCCdE.jpeg', '1', '2007-02-12'),
(243, NULL, '2023-08-09 00:42:37', '2023-08-09 00:42:37', 'ROBERT JESUS', 'JALIL', 'MERCADO', 'SE93509', 'option1', '5', 'deportistas/August2023/8KksvEgzjZgNRlDjpESN.jpeg', '1', '2005-09-23'),
(244, NULL, '2023-08-09 00:44:08', '2023-08-09 00:44:08', 'NAIARA', 'ROCA', 'ROCA', 'PE30441', 'option2', '5', 'deportistas/August2023/eukpKMBq9zY2jbOIO0TH.jpeg', '1', '2006-09-07'),
(245, NULL, '2023-08-09 00:48:05', '2023-08-17 23:21:46', 'Ana Paula', 'Cabrera', 'Carrasco', '120739978', 'option2', '4', 'deportistas/August2023/KLxwb06qA41gG8UlgriZ.jpg', '4', '2007-01-13'),
(246, NULL, '2023-08-09 04:19:54', '2023-08-17 23:22:38', 'ALEJANDRA', 'AGUILAR', 'BENAVIDES', '123146870', 'option2', '4', 'deportistas/August2023/WzIfNlFVHnbnRZLcTpSP.jpg', '4', '2006-01-27'),
(247, NULL, '2023-08-09 04:21:00', '2023-08-17 23:23:25', 'CATARI CONSTANZA ROSA', 'GUTARRA', 'MARTINEZ', '122544996', 'option2', '4', 'deportistas/August2023/CupZbLQ9eIoT0gYNdQRc.jpg', '4', '2007-11-02'),
(248, NULL, '2023-08-09 04:22:03', '2023-08-17 23:24:03', 'CAMILA YURAQ', 'FERNÁNDEZ', 'ORTIZ', '120123448', 'option2', '4', 'deportistas/August2023/bCEh118hLFmZJd7gHRIU.jpg', '4', '2006-08-02'),
(249, NULL, '2023-08-09 04:26:17', '2023-08-17 23:24:31', 'LUCIANA MIA', 'QUINTANILLA', 'DIAZ', '120123448', 'option2', '4', 'deportistas/August2023/AlKpMPTPzvilMbzAjCO9.jpeg', '4', '2006-12-07'),
(250, NULL, '2023-08-09 04:28:35', '2023-08-17 23:24:54', 'LUZBELEN', 'MAYURI', 'VELARDE', '122415029', 'option2', '4', 'deportistas/August2023/eQd5OsexUHwtu7xhW87d.jpg', '4', '2008-08-23'),
(251, NULL, '2023-08-09 04:29:48', '2023-08-17 23:25:36', 'FABIANA ELIZABETH', 'CHOY', 'LEE', '122118561', 'option2', '4', 'deportistas/August2023/XKxBg7HA3YBBKDkUUQtK.jpeg', '4', '2006-04-04'),
(252, NULL, '2023-08-09 04:31:00', '2023-08-09 04:31:00', 'JIMENA', 'NAVARRO', 'VALDIVIA', '73406483', 'option2', '4', 'deportistas/August2023/v3fT2MZyoDxywHOZcPxf.jpg', '4', '2009-06-18'),
(253, NULL, '2023-08-09 04:34:02', '2023-08-11 05:52:25', 'ALEXANDRA', 'SILVA', 'KIYAN', '122655942', 'option2', '4', 'deportistas/August2023/NWbqwacYL8uA6CTfT14i.jpeg', '3', '2012-07-25'),
(254, NULL, '2023-08-09 04:35:04', '2023-08-11 05:50:17', 'VICTORIA LORIANNE', 'JIMENEZ', 'CRUZADO', '122616445', 'option2', '4', 'deportistas/August2023/rRx9BQa7N7udDhBYHTk8.jpeg', '3', '2012-08-25'),
(255, NULL, '2023-08-09 04:36:05', '2023-08-11 05:45:21', 'DASHA LAYLA', 'MARQUEZ', 'BUSTINZA', '123272876', 'option2', '4', 'deportistas/August2023/WxU1P5omyLf554x4W0Hc.jpg', '3', '2013-06-13'),
(256, NULL, '2023-08-09 04:40:52', '2023-08-09 04:40:52', 'LUCIA MURIEL', 'BLANCO', 'HURTADO', '73411318', 'option2', '4', 'deportistas/August2023/4ANCbkKZYZ9eusYWxnsd.jpg', '4', '2009-07-01'),
(257, NULL, '2023-08-09 04:41:59', '2023-08-09 04:41:59', 'CAROLINA FERNANDA', 'SOTIL', 'GONZALES', '73927624', 'option2', '4', 'deportistas/August2023/8j8IBSUTUZHSfowWQ63L.jpg', '4', '2001-01-01'),
(258, NULL, '2023-08-09 04:44:35', '2023-08-09 04:44:35', 'VALERIA NATIVIDAD', 'MACHICADO', 'SERPA', '73725417', 'option2', '4', 'deportistas/August2023/cZyONGcSTBNfgzDSPuGc.jpg', '4', '2009-09-16'),
(259, NULL, '2023-08-09 04:47:41', '2023-08-11 05:51:10', 'HAEL LEANDRO', 'MELENDEZ', 'LEON', '122487527', 'option1', '4', 'deportistas/August2023/59z4TWX59A3ZBP9hg7B1.jpg', '3', '2013-02-12'),
(260, NULL, '2023-08-09 04:48:55', '2023-08-11 05:49:13', 'RAFAELLA', 'MEZA', 'ORE', '122585943', 'option2', '4', 'deportistas/August2023/fdS2bvddRlim6Aevb8rY.jpg', '3', '2011-11-13'),
(261, NULL, '2023-08-09 04:50:16', '2023-08-09 04:50:16', 'MAYTE MILAGROS', 'MORA', 'URIBE', '72586931', 'option2', '4', 'deportistas/August2023/H0fsCLCKrlTUURuM69a3.png', '3', '2008-10-13'),
(262, NULL, '2023-08-09 04:52:14', '2023-08-09 04:52:14', 'FERNANDA CAMILA', 'CORTEZ', 'HERRERA', '71482648', 'option2', '4', 'deportistas/August2023/7GZq1D7WqPIZCDATGtmH.jpg', '3', '2006-04-18'),
(263, NULL, '2023-08-09 04:53:11', '2023-08-09 04:53:11', 'ANA CRISTINA', 'RICCI', 'CABREJOS', '70596983', 'option2', '4', 'deportistas/August2023/4B2Jo87qYpKaY2k3Vr6E.jpeg', '3', '2006-12-21'),
(264, NULL, '2023-08-09 19:27:02', '2023-08-09 19:27:02', 'ALEJANDRO VIDAL', 'TEVES', 'GALAN', '71154311', 'option1', '4', 'deportistas/August2023/z8Bf3eYbcKot6hZmg1VG.jpg', '2', '2008-01-11'),
(265, NULL, '2023-08-09 19:34:46', '2023-08-09 19:34:46', 'LUIS ARTURO', 'GRANDA', 'MELGAR', '122240911', 'option1', '4', 'deportistas/August2023/TTiAAiLPykYztlu2CY8M.png', '2', '2009-07-24'),
(266, NULL, '2023-08-09 19:39:08', '2023-08-09 19:39:08', 'MARIA FERNANDA', 'ARELLANOS', 'CRUZ', '61791592', 'option2', '4', 'deportistas/August2023/lZswQvAXx4A51GCairqx.jpg', '2', '2009-03-31'),
(267, NULL, '2023-08-09 19:42:37', '2023-08-09 19:42:37', 'ARIANA BELEN', 'RODRIGUEZ', 'SANCHEZ', '61313386', 'option2', '4', 'deportistas/August2023/SJDn1EMUEb8pARiPoT0f.jpg', '2', '2008-02-22'),
(268, NULL, '2023-08-09 19:49:31', '2023-08-09 19:49:31', 'SERGIO DANIEL', 'SALDAMANDO', 'MARTINEZ', '123002412', 'option1', '4', 'deportistas/August2023/Ksf9LKsHMiclUB0DrqfY.jpg', '2', '2006-11-21'),
(269, NULL, '2023-08-09 19:51:12', '2023-08-09 19:51:12', 'CESAR GABRIEL', 'QUINTO', 'PICHILINGUE', '119074577', 'option1', '4', 'deportistas/August2023/kEHTtPEdBJaWtKVorDgr.jpg', '2', '2007-01-10'),
(270, NULL, '2023-08-09 19:52:47', '2023-08-09 19:52:47', 'MIA LUCIANA', 'AREVALO', 'SOTO', '120460104', 'option2', '4', 'deportistas/August2023/CgzqHqMEZhgmh87iBmil.jpg', '2', '2007-06-28'),
(271, NULL, '2023-08-09 19:54:02', '2023-08-09 19:54:02', 'ARIANNA', 'COCK', 'CISNEROS', '118319850', 'option2', '4', 'deportistas/August2023/YeYzVSZarw7ZKS6E9gf3.jpg', '2', '2006-11-02'),
(272, NULL, '2023-08-09 19:55:46', '2023-08-09 19:55:46', 'ADRIAN GUSTAVO', 'YWANAGA', 'PAPI', '118384544', 'option1', '4', 'deportistas/August2023/H575Ki2GRCrSav6blAZJ.jpg', '2', '2004-07-28'),
(273, NULL, '2023-08-09 19:57:20', '2023-08-09 19:57:20', 'JOAQUIN VICENTE', 'DEVOTO', 'CROSBY', '117212388', 'option1', '4', 'deportistas/August2023/oOuu2fVqZxDKt2JgbYkJ.jpg', '2', '2005-01-17'),
(274, NULL, '2023-08-09 19:59:21', '2023-08-09 19:59:21', 'LUCIA XIMENA', 'MENDOZA', 'AVALOS', '122383995', 'option2', '4', 'deportistas/August2023/O9xPIeEIaiEyIn01athQ.jpg', '2', '2005-05-15'),
(275, NULL, '2023-08-09 20:01:00', '2023-08-09 20:01:00', 'MICAELA FABIANA', 'ZAMBRANO', 'ELIAS', '118546691', 'option2', '4', 'deportistas/August2023/8HWCI8NPSLpVeLvVOlYk.jpg', '2', '2004-07-19'),
(277, NULL, '2023-08-10 16:08:29', '2023-08-16 20:58:16', 'Lorenzo', 'Norambuena', 'Morel', '21952081-6', 'option1', '7', 'deportistas/August2023/aTNfEuhpVfKE735lnfy3.jpeg', '2', '2005-10-09'),
(278, NULL, '2023-08-10 16:20:48', '2023-08-16 18:27:33', 'Vicente Alejandro', 'Silva', 'Silva', '22372149-4', 'option1', '7', 'deportistas/August2023/yEOYWbhFct8p0JSdgCPn.jpeg', '2', '2007-11-04'),
(279, NULL, '2023-08-10 16:23:24', '2023-08-15 18:31:58', 'RICARDO JAVIER', 'GUTIÉRREZ', '-VARGAS', '22804422-9', 'option1', '7', 'deportistas/August2023/yQOK8948E0Su03H0gEPI.jpg', '2', '2008-08-27'),
(281, NULL, '2023-08-10 16:28:11', '2023-08-16 18:26:18', 'Carlos', 'Muñoz', 'Candia', '22892657-4', 'option1', '7', 'deportistas/August2023/DI7p5YSqv7H3ib1NFrZz.jpeg', '2', '2008-12-06'),
(282, NULL, '2023-08-10 16:29:53', '2023-08-15 19:55:05', 'Valentina', 'Aravena', 'Henriquez', '23.061.039-8', 'option2', '7', 'deportistas/August2023/LPDOvSBIdTizhTxs9yPE.jpg', '2', '2009-06-30'),
(283, NULL, '2023-08-10 16:31:32', '2023-08-15 23:47:01', 'Giuliana', 'Alberti', 'Mialani', '21621655-5', 'option2', '7', 'deportistas/August2023/I9RcCCpBFCbfr2XRE2X6.jpeg', '2', '2004-07-14'),
(284, NULL, '2023-08-10 16:32:46', '2023-08-15 19:43:06', 'Martina Ignacia', 'Díaz', 'Díaz', '22.420.476-0', 'option2', '7', 'deportistas/August2023/1Obm0BqMPfoUMTahOYPi.jpg', '2', '2007-06-08'),
(285, NULL, '2023-08-10 16:34:01', '2023-08-16 18:25:07', 'FERNANDA', 'PONCE', 'CELIS', '21.777.312-1', 'option2', '7', 'deportistas/August2023/Wlvdgvhv7jMyOkB1qC9t.jpeg', '2', '2005-02-21'),
(287, NULL, '2023-08-10 16:45:35', '2023-08-16 05:20:19', 'Edhy', 'Vargas', '-Ronquillo', '22360601-6', 'option1', '7', 'deportistas/August2023/R0JaPzjzY4DvJ92sRDTy.jpg', '1', '2007-03-27'),
(288, NULL, '2023-08-10 16:48:37', '2023-08-16 03:00:21', 'Aquiles', 'Bello', '-Ormeño', '22605580-0', 'option1', '7', 'deportistas/August2023/xUovFhlqezGCrKQ8nyfS.jpeg', '1', '2008-03-10'),
(289, NULL, '2023-08-10 16:49:58', '2023-08-16 01:19:08', 'Vicente', 'Villanueva', '-Loyola', '23039041-k', 'option1', '7', 'deportistas/August2023/6R5F1kBXdxArGYPqhDql.jpg', '1', '2006-12-01'),
(290, NULL, '2023-08-10 16:51:53', '2023-08-15 22:33:41', 'Enrique', 'Morano', '-Gonzalez', '22890890-8', 'option1', '7', 'deportistas/August2023/UH4rHNAoZlAkzb2hFbN9.jpg', '1', '2008-12-04'),
(292, NULL, '2023-08-10 16:54:30', '2023-08-16 02:52:57', 'mauricio', 'cortes', '-esbry', '22.928.327-8', 'option1', '7', 'deportistas/August2023/CpQZ85dKmrqI0DBuC0xs.jpg', '1', '2009-01-22'),
(293, NULL, '2023-08-10 16:57:25', '2023-08-16 04:47:29', 'Matías', 'Preuss', '-Ricci', '22564887-5', 'option1', '7', 'deportistas/August2023/CMGjeaxYSphoRIFTBdyQ.jpeg', '1', '2007-12-02'),
(294, NULL, '2023-08-10 16:59:25', '2023-08-16 03:10:12', 'Elias', 'Ardiles', '-Quiroz', '21781960-1', 'option1', '7', 'deportistas/August2023/1lXebmOeWjBWHPqb2H9r.jpeg', '1', '2005-02-28'),
(295, NULL, '2023-08-10 17:00:42', '2023-08-16 18:19:42', 'AGUSTIN', 'PAVEZ', '-MUÑOZ', '22638299-2', 'option1', '7', 'deportistas/August2023/SLlSKdH1WSyTvsHsZ17w.jpg', '1', '2008-02-11'),
(296, NULL, '2023-08-10 17:01:46', '2023-08-16 00:36:34', 'Maximiliano', 'Salazar', '-Reina', '23.076.991-5', 'option1', '7', 'deportistas/August2023/giCiodYCAzwSHpQU9U7U.jpeg', '1', '2008-01-25'),
(297, NULL, '2023-08-10 17:02:54', '2023-08-16 18:18:07', 'Damián', 'Quaas', '-Puchi', '22779433-K', 'option1', '7', 'deportistas/August2023/j8OcSzvu718pEq7IhLtf.jpeg', '1', '2008-07-23'),
(298, NULL, '2023-08-10 17:03:59', '2023-08-16 02:53:45', 'Domingo', 'Acevedo', '-Valencia', '22.715.046-7', 'option1', '7', 'deportistas/August2023/Ur1vSskcLuBFOB7WO4Rp.jpg', '1', '2008-05-07'),
(299, NULL, '2023-08-10 17:05:10', '2023-08-16 17:05:38', 'Vicente', 'Fuentes', '-Silva', '22596806-3', 'option1', '7', 'deportistas/August2023/mzz4KRosh9Qn0ER7Id7w.jpg', '1', '2008-01-03'),
(300, NULL, '2023-08-10 17:06:18', '2023-08-15 17:41:44', 'Tomás', 'Isla', '-Vera', '21.909.393.-4', 'option1', '7', 'deportistas/August2023/SSxfEfilUv3ofPuP4Z4J.jpg', '1', '2005-08-17'),
(301, NULL, '2023-08-10 17:07:51', '2023-08-15 23:32:22', 'Dominique Georg', 'Cofré', '-Junginger', '22453863-4', 'option1', '7', 'deportistas/August2023/G0oblvrAfvdW3QErKU8W.jpg', '1', '2007-01-30'),
(302, NULL, '2023-08-10 17:09:01', '2023-08-16 17:04:02', 'Maria Paz', 'Landaeta', 'Martinez', '22874727-0', 'option2', '7', 'deportistas/August2023/YcWXJhXuR5rkKTqrmnxU.jpg', '1', '2008-11-13'),
(303, NULL, '2023-08-10 17:10:24', '2023-08-16 04:05:20', 'Martina', 'Röper', '-Joo', '22302589-7', 'option2', '7', 'deportistas/August2023/8e1f3jODYj5LYAAFzGQs.jpeg', '1', '2007-01-12'),
(304, NULL, '2023-08-10 17:11:59', '2023-08-16 17:02:50', 'Tiziana', 'Alberti', 'Mialani', '22971232-2', 'option2', '7', 'deportistas/August2023/VqoDBw37br1XUyJwgIj2.jpg', '1', '2009-03-12'),
(305, NULL, '2023-08-10 17:21:59', '2023-08-16 00:38:56', 'Antonia', 'Romero', '-Tobar', '22592507-0', 'option2', '7', 'deportistas/August2023/FRnI7hSKVG7hbwTgNfzK.jpg', '1', '2008-01-02'),
(306, NULL, '2023-08-10 17:26:38', '2023-08-16 17:01:39', 'Florencia', 'Orpis', 'Fernández', '21677778-6', 'option1', '7', 'deportistas/August2023/B8xTNuBIxuovSyrsUXo0.jpeg', '1', '2005-04-03'),
(307, NULL, '2023-08-10 17:30:36', '2023-08-15 22:31:08', 'Nicolas', 'Campos', '-Tobar', '22574054-2', 'option1', '7', 'deportistas/August2023/b3fJ9zlk0o9AWoTWLEv9.jpg', '4', '2007-12-07'),
(308, NULL, '2023-08-10 17:31:55', '2023-08-16 00:21:19', 'Antonia', 'Mella', '-Ainzúa', '21900796-5', 'option2', '7', 'deportistas/August2023/zcblvyLFhXhKnjepRh1J.jpeg', '4', '2005-08-07'),
(309, NULL, '2023-08-10 17:32:58', '2023-08-16 04:50:12', 'Macarena', 'Lagos', '-Majluf', '21.678.604-1', 'option2', '7', 'deportistas/August2023/RE87TeU5Z0ZtHcz8NLQl.jpeg', '4', '2006-01-03'),
(310, NULL, '2023-08-10 17:34:09', '2023-08-16 16:59:43', 'Bárbara', 'Coppelli', 'Espinoza', '22153368-2', 'option2', '7', 'deportistas/August2023/glLFGzkVG4BB6v5fd6Tv.jpg', '4', '2006-07-05'),
(312, NULL, '2023-08-10 17:40:12', '2023-08-15 23:25:56', 'Theodora', 'Garrido', '-Osorio', '22271560-1', 'option2', '7', 'deportistas/August2023/02BRbuFdUMscbtFCamgJ.JPG', '4', '2006-11-19'),
(313, NULL, '2023-08-10 17:41:10', '2023-08-16 04:29:33', 'Valentina', 'Valdivia', '-Dannenberg', '21749022-7', 'option2', '7', 'deportistas/August2023/JYlHU5wIRTU7R5Of9Z16.JPG', '4', '2005-01-07'),
(314, NULL, '2023-08-10 17:42:06', '2023-08-16 04:20:34', 'Josefa', 'Morales', '-Daza', '215610527', 'option2', '7', 'deportistas/August2023/OTaJzyV7U8ZXQcvJp8I7.jpeg', '4', '2004-04-29'),
(316, NULL, '2023-08-10 17:49:11', '2023-08-16 00:16:56', 'Rocio', 'Vargas', '-Paris', '218439713', 'option2', '7', 'deportistas/August2023/R6oHqjaSJZkF9CVsk5Px.jpg', '4', '2005-05-12'),
(317, NULL, '2023-08-10 17:51:11', '2023-08-16 16:58:26', 'Dominga Antonia', 'Césped', '-Zúñiga', '22.717.224-k', 'option2', '7', 'deportistas/August2023/Apl52xwIlDKTvhyFpsq2.jpg', '4', '2008-05-12'),
(318, NULL, '2023-08-10 17:52:37', '2023-08-16 00:27:35', 'Soledad', 'Garcia', '-Rovira', '21486372-3', 'option2', '7', 'deportistas/August2023/L4kO2BYaE2oknZYttPwC.jpeg', '4', '2004-01-17'),
(319, NULL, '2023-08-10 17:53:48', '2023-08-16 01:11:11', 'Eva', 'Rubio', '-Mella', '23373712-7', 'option2', '7', 'deportistas/August2023/3aOnIG6GBWDHInZ6pR4l.jpg', '4', '2010-07-17'),
(321, NULL, '2023-08-10 17:57:12', '2023-08-16 03:18:29', 'Chloé', 'Plaut', '-Dekock', '22673117-2', 'option2', '7', 'deportistas/August2023/OklCFIUeCctqCegsIqVu.jpeg', '4', '2008-03-18'),
(322, NULL, '2023-08-10 17:58:28', '2023-08-16 04:28:00', 'Maithe', 'Aceiton', '-Irrazabal', '22893979-k', 'option2', '7', 'deportistas/August2023/w1Y1edFn1DTxvFOr6dsI.jpeg', '4', '2008-12-06'),
(324, NULL, '2023-08-10 18:00:04', '2023-08-16 04:24:50', 'Matilda Antonia', 'Chacón', '-Mejías', '226405356', 'option2', '7', 'deportistas/August2023/gpYCLUEmqVVepOxuyFS2.jpeg', '4', '2008-02-13'),
(325, NULL, '2023-08-10 18:02:52', '2023-08-16 16:55:20', 'Dominga', 'Cerda', '-Parra', '23162676-K', 'option2', '7', 'deportistas/August2023/f2t5xRw9vUxhlMFfASeI.jpeg', '4', '2009-11-02'),
(326, NULL, '2023-08-10 18:04:23', '2023-08-16 01:21:07', 'Macarena', 'Riffo', '-Vargas', '22832926-6', 'option2', '7', 'deportistas/August2023/4LIfE7QB8NnXDdy6bVKu.jpg', '4', '2008-09-23'),
(327, NULL, '2023-08-10 18:05:45', '2023-08-16 01:23:14', 'Abi', 'Armijo', '-Vejar', '23.341.862-5', 'option2', '7', 'deportistas/August2023/edwfI1hOosFrOyqgrh2q.jpg', '4', '2010-06-04'),
(328, NULL, '2023-08-10 18:06:59', '2023-08-16 04:27:06', 'Florencia', 'Lazcano', '-Oportus', '23266414-2', 'option2', '7', 'deportistas/August2023/CBMlKs5U3c6lNsQCLDLi.jpeg', '4', '2010-08-03'),
(329, NULL, '2023-08-10 18:08:36', '2023-08-16 02:59:18', 'Trinidad María', 'García', '-Rovira', '21486334-0', 'option2', '7', 'deportistas/August2023/n0aAdfHq2ZCjASgA6j43.jpeg', '4', '2004-01-17'),
(330, NULL, '2023-08-10 18:25:55', '2023-08-16 16:53:29', 'Trinidad', 'Zarate', 'Hernandez', '23110970-6', 'option2', '7', 'deportistas/August2023/hORP1uPfQGK3r0xlZsYD.jpeg', '4', '2009-08-31'),
(331, NULL, '2023-08-10 18:27:17', '2023-08-16 04:17:45', 'Rafaela', 'Llanten', '-Amoros', '22918247-1', 'option2', '7', 'deportistas/August2023/54AOikiB0i3NiD1TXVoK.jpeg', '4', '2008-12-12'),
(332, NULL, '2023-08-10 18:28:26', '2023-08-16 16:57:05', 'María Laura', 'Garrido', '-Escobar', '23.034.717-4', 'option2', '7', 'deportistas/August2023/RVW9jBoCAmcU8yLrLR4Z.jpeg', '4', '2009-06-04'),
(334, NULL, '2023-08-10 18:30:03', '2023-08-16 16:50:30', 'Fernando', 'González del riego', '-Reginato', '22041181-8', 'option1', '7', 'deportistas/August2023/Y674vhsAS6dtm8T5pPFj.jpeg', '5', '2006-10-23'),
(335, NULL, '2023-08-10 18:31:16', '2023-08-16 04:02:56', 'Alex', 'Olivares', '-Yáñez', '28.022.804-4', 'option1', '7', 'deportistas/August2023/MnWNfVuTf8jUmwUwOUG8.jpeg', '5', '2005-08-22'),
(336, NULL, '2023-08-10 18:32:48', '2023-08-16 20:55:23', 'Franco', 'Vera', '-Navarro', '21878421-6', 'option1', '7', 'deportistas/August2023/oohDdejSZL34aByrFqZf.jpeg', '5', '2005-07-05'),
(337, NULL, '2023-08-10 18:33:58', '2023-08-16 16:37:50', 'GONZALO', 'ARENAS', '-MUNOZ', '22.463.897-3', 'option1', '7', 'deportistas/August2023/T5uS4SICBzmWsSXRvIGi.jpg', '5', '2007-07-30'),
(338, NULL, '2023-08-10 18:36:19', '2023-08-16 04:53:07', 'Bruno Said', 'Reginato', '-Ananía', '21.949.723-7', 'option1', '7', 'deportistas/August2023/syQyrW82w01sp9JLlPsD.jpeg', '5', '2005-10-03'),
(339, NULL, '2023-08-10 18:38:31', '2023-08-16 02:48:45', 'Ezequiel', 'González', '-Godoy', '22.055.907-7', 'option1', '7', 'deportistas/August2023/bFcJuGivyS2UIiDv4kLA.jpg', '5', '2006-02-16'),
(340, NULL, '2023-08-10 18:39:47', '2023-08-16 16:35:06', 'Moisés Manuel', 'Castro', '-Bustos', '22172876-9', 'option1', '7', 'deportistas/August2023/HWuP3wnoJSciToDMYgz4.jpeg', '5', '2006-07-26'),
(341, NULL, '2023-08-10 18:40:52', '2023-08-16 16:32:57', 'Benjamín', 'Harboe', '-Ulloa', '22.104.517-3', 'option1', '7', 'deportistas/August2023/Umeyk54KsZDZnarR7ePa.jpg', '5', '2006-04-28'),
(342, NULL, '2023-08-10 18:42:05', '2023-08-16 02:57:56', 'Renato', 'Hartley', '-Orellana', '22681131-1', 'option1', '7', 'deportistas/August2023/GO2gJMz9jvXuqvVVR3qy.jpg', '5', '2008-03-26'),
(344, NULL, '2023-08-10 18:44:48', '2023-08-16 04:08:23', 'Giorgio', 'Follegati', '-Dussaubat', '21.887.679-k', 'option1', '7', 'deportistas/August2023/SDtxjHp2KBPofgi8IkwQ.jpeg', '5', '2005-07-18'),
(345, NULL, '2023-08-10 18:46:41', '2023-08-16 00:44:09', 'Benjamin', 'Yañez', '-Nuñez', '21.784.416-9', 'option1', '7', 'deportistas/August2023/SgLMEUXmojr0Ebxd9BJC.jpg', '5', '2055-02-23'),
(346, NULL, '2023-08-10 18:58:47', '2023-08-16 04:22:01', 'Moises Manuel', 'Castro', '-Bustos', '22172876-9', 'option1', '7', 'deportistas/August2023/Jb4FtgMoNM3bhxyhVrlX.jpeg', '5', '2006-07-26'),
(347, NULL, '2023-08-10 19:01:20', '2023-08-16 00:55:52', 'Manuel', 'Retamales', '-Contreras', '22.050.968-0', 'option1', '7', 'deportistas/August2023/sNGX848CGdn2ypZx3L4s.jpg', '5', '2006-02-09'),
(348, NULL, '2023-08-10 19:03:02', '2023-08-16 16:30:51', 'Mario', 'Krstulovic', '-Restovic', '221059670', 'option1', '7', 'deportistas/August2023/vIe4fBzukwgQv9OGgqso.jpg', '5', '2006-05-02'),
(349, NULL, '2023-08-10 19:04:14', '2023-08-15 23:54:22', 'Emilia', 'Rodríguez', '-Adán', '22.107.614-1', 'option2', '7', 'deportistas/August2023/PaG0Wa9YDq9a2D5nTM2Z.jpeg', '5', '2006-05-03'),
(350, NULL, '2023-08-10 19:06:06', '2023-08-16 16:26:57', 'Alicia', 'Guerrero', '-Gallio', '22367363-5', 'option2', '7', 'deportistas/August2023/mgWwxXEUC3VkL0pyrRcL.jpeg', '5', '2007-04-04'),
(351, NULL, '2023-08-10 19:08:10', '2023-08-16 16:28:10', 'Daniela Andrea', 'Zavala', '-Garcia', '22.528.384-2', 'option2', '7', 'deportistas/August2023/2DQb1SXFHm7CGpP2zibx.jpeg', '5', '2007-08-17'),
(353, NULL, '2023-08-10 19:12:48', '2023-08-16 03:46:50', 'Ana Sofía', 'de Andres', '-Fuentes', '26931038-3', 'option2', '7', 'deportistas/August2023/K8qEORZkftlsTnhLdfBo.jpg', '5', '2006-10-16'),
(354, NULL, '2023-08-10 19:14:11', '2023-08-16 00:34:42', 'Ailin', 'Antillanca', '-Pineda', '21971842-k', 'option2', '7', 'deportistas/August2023/v3K6uyzJzgi11W9MkyPR.jpeg', '5', '2005-11-07'),
(355, NULL, '2023-08-10 19:15:29', '2023-08-15 23:56:12', 'Valentina', 'Diaz', '-Campos', '22084937-6', 'option2', '7', 'deportistas/August2023/EXHfPGu5elqnv8XpM4F1.jpg', '5', '2006-01-27'),
(356, NULL, '2023-08-10 19:16:48', '2023-08-16 16:33:50', 'Bárbara', 'Gutiérrez', '-Hernández', '21.800.760-0', 'option2', '7', 'deportistas/August2023/rtfO2bLmLKPvh4EWsipC.jpeg', '5', '2005-03-19'),
(357, NULL, '2023-08-10 19:17:55', '2023-08-16 04:01:23', 'Antonia', 'Puelma', '-Moles', '21856438-0', 'option2', '7', 'deportistas/August2023/Fy5VRViR2OgOSHblnJ3s.jpeg', '5', '2005-06-09'),
(358, NULL, '2023-08-10 19:21:51', '2023-08-16 04:45:28', 'Sofia', 'Del Villar', '-Flores', '28.020.711-K', 'option2', '7', 'deportistas/August2023/jJE9y8A1MrFYslrahG7F.jpeg', '5', '2006-09-06'),
(359, NULL, '2023-08-10 19:29:16', '2023-08-16 16:22:32', 'Paula', 'Torres', '-Torres', '22226133-3', 'option2', '7', 'deportistas/August2023/C6BZO2U1VfDof01cswv3.jpeg', '5', '2006-10-02'),
(360, NULL, '2023-08-10 19:31:22', '2023-08-14 21:47:58', 'Maite', 'Dufflocq', '-Castro', '22218815-6', 'option2', '7', 'deportistas/August2023/cBzqIpm2Kk5YCOCL1IjM.jpeg', '5', '2006-09-20'),
(361, NULL, '2023-08-10 19:31:24', '2023-08-10 19:31:24', 'Danna Alejandra', 'Martinez', 'Moreno', '1727715383', 'option2', '9', 'deportistas/August2023/69pkPMtIhsEeBCYZqVg4.png', '1', '2006-05-24'),
(362, NULL, '2023-08-10 19:32:33', '2023-08-14 21:45:06', 'Ida', 'Turégano', '-Bou', '28.021.198-2', 'option2', '7', 'deportistas/August2023/Y9ysfHBSQjN0fGaX5Qk7.jpeg', '5', '2005-04-19'),
(363, NULL, '2023-08-10 19:33:37', '2023-08-14 21:40:02', 'Aileen Nadia', 'Lazo', '-Bringas', '21.858.790-9', 'option2', '7', 'deportistas/August2023/hZN0NxtxngrRb9g33csI.jpeg', '5', '2005-06-07'),
(364, NULL, '2023-08-10 20:54:06', '2023-08-10 20:54:06', 'KAREN RAFAELA', 'COELLO', 'LEMA', '1750977470', 'option1', '9', 'deportistas/August2023/PmsQktUiz49nKdNwC2WV.jpeg', '1', '2008-08-12'),
(365, NULL, '2023-08-10 20:56:16', '2023-08-10 20:56:16', 'JUAN ENRIQUE', 'ALCIVAR', 'CAMPOS', '1316711066', 'option1', '9', 'deportistas/August2023/5DqpOv0yj7V5FoObILgj.jpeg', '2', '2006-07-18'),
(366, NULL, '2023-08-10 21:00:06', '2023-08-10 21:00:06', 'ARIEL DAVID', 'TORRES', 'ROMERO', '0950432484', 'option1', '9', 'deportistas/August2023/p65mcTLmythexeKn5L2H.png', '2', '2009-08-04'),
(368, NULL, '2023-08-13 15:39:11', '2023-08-13 16:43:48', 'Matheus', 'de Freitas Melecchi', '-', 'FP913568', 'option1', '6', 'deportistas/August2023/fosAdHhqR0tp5zgFIwyS.jpeg', '2', '2005-11-11'),
(369, NULL, '2023-08-13 15:43:28', '2023-08-13 16:43:35', 'Bernardo', 'Marini Gavioli', '-', 'GE127063', 'option1', '6', 'deportistas/August2023/RBBzwzLgFafoFnRcAFcO.jpg', '2', '2004-06-08'),
(370, NULL, '2023-08-13 15:48:20', '2023-08-13 16:43:22', 'Isabela', 'Perroni Ribeiro', '-', 'GD123865', 'option2', '6', 'deportistas/August2023/seRNjvITlcfmQwDViLHv.jpeg', '2', '2004-11-06'),
(371, NULL, '2023-08-13 15:55:15', '2023-08-13 15:55:15', 'Maria Clara', 'Charantola', '-', 'GH178123', 'option2', '6', 'deportistas/August2023/A0b8kqvjtGAclsuK3Aqj.jpg', '2', '2005-04-21'),
(372, NULL, '2023-08-13 16:02:27', '2023-08-13 16:43:08', 'Leonardo', 'Brandt de Macêdo', '-', 'GD064247', 'option1', '6', 'deportistas/August2023/vHFUuAWBc6b3P4UvkZyC.jpg', '2', '2006-04-22'),
(373, NULL, '2023-08-13 16:03:59', '2023-08-13 16:42:55', 'Matheus', 'Cony Siniscalchi', '-', 'GC246018', 'option1', '6', 'deportistas/August2023/ccEFinds4SGdfAECX0qy.jpeg', '2', '2006-02-21'),
(374, NULL, '2023-08-13 16:06:20', '2023-08-13 16:42:41', 'Lizian', 'Simões Sobral', '-', 'GG848852', 'option2', '6', 'deportistas/August2023/6iLA40ljwp4NSZvqp0zB.jpeg', '2', '2007-05-22'),
(375, NULL, '2023-08-13 16:11:18', '2023-08-23 16:29:46', 'Giovanna', 'Amaro Cruz Morghanti', '-', 'FZ180693', 'option2', '6', 'deportistas/August2023/8yOpHg6nAKGGdRoZvZy6.jpeg', '2', '2006-08-24'),
(376, NULL, '2023-08-13 16:12:48', '2023-08-13 16:42:11', 'Nicolas Gabriel', 'Marques', '-', 'GH443998', 'option1', '6', 'deportistas/August2023/3NMd6TT56QTwOI1toAZD.jpeg', '2', '2008-03-18'),
(377, NULL, '2023-08-13 16:15:02', '2023-08-13 16:41:59', 'Eduardo', 'Lima Caldeira Mustafá', '-', 'GF059717', 'option1', '6', 'deportistas/August2023/XO9Bm7bj5qJtUeOIPJEF.png', '2', '2008-01-14'),
(378, NULL, '2023-08-13 16:18:25', '2023-08-23 16:30:43', 'Helena', 'Leão Ferreira', '-', 'GE090778', 'option2', '6', 'deportistas/August2023/nV1QxGl0SzgZSpyjBAd6.jpeg', '2', '2008-02-27'),
(379, NULL, '2023-08-13 16:19:46', '2023-08-13 16:41:35', 'Maryna', 'Monegat Fachin', '-', 'GH109944', 'option2', '6', 'deportistas/August2023/bqeveLzLLMX1wUxjamjO.jpeg', '2', '2008-01-02'),
(380, NULL, '2023-08-15 03:43:48', '2023-08-15 06:22:33', 'Maria Daniela', 'Contreras', 'Ruiz', '1105982944', 'option2', '9', 'deportistas/August2023/iDmG6qnb2MCjKAd0vAhJ.jpg', '1', '2005-12-07'),
(381, NULL, '2023-08-15 03:58:02', '2023-08-16 01:35:27', 'Daniela', 'Uyaguari', 'Cordova', '0107190175', 'option2', '9', 'deportistas/August2023/bhQcCIryayLaOzNBoZXn.jpeg', '1', '2005-12-12'),
(382, NULL, '2023-08-15 04:06:26', '2023-08-15 04:06:26', 'MATIAS ANDRE', 'BUSTAMANTE', 'TERAN', '0953609336', 'option1', '9', 'deportistas/August2023/NmbiTHZlpdRJbPaBUphm.jpg', '1', '2008-12-01'),
(383, NULL, '2023-08-15 04:09:50', '2023-08-15 04:09:50', 'MAURICIO', 'GOMEZ', 'JALIL', '0930541925', 'option1', '9', 'deportistas/August2023/tfInSXyxlPWe7bJP9UZz.jpg', '1', '2008-02-01'),
(384, NULL, '2023-08-15 05:53:37', '2023-08-15 05:53:37', 'Ana Julia', 'Silva', 'de Barros', 'GH475774', 'option2', '6', 'deportistas/August2023/kr7PFu2lgfhm8nebRJB9.jpg', '5', '2005-08-17'),
(385, NULL, '2023-08-15 05:54:39', '2023-08-15 05:54:39', 'Anna Beatriz', 'Maximo', 'Ferrian', '59650096-8', 'option2', '6', 'deportistas/August2023/QubiyXyFntl84hw66ANJ.jpg', '5', '2007-05-24'),
(386, NULL, '2023-08-15 05:55:59', '2023-08-17 20:21:55', 'Dandara', 'Antunes', 'Falck', 'GE713008', 'option2', '6', 'deportistas/August2023/Dfl9DZSnepM7PXLrm9LP.jpeg', '5', '2005-09-17'),
(387, NULL, '2023-08-15 05:56:57', '2023-08-15 05:56:57', 'Karen', 'da Silva', 'de Miranda', 'GD072571', 'option2', '6', 'deportistas/August2023/3zMyAL83weEKy1Fpd27q.jpg', '5', '2006-01-23'),
(388, NULL, '2023-08-15 05:57:51', '2023-08-15 05:57:51', 'Larissa Marina', 'Silva', 'Santos', 'GC 965929', 'option2', '6', 'deportistas/August2023/nNE1UEHZCHAVSC5tyjXG.jpg', '5', '2005-06-20'),
(389, NULL, '2023-08-15 05:58:48', '2023-08-15 05:58:48', 'Leticia', 'Silva', 'Lorieto', 'GD064820', 'option2', '6', 'deportistas/August2023/kaAzVNP8udp8rxT7LaiC.jpeg', '5', '2005-08-28'),
(390, NULL, '2023-08-15 05:59:44', '2023-08-15 05:59:44', 'Maiah', 'Nascimento', '-', 'GH398477', 'option2', '6', 'deportistas/August2023/7dUmY7dNeM6LTQsU3Rcf.jpg', '5', '2009-11-06'),
(391, NULL, '2023-08-15 06:00:44', '2023-08-15 06:00:44', 'Maria Aparecida', 'Garcia', 'Guedes', 'GE578222', 'option2', '6', 'deportistas/August2023/C07SO53DzBc1l2UJX3Cs.jpg', '5', '2022-06-22'),
(392, NULL, '2023-08-15 06:02:04', '2023-08-15 06:02:04', 'Maria Eduarda', 'da Silva', 'Martins Oliveira', 'GH484297', 'option2', '6', 'deportistas/August2023/mcLaYFOkgblPSiEnuqGB.jpg', '5', '2006-03-08'),
(393, NULL, '2023-08-15 06:03:09', '2023-08-15 06:03:09', 'Maya', 'Terra dos Santos', 'Hansen', 'GE572436', 'option2', '6', 'deportistas/August2023/K0fqrpYgesqxl2FDrCCn.jpg', '5', '2007-09-17'),
(394, NULL, '2023-08-15 06:04:12', '2023-08-15 06:04:12', 'Nicole', 'Vieira', 'Arena', 'GC552027', 'option2', '6', 'deportistas/August2023/VpO5WDgr7O2IefEGw6kC.jpg', '5', '2008-05-02'),
(395, NULL, '2023-08-15 06:05:27', '2023-08-15 06:05:27', 'Rayanne Mirela', 'de Moura', 'Florencio', '55844431-3', 'option2', '6', 'deportistas/August2023/eBs08KmVDMYlKzQ5T4jk.jpg', '5', '2006-03-09'),
(396, NULL, '2023-08-15 06:06:30', '2023-08-15 06:06:30', 'Stefany Vitoria', 'Azevedo', 'Pinheiro', 'GD082114', 'option2', '6', 'deportistas/August2023/a50n9Mh3adF5dw52sXCk.jpg', '5', '2005-08-27'),
(397, NULL, '2023-08-15 06:07:52', '2023-08-15 06:07:52', 'André Luiz', 'Freitas', 'Bio', 'GE345138', 'option1', '6', 'deportistas/August2023/HQvw9QE48742Rybho1gN.jpg', '5', '2005-05-20'),
(398, NULL, '2023-08-15 06:08:42', '2023-08-15 06:08:42', 'Antonio', 'da Rocha', 'Leite', 'GG756226', 'option1', '6', 'deportistas/August2023/We7Tcnviy0ncijlr6m1S.jpeg', '5', '2005-01-29'),
(399, NULL, '2023-08-15 06:09:46', '2023-08-15 06:09:46', 'Eduardo', 'Carraresi', 'Simões', 'FZ037339', 'option1', '6', 'deportistas/August2023/Zic1cN6ToavwVHIDHd74.jpeg', '5', '2006-12-26'),
(400, NULL, '2023-08-15 06:11:12', '2023-08-15 06:11:12', 'Henrico', 'Martins', 'David', 'GE221807', 'option1', '6', 'deportistas/August2023/JBxXIE5qipjLvSJne2uK.jpeg', '5', '2007-03-30'),
(401, NULL, '2023-08-15 06:12:14', '2023-08-15 06:12:14', 'Joaquim', 'Fernandes', 'Coimbra', 'GC947964', 'option1', '6', 'deportistas/August2023/QLxRsK8rEDqtcJldIWUE.jpeg', '5', '2005-04-04'),
(402, NULL, '2023-08-15 06:13:16', '2023-08-15 06:13:16', 'Luca', 'Siqueira', 'Cereser', 'GA590257', 'option1', '6', 'deportistas/August2023/UF5NZ9ChUUO6163qTaQL.jpg', '5', '2006-06-13'),
(403, NULL, '2023-08-15 06:14:12', '2023-08-15 06:14:12', 'Luiz Gustavo', 'Zerbielli', 'Xavier', 'GE403270', 'option1', '6', 'deportistas/August2023/aNlruSHuDzH7tR2Bnrwg.jpeg', '5', '2005-04-28'),
(404, NULL, '2023-08-15 06:17:10', '2023-08-15 06:17:10', 'Patrick', 'Romanholi', '-', '56449749-6', 'option1', '6', 'deportistas/August2023/AJoRxOc0O3cMBQm6gJGA.jpg', '5', '2005-05-03'),
(405, NULL, '2023-08-15 06:18:05', '2023-08-15 06:18:05', 'Pedro', 'Ribeiro', 'Artungue', 'GE684313', 'option1', '6', 'deportistas/August2023/38OubcJVVVeLC1MtGCy0.jpg', '5', '2006-03-06'),
(406, NULL, '2023-08-15 06:18:49', '2023-08-15 06:18:49', 'Rafael', 'Dantas', 'Nunes', 'GE884059', 'option1', '6', 'deportistas/August2023/iIbP3QhT6JOvozxb3wgJ.jpeg', '5', '2006-03-25'),
(407, NULL, '2023-08-15 06:20:40', '2023-08-17 20:22:45', 'Vinicius', 'Barboza', 'da Silva', 'GG735998', 'option1', '6', 'deportistas/August2023/DsOdiGtLq9qOradIruGT.jpeg', '5', '2005-06-27'),
(408, NULL, '2023-08-15 06:36:46', '2023-08-15 20:49:33', 'ALEXANDER PAUL', 'PADILLA', 'CHICA', '1751382902', 'option1', '9', 'deportistas/August2023/aeIoEqoJwtXtE60iECEs.jpg', '1', '2009-01-19'),
(409, NULL, '2023-08-15 06:38:34', '2023-08-15 20:00:24', 'FAUSTO ALBERTO', 'GUERRERO', 'RENDON', '1725694358', 'option1', '9', 'deportistas/August2023/5ICh37hGkKvCwwCWItTl.png', '1', '2008-01-02'),
(410, NULL, '2023-08-15 06:40:54', '2023-08-15 06:40:54', 'VALERIA ELIZABETH', 'NARANJO', 'MACIAS', '1726201609', 'option2', '9', 'deportistas/August2023/tBwY6s9AsfK9XPLeYU7p.jpg', '1', '2009-01-21'),
(411, NULL, '2023-08-15 06:42:12', '2023-08-16 01:34:15', 'MATEO', 'REINOSO', 'SEGURA', '1401244585', 'option1', '9', 'deportistas/August2023/Eh724Q3GZBbJ3iel23W5.jpeg', '1', '2008-09-02'),
(412, NULL, '2023-08-15 06:43:59', '2023-08-15 06:43:59', 'MELANIE RAPHAELLA', 'TOLEDO', 'SANDOVAL', '1726369851', 'option2', '9', 'deportistas/August2023/7JWgvMOCF2EEpHyUDBJt.jpg', '1', '2008-10-09'),
(413, NULL, '2023-08-15 06:46:04', '2023-08-16 01:32:18', 'DYLAN MATEO', 'ALVAREZ', 'LOPEZ', '1401198906', 'option1', '9', 'deportistas/August2023/mKYFlyGF9NSpu4eB36C3.jpeg', '1', '2008-01-05'),
(414, NULL, '2023-08-15 06:48:01', '2023-08-16 01:29:17', 'JHORDAN JESUS', 'TACURI', 'MERINO', '0650125867', 'option1', '9', 'deportistas/August2023/ynSpQmzS6aUj6xqnpyMQ.jpeg', '1', '2008-01-01'),
(415, NULL, '2023-08-15 06:50:33', '2023-08-15 19:51:19', 'LUIS ISAAC', 'JIMENEZ', 'FALCONES', '0951326933', 'option1', '9', 'deportistas/August2023/2tmVAZrSsy4Goq46PJ4t.png', '1', '2006-04-27'),
(416, NULL, '2023-08-15 06:52:33', '2023-08-15 06:53:28', 'MATIAS', 'TAPIA', 'JAUREGUI', '0106749435', 'option1', '9', 'deportistas/August2023/1zqYw3SqXbE3lC6x7nUd.jpeg', '1', '2006-05-19'),
(417, NULL, '2023-08-15 06:55:01', '2023-08-15 19:35:50', 'DAVID SEBASTIAN', 'LLERENA', 'GUEVARA', '1850501295', 'option1', '9', 'deportistas/August2023/1rEyEhke1xkwjRp21ALa.jpg', '1', '2007-03-05'),
(418, NULL, '2023-08-15 06:56:43', '2023-08-15 19:33:17', 'MARIA EMILIA', 'LEON', 'MONTIEL', '1723900567', 'option2', '9', 'deportistas/August2023/2ljQL65pBojf6zoxOgnN.jpg', '1', '2006-07-16'),
(419, NULL, '2023-08-15 07:01:46', '2023-08-16 01:33:04', 'KAREN NICKOLE', 'BARROS', 'JARAMILLO', '0606245314', 'option2', '9', 'deportistas/August2023/D12Jo8AWjbLCUNC0MDGO.jpeg', '1', '2006-09-10'),
(420, NULL, '2023-08-15 07:03:25', '2023-08-15 19:25:15', 'SAMIA', 'BECDACH', 'INTRIAGO', '1725799637', 'option2', '9', 'deportistas/August2023/0X8TS81iaaBYskNzPrE5.jpg', '1', '2006-07-07'),
(421, NULL, '2023-08-15 07:04:45', '2023-08-15 07:08:32', 'MARIO', 'GRANIZO', 'ALAVA', '0940331531', 'option1', '9', 'deportistas/August2023/UUuxobT2shpxuepX82NR.png', '1', '2007-01-23'),
(422, NULL, '2023-08-15 07:06:10', '2023-08-15 07:06:10', 'MARTIN', 'ALVAREZ', 'BALDEON', '1724124860', 'option1', '9', 'deportistas/August2023/kiNex3AK9nlSLaZUPwdn.jpeg', '1', '2005-09-13'),
(423, NULL, '2023-08-15 07:08:08', '2023-08-15 07:30:08', 'GIADA', 'DE SILVESTRIS', 'ANDRADE', '3050472947', 'option2', '9', 'deportistas/August2023/XdhHA6I47mhpUY9uaXli.jpeg', '1', '2005-03-08'),
(424, NULL, '2023-08-15 07:10:17', '2023-08-15 19:24:19', 'VICENTE FIDEL', 'PADILLA', 'CHICA', '1751482951', 'option1', '9', 'deportistas/August2023/C1U6Q8PKLrtxL6KRVspt.jpg', '1', '2006-09-14'),
(425, NULL, '2023-08-15 07:14:27', '2023-08-15 07:14:27', 'JUAN XAVIER', 'TORAL', 'PAREDES', '0150450781', 'option1', '9', 'deportistas/August2023/aMj9wWvpaixPUWVqQVb4.jpeg', '1', '2005-12-15'),
(426, NULL, '2023-08-15 07:20:12', '2023-08-15 19:20:34', 'MILENA SARAHI', 'SANCHEZ', 'MEJIA', '1726362104', 'option2', '9', 'deportistas/August2023/px5JQmAkvU0L7LB9kp69.jpg', '2', '2008-01-01'),
(427, NULL, '2023-08-15 07:22:06', '2023-08-15 07:22:06', 'ADRIANA BETSABE', 'MATUTE', 'GENOVEZ', '0150038990', 'option2', '9', 'deportistas/August2023/BzZe87SbfUx2jCGzqDBC.png', '1', '2006-08-18'),
(428, NULL, '2023-08-15 07:24:28', '2023-08-15 07:24:28', 'PAULA SOFIA', 'GUEVARA', 'LUCERO', '0107092405', 'option2', '9', 'deportistas/August2023/Dqtb09aZS3Bp05MdOclH.jpg', '2', '2005-03-02'),
(429, NULL, '2023-08-15 07:27:51', '2023-08-15 07:27:51', 'TOMMY CESAR', 'GUEVARA', 'MOSQUERA', '0932575061', 'option1', '9', 'deportistas/August2023/xhHgr7RbTlsCCSBKknQx.jpg', '2', '2004-04-06'),
(430, NULL, '2023-08-15 14:30:26', '2023-08-15 14:30:26', 'Beatriz Bezerra', 'Bezerra', '-', 'GD 189413', 'option2', '6', 'deportistas/August2023/rQVPXrhfcnhyWHWu33l1.png', '1', '2006-03-01'),
(431, NULL, '2023-08-15 14:43:34', '2023-08-15 14:43:34', 'Sophia Penteriche Marques', 'Penteriche', '-', 'GC565471', 'option2', '6', 'deportistas/August2023/b5sqkZMOqvd4aPILJIZI.png', '1', '2007-03-07'),
(432, NULL, '2023-08-15 14:57:56', '2023-08-15 14:57:56', 'Helena pinto coelho lopes', 'Lopes', '-', 'GF 137693', 'option2', '6', 'deportistas/August2023/vHhMhScV05oIsoHYvi92.jpg', '1', '2006-04-13'),
(433, NULL, '2023-08-15 14:59:17', '2023-08-15 14:59:17', 'Isabella Schaly Toniolo', 'Toniolo', '-', 'GF913483', 'option2', '6', 'deportistas/August2023/ZEJJPgU9C3NUFIK7bgNr.jpg', '1', '2007-08-15'),
(434, NULL, '2023-08-15 15:00:40', '2023-08-15 15:00:40', 'Rayssa de Souza Bonfim', 'Bonfim', '-', '53.557.063-7', 'option2', '6', 'deportistas/August2023/p0aDlhmGU80VuS1KBogR.jpg', '1', '2009-07-20'),
(435, NULL, '2023-08-15 15:05:44', '2023-08-15 15:05:44', 'Thaiana Melissa Gabriel do Amaral ', 'Amaral', '-', 'FY490615 ', 'option2', '6', 'deportistas/August2023/Zf43Yp8ojO1lIFPAewHN.jpg', '1', '2005-01-05'),
(436, NULL, '2023-08-15 15:06:56', '2023-08-15 15:06:56', 'Rafaela Moço Dos Santos Sumida', 'Sumida', '-', 'GC340172', 'option2', '6', 'deportistas/August2023/FcTmOO1Tp8u3EiNfN82S.jpg', '1', '2006-09-09'),
(437, NULL, '2023-08-15 15:22:48', '2023-08-15 15:22:48', 'Lara Capodifoglio', 'Capodifoglio', '-', 'GD570444', 'option2', '6', 'deportistas/August2023/AMLVNzKhFQlEvRL5TecC.jpg', '1', '2009-09-04'),
(438, NULL, '2023-08-15 15:24:17', '2023-08-15 15:24:17', 'LETÍCIA MOREIRA DE LIMA', 'MOREIRA', '-', '60.132.873-5', 'option2', '6', 'deportistas/August2023/NDIpcvC9vCH0leiMa4qx.jpg', '1', '2009-04-07'),
(439, NULL, '2023-08-15 15:25:18', '2023-08-15 15:25:18', 'Ana Júlia Aguiar Amaral', 'Amaral', '-', 'FZ894107', 'option2', '6', 'deportistas/August2023/yXZFQqrSSCISPZFAMaxY.jpg', '1', '2009-05-20'),
(440, NULL, '2023-08-15 15:26:26', '2023-08-15 15:26:26', 'Ana Beatriz Campello Passaglia', 'Passaglia', '-', 'FX070452', 'option2', '6', 'deportistas/August2023/PKqx6hvzoAH8GVO8n4wP.jpg', '1', '2006-02-10'),
(441, NULL, '2023-08-15 15:29:16', '2023-08-15 15:29:16', 'JULIA BECKER XAVIER DE SOUSA E SILVA', 'SOUSA E SILVA', '-', 'GG139538', 'option2', '6', 'deportistas/August2023/7jKuDNDIMUzoobQwJcWR.jpg', '1', '2008-11-14'),
(442, NULL, '2023-08-15 15:46:07', '2023-08-15 15:46:07', 'Sophia de Andrade Isidoro', 'Isidoro', '-', 'GG690587', 'option2', '6', 'deportistas/August2023/HVJSpiBX1oAHXdyISnCp.png', '1', '2008-06-07'),
(443, NULL, '2023-08-15 15:47:26', '2023-08-15 15:47:26', 'Rayssa Isabelle  Piãotquewicz', 'Piãotquewicz', '-', '7130699', 'option2', '6', 'deportistas/August2023/bhmT6uQF3qqhyqMMG0ej.jpg', '1', '2009-09-05'),
(444, NULL, '2023-08-15 15:48:31', '2023-08-15 15:48:31', 'Manuela Scaldini de Castro Astori', 'Astori', '-', 'GC369427', 'option2', '6', 'deportistas/August2023/ciMgZUeC1d8XC5il0Hxy.jpg', '1', '2008-07-15'),
(445, NULL, '2023-08-15 15:49:46', '2023-08-15 15:49:46', 'Celine Souza Bispo ', 'Bispo', '-', 'GA085777', 'option2', '6', 'deportistas/August2023/ANbjMMNWwGv0xlXSjm1l.jpg', '1', '2005-03-23'),
(446, NULL, '2023-08-15 15:50:52', '2023-08-15 15:50:52', 'Joice Otero Rocha', 'Rocha', '-', 'GB122373', 'option2', '6', 'deportistas/August2023/4GXsOq20ihzWVdBTPXOm.png', '1', '2008-05-22'),
(447, NULL, '2023-08-15 15:52:00', '2023-08-15 15:52:00', 'Carolina Rodrigues Lima de Oliveira', 'Lima de Oliveira', '-', '10.884.678', 'option2', '6', 'deportistas/August2023/qy3Gw7NrnfCc60vMwqT3.png', '1', '2008-12-09'),
(448, NULL, '2023-08-15 15:53:05', '2023-08-15 15:53:05', 'Ágatha Marcondes Amaral', 'Amaral', '-', 'GE848548', 'option2', '6', 'deportistas/August2023/8Tjze1bHvPKOQKXQ60R3.jpg', '1', '2007-11-04'),
(449, NULL, '2023-08-15 15:54:00', '2023-08-15 15:54:00', 'ANA CAROLINA FERRARI GHELLERE', 'GHELLERE', '-', 'GC618202', 'option2', '6', 'deportistas/August2023/yspoZF06vH5MeFEhjAAU.jpg', '1', '2007-06-05'),
(450, NULL, '2023-08-15 15:55:04', '2023-08-15 15:55:04', 'Manuela Ballan Sega ', 'Sega ', '-', 'GA452942 ', 'option2', '6', 'deportistas/August2023/G9kbNC4OhHkS9HFtZirG.jpg', '1', '2007-11-14'),
(451, NULL, '2023-08-15 15:56:10', '2023-08-15 15:56:10', 'Maria Fernanda Salgado Castro', 'Castro', '-', 'GB215310', 'option2', '6', 'deportistas/August2023/rvsO5rcUlWOypGxbCmY2.jpg', '1', '2009-09-08'),
(452, NULL, '2023-08-15 16:01:10', '2023-08-15 16:01:10', 'LAURA COMINI ROMERO', 'ROMERO', '-', 'GB967302', 'option2', '6', 'deportistas/August2023/1FZDomaXMrq4g268TVrY.jpg', '1', '2009-05-10'),
(453, NULL, '2023-08-15 16:32:30', '2023-08-15 16:32:30', 'Larissa Afonso Borba', 'Borba', '-', 'GE064019', 'option2', '6', 'deportistas/August2023/EFnama5z3u0lQeRKhoQC.jpg', '1', '2006-05-27'),
(454, NULL, '2023-08-15 19:43:55', '2023-08-15 19:43:55', 'Debora', 'Trahtenberg Ciocler', '-', 'GD834522', 'option2', '6', 'deportistas/August2023/z9HNx7Vi0TVVhV4olyGy.jpg', '3', '2006-11-13'),
(455, NULL, '2023-08-15 21:53:16', '2023-08-15 21:53:16', 'ELVIRA DE LOS ANGELES', 'ESPINOSA', 'DE MERA', '0930985429', 'option2', '9', 'deportistas/August2023/x72O9mTqKVqhiqwKhKI5.jpg', '1', '2009-01-20'),
(456, NULL, '2023-08-15 21:55:57', '2023-08-15 21:55:57', 'EMMA', 'SABANDO', 'TORO', '1751122191', 'option1', '9', 'deportistas/August2023/BQ8BkvnMp0u8OB5np46z.jpg', '1', '2009-05-16'),
(457, NULL, '2023-08-15 22:00:12', '2023-08-15 22:17:07', 'JUAN DIEGO', 'LEON', 'MONTIEL', '1726044835', 'option1', '9', 'deportistas/August2023/E0ENl4ImK5uUZHMmHZQn.jpg', '1', '2008-08-05'),
(458, NULL, '2023-08-15 23:38:37', '2023-08-15 23:38:37', 'Lucas', 'Wulfhorst', '-', 'GE415312', 'option1', '6', 'deportistas/August2023/1Eq2RsHowSPWJ9IaZXRW.jpg', '5', '2006-09-03'),
(459, NULL, '2023-08-16 00:20:10', '2023-08-16 00:20:10', 'DAIRA', 'SOLIZ', 'GOMEZ', 'PE12189', 'option2', '5', 'deportistas/August2023/OrCHENRgmkTnsFYYKrBp.jpg', '1', '2009-01-08'),
(460, NULL, '2023-08-16 00:24:20', '2023-08-16 00:24:20', 'IGNACIO', 'LAREDO', 'SANDI', '10324920', 'option1', '5', 'deportistas/August2023/aF3GUKW5RiKXOfcpHO4r.JPG', '1', '2006-06-05'),
(461, NULL, '2023-08-16 00:26:09', '2023-08-17 00:03:51', 'FRANCO', 'FERRUFINO', 'GAMARRA', '12748855', 'option1', '5', 'deportistas/August2023/FKvJtkcuRG5C5P1dmRzk.JPG', '1', '2008-07-28'),
(462, NULL, '2023-08-16 00:31:35', '2023-08-16 00:31:35', 'ANA FABIA', 'OVANDO', 'RAUSS', '8160577', 'option2', '5', 'deportistas/August2023/hv3R4TWUA3fykXPhBJsM.JPG', '1', '2006-06-18'),
(463, NULL, '2023-08-16 00:35:50', '2023-08-17 00:04:45', 'YATSEN RENE', 'SOZA', 'MALDONADO', '12385860', 'option1', '5', 'deportistas/August2023/pKYyh0LzXXVBQgw0VV3x.JPG', '1', '2008-04-11'),
(464, NULL, '2023-08-16 00:37:37', '2023-08-17 00:04:25', 'LUCIA', 'ORDOÑEZ', 'PETRICEVIC', '10980683', 'option2', '5', 'deportistas/August2023/k1t7OHwEyEPiehB2mZt0.JPG', '1', '2009-11-07'),
(465, NULL, '2023-08-16 00:39:23', '2023-08-16 00:39:23', 'MATEO', 'DAZA', 'MARTINEZ', '8966696', 'option1', '5', 'deportistas/August2023/gGBoseg4OBCYKuUSduCd.JPG', '1', '2005-05-23'),
(466, NULL, '2023-08-16 00:41:54', '2023-08-16 00:41:54', 'CAMILA', 'MENESES', 'YEPEZ', 'SE39087', 'option2', '5', 'deportistas/August2023/HzmvMjNvP5E3RNGeLgsC.jpeg', '2', '2005-01-02'),
(467, NULL, '2023-08-16 00:51:20', '2023-08-16 00:51:20', 'CAROLINE JENELL', 'NAGASHIRO', 'BARRANCOS', '12656385', 'option2', '5', 'deportistas/August2023/bZqbwLMGX9Nrf6gPIVNs.jpg', '1', '2008-02-08'),
(468, NULL, '2023-08-16 01:04:39', '2023-08-16 01:04:39', 'CHIARA LIZETT', 'ANAYA', 'CONDORETTI', 'PE80593', 'option2', '5', 'deportistas/August2023/GheQDBDacUs3xIu4rrsg.jpeg', '1', '2006-08-13'),
(469, NULL, '2023-08-16 02:07:07', '2023-08-16 16:17:02', 'IVAN XAVIER', 'MAELLA', '-ROJAS', '222761859', 'option1', '7', 'deportistas/August2023/SfaKHNLfMcoot0EA2EaA.jpg', '2', '2006-12-07'),
(470, NULL, '2023-08-16 02:32:01', '2023-08-16 02:32:01', 'MERCEDES', 'ROMERO ACUÑA', 'ROSCOE', '50558142', 'option2', '1', 'deportistas/August2023/16Pvut1l7z2J3Hr2bazT.jpg', '4', '2010-07-22'),
(471, NULL, '2023-08-16 02:34:24', '2023-08-16 02:34:24', 'JOSEFINA', 'SEMITIEL', 'FERRER', '49635620', 'option2', '1', 'deportistas/August2023/tS9CpUSBphtCc75wIpnK.jpeg', '4', '2009-07-10'),
(472, NULL, '2023-08-16 02:38:04', '2023-08-16 02:38:04', 'SOFIA', 'BERARDI', '-GARCIA', '49528421', 'option2', '1', 'deportistas/August2023/tOZ5v09g96rx3DaQfi5E.jpg', '4', '2009-05-15'),
(473, NULL, '2023-08-16 02:39:53', '2023-08-16 02:39:53', 'ORNELA', 'VIDAL', '-GARCIA', '49168779', 'option2', '1', 'deportistas/August2023/9kgPBHLr0jbP76i5CIUf.jpg', '4', '2009-02-17'),
(474, NULL, '2023-08-16 02:42:19', '2023-08-16 02:42:19', 'CAMILA', 'COLOMBO', 'VILETTO', '48321394', 'option2', '1', 'deportistas/August2023/6wxpLcTtU9IN3AhXKauM.jpeg', '4', '2008-03-28'),
(475, NULL, '2023-08-16 02:45:27', '2023-08-16 02:45:27', 'MAGALÍ', 'TORCOLETTI', 'AGÜERO', '49598064', 'option2', '1', 'deportistas/August2023/APnAF5M9SL7LHo6vKoZ9.jpg', '4', '2009-06-08'),
(476, NULL, '2023-08-16 02:48:17', '2023-08-16 02:48:17', 'MARÍA AGUSTINA', 'GRAMEGNA', 'BOSH', '48321227', 'option2', '1', 'deportistas/August2023/vki0h31U68kTuluV5jNW.jpeg', '4', '2008-04-10'),
(477, NULL, '2023-08-16 02:51:11', '2023-08-16 02:51:11', 'MILENA', 'BONUCHI', 'VOLPE', '48561722', 'option2', '1', 'deportistas/August2023/rintOzeoL9UuuYYCY2oc.jpeg', '4', '2008-02-13'),
(478, NULL, '2023-08-16 02:52:58', '2023-08-16 02:52:58', 'CAMILA', 'LEVY', 'LEVY', '48662254', 'option2', '1', 'deportistas/August2023/z5wNJ4gpIhVDSCaeQ4Hw.jpg', '4', '2008-04-21'),
(479, NULL, '2023-08-16 02:55:23', '2023-08-16 02:55:23', 'AMBAR', 'FONTANARROSA', 'GORRIARAN', '49817662', 'option2', '1', 'deportistas/August2023/jiRfdFNF5IVxAsOSHnqp.jpg', '4', '2009-10-17'),
(481, NULL, '2023-08-16 02:58:05', '2023-08-16 02:58:05', 'AMPARO', 'ESCOBAR GARCIA', 'GARCIA PALMIERI', '49271726', 'option2', '1', 'deportistas/August2023/oDyATYk3OEIuc1R7cuLK.jpg', '4', '2009-02-10'),
(482, NULL, '2023-08-16 03:00:11', '2023-08-16 03:00:11', 'ERNESTINA', 'DAO', 'RAMIREZ', '48539280', 'option2', '1', 'deportistas/August2023/iMyHw7h12tLLjBtY0VVL.jpg', '4', '2008-05-10'),
(483, NULL, '2023-08-16 03:01:43', '2023-08-16 03:02:53', 'SEBASTIÁN', 'FERNANDES', 'MEDINA', '47755689', 'option1', '1', 'deportistas/August2023/ACVkXD87RfBs7ZWBxknP.jpg', '4', '2007-02-15'),
(484, NULL, '2023-08-16 03:20:41', '2023-08-16 03:20:41', 'TIZIANA', 'BONUCHI', 'VOLPE', '47131332', 'option2', '1', 'deportistas/August2023/uRcHcWs7YA5CH2IlTdfr.jpg', '4', '2006-02-04'),
(485, NULL, '2023-08-16 03:23:48', '2023-08-16 04:04:54', 'GUADALUPE', 'GARCIA', 'KRAGLIEVICH', '46277559', 'option2', '1', 'deportistas/August2023/ckYpVlK458F2SBmnwLJz.jpeg', '4', '2004-12-27'),
(486, NULL, '2023-08-16 03:30:01', '2023-08-16 03:30:01', 'MARÍA ISABELLA', 'ROMAGNOLI', 'BADO', '48386231', 'option2', '1', 'deportistas/August2023/qjfqmxI2fI6RV48HwlWw.jpg', '4', '2007-12-17'),
(487, NULL, '2023-08-16 03:31:30', '2023-08-16 03:31:30', 'MARÍA CLARA CECILIA', 'RIVERO', 'ZUNZUNEGUI', '47444371', 'option2', '1', 'deportistas/August2023/slabGtWnsEVEpHmwgDMA.jpg', '4', '2006-10-26'),
(488, NULL, '2023-08-16 03:32:59', '2023-08-16 03:32:59', 'MARÍA', 'CARASATORRE', 'FELGUEROSO', '47076833', 'option2', '1', 'deportistas/August2023/GGoANzny5zTMvA7G5yAh.jpeg', '4', '2006-04-10'),
(489, NULL, '2023-08-16 03:36:04', '2023-08-16 03:36:04', 'VALENTINA', 'RAMIREZ', 'POLTI', '47642841', 'option2', '1', 'deportistas/August2023/HifPJt5mJ6jqB0WfaeyK.jpg', '4', '2006-10-13'),
(490, NULL, '2023-08-16 03:38:02', '2023-08-16 03:38:02', 'DELFINA', 'MATTALONI', 'SCAGLIONE', '46653125', 'option2', '1', 'deportistas/August2023/Mfd9MQyD7SsZ79CGQTsU.jpg', '4', '2005-07-22'),
(491, NULL, '2023-08-16 03:43:55', '2023-08-16 03:43:55', 'ABRIL', 'GONZALEZ', 'ALONSO', '46650811', 'option2', '1', 'deportistas/August2023/nHTwFYMCAIzxfrI4R5XZ.jpeg', '4', '2005-07-10'),
(492, NULL, '2023-08-16 03:56:14', '2023-08-16 03:56:14', 'ABRIL', 'ESCAPARLENDA', 'DOTTO', '47135445', 'option2', '1', 'deportistas/August2023/JvFCBDm5pDl46YA6QHbm.jpg', '4', '2006-05-24'),
(493, NULL, '2023-08-16 03:59:51', '2023-08-16 03:59:51', 'MIRKO', 'FRIJANIC', 'FERRON', '45632443', 'option1', '1', 'deportistas/August2023/WeW0CuWflte2elX3RcA0.jpg', '4', '2004-05-22'),
(494, NULL, '2023-08-16 04:02:41', '2023-08-16 04:02:41', 'MILVA', 'AIMETTA', 'ALPIGIANI', '47331544', 'option2', '1', 'deportistas/August2023/wtkPMBKimmEjU2vetixY.jpeg', '4', '2006-09-07'),
(495, NULL, '2023-08-16 04:07:27', '2023-08-16 04:07:27', 'SOFIA', 'MIGLIACCIO', 'GRECCO', '46348698', 'option2', '1', 'deportistas/August2023/SgBlS0GPUyQfn2NrRhh3.jpg', '4', '2005-01-05'),
(496, NULL, '2023-08-16 04:37:31', '2023-08-16 04:37:31', 'FRANCISCA PAZ', 'SOTO', 'CABRERA', '23146354-2', 'option2', '7', 'deportistas/August2023/Zh2mYjrKHkPAVKlaEr1I.jpg', '1', '2009-10-14'),
(497, NULL, '2023-08-16 04:39:36', '2023-08-16 04:39:36', 'AMANDA', 'RODRIGUEZ', 'HADIDA', '22673192-K', 'option2', '7', 'deportistas/August2023/acI7GpDY6DiELzNMojAA.jpeg', '1', '2008-03-19'),
(498, NULL, '2023-08-16 04:42:04', '2023-08-16 04:42:04', 'ELENA ISABEL', 'VICENCIO', 'INOSTROZA', '23107871-1', 'option2', '7', 'deportistas/August2023/Ur5dMtbnNHLxnYeNRg96.jpeg', '1', '2009-08-24'),
(499, NULL, '2023-08-16 05:59:20', '2023-08-16 05:59:20', 'NICOLAS', 'HERNANDEZ', 'PEREZ', '120355169', 'option1', '4', 'deportistas/August2023/sCnaaRDdryH7pGVO3SXg.jpg', '5', '2007-04-21'),
(500, NULL, '2023-08-16 06:07:23', '2023-08-16 06:07:23', 'DIEGO ARTURO', 'CONTRERAS', 'CASTELLANO', '122007322', 'option1', '4', 'deportistas/August2023/d07Nn0sU1E9ftAlVwcir.jpg', '5', '2005-08-20'),
(501, NULL, '2023-08-16 06:09:40', '2023-08-16 06:09:40', 'VITTORIO', 'SALARDI', 'NATERS', '119049218', 'option1', '4', 'deportistas/August2023/SvroOMDFeS5urQ4hqliQ.jpg', '5', '2006-11-16'),
(502, NULL, '2023-08-16 06:16:08', '2023-08-16 06:16:08', 'JUAN PABLO', 'ORTEGA', 'CATACORA', '120003461', 'option1', '4', 'deportistas/August2023/reZXvbwZcnPdioPnws03.jpg', '5', '2007-01-16'),
(503, NULL, '2023-08-16 06:18:25', '2023-08-16 06:18:25', 'CESAR', 'CHINCHAY', 'BROCQ', '73323918', 'option1', '4', 'deportistas/August2023/yFI4yBlPuwIinNQRE3ty.jpg', '5', '2005-09-15'),
(504, NULL, '2023-08-16 06:22:25', '2023-08-16 06:22:25', 'YAMIL DANILO', 'CAPILLO', 'ARTICA', '118308640', 'option1', '4', 'deportistas/August2023/OXWRTaWQ8wsGV3N2X1gi.png', '5', '2006-08-09'),
(505, NULL, '2023-08-16 06:24:08', '2023-08-16 06:24:08', 'DIEGO', 'GURBILLON', 'SANTA CRUZ', '61034250', 'option1', '4', 'deportistas/August2023/OuMMe01LsAbUzJYNCIpG.jpg', '5', '2007-05-03'),
(506, NULL, '2023-08-16 06:26:25', '2023-08-16 06:26:25', 'IKER', 'VASQUEZ', 'VIVANCO', '223045951', 'option1', '4', 'deportistas/August2023/gTN73zrNjlK8XeYVl445.jpg', '5', '2008-06-09'),
(507, NULL, '2023-08-16 06:30:04', '2023-08-16 06:30:04', 'ALEX', 'VILA', 'ANCCO', '81965978', 'option1', '4', 'deportistas/August2023/BUwa4qkwqQ1qe7fmeNrs.png', '5', '2009-05-17');
INSERT INTO `deportistas` (`id`, `deleted_at`, `created_at`, `updated_at`, `nombre`, `apellidopaterno`, `apellidomaterno`, `dni`, `sexo`, `paises_id`, `foto`, `disciplina_id`, `fechanacimiento`) VALUES
(508, NULL, '2023-08-16 06:32:36', '2023-08-16 06:32:36', 'DANIEL ALEJANDRO', 'CASTILLA', 'CALDERON', '122053655', 'option1', '4', 'deportistas/August2023/Bw86sd8wbJP5aiuzdPFw.jpg', '5', '2005-07-08'),
(509, NULL, '2023-08-16 06:35:29', '2023-08-16 06:35:29', 'CLAUDIO EDUARDO', 'AGREDA', 'SANCHEZ', '120663904', 'option1', '4', 'deportistas/August2023/YxUArPUjvoNfjTBc5noo.jpg', '5', '2005-05-06'),
(510, NULL, '2023-08-16 06:37:24', '2023-08-16 06:37:24', 'DIEGO FELIPE', 'SUNI', 'SALAZAR', '73909521', 'option1', '4', 'deportistas/August2023/8n1Oz0rMFsuQOIjE1oMb.jpg', '5', '2009-11-24'),
(511, NULL, '2023-08-16 06:40:54', '2023-08-16 06:40:54', 'NICOLAS MARTIN', 'NARVAEZ', 'PAREDES', '71183715', 'option1', '4', 'deportistas/August2023/ySEZTUJvjwaiRnxncwVV.jpg', '5', '2008-02-29'),
(512, NULL, '2023-08-16 07:01:23', '2023-08-16 07:01:23', 'MARIE SOPHIE', 'BRAVO', 'VILLANUEVA', '60993429', 'option2', '4', 'deportistas/August2023/6m6kQWk9T7qZnml0qQ50.jpg', '5', '2007-01-29'),
(513, NULL, '2023-08-16 07:04:35', '2023-08-16 07:04:35', 'ALEJANDRA', 'MUNAICO', 'PALOMINO', '74851193', 'option2', '4', 'deportistas/August2023/hmT65zfK8qgd9JbZUm7j.jpg', '5', '2005-06-04'),
(514, NULL, '2023-08-16 07:07:30', '2023-08-16 07:07:30', 'ANNIE NICOLE', 'ROMERO', 'UCHUQUICAÑA', '70635957', 'option2', '4', 'deportistas/August2023/NVlxSEG7f9VcPzjQ2gVG.jpg', '5', '2007-03-02'),
(515, NULL, '2023-08-16 07:10:58', '2023-08-16 07:10:58', 'MARIANA ISABEL', 'PINILLOS', 'CORDOVA', '74258316', 'option2', '4', 'deportistas/August2023/Pt2XpGvBhfRVkw6XGHMm.jpg', '5', '2010-05-01'),
(516, NULL, '2023-08-16 07:13:28', '2023-08-16 07:13:28', 'ZOE SABRINA', 'YONG', 'SANCHEZ', '61680799', 'option2', '4', 'deportistas/August2023/w04yD8l6f3zXi7vGwcVm.jpg', '5', '2009-07-12'),
(517, NULL, '2023-08-16 07:15:52', '2023-08-16 07:15:52', 'CLAUDIA MARICIELO', 'VALERIO', 'CRUZ', '60778277', 'option2', '4', 'deportistas/August2023/Z4BE8wXnSAMhPCF6Ka8g.png', '5', '2005-04-17'),
(518, NULL, '2023-08-16 07:18:57', '2023-08-16 07:18:57', 'LORENA', 'CAMPOS', 'CALVO', '220084050', 'option2', '4', 'deportistas/August2023/Slns7EkhCxd69L5z1fLc.jpg', '5', '2005-11-21'),
(519, NULL, '2023-08-16 07:21:38', '2023-08-16 07:21:38', 'CAROLINA LUCIA', 'RODRIGUEZ', 'PINTO', '216375729', 'option2', '4', 'deportistas/August2023/cikHViuLzudFH0Go4Zl3.png', '5', '2005-05-27'),
(520, NULL, '2023-08-16 07:24:52', '2023-08-16 07:24:52', 'AROA', 'VILA', 'ANCCO', '223007992', 'option2', '4', 'deportistas/August2023/4XXkwD0U1UHpEdT1gBgZ.jpg', '5', '2006-02-06'),
(521, NULL, '2023-08-16 07:30:06', '2023-08-16 07:30:06', 'ALEXANDRA CIELO', 'CARRASCO', 'SALVATIERRA', '120419749', 'option2', '4', 'deportistas/August2023/AUisy8qLK2nASRQSIOPP.png', '5', '2008-02-03'),
(522, NULL, '2023-08-16 07:32:28', '2023-08-16 07:32:28', 'EVA', 'CAFFERATA', 'CASTAÑEDA', '72997889', 'option2', '4', 'deportistas/August2023/UrvK5tQwBJCJ1Yoasq0Y.jpg', '5', '2009-02-08'),
(523, NULL, '2023-08-16 07:34:54', '2023-08-16 07:34:54', 'YAIZA MARGARITA', 'DELGADO', 'SAM', '118773392', 'option2', '4', 'deportistas/August2023/aTjOppelfbYh4ZclXjID.jpg', '5', '2007-01-21'),
(524, NULL, '2023-08-16 07:37:58', '2023-08-16 07:37:58', 'ROMINA ANTONELLA', 'ARANDA', 'BERROSPI', '72995961', 'option2', '4', 'deportistas/August2023/az6XdICSrBhmoBaYZrqO.png', '5', '2009-02-14'),
(525, NULL, '2023-08-16 16:28:02', '2023-08-16 16:28:02', 'Eugenia', 'Acosta', '-', '48682543', 'option2', '1', 'deportistas/August2023/uWcZe0qQe92x1kOWofz7.jpg', '1', '2008-06-23'),
(528, NULL, '2023-08-16 17:45:47', '2023-08-16 17:45:47', 'Miguel Henrique', 'Pereira Cardoso', '-', 'GHO61766', 'option1', '6', 'deportistas/August2023/7QXtWD4SjJbLkN9Hv8rJ.png', '3', '2006-10-04'),
(529, NULL, '2023-08-16 17:50:07', '2023-08-16 19:39:12', 'Bruna Ravelli', 'Coelho Mendonça', '-', 'GH397444', 'option2', '6', 'deportistas/August2023/Dz9N2nLD2HKmA6DOMT9l.png', '3', '2008-11-11'),
(530, NULL, '2023-08-16 17:53:12', '2023-08-16 17:53:12', 'Victor Molin', 'de Oliveira Gonçalves', '-', 'GC697847', 'option1', '6', 'deportistas/August2023/2ib8gwFqkKIonmDeHlxY.png', '3', '2009-09-26'),
(531, NULL, '2023-08-16 17:56:38', '2023-08-16 19:38:52', 'Heloá', 'Almeida Camelo', '-', 'GG969920', 'option2', '6', 'deportistas/August2023/bkGbo9bKwkxE4sRCqXHT.png', '3', '2006-04-12'),
(532, NULL, '2023-08-16 17:59:44', '2023-08-16 19:38:36', 'Ketlen', 'Calazans Oliveira Mello', '-', 'GG195568', 'option2', '6', 'deportistas/August2023/cubY5GZFUZmmBDqDghch.png', '3', '2008-11-04'),
(533, NULL, '2023-08-16 18:02:07', '2023-08-16 18:02:07', 'Isaac Silva', 'Pessoa Júnior', '-', 'GD026153', 'option1', '6', 'deportistas/August2023/Quqyr9lKC0SuIElPbh8L.png', '3', '2010-03-18'),
(534, NULL, '2023-08-16 18:07:41', '2023-08-16 18:07:41', 'Maximo', 'Aguilar', '-Macchiom', '48988949', 'option1', '1', 'deportistas/August2023/eWoX1cCbny51B6fUPN0X.jpg', '1', '2008-11-29'),
(535, NULL, '2023-08-16 18:11:53', '2023-08-16 18:11:53', 'Milagros', 'Amione', '-', '47037718', 'option2', '1', 'deportistas/August2023/wcvKzqlupSvqz4Z8DfGR.jpg', '1', '2006-01-09'),
(536, NULL, '2023-08-16 18:13:42', '2023-08-16 18:13:42', 'Guadalupe', 'Angiolini', '-', '48707612', 'option2', '1', 'deportistas/August2023/sNoqUzl8OFfV8O3zxk25.jpg', '1', '2008-07-15'),
(537, NULL, '2023-08-16 18:17:06', '2023-08-16 18:17:06', 'Fernando', 'Arce', '-', '47157581', 'option1', '1', 'deportistas/August2023/uE7bwQnU88Am2weqBkml.jpg', '1', '2006-02-20'),
(538, NULL, '2023-08-16 18:20:47', '2023-08-16 18:20:47', 'Emma', 'Bertotto', '-', '51711205', 'option2', '1', 'deportistas/August2023/c5ogqOjE5PrMiefI8erv.jpg', '1', '2005-09-24'),
(539, NULL, '2023-08-16 18:23:15', '2023-08-16 18:23:15', 'Fiamma', 'Carrillo', '-', '46126897', 'option2', '1', 'deportistas/August2023/DgNpnem5vUI6e0dTxmax.jpg', '1', '2005-09-07'),
(540, NULL, '2023-08-16 18:27:11', '2023-08-16 18:27:11', 'Francisco', 'Carrocia', '-', '47206448', 'option1', '1', 'deportistas/August2023/3gEczo4zXamnNR7GykSR.jpg', '1', '2006-05-02'),
(541, NULL, '2023-08-16 18:29:47', '2023-08-16 18:29:47', 'Rocio', 'Castro', '-Mattiello', '47344282', 'option2', '1', 'deportistas/August2023/IaoipsuQB67asNilaYMM.jpg', '1', '2006-08-10'),
(542, NULL, '2023-08-16 18:31:55', '2023-08-16 18:31:55', 'Ulises', 'Cazau', '-', '47310549', 'option1', '1', 'deportistas/August2023/UibdcmOWbwSyKv8Krwji.jpg', '1', '2006-05-26'),
(543, NULL, '2023-08-16 18:45:18', '2023-08-16 18:45:18', 'Matias', 'Chaillou', '-', '49398883', 'option1', '1', 'deportistas/August2023/xEYkYLvSyg8GbW0TG4WM.jpg', '1', '2008-09-25'),
(544, NULL, '2023-08-16 18:48:34', '2023-08-16 18:48:34', 'Julia', 'Christen', '-', '46878903', 'option2', '1', 'deportistas/August2023/rtnyWZHytXaA2wipgyKq.jpg', '1', '2005-09-16'),
(545, NULL, '2023-08-16 18:51:14', '2023-08-16 18:51:14', 'Chiara', 'Colaneri', '-', '48571022', 'option2', '1', 'deportistas/August2023/jMazfW4D1OVrr8zz35a2.jpg', '1', '2008-02-22'),
(546, NULL, '2023-08-16 18:52:28', '2023-08-16 18:52:28', 'Ciro', 'Conrad', '-', '48506316', 'option1', '1', 'deportistas/August2023/LKx6VAZsHPbSVxqekRFC.jpg', '1', '2008-02-27'),
(547, NULL, '2023-08-16 18:54:26', '2023-08-16 18:54:26', 'Cecilia', 'Dieleke', '-', '49734809', 'option2', '1', 'deportistas/August2023/bOau0F4V1jFlKb5f7VjR.jpg', '1', '2009-10-08'),
(548, NULL, '2023-08-16 18:56:57', '2023-08-16 18:56:57', 'Iara', 'Fernandez', '-', '47641201', 'option2', '1', 'deportistas/August2023/mqjkaIxNF8Cn6M1tr0vY.jpg', '1', '2006-10-09'),
(549, NULL, '2023-08-16 19:00:54', '2023-08-16 19:00:54', 'Tania', 'Ferreyra', '-', '50198703', 'option2', '1', 'deportistas/August2023/hMmTKEm2d85cNOfJcYpm.jpg', '1', '2010-05-26'),
(550, NULL, '2023-08-16 19:05:15', '2023-08-16 19:05:15', 'Felipe', 'Garcia', 'Berbel', '49437507', 'option1', '1', 'deportistas/August2023/l5OlAdxcVjSiDyQhrIl9.jpg', '1', '2009-04-08'),
(551, NULL, '2023-08-16 19:06:44', '2023-08-31 19:29:11', 'Dana', 'Garcia', 'Fernandez', '48782408', 'option2', '1', 'deportistas/August2023/xXLSkhUP4thZhuUuf9QD.jpg', '1', '2008-04-02'),
(552, NULL, '2023-08-16 19:09:38', '2023-08-16 19:09:38', 'Santino', 'Gontero', '-', '47352404', 'option1', '1', 'deportistas/August2023/UTZzyDpw2h3FpQKxssc3.jpg', '1', '2008-02-19'),
(553, NULL, '2023-08-16 19:11:26', '2023-08-16 19:11:26', 'Jose', 'Gramajo', '-', '47826116', 'option1', '1', 'deportistas/August2023/EuhhxxuSTpxJnqXARapW.jpg', '1', '2007-03-29'),
(554, NULL, '2023-08-16 19:13:11', '2023-08-16 19:13:11', 'Agostina', 'Hein', '-', '48563958', 'option2', '1', 'deportistas/August2023/IOc8B3ZCQ0u82BpRmBif.jpg', '1', '2008-04-24'),
(555, NULL, '2023-08-16 19:18:41', '2023-08-16 19:18:41', 'German', 'Hillkirk', 'Gusman', '48791686', 'option1', '1', 'deportistas/August2023/Ov6LMriijBEz9yv6MvW3.jpg', '1', '2008-08-03'),
(556, NULL, '2023-08-16 19:20:58', '2023-08-16 19:20:58', 'Tomas', 'Jouglard', '-', '48580716', 'option1', '1', 'deportistas/August2023/HblYLzHv1cRXd0ZQU8zS.jpg', '1', '2008-03-12'),
(557, NULL, '2023-08-16 19:22:07', '2023-08-16 19:38:16', 'Mariana', 'Mello Moreira', '-', 'GG518724', 'option2', '6', 'deportistas/August2023/Z6FmxagO6owL8QcJAu9J.png', '3', '2011-09-15'),
(558, NULL, '2023-08-16 19:23:32', '2023-08-16 19:23:32', 'Mateo', 'Luna', 'Assef', '48528649', 'option1', '1', 'deportistas/August2023/eD2UALs5fFc44UmdEnkw.jpg', '1', '2008-04-07'),
(559, NULL, '2023-08-16 19:25:03', '2023-08-16 19:38:02', 'Ludmila da Silva Lacerda', 'da Silva Lacerda', '-', 'GG480084', 'option2', '6', 'deportistas/August2023/8Zc4OhHPnpaH6LoYvxVT.png', '3', '2011-12-24'),
(560, NULL, '2023-08-16 19:27:10', '2023-08-16 19:27:10', 'Chiara', 'Medun', '-', '46651266', 'option2', '1', 'deportistas/August2023/GhLSO7Xg8XfYQTMbBqTT.jpg', '1', '2005-05-01'),
(561, NULL, '2023-08-16 19:30:03', '2023-08-16 19:30:03', 'Sabina', 'Montiel', '-', '49682274', 'option2', '1', 'deportistas/August2023/yC79jpNRU2wqiqiWF6Fg.jpg', '1', '2009-08-12'),
(562, NULL, '2023-08-16 19:32:14', '2023-08-16 19:32:14', 'Juana', 'Ortiz', 'Blanco', '46564567', 'option2', '1', 'deportistas/August2023/o1c55s4RE1DjKeyGpaGZ.jpg', '1', '2005-02-08'),
(563, NULL, '2023-08-16 19:34:45', '2023-08-23 17:59:49', 'Lucila', 'Pereyra', '-', '49552424', 'option2', '1', 'deportistas/August2023/HFTYHH9nfiJ87FoEfRAi.jpg', '1', '2009-06-27'),
(564, NULL, '2023-08-16 19:36:32', '2023-08-16 19:36:32', 'Francisco', 'Ponce', '-', '48938108', 'option1', '1', 'deportistas/August2023/MWHkxOI3Hl9Or1Ju29Io.jpg', '1', '2008-07-30'),
(565, NULL, '2023-08-16 19:37:43', '2023-08-16 19:37:43', 'Alice', 'Binatti Rodrigues', '-', 'GG262222', 'option2', '6', 'deportistas/August2023/YBLFWbVPljzgzKVivS97.png', '3', '2012-01-22'),
(566, NULL, '2023-08-16 19:38:58', '2023-08-16 19:38:58', 'Magdalena', 'Portela', 'Walter', '46872418', 'option2', '1', 'deportistas/August2023/dc9pKjdMR58IgLDCMILq.jpg', '1', '2005-08-07'),
(567, NULL, '2023-08-16 19:41:49', '2023-08-16 19:41:49', 'Candela', 'Raviola', '-', '47219246', 'option2', '1', 'deportistas/August2023/IAKbHT427uU9PdOgsnDQ.jpg', '1', '2006-05-29'),
(568, NULL, '2023-08-16 19:43:09', '2023-08-16 19:43:09', 'Nicolas', 'Retrive', '-', '46582478', 'option1', '1', 'deportistas/August2023/owYXbVOl4Jl4PoMfknrD.jpg', '1', '2005-04-23'),
(569, NULL, '2023-08-16 19:43:25', '2023-08-16 19:43:25', 'Jully', 'da Silva Lacerda', '-', 'GG480083', 'option2', '6', 'deportistas/August2023/PMWagrUJPrlkEgDsHlCz.png', '3', '2013-04-13'),
(570, NULL, '2023-08-16 19:45:40', '2023-08-16 19:45:40', 'Nicolas', 'Rolon', 'Sironi', '46917246', 'option1', '1', 'deportistas/August2023/WmBoGB25sUrgA98Hwmrq.jpg', '1', '2006-01-19'),
(571, NULL, '2023-08-16 19:47:23', '2023-08-16 19:47:23', 'Juan', 'Ruiz', 'Pradolini', '48417028', 'option1', '1', 'deportistas/August2023/mz9JWes86riOiDOVqL0N.jpg', '1', '2008-01-15'),
(572, NULL, '2023-08-16 19:49:47', '2023-08-16 19:49:47', 'Lucas', 'Salinas', '-', '46310922', 'option1', '1', 'deportistas/August2023/hK9gZm03ZWTCW0F2rX7b.jpg', '1', '2005-07-13'),
(573, NULL, '2023-08-16 19:51:05', '2023-08-16 19:51:05', 'Malena', 'Santillan', '-', '48753302', 'option2', '1', 'deportistas/August2023/SkcnaFE6Yz45W45hrESk.jpg', '1', '2008-03-06'),
(574, NULL, '2023-08-16 20:00:01', '2023-08-16 20:00:01', 'Ulises', 'Saravia', '-', '47057655', 'option1', '1', 'deportistas/August2023/8nt5FUYf9LC3cvflee7q.jpg', '1', '2005-10-27'),
(575, NULL, '2023-08-16 20:03:29', '2023-08-16 20:03:29', 'Leonel', 'Silva', '-', '48594674', 'option1', '1', 'deportistas/August2023/RzTN38lUm0GsLTsP9d6w.jpg', '1', '2008-02-29'),
(576, NULL, '2023-08-16 20:05:57', '2023-08-16 20:05:57', 'Matias', 'Sosa', 'Gonzalez', '46489823', 'option1', '1', 'deportistas/August2023/Wsmr6Rb5l83ooNSnjeBL.jpg', '1', '2006-04-12'),
(577, NULL, '2023-08-16 20:06:14', '2023-08-16 20:06:14', 'KAYC', 'TULIO SOUZA SILVA', '-', 'GG485415', 'option1', '6', 'deportistas/August2023/ZcCrz1HlAswjM7M1hZJX.png', '3', '2010-06-29'),
(578, NULL, '2023-08-16 20:08:14', '2023-08-16 20:08:14', 'Ignacio', 'Stambuk', '-', '47331514', 'option1', '1', 'deportistas/August2023/fWZC5uxPbyznxqWfkD8X.jpg', '1', '2006-08-21'),
(579, NULL, '2023-08-16 20:13:18', '2023-08-16 20:13:18', 'Natalia', 'Suarez', 'Monaco', '46836092', 'option2', '1', 'deportistas/August2023/k4LwGKlxWaIO7TFEU3Ad.jpg', '1', '2005-09-29'),
(580, NULL, '2023-08-16 20:15:07', '2023-08-16 20:15:07', 'Mateo', 'Tolusso', '-', '47563734', 'option1', '1', 'deportistas/August2023/mJmoHm4yDCz4K8s6tFVG.jpg', '1', '2006-10-11'),
(581, NULL, '2023-08-16 20:17:28', '2023-08-16 20:17:28', 'Martina', 'Urgelles', '-', '46221533', 'option2', '1', 'deportistas/August2023/gMytxZiOATbQY2qxQmAX.jpg', '1', '2005-04-06'),
(582, NULL, '2023-08-16 21:48:15', '2023-08-16 21:48:15', 'THIAGO MAURICIO', 'SOLARES', 'PEREZ', '9396126', 'option1', '5', 'deportistas/August2023/euAA7hP4eMMF74WBjzgH.jpeg', '1', '2009-06-29'),
(583, NULL, '2023-08-16 21:56:03', '2023-08-16 21:56:03', 'LORIE ALDANA', 'ROJAS', 'QUINTEROS', '13345910', 'option2', '5', 'deportistas/August2023/YpjLLvzCNTgw91C9rvXE.jpeg', '1', '2007-12-01'),
(584, NULL, '2023-08-16 22:28:12', '2023-08-16 22:28:12', 'CAMILA NATALIA', 'IMACA', 'ALMARAZ', '12650943', 'option2', '5', 'deportistas/August2023/zPidwWnHdPCTFieInGaP.jpg', '2', '2009-09-18'),
(585, NULL, '2023-08-16 22:29:37', '2023-08-16 22:29:37', 'MARIA FERNANDA', 'RODRIGUEZ', 'VERA', '13904592', 'option2', '5', 'deportistas/August2023/hgYld0uNErhYZVCVxmV6.jpg', '2', '2008-03-14'),
(586, NULL, '2023-08-16 22:39:00', '2023-08-16 22:39:00', 'LUIS RUBEN', 'SANTIVAÑEZ', 'TAMAYO', '12713389', 'option1', '5', 'deportistas/August2023/BbjhWGY6uTBs4WfkMgFC.jpg', '2', '2008-10-30'),
(587, NULL, '2023-08-16 22:40:42', '2023-08-16 22:40:42', 'SANTIAGO', 'TORDOYA', 'YEPES', '12808492', 'option1', '5', 'deportistas/August2023/dFfkQ7Li88mSLvkVdAcf.jpg', '2', '2008-09-12'),
(588, NULL, '2023-08-16 22:42:40', '2023-08-16 22:42:40', 'DAFNE', 'SARAVIA', 'PEDRAZAS', '12834818', 'option2', '5', 'deportistas/August2023/JoD8RTnZKsE0rQINKGTS.jpg', '2', '2006-10-16'),
(589, NULL, '2023-08-16 22:44:55', '2023-08-16 22:44:55', 'DAVID', 'CALDERON', 'DAZA', '13721434', 'option1', '5', 'deportistas/August2023/fk93vNSR2aqGuXoMQAjj.jpeg', '2', '2007-04-08'),
(590, NULL, '2023-08-16 22:45:09', '2023-08-16 22:45:09', 'Sofia', 'Garces', '-', '48265261', 'option2', '1', 'deportistas/August2023/Lk0yg9rfwdWx08GwNXeB.jpg', '1', '2008-01-25'),
(591, NULL, '2023-08-16 22:47:04', '2023-08-16 22:47:04', 'ALEJANDRO', 'PLAZA', 'ROMERO', '14661083', 'option1', '5', 'deportistas/August2023/KDlVv1nP0Fl05KrTgBMv.jpeg', '2', '2006-02-12'),
(592, NULL, '2023-08-16 22:48:44', '2023-08-16 22:48:44', 'ISABEL', 'HEREDIA', 'FERNANDEZ', '7905729', 'option2', '5', 'deportistas/August2023/QkHecXXG5rrl6GNjJ3lT.jpg', '2', '2004-06-28'),
(593, NULL, '2023-08-16 22:57:52', '2023-08-16 22:57:52', 'DIEGO', 'SOLANO', 'TERAN', '7758410', 'option1', '5', 'deportistas/August2023/groZriteOt4Z2sG3manc.jpeg', '2', '2004-10-10'),
(594, NULL, '2023-08-16 22:58:47', '2023-08-16 22:58:47', 'JUAN HUMBERTO', 'BRAVO', 'VARGAS', '7491057', 'option1', '5', 'deportistas/August2023/2jcYIZuZq7VFj6jj2zPB.jpeg', '2', '2004-01-10'),
(595, NULL, '2023-08-16 23:02:18', '2023-08-16 23:02:18', 'ANA FABIA', 'OVANDO', 'RAUSS', '8160577', 'option2', '5', 'deportistas/August2023/3Li81KCQ2jbLiFsdPBJy.JPG', '2', '2006-06-18'),
(596, NULL, '2023-08-16 23:05:29', '2023-08-16 23:05:29', 'TAYRA', 'SEOANE', 'GUZMAN', '12188956', 'option2', '5', 'deportistas/August2023/iy26XhNt5qdYsIfDCyxr.jpeg', '1', '2007-12-15'),
(597, NULL, '2023-08-16 23:26:27', '2023-08-18 18:55:26', 'Beatriz', 'Lima', 'dos Santos', 'GC351341', 'option2', '6', 'deportistas/August2023/5h2Le9NkSRgn1BudJuqw.jpeg', '4', '2008-04-30'),
(598, NULL, '2023-08-16 23:27:28', '2023-08-18 18:54:51', 'Eduarda', 'Chagas', 'Mattos de Lima', 'GH455346', 'option2', '6', 'deportistas/August2023/OM926KNfE1ZjDMbxCSuC.jpeg', '4', '2008-04-29'),
(599, NULL, '2023-08-16 23:28:08', '2023-08-18 18:58:10', 'Fernanda', 'Auger', 'de Leiva', 'GF07175', 'option2', '6', 'deportistas/August2023/DlnFU5rMqx9ljDNBWfF3.jpeg', '4', '2009-10-13'),
(600, NULL, '2023-08-16 23:29:12', '2023-08-18 20:49:37', 'Hannah', 'Sukman', 'Rothstein', 'GB225678', 'option2', '6', 'deportistas/August2023/caw8gwPz9Jc6ytCy9Utk.jpeg', '4', '2009-03-17'),
(601, NULL, '2023-08-16 23:30:06', '2023-08-18 18:54:16', 'Joana', 'da Costa', 'Godoy Borges', 'GE505599', 'option2', '6', 'deportistas/August2023/5qbPjVYUvV00oGctWyfx.jpeg', '4', '2008-12-07'),
(602, NULL, '2023-08-16 23:31:04', '2023-08-18 18:53:49', 'Juliana Luisa', 'Santolin', '-', 'GB945791', 'option2', '6', 'deportistas/August2023/4ZuU9LL74dSMOpipt4IN.jpeg', '4', '2008-09-22'),
(603, NULL, '2023-08-16 23:31:45', '2023-08-18 18:53:24', 'Laura', 'Castagna', '-', 'GA594241', 'option2', '6', 'deportistas/August2023/x8YjOXlTLRnhcfkX9RdT.jpeg', '4', '2008-03-12'),
(604, NULL, '2023-08-16 23:32:26', '2023-08-18 18:52:59', 'Laura', 'Cervone', 'Oliveira de Abreu', 'GD518203', 'option2', '6', 'deportistas/August2023/4fwFskEMQEV7M6pVBm9N.jpeg', '4', '2008-06-23'),
(605, NULL, '2023-08-16 23:33:10', '2023-08-18 18:52:34', 'Luiza', 'Mota', 'Ility', 'FZ966627', 'option2', '6', 'deportistas/August2023/fb3G7EsfYNH7Y0rFLKNq.jpeg', '4', '2008-09-12'),
(606, NULL, '2023-08-16 23:33:58', '2023-08-18 18:52:04', 'Marina', 'Postal', 'Godoy', 'GC822429', 'option2', '6', 'deportistas/August2023/Iphr4IGPsiDsE1H6bfEd.jpeg', '4', '2008-04-01'),
(607, NULL, '2023-08-16 23:34:47', '2023-08-18 18:51:40', 'Samuel', 'dos Santos', 'Clemente Vieira', '276827243', 'option1', '6', 'deportistas/August2023/LVlYCP7UMyyOBkmdtVMb.jpeg', '4', '2009-07-15'),
(608, NULL, '2023-08-16 23:35:34', '2023-08-18 18:50:34', 'Yasmin', 'Fujiy', 'Vidal de Negreiros', 'GA795872', 'option2', '6', 'deportistas/August2023/hXJsAI6tNnaGvIkn15we.jpeg', '4', '2008-08-18'),
(609, NULL, '2023-08-16 23:36:45', '2023-08-18 18:50:07', 'Alice', 'Tenório', 'Vitor Guimarães', 'GC336523', 'option2', '6', 'deportistas/August2023/yb8EsqIr3w3XDEY3UXXH.jpeg', '4', '2006-07-06'),
(610, NULL, '2023-08-16 23:37:32', '2023-08-18 18:49:38', 'Ana Clara', 'Almeida', 'dos Santos', 'FY377959', 'option2', '6', 'deportistas/August2023/kJwhNGlNq5iZT8fnLE2o.jpeg', '4', '2006-01-15'),
(611, NULL, '2023-08-16 23:38:12', '2023-08-18 18:49:12', 'Ana Gabrielly', 'Melo', 'Zanella', 'GC431592', 'option2', '6', 'deportistas/August2023/fU134mM4YqMq0JrOLSDn.jpeg', '4', '2004-04-08'),
(612, NULL, '2023-08-16 23:39:00', '2023-08-18 18:48:44', 'Bernardo', 'Barreto', 'da Silva', 'GE515954', 'option2', '6', 'deportistas/August2023/zluK0zg9BMqNJKBtkO8R.jpeg', '4', '2005-11-19'),
(613, NULL, '2023-08-16 23:39:49', '2023-08-18 18:48:16', 'Gabriela', 'Kniggendorf', 'Brassac', 'GC277641', 'option2', '6', 'deportistas/August2023/AsaMH9abq33vT9z4EQEX.jpeg', '4', '2004-11-27'),
(614, NULL, '2023-08-16 23:40:44', '2023-08-18 18:47:54', 'Gabriela', 'Costa', 'Pereira Thedim', 'GD813426', 'option2', '6', 'deportistas/August2023/ikYNCb5Am2NO2FAwpbKW.jpeg', '4', '2006-04-03'),
(615, NULL, '2023-08-16 23:41:28', '2023-08-18 18:47:29', 'Giovana', 'Faria', 'Leal', 'GC496708', 'option2', '6', 'deportistas/August2023/xpVd0BCZUOK15CeIY2tJ.jpeg', '4', '2007-11-13'),
(617, NULL, '2023-08-16 23:42:14', '2023-08-18 18:46:52', 'Iris', 'Cano', 'Teves Prado', 'GB431274', 'option2', '6', 'deportistas/August2023/Wa4K4BxfNHDJ2xWcRDdD.jpeg', '4', '2007-05-26'),
(618, NULL, '2023-08-16 23:43:00', '2023-08-18 18:46:31', 'Luzia', 'Fonseca', 'Galvez', 'GH025946', 'option2', '6', 'deportistas/August2023/dwkw05MfhbsPWkvjFxwG.jpeg', '4', '2004-03-30'),
(620, NULL, '2023-08-16 23:43:50', '2023-08-18 18:46:05', 'Maria Luiza', 'Bracarense', 'Felizardo', 'GH417864', 'option2', '6', 'deportistas/August2023/YeNgTdg4Pms7e5ilOdOo.jpeg', '4', '2017-12-20'),
(621, NULL, '2023-08-16 23:44:40', '2023-08-18 18:44:55', 'Sara', 'Ribeiro', 'Marinho', 'GC454804', 'option2', '6', 'deportistas/August2023/9p9ZVOl0lChX16w44yy2.jpeg', '4', '2004-05-27'),
(622, NULL, '2023-08-17 04:38:01', '2023-08-17 04:38:01', 'ARIANA MICAELA', 'ANAYA', 'CONDORETTI', '9494679', 'option2', '5', 'deportistas/August2023/C7RuCv4xcvJDsmx2vK8s.jpeg', '1', '2008-04-06'),
(623, NULL, '2023-08-17 15:38:28', '2023-08-17 15:38:28', 'Bernardo', 'Ramos Auade Gomes', '-', 'Gh519601', 'option1', '6', 'deportistas/August2023/Xq6zEs88EsfINNo5P33g.png', '3', '2013-01-15'),
(624, NULL, '2023-08-17 15:41:54', '2023-08-17 15:42:40', 'LUIZ', 'CLAUDIO PAULINO RONCONE', '-', 'GG349083', 'option1', '6', 'deportistas/August2023/IKxkPy1bdKtvZknqzzvu.png', '3', '2013-05-13'),
(625, NULL, '2023-08-17 16:00:00', '2023-08-17 16:00:00', 'Pietro', 'Bezerra de Lima Costa', '-', 'GD043194', 'option1', '6', 'deportistas/August2023/IYunlKojj1k7mKajTfqM.png', '3', '2008-06-14'),
(626, NULL, '2023-08-17 16:57:14', '2023-08-17 16:57:14', 'STEFANO RICARDO', 'MAZZI', 'TOSCO', '17204324', 'option1', '5', 'deportistas/August2023/80edvCBc1Nik6fhpJWTh.jpeg', '1', '2008-05-24'),
(627, NULL, '2023-08-17 17:13:44', '2023-08-17 17:32:51', 'AVRIL JULIETA', 'PARADA', 'CAÑETE', '48171191', 'option2', '1', 'deportistas/August2023/USQPTI8MoDD6hRkjbU6a.JPG', '5', '2007-06-20'),
(628, NULL, '2023-08-17 17:18:21', '2023-08-17 17:32:06', 'MAYLEN', 'SAMPEDRO', '-TARELA', '47005303', 'option2', '1', 'deportistas/August2023/Rb2ydVk8O4pE3mKeTW4r.JPG', '5', '2005-04-22'),
(629, NULL, '2023-08-17 17:20:42', '2023-08-17 17:31:18', 'ALMA', 'BIANCHI', '-BENITEZ', '47842310', 'option2', '1', 'deportistas/August2023/QJdEHEo8d9m0Jvc0uD3L.JPG', '5', '2007-10-04'),
(630, NULL, '2023-08-17 17:22:54', '2023-08-17 17:30:39', 'JUANA', 'MASINI', 'ALBA', '46649631', 'option2', '1', 'deportistas/August2023/NYpdM8LTLI0VU1hzSXLK.JPG', '5', '2005-04-04'),
(631, NULL, '2023-08-17 17:25:45', '2023-08-17 17:29:59', 'CAROLINA', 'POLICASTRO', '-NIÑO', '48182811', 'option2', '1', 'deportistas/August2023/MERkZF0CckmsscT9DRSL.JPG', '5', '2007-09-13'),
(632, NULL, '2023-08-17 17:26:15', '2023-08-17 17:26:15', 'DANNA ALEJANDRA', 'DURANGO', 'HEREDIA', 'AT233000', 'option2', '8', 'deportistas/August2023/AY89tI8br3aO1aroXUU8.jpeg', '4', '2008-04-18'),
(633, NULL, '2023-08-17 17:28:30', '2023-08-17 17:29:22', 'ISABELLA', 'MASTRONARDI', '-BELPOLITI', '47432064', 'option2', '1', 'deportistas/August2023/uA3X9pVjcOdMnqYiV4RR.JPG', '5', '2006-08-11'),
(634, NULL, '2023-08-17 17:28:53', '2023-08-17 17:28:53', 'ISABELLAH', 'QUIÑONEZ', 'JIMENEZ', 'AY684405', 'option2', '8', 'deportistas/August2023/9aW45XkmgE6FEnb54e01.jpeg', '4', '2010-05-01'),
(635, NULL, '2023-08-17 17:31:06', '2023-08-17 17:31:06', 'JUAN MANUEL', 'CORONEL', 'GARZON', 'AW473629', 'option1', '8', 'deportistas/August2023/kZ3lBexDaFgBiNremYuR.jpeg', '4', '2007-12-07'),
(636, NULL, '2023-08-17 17:32:38', '2023-08-17 17:32:38', 'SOFIA', 'LOPEZ', 'VINASCO', 'AT606335', 'option2', '8', 'deportistas/August2023/n64JGQsUB0jYI1sK45br.jpeg', '4', '2009-01-12'),
(637, NULL, '2023-08-17 17:34:23', '2023-08-17 17:34:23', 'MABEL', 'TOBON', 'MORALES', 'AX794930', 'option2', '8', 'deportistas/August2023/jNvSKXse61N6SmdvwEVo.jpeg', '4', '2009-07-12'),
(638, NULL, '2023-08-17 17:36:49', '2023-08-17 17:36:49', 'JULIANA', 'SALDARRIAGA', 'ARBELAEZ', 'AS356007', 'option2', '8', 'deportistas/August2023/8H8oKaUAJwM1ICFb3czz.jpeg', '4', '2009-04-17'),
(639, NULL, '2023-08-17 17:42:08', '2023-08-17 17:42:08', 'Laureano', 'Hopmeier', '-', '48337082', 'option1', '1', 'deportistas/August2023/DL6J1GJD6YuVKOmQroC9.jpg', '1', '2008-01-28'),
(640, NULL, '2023-08-17 17:42:10', '2023-08-17 17:42:10', 'JOCELYN', 'GUZMAN', 'MURILLO', 'BA871327', 'option2', '8', 'deportistas/August2023/b5pu5nYAKxRGWek2JslL.jpeg', '4', '2009-02-05'),
(641, NULL, '2023-08-17 17:43:21', '2023-08-17 17:43:21', 'SARAH', 'QUIÑONEZ', 'JIMENEZ', 'AY686401', 'option2', '8', 'deportistas/August2023/2nB26nxrGuensV3NE2k7.jpeg', '4', '2010-05-01'),
(642, NULL, '2023-08-17 17:43:45', '2023-08-17 17:43:45', 'MORA', 'MARTINEZ', 'GEROSA', '47440558', 'option2', '1', 'deportistas/August2023/UDsasZCCCkDnaterkbuB.JPG', '5', '2006-10-20'),
(643, NULL, '2023-08-17 17:44:48', '2023-08-17 17:44:48', 'MANUELA', 'YEPES', 'LOPERA', 'BA699444', 'option2', '8', 'deportistas/August2023/w1ZSB9FUEZfZl6R180se.jpeg', '4', '2008-04-29'),
(644, NULL, '2023-08-17 17:45:29', '2023-08-17 17:45:29', 'MARIA', 'KONOWAL', 'ZAMORA', '47091477', 'option2', '1', 'deportistas/August2023/SLhtSE6WnikLRJorykMq.JPG', '5', '2006-03-06'),
(645, NULL, '2023-08-17 17:46:34', '2023-08-17 18:42:56', 'DANNA SOFIA', 'ACOSTA', 'NIETO', 'AZ668311', 'option2', '8', 'deportistas/August2023/EfvUVYcC8Moi7EO9NVQW.jpeg', '4', '2009-06-02'),
(646, NULL, '2023-08-17 17:47:03', '2023-08-17 17:47:03', 'AGUSTINA ADRIANA', 'FOGANTE', 'CARAMUTI', '46836135', 'option2', '1', 'deportistas/August2023/F6GAjTiw42UkdZEvFWEP.JPG', '5', '2005-10-10'),
(647, NULL, '2023-08-17 17:48:03', '2023-08-17 17:48:03', 'Martin', 'Maglione', '-', '46926025', 'option1', '1', 'deportistas/August2023/zD3ghflZ31XsMy6pNeIz.jpg', '1', '2009-09-14'),
(648, NULL, '2023-08-17 17:48:46', '2023-08-17 17:48:46', 'BIANCA MARIA', 'PERASSO', 'MIGLIORI', '49516704', 'option2', '1', 'deportistas/August2023/UasAW6AZSRB3ZiZ8JRhS.JPG', '5', '2009-04-22'),
(649, NULL, '2023-08-17 17:50:24', '2023-08-17 17:50:24', 'ANAHI', 'BACIGALUPO', '-NAPPE', '47030709', 'option2', '1', 'deportistas/August2023/gcpFmubbLQaJJpVf9KYl.JPG', '5', '2005-11-17'),
(650, NULL, '2023-08-17 17:52:00', '2023-08-17 17:52:00', 'EMMA SOPHIA', 'RILEY', 'OLIVERA', '53260006', 'option2', '1', 'deportistas/August2023/cdm2GdRVgaDJLuDDsf5G.jpeg', '5', '2007-10-24'),
(651, NULL, '2023-08-17 17:52:28', '2023-08-17 17:52:28', 'Consuelo', 'Nuñez', '-Digiuseppe', '49295220', 'option2', '1', 'deportistas/August2023/FyKtMgrRlow8aX9qkAHW.jpg', '1', '2009-02-28'),
(652, NULL, '2023-08-17 17:53:43', '2023-08-17 17:53:43', 'FAUSTINA', 'ESCOLA', 'LASKOWSKI', '485111180', 'option2', '1', 'deportistas/August2023/K4qftelxwzevznBIdtvE.JPG', '5', '2008-08-02'),
(653, NULL, '2023-08-17 17:56:16', '2023-08-17 17:56:16', 'AGOSTINA', 'CATALDO', 'MERCERAT', '47417031', 'option2', '1', 'deportistas/August2023/46gKExKJtOBenH153co3.JPG', '5', '2006-06-19'),
(654, NULL, '2023-08-17 17:58:04', '2023-08-17 17:58:04', 'VICTORIA', 'PALOMARES', 'ARANCIBIA', '47863836', 'option2', '1', 'deportistas/August2023/uQXSY8CFtAzbRmWEQARk.JPG', '5', '2006-12-25'),
(655, NULL, '2023-08-17 17:59:51', '2023-08-17 17:59:51', 'GUILLERMINA', 'TRAVERSO', 'MAIDANA', '49394121', 'option2', '1', 'deportistas/August2023/dbYJvDjZuZCIXMwgREO4.JPG', '5', '2009-05-21'),
(656, NULL, '2023-08-17 18:00:43', '2023-08-17 18:00:43', 'DANIELA', 'ESTRADA', 'LASSO', 'AZ625522', 'option2', '8', 'deportistas/August2023/0tYYjn76WDyhpG2IT37z.jpeg', '4', '2009-05-28'),
(657, NULL, '2023-08-17 18:03:50', '2023-08-17 18:03:50', 'JULIANA', 'PACHECO', 'AMAYA', 'AS534350', 'option2', '8', 'deportistas/August2023/CJa7S8t5jgz90b38qOb1.jpeg', '4', '2004-10-30'),
(658, NULL, '2023-08-17 18:07:20', '2023-08-17 18:07:20', 'CATALINA', 'OROZCO', 'GUERRERO', 'AY758625', 'option2', '8', 'deportistas/August2023/lgdvQHxYR0aVdsx6mQBn.jpeg', '4', '2004-03-25'),
(659, NULL, '2023-08-17 18:25:07', '2023-08-17 18:25:07', 'LAUTARO', 'CAMINO', 'RUIZ', '46578654', 'option1', '1', 'deportistas/August2023/vPEoZilp01DH3fe9dYvB.JPG', '5', '2005-05-28'),
(660, NULL, '2023-08-17 18:27:37', '2023-08-17 18:27:37', 'AUGUSTO JOAQUIN', 'OLIVA', 'ABDELNUR', '46497517', 'option1', '1', 'deportistas/August2023/4pk52I04MooTRENef00Q.JPG', '5', '2005-04-07'),
(661, NULL, '2023-08-17 18:29:07', '2023-08-17 18:29:07', 'TOBIAS', 'DELUCA', 'GUTIERREZ', '46345019', 'option1', '1', 'deportistas/August2023/Zt1m8FA8k6ipf3L7sNfI.JPG', '5', '2005-03-23'),
(662, NULL, '2023-08-17 18:31:05', '2023-08-17 18:31:05', 'SNTIAGO IGNACIO', 'VENTOSO', 'DE CANDIA', '46958434', 'option1', '1', 'deportistas/August2023/CD15Me3TrHy5KV1SAu9L.JPG', '5', '2005-09-29'),
(663, NULL, '2023-08-17 18:34:06', '2023-08-17 18:34:06', 'IVAN', 'SAAVEDRA', 'GERMAN', '46293351', 'option1', '1', 'deportistas/August2023/opywOUxGCVXiNCYfX4rA.JPG', '5', '2005-02-04'),
(664, NULL, '2023-08-17 18:34:48', '2023-08-17 18:34:48', 'LAURA VALENTINA', 'GOMEZ', 'TAPASCO', 'AY700127', 'option2', '8', 'deportistas/August2023/8UynOS5S5QrTOvt5tei7.jpeg', '4', '2007-12-11'),
(665, NULL, '2023-08-17 18:36:03', '2023-08-17 18:36:03', 'TATIANA', 'TOBON', 'MORALES', 'BC609882', 'option2', '8', 'deportistas/August2023/GhCtbqZPLpAbTKMgWxY1.jpeg', '4', '2005-07-25'),
(666, NULL, '2023-08-17 18:36:22', '2023-08-17 18:36:22', 'NICOLAS', 'FRASSINELLI', 'KRYANCO', '46960188', 'option1', '1', 'deportistas/August2023/3ftyO6zD0Vj8685WHS90.JPG', '5', '2005-11-02'),
(667, NULL, '2023-08-17 18:38:03', '2023-08-17 18:38:03', 'MARTIN', 'DEL ROSSO', 'ANTONY', '46968705', 'option1', '1', 'deportistas/August2023/3E6phGIPKnsE8rTBYMWD.JPG', '5', '2005-11-23'),
(668, NULL, '2023-08-17 18:38:18', '2023-08-17 18:38:18', 'SOFIA', 'MARIN', 'SALDARRIAGA', 'BC056935', 'option2', '8', 'deportistas/August2023/MNK3XIks5oYSbhe6nMXW.jpeg', '4', '2004-11-17'),
(669, NULL, '2023-08-17 18:39:32', '2023-08-17 18:39:32', 'ADRIANO', 'MAZZONI', 'COVALLI', '47394898', 'option1', '1', 'deportistas/August2023/aYfGwq4p9myUkbdTWaEq.JPG', '5', '2006-08-18'),
(670, NULL, '2023-08-17 18:41:08', '2023-08-17 18:41:08', 'GONZALO', 'MECOZZI', 'ARANDA', '47940322', 'option1', '1', 'deportistas/August2023/dPgkk4Hb8fOa9KNKGiDt.JPG', '5', '2007-02-17'),
(671, NULL, '2023-08-17 18:41:28', '2023-08-17 18:41:28', 'LUIS FERNANDA', 'BOTERO', 'MANZANO', 'AU818447', 'option2', '8', 'deportistas/August2023/QnPfrs8njFJLRPJEncQb.jpeg', '4', '2007-11-21'),
(672, NULL, '2023-08-17 18:42:49', '2023-08-17 18:42:49', 'BAUTISTA FEDERICO', 'CALCAGNO', 'SALAZAR', '47656183', 'option1', '1', 'deportistas/August2023/Swen7XVE6OwDAj3cGXwU.JPG', '5', '2007-02-08'),
(673, NULL, '2023-08-17 18:45:00', '2023-08-17 18:45:00', 'ALEJO MARTIN', 'TEIJEIRO', 'PEDERNESCHI', '47104295', 'option1', '1', 'deportistas/August2023/ydpEIyxlRz3ATpFvibuT.JPG', '5', '2006-03-07'),
(674, NULL, '2023-08-17 18:47:46', '2023-08-17 18:47:46', 'SANTIAGO', 'RIVERA', 'POENITZ', '46998546', 'option1', '1', 'deportistas/August2023/SFBpoCZNt4BMzM930ge6.JPG', '5', '2006-05-31'),
(675, NULL, '2023-08-17 18:48:58', '2023-08-17 18:49:20', 'LAURA SOFIA', 'RODRIGUEZ', 'AVILA', 'AP336187', 'option2', '8', 'deportistas/August2023/xFzrFR584tF7R6kQJRiF.jpeg', '4', '2006-08-12'),
(676, NULL, '2023-08-17 18:49:57', '2023-08-17 18:49:57', 'ERIK ALAN', 'SCHöNE', 'RAMIREZ', '47765678', 'option1', '1', 'deportistas/August2023/yJjTJ9llLB5l2wbw2Bzd.JPG', '5', '2007-03-26'),
(677, NULL, '2023-08-17 18:50:54', '2023-08-17 18:52:56', 'MARIA PAULA', 'PARAMO', 'MORALES', 'AX631504', 'option2', '8', 'deportistas/August2023/miCWqLMvcCBw6j5YYTzy.png', '4', '2006-05-04'),
(678, NULL, '2023-08-17 18:54:14', '2023-08-17 18:54:14', 'SUSANA', 'PEREZ', 'DAVID', 'BC441939', 'option2', '8', 'deportistas/August2023/1i44jrktiBjavkIynCiO.jpeg', '4', '2005-01-02'),
(679, NULL, '2023-08-17 18:54:28', '2023-08-17 18:54:28', 'IGNACIO GUSTAVO', 'EBERLEIN', 'LATTINI', '47440678', 'option1', '1', 'deportistas/August2023/Suy9WFLHMwc1THWsxN0g.JPG', '5', '2006-10-24'),
(680, NULL, '2023-08-17 18:55:32', '2023-08-17 18:55:32', 'JUAN DAVID', 'FORY', 'PEREA', 'AY595354', 'option1', '8', 'deportistas/August2023/VYLAJNDYBgpyaPS1fRwu.jpeg', '4', '2004-03-16'),
(681, NULL, '2023-08-17 18:56:46', '2023-08-17 18:56:46', 'SANTIAGO NICOLAS', 'SELICARO', 'RIVERO', '47436002', 'option1', '1', 'deportistas/August2023/xwLoiWQHAaA3RMY5xP5K.JPG', '5', '2006-08-23'),
(682, NULL, '2023-08-17 18:57:34', '2023-08-22 05:28:42', 'EMILI MELYSSA', 'MINANTE', 'AVENDAÑO', 'AX704000', 'option2', '8', 'deportistas/August2023/fkf1L3m9RJ2eCTTnH4u8.jpeg', '4', '2006-12-03'),
(683, NULL, '2023-08-17 18:59:22', '2023-08-17 18:59:22', 'TOMAS', 'ALVAREZ', 'SENLLE', '47098236', 'option1', '1', 'deportistas/August2023/pECsnJcGiBZO0qn8i4C4.JPG', '5', '2006-03-14'),
(684, NULL, '2023-08-17 21:04:16', '2023-08-17 21:04:16', 'Ariana', 'Moya', 'Vargas', '72344495', 'option2', '4', 'deportistas/August2023/cgLXFJdBzrQA8nvVUYYi.jpg', '1', '2008-09-21'),
(685, NULL, '2023-08-17 21:13:17', '2023-08-17 21:13:17', 'Astrid', 'Garcia', 'Cervantes', '72988067', 'option2', '4', NULL, '1', '2009-01-25'),
(686, NULL, '2023-08-17 21:18:15', '2023-08-17 21:18:15', 'Yasmin Eliana', 'Silva', 'Contreras', '71673383', 'option2', '4', 'deportistas/August2023/jg9lY7zcLKL3c4u1Zlin.jpg', '1', '2008-06-02'),
(687, NULL, '2023-08-17 21:22:35', '2023-08-17 21:22:35', 'Luciana Marie', 'Ribeiro', 'Velasquez', '61940456', 'option2', '4', 'deportistas/August2023/Pg8ZrmMhM8vzwStK1m2e.jpg', '1', '2009-01-08'),
(688, NULL, '2023-08-17 21:28:37', '2023-08-17 21:28:56', 'Sofia', 'Choque', 'Allaucca', '61282107', 'option2', '4', 'deportistas/August2023/j2eUq3LUy8K1CFV0O8RR.jpg', '1', '2008-03-12'),
(689, NULL, '2023-08-17 21:33:34', '2023-08-17 21:33:34', 'Isabela Guadalupe', 'Otarola', 'Gonzales', '61313567', 'option2', '4', 'deportistas/August2023/RBrVUf9mvhpzoBvv2yAZ.png', '1', '2008-03-06'),
(690, NULL, '2023-08-17 21:35:57', '2023-08-17 21:35:57', 'Valentina', 'Raffo', 'Ormeño', '61281789', 'option2', '4', 'deportistas/August2023/2ELdSqN4GHlBEUOH7xF9.png', '1', '2008-02-02'),
(691, NULL, '2023-08-17 21:38:33', '2023-08-17 21:38:33', 'Manuela', 'Trelles', 'Garcia', '61775315', 'option2', '4', 'deportistas/August2023/fwt3tNLkfaGaWJryREZ4.png', '1', '2009-01-14'),
(692, NULL, '2023-08-17 21:40:21', '2023-08-17 21:40:21', 'Verena Camila', 'Pisetky', 'Montoya', '72600817', 'option2', '4', 'deportistas/August2023/W7CSMm8CG3LlNuZw4AhF.png', '1', '2008-11-22'),
(693, NULL, '2023-08-17 22:16:32', '2023-08-17 22:16:32', 'Emma', 'Sims', 'Bernaola', '61181000', 'option2', '4', 'deportistas/August2023/Nc6Eg5tatPIElhfIhknN.jpg', '1', '2007-11-14'),
(694, NULL, '2023-08-17 22:18:21', '2023-08-17 22:18:21', 'Luna', 'Quispe', 'Camino', '70501926', 'option2', '4', 'deportistas/August2023/MFaZbMU4iRBAJYbzsn3F.png', '1', '2005-10-28'),
(695, NULL, '2023-08-17 22:20:50', '2023-08-18 23:13:52', 'Lia', 'Espinosa', 'Lugo', '60252175', 'option2', '4', 'deportistas/August2023/GpTEipmUKJVKptydl0Q9.jpg', '1', '2007-09-19'),
(696, NULL, '2023-08-17 22:22:35', '2023-08-17 22:22:35', 'Ella Fernanda', 'Leon', 'Alvarez', '75972424', 'option2', '4', 'deportistas/August2023/qqsYxaH8ahjfcqPdC9Kq.jpg', '1', '2005-07-15'),
(697, NULL, '2023-08-17 22:24:43', '2023-08-17 22:24:43', 'Luciana', 'Carranza', 'Piccone', '61062017', 'option2', '4', 'deportistas/August2023/qT7yr9nTxMHOf28xM8ia.png', '1', '2007-04-25'),
(698, NULL, '2023-08-17 22:26:25', '2023-08-17 22:26:25', 'Dartnell Alexandra', 'Barrera', 'Bejarano', '60747403', 'option2', '4', 'deportistas/August2023/E3NlCLmUT6yIh6acmFm0.jpg', '1', '2006-07-09'),
(699, NULL, '2023-08-17 22:33:30', '2023-08-17 22:38:19', 'Diego Alonso', 'Quiñones', 'Huaman', '72055377', 'option1', '4', 'deportistas/August2023/ugg4ilFw0uPaGJjqMdrW.jpg', '1', '2008-07-18'),
(700, NULL, '2023-08-17 22:35:37', '2023-08-17 22:35:37', 'Gabriel', 'Mosto', 'Junek', '71192228', 'option1', '4', 'deportistas/August2023/guDBuHn3BPKB6rMAY48Q.png', '1', '2008-04-05'),
(701, NULL, '2023-08-17 22:37:56', '2023-08-17 22:37:56', 'Mariano', 'Arirama', 'Montalva', '72331506', 'option1', '4', 'deportistas/August2023/AOMp3ZeTRQnpQynKk5Eo.png', '1', '2006-09-04'),
(702, NULL, '2023-08-17 22:41:23', '2023-08-17 22:41:23', 'Vicente Martin', 'Flores', 'Ormeño', '72054682', 'option1', '4', 'deportistas/August2023/JWr4YkxR3LQu01o65JBr.jpg', '1', '2008-07-11'),
(703, NULL, '2023-08-17 22:42:35', '2023-08-17 22:42:35', 'Andres', 'Peche', 'Vigil', '61984195', 'option1', '4', 'deportistas/August2023/a22TkiCkNsW0jR5scw7R.jpeg', '1', '2009-06-02'),
(704, NULL, '2023-08-17 22:46:37', '2023-08-17 22:47:16', 'Marcelo Matias', 'Quijano', 'Rodriguez', '72833104', 'option1', '4', 'deportistas/August2023/Eo4UN4v9AukKDVE4AoOc.png', '1', '2008-11-05'),
(705, NULL, '2023-08-17 22:48:55', '2023-08-17 22:48:55', 'Cristobal', 'Amiel', 'Buchholtz', '70698198', 'option1', '4', 'deportistas/August2023/tpolnrdu0mImM6BxIQFb.jpg', '1', '2007-05-21'),
(706, NULL, '2023-08-17 22:52:14', '2023-08-17 22:52:14', 'Joaquin', 'Barraza', 'Foguel', '70452931', 'option1', '4', 'deportistas/August2023/dSm6Y79zhWT7AtBp7V9o.jpg', '1', '2006-04-23'),
(707, NULL, '2023-08-17 22:55:46', '2023-08-17 22:55:46', 'Bruno Agusto', 'Ribeiro', 'Velasquez', '60466073', 'option1', '4', 'deportistas/August2023/MAYzOrYdm7GiXgezC1z2.jpg', '1', '2005-10-11'),
(708, NULL, '2023-08-17 22:57:27', '2023-08-17 22:57:27', 'Vasco', 'Asparria', 'Martinez', '60765873', 'option1', '4', 'deportistas/August2023/wtPwoifuOPIS7RM19p6K.jpg', '1', '2006-09-10'),
(709, NULL, '2023-08-17 23:01:32', '2023-08-17 23:01:32', 'Diego Nicolas', 'Balbi', 'Alayo', '81665414', 'option1', '4', 'deportistas/August2023/ASsjb010XzVWcvrOY3FZ.jpg', '1', '2005-11-21'),
(710, NULL, '2023-08-17 23:03:15', '2023-08-17 23:03:15', 'Augusto Joaquin', 'Sosa', 'Vega', '71939607', 'option1', '4', 'deportistas/August2023/CPT2CxqdrJeaLPuxGa18.jpg', '1', '2005-02-01'),
(711, NULL, '2023-08-17 23:05:54', '2023-08-17 23:05:54', 'Ryu Cristiano', 'Unten', 'Meloni', '73195818', 'option1', '4', 'deportistas/August2023/RoAjLh7wCrA2rW2ITmhm.jpg', '1', '2006-08-02'),
(712, NULL, '2023-08-17 23:09:33', '2023-08-17 23:09:33', 'Carlos Andre', 'Flores', 'Pinedo', '70620099', 'option1', '4', 'deportistas/August2023/gB9ZgnxSDi8b2CiFFdbO.jpg', '1', '2006-12-27'),
(713, NULL, '2023-08-18 04:37:40', '2023-08-18 04:37:40', 'SARA', 'FLEISCHMANN', 'DONOSO', '22707457-4', 'option2', '7', 'deportistas/August2023/jbi8yK2W7IZd6Dd2ZTw3.jpeg', '2', '2008-04-29'),
(715, NULL, '2023-08-18 20:10:45', '2023-08-18 20:10:45', 'Artur', 'Almora Diaz', NULL, 'GD 058174', 'option1', '6', 'deportistas/August2023/w2SdgHVfPVrz0dwEYT1b.jpeg', '5', '2005-08-20'),
(716, NULL, '2023-08-18 23:38:46', '2023-08-29 00:00:23', 'JUAN JOSE', 'GIRALDO', 'MONTOYA', 'AQ700458', 'option1', '8', 'deportistas/August2023/QCt8czRmmLrCfgyDzFDq.jpeg', '1', '2006-06-26'),
(717, NULL, '2023-08-18 23:41:34', '2023-08-29 00:47:46', 'MARIA ESTHER', 'CASTAÑEDA', 'RUIZ', 'AU358738', 'option2', '8', 'deportistas/August2023/xaVSZr4xKiP0cALFyAoN.jpeg', '1', '2005-10-03'),
(718, NULL, '2023-08-18 23:44:39', '2023-08-18 23:44:39', 'JUAN JOSE', 'MONCADA', 'PULGARIN', 'AW540591', 'option1', '8', 'deportistas/August2023/wNXT7HUh01FOGL9cTFOR.jpg', '1', '2005-09-19'),
(719, NULL, '2023-08-18 23:46:25', '2023-08-18 23:46:25', 'SANTIAGO', 'ARTEAGA', 'RESTREPO', 'AZ929580', 'option1', '8', 'deportistas/August2023/xPCiKuh9LOmK9PWySb43.jpg', '1', '2006-02-10'),
(720, NULL, '2023-08-18 23:48:12', '2023-08-18 23:48:12', 'TIFFANY', 'MURILLO', 'JINETE', 'AV045764', 'option2', '8', 'deportistas/August2023/8G5JfYvLXOMcGJZZqrWA.jpg', '1', '2007-05-06'),
(721, NULL, '2023-08-18 23:50:00', '2023-08-18 23:50:00', 'TOMAS', 'OSORIO', 'ORTIZ', 'AP314886', 'option1', '8', 'deportistas/August2023/bBSRv2bvlrIGbvgy2AZx.jpeg', '1', '2006-08-31'),
(722, NULL, '2023-08-18 23:51:30', '2023-08-18 23:51:30', 'THOMAS SANTIAGO', 'ALSINA', 'YEPES', 'AY260198', 'option1', '8', 'deportistas/August2023/9fKz74542SsbAZv1yGjo.jpg', '1', '2008-01-22'),
(723, NULL, '2023-08-18 23:53:13', '2023-08-29 00:01:49', 'GABRIEL ALEJANDRO', 'ARIAS', 'HERNANDEZ', 'AU420168', 'option1', '8', 'deportistas/August2023/AIv36wnSur8CJk9Sv5Hx.jpg', '1', '2005-11-17'),
(724, NULL, '2023-08-18 23:54:40', '2023-08-18 23:54:40', 'ISABELLA', 'MORENO', 'YOPASA', 'AW393470', 'option2', '8', 'deportistas/August2023/8bDiqjyW7ujdQFFoC8dY.jpg', '1', '2008-07-22'),
(725, NULL, '2023-08-18 23:55:53', '2023-08-18 23:55:53', 'JIMENA', 'LEGUIZAMON', 'LEAL', 'BC521927', 'option2', '8', 'deportistas/August2023/WqoJCyaK6mODNbip1CTD.jpeg', '1', '2005-05-12'),
(726, NULL, '2023-08-19 00:01:01', '2023-08-19 02:52:12', 'MARIA CAMILA', 'PEREZ', 'MOSQUERA', 'AZ166304', 'option2', '8', 'deportistas/August2023/W6i75LACXLgN4C2ihQBN.jpeg', '1', '2008-09-19'),
(727, NULL, '2023-08-19 00:02:43', '2023-08-19 00:02:43', 'JUAN ANDRES', 'RODRIGUEZ', 'DAVILA', 'AS066128', 'option1', '8', 'deportistas/August2023/I0cox7BNkCEoOTPssXFi.jpeg', '1', '2006-08-01'),
(728, NULL, '2023-08-19 00:04:01', '2023-08-19 00:04:01', 'SOFIA', 'LESMES', 'MONTES', 'BC587522', 'option2', '8', 'deportistas/August2023/le5hCKG7PyBlUAaalbUM.jpeg', '1', '2005-07-27'),
(729, NULL, '2023-08-19 00:05:17', '2023-08-19 00:05:17', 'ISABELLA', 'BEDOYA', 'CALLE', 'AU331271', 'option2', '8', 'deportistas/August2023/Vo4V1gHUqnwohoxshduG.jpg', '1', '2006-09-26'),
(730, NULL, '2023-08-19 00:06:48', '2023-08-19 00:06:48', 'MARIA JOSE', 'PEREZ', 'RAMIREZ', 'AW389799', 'option2', '8', 'deportistas/August2023/urVfzShmMNtqBwG6gUXA.JPG', '1', '2005-09-28'),
(731, NULL, '2023-08-19 00:08:13', '2023-08-19 00:08:13', 'SEBASTIAN', 'GARCIA', 'BARRIOS', 'AS303124', 'option1', '8', 'deportistas/August2023/ssZtoa6lzOtuE3ETaweP.jpg', '1', '2008-02-01'),
(732, NULL, '2023-08-19 00:09:50', '2023-08-19 00:09:50', 'IVANNA ANDREA', 'GONZALEZ', 'CHAQUEA', 'BA648482', 'option2', '8', 'deportistas/August2023/Djx17pNnCtArgYZMlY4a.jpg', '1', '2009-04-09'),
(733, NULL, '2023-08-19 00:49:08', '2023-08-19 00:49:08', 'THOMAS', 'ARIAS', 'ZULUAGA', 'AW568173', 'option1', '8', 'deportistas/August2023/3iAICjBYS9lNbg2QSw2J.jpg', '5', '2005-10-28'),
(734, NULL, '2023-08-19 00:59:56', '2023-08-19 00:59:56', 'JUAN CAMILO', 'CASTILLO', 'TORRES', 'BC617161', 'option1', '8', 'deportistas/August2023/dljiXatLZ82m0olVeN78.jpg', '5', '2005-06-04'),
(735, NULL, '2023-08-19 01:01:28', '2023-08-19 01:01:28', 'MIGUEL ANGEL', 'FANDIÑO', 'HERNANDEZ', 'AZ671380', 'option1', '8', 'deportistas/August2023/UnMOkRmSOZj9tP5w27PP.jpg', '5', '2006-01-12'),
(736, NULL, '2023-08-19 01:02:48', '2023-08-19 01:02:48', 'JUAN ANDRES', 'HERRERA', 'REYES', 'AZ451051', 'option1', '8', 'deportistas/August2023/ZBm9xrnA8ApjNA4iloG1.jpg', '5', '2006-07-11'),
(737, NULL, '2023-08-19 01:04:10', '2023-08-19 01:04:10', 'KEVIN ALEJANDRO', 'PEREZ', 'MENDOZA', 'AP880060', 'option1', '8', 'deportistas/August2023/Dzul1XQrgIOSgFQLc4Uv.jpg', '5', '2007-03-08'),
(738, NULL, '2023-08-19 01:05:29', '2023-08-19 01:05:29', 'DANIEL ALEJANDRO', 'LOPERA', 'ZULUAGA', 'AZ579600', 'option1', '8', 'deportistas/August2023/GNCRFUochNigMkihpuXU.jpg', '5', '2006-03-03'),
(739, NULL, '2023-08-19 01:07:48', '2023-08-19 01:07:48', 'JEAN CARLOS', 'LOPEZ', 'MUÑOZ', 'AU542340', 'option1', '8', 'deportistas/August2023/TEhF32mPANbxTNuvMSXI.jpg', '5', '2006-11-08'),
(740, NULL, '2023-08-19 01:09:05', '2023-08-19 01:09:05', 'FELIPE', 'MERINO', 'JARAMILLO', 'BC241642', 'option1', '8', 'deportistas/August2023/FzLPJw7r5tj9je5AyMif.jpg', '5', '2005-05-25'),
(741, NULL, '2023-08-19 01:10:07', '2023-08-19 01:10:07', 'TOMAS', 'MONTOYA', 'TOBON', 'AS533732', 'option1', '8', 'deportistas/August2023/oMP9wD90ruOgJtL9Tz6F.jpg', '5', '2006-05-04'),
(742, NULL, '2023-08-19 01:11:30', '2023-08-19 01:11:30', 'JUAN JOSE', 'PEREZ', 'VILLALOBOS', 'BC477906', 'option1', '8', 'deportistas/August2023/7J98ew7sJBvQc94b4C7B.jpg', '5', '2005-05-06'),
(743, NULL, '2023-08-19 01:12:49', '2023-08-19 01:12:49', 'JAMES DAVID', 'QUINTERO', 'RAMIREZ', 'BA074762', 'option1', '8', 'deportistas/August2023/1a9JlowCzhsabY1oBxPK.jpg', '5', '2006-06-16'),
(744, NULL, '2023-08-19 01:15:51', '2023-08-19 01:15:51', 'JUAN JOSE', 'ZULUAGA', 'MORENO', 'AX728677', 'option1', '8', 'deportistas/August2023/SnFSw7ckLOsqnvBLEjP2.jpg', '5', '2005-11-05'),
(745, NULL, '2023-08-19 02:12:41', '2023-08-23 17:08:50', 'LUCIANA', 'PINEDO', 'TORRES', 'AR054803', 'option2', '8', 'deportistas/August2023/OsaY3N8kBOcZTO9Vs5Jm.jpeg', '3', '2012-08-07'),
(746, NULL, '2023-08-19 02:13:54', '2023-08-19 02:13:54', 'NICOLAS', 'LONDOÑO', 'LONDOÑO', 'AZ868141', 'option1', '8', 'deportistas/August2023/Qc2UODbI7fW3OZIhgqFl.jpeg', '3', '2012-06-17'),
(747, NULL, '2023-08-19 02:15:06', '2023-08-19 02:15:06', 'EMILIANO', 'CANO', 'MARIN', 'AZ868144', 'option1', '8', 'deportistas/August2023/SM82Jh8uDMFTMkVCTugG.jpeg', '3', '2012-05-05'),
(748, NULL, '2023-08-19 02:22:39', '2023-08-19 02:22:39', 'MARIA ALEJANDRA', 'MORENO', 'VELANDIA', 'AX455544', 'option2', '8', 'deportistas/August2023/UtW970har06lkdwHMs8k.jpeg', '3', '2010-12-15'),
(749, NULL, '2023-08-19 02:32:16', '2023-08-19 02:32:16', 'VIVIANA', 'MARULANDA', 'VALENZUELA', 'AX455308', 'option2', '8', 'deportistas/August2023/ItBpmFRM4qXoFR9hvFNM.jpeg', '3', '2010-03-18'),
(750, NULL, '2023-08-19 02:33:40', '2023-08-19 02:33:40', 'JUAN DIEGO', 'FLOYD', 'MARTINEZ', 'AX491559', 'option1', '8', 'deportistas/August2023/nFNiPXJUu922mx17bU2W.jpeg', '3', '2011-05-12'),
(751, NULL, '2023-08-19 02:35:11', '2023-08-19 02:35:11', 'GABRIELA', 'RUSINQUE', 'ZARABANDA', 'AU197803', 'option2', '8', 'deportistas/August2023/Vlhqb57CDyxjQA40yqeM.jpeg', '3', '2008-06-08'),
(752, NULL, '2023-08-19 02:36:40', '2023-08-19 02:36:40', 'JULIANA', 'GIRON', 'TROCHEZ', 'AW774508', 'option2', '8', 'deportistas/August2023/lfECGXOJHaLItdCo9GbZ.jpeg', '3', '2008-02-23'),
(753, NULL, '2023-08-19 02:38:10', '2023-08-19 02:38:10', 'CAMILO', 'BETANCUR', 'LOPEZ', 'AW828986', 'option1', '8', 'deportistas/August2023/mRB2qmcsgB3y3LtKlhIZ.jpeg', '3', '2008-05-16'),
(754, NULL, '2023-08-19 02:39:37', '2023-08-19 02:39:37', 'MIGUEL ESTEBAN', 'TOVAR', 'GUIRAL', 'AV137279', 'option1', '8', 'deportistas/August2023/BFBSt4opHyQcV5mrpJBo.jpeg', '3', '2007-12-16'),
(755, NULL, '2023-08-19 02:40:49', '2023-08-19 02:40:49', 'MIGUEL ANGEL', 'BENJUMEA', 'TORRES', 'R546037', 'option1', '8', 'deportistas/August2023/jtPsbdQiB9srMco9ehqm.jpeg', '3', '2006-01-23'),
(756, NULL, '2023-08-19 02:42:01', '2023-08-23 17:07:08', 'MARIANA', 'OSORIO', 'MENDOZA', 'AQ025753', 'option2', '8', 'deportistas/August2023/NiIxYBOSv8AFGaFq3GAI.jpeg', '3', '2006-10-30'),
(757, NULL, '2023-08-19 02:43:46', '2023-08-23 17:08:22', 'LAURA CATALINA', 'MUÑOZ', 'GUTIERREZ', 'BC175308', 'option2', '8', 'deportistas/August2023/on6Enlu0K8Th6OCnrLoH.jpeg', '3', '2005-05-06'),
(758, NULL, '2023-08-19 03:50:35', '2023-08-23 17:07:58', 'MELANIE', 'ROJAS', 'ZARATE', 'AX737055', 'option2', '8', 'deportistas/August2023/5rnaTyE0hbMi3dnpf6Wu.png', '5', '2008-11-04'),
(759, NULL, '2023-08-19 03:53:01', '2023-08-23 17:06:23', 'ANTONIA', 'CAICEDO', 'GRADADA', 'BC503348', 'option2', '8', 'deportistas/August2023/6hCJIBrfV0JXAWYXBTF2.png', '5', '2005-05-25'),
(760, NULL, '2023-08-19 03:54:25', '2023-08-23 17:03:31', 'AINHOA', 'VELEZA', 'CAMACHO', 'BA697326', 'option2', '8', 'deportistas/August2023/ew7yUusktQU8BAEjm4nN.png', '5', '2008-01-08'),
(761, NULL, '2023-08-19 03:56:03', '2023-08-19 03:56:03', 'ANA MARIA', 'CORREA', 'VANEGAS', 'BC003445', 'option2', '8', 'deportistas/August2023/iQxgw0XvwI4ADz5JQSlp.png', '5', '2005-03-30'),
(762, NULL, '2023-08-19 03:57:09', '2023-08-19 03:57:09', 'ISABELA', 'ARBOLEDA', 'GOMEZ', 'BC298289', 'option2', '8', 'deportistas/August2023/OSLRp03b7ACMUBIUHzRR.png', '5', '2005-04-04'),
(763, NULL, '2023-08-19 03:58:36', '2023-08-19 05:59:57', 'ISABELA', 'OCHOA', 'CADAVID', 'AR981404', 'option2', '8', 'deportistas/August2023/Eku0qvAbUbUXqeI5UWAI.jpg', '5', '2008-10-07'),
(764, NULL, '2023-08-19 04:02:53', '2023-08-19 04:02:53', 'JUANITA', 'PACHECO', 'PARDO', 'AY551719', 'option2', '8', 'deportistas/August2023/Pu14Jkp01LaUZm0dNuYW.png', '5', '2005-07-07'),
(765, NULL, '2023-08-19 04:05:49', '2023-08-19 04:05:49', 'LIZ ARIANA', 'LOPEZ', 'SANCHEZ', 'AZ371068', 'option2', '8', 'deportistas/August2023/eDa01ftMmSyUlsWGZrKp.png', '5', '2006-06-30'),
(766, NULL, '2023-08-19 04:07:40', '2023-08-19 04:07:40', 'MARIA JOSE', 'SERNA', 'QUIROZ', 'AQ816239', 'option2', '8', 'deportistas/August2023/7uZ7AKzVdiRe91c1kJLM.png', '5', '2007-09-24'),
(767, NULL, '2023-08-19 04:09:33', '2023-08-23 17:02:56', 'SALOME', 'AGUDELO', 'JIMENEZ', 'BA755752', 'option2', '8', 'deportistas/August2023/0oBYrC4BoVHRRL8pC6TQ.png', '5', '2008-08-13'),
(768, NULL, '2023-08-19 04:11:08', '2023-08-19 04:11:08', 'SARA', 'VANEGAS', 'MORALES', 'AX737974', 'option2', '8', 'deportistas/August2023/sSU1IV8T1LOKnqbevZmJ.png', '5', '2007-11-26'),
(770, NULL, '2023-08-19 04:13:26', '2023-08-19 05:38:07', 'MARIA CATALINA', 'PEÑA', 'GRANADOS', 'AV769456', 'option2', '8', 'deportistas/August2023/61fRuk153IAEaD7DNWJQ.jpg', '5', '2007-01-06'),
(771, NULL, '2023-08-19 04:50:10', '2023-08-19 04:50:10', 'JOSEPH', 'PAZ', 'GUTIERREZ', 'AX500484', 'option1', '8', 'deportistas/August2023/SHjZ8qBsoi61js1AzHaP.jpg', '2', '2006-11-21'),
(772, NULL, '2023-08-19 04:52:56', '2023-08-19 04:52:56', 'SOFIA', 'OSPINA', 'BETANCUR', 'BA466740', 'option2', '8', 'deportistas/August2023/z8uYwJkSn8sZLzL86Gs5.jpg', '2', '2005-01-14'),
(773, NULL, '2023-08-19 04:56:30', '2023-08-19 04:56:30', 'MARIA FERNANDA', 'RIVERA', 'CIFUENTES', 'BC396678', 'option2', '8', 'deportistas/August2023/FTP1P34RQ9ayeysN85Ja.jpg', '2', '2009-06-29'),
(774, NULL, '2023-08-19 05:54:10', '2023-08-19 05:54:10', 'ENRIQUE', 'OLANO', 'SUAREZ', '1034988461', 'option1', '8', 'deportistas/August2023/QqwSw7fCcmKPlH6NzWeK.jpg', '5', '2005-08-14'),
(775, NULL, '2023-08-19 05:57:43', '2023-08-19 05:57:43', 'MARIA CAROLINA', 'LASTRE', 'PALOMEQUE', '1077997995', 'option2', '8', 'deportistas/August2023/OJmcpvf7Mv7J5UtWlf2T.jpg', '5', '2005-08-11'),
(776, NULL, '2023-08-19 06:07:32', '2023-08-28 22:28:20', 'JUAN DIEGO', 'BOTELLO', 'SANDOVAL', '1043981526', 'option1', '8', 'deportistas/August2023/sWGDZiFYY2oS2v6ftXC1.jpeg', '2', '2009-05-29');
INSERT INTO `deportistas` (`id`, `deleted_at`, `created_at`, `updated_at`, `nombre`, `apellidopaterno`, `apellidomaterno`, `dni`, `sexo`, `paises_id`, `foto`, `disciplina_id`, `fechanacimiento`) VALUES
(777, NULL, '2023-08-19 06:08:29', '2023-08-28 21:52:49', 'SARA SOFIA', 'SANDOVAL', NULL, '1052839168', 'option2', '8', 'deportistas/August2023/aiR3ZMMbgL2h4CYqghZY.jpg', '2', '2005-12-15'),
(778, NULL, '2023-08-19 06:09:25', '2023-08-28 21:52:19', 'JUAN JOSE', 'CASTRO', 'TOLEDO', '1107838530', 'option1', '8', 'deportistas/August2023/lUKV3Mk6h4AX7ESztypA.jpg', '2', '2005-02-21'),
(779, NULL, '2023-08-19 15:11:09', '2023-08-19 15:11:09', 'ANA P', 'VERDE', '-', '32672186', 'option2', '14', NULL, '1', '2009-02-21'),
(780, NULL, '2023-08-19 15:12:32', '2023-08-19 15:12:32', 'MONICA', 'LEYDAR', '-', '32396878', 'option2', '14', NULL, '1', '2008-05-27'),
(781, NULL, '2023-08-19 15:14:10', '2023-08-21 02:10:11', 'PAOLA A', 'ESPINOSA', '-', '32596042', 'option2', '14', NULL, '1', '2008-08-20'),
(782, NULL, '2023-08-19 15:15:38', '2023-08-19 18:18:21', 'VIVIANA', 'DUARTE', '-', '174311751', 'option2', '14', NULL, '1', '2009-03-20'),
(786, NULL, '2023-08-19 15:23:02', '2023-08-19 15:23:02', 'VALERIA', 'CHACON', '-', '32933706', 'option2', '14', NULL, '1', '2008-02-08'),
(788, NULL, '2023-08-19 15:26:11', '2023-08-19 15:26:11', 'DANIELA', 'SUAREZ', '-', '32877040', 'option2', '14', NULL, '1', '2008-12-18'),
(789, NULL, '2023-08-19 15:27:26', '2023-08-19 15:27:26', 'DENNYS', 'PEREZ', '-', '32514036', 'option1', '14', NULL, '1', '2008-06-06'),
(790, NULL, '2023-08-19 15:28:36', '2023-08-21 02:12:34', 'DANY', 'PAPADIA', '-', '32862814', 'option1', '14', NULL, '1', '2008-08-25'),
(791, NULL, '2023-08-19 15:30:20', '2023-08-19 15:30:20', 'GAMAL', 'KABCHI', '-', '31985611', 'option1', '14', NULL, '1', '2008-01-29'),
(793, NULL, '2023-08-19 15:33:26', '2023-08-21 02:13:59', 'JOSE M', 'VARGAS', '-', '32522300', 'option1', '14', NULL, '1', '2008-07-16'),
(794, NULL, '2023-08-19 15:34:44', '2023-08-19 15:34:44', 'SANTIAGO', 'BELLO', NULL, '32535422', 'option1', '14', NULL, '1', '2008-10-27'),
(795, NULL, '2023-08-19 15:36:07', '2023-08-19 15:36:07', 'CESAR', 'TRIVILION', '-', '33450782', 'option1', '14', NULL, '1', '2008-10-03'),
(796, NULL, '2023-08-19 15:37:26', '2023-08-19 15:37:26', 'PIERO A', 'TORDECILLA', '-', '32453477', 'option1', '14', NULL, '1', '2008-04-23'),
(797, NULL, '2023-08-19 15:38:59', '2023-08-19 15:38:59', 'GUSTAVO E', 'IDROGO', '-', '32625806', 'option1', '14', NULL, '1', '2008-09-24'),
(799, NULL, '2023-08-19 15:49:38', '2023-08-19 15:49:38', 'ADRIAN A', 'JIMENEZ', '-', '33251972', 'option1', '14', NULL, '1', '2009-02-24'),
(800, NULL, '2023-08-19 15:52:04', '2023-08-19 15:52:04', 'ISABELLA', 'BERZAL', '-', '31819890', 'option2', '14', NULL, '1', '2007-04-27'),
(801, NULL, '2023-08-19 15:53:25', '2023-08-19 15:53:25', 'NICOLE', 'GUTIERREZ', '-', '31223838', 'option2', '14', NULL, '1', '2006-06-15'),
(806, NULL, '2023-08-19 16:04:27', '2023-08-19 16:04:27', 'NATHALIE S', 'MEDINA', '-', '31307570', 'option2', '14', NULL, '1', '2006-02-22'),
(807, NULL, '2023-08-19 16:05:52', '2023-08-19 16:05:52', 'ANGIBETH', 'PACHECO', '-', '30954503', 'option2', '14', NULL, '1', '2005-04-06'),
(808, NULL, '2023-08-19 16:07:28', '2023-08-19 16:07:28', 'VALESKA C', 'BETANCOURT', '-', '32194662', 'option2', '14', NULL, '1', '2007-12-12'),
(810, NULL, '2023-08-19 16:11:49', '2023-08-19 16:11:49', 'VICTOR A', 'CASTILLO', '-', '31422990', 'option1', '14', NULL, '1', '2006-04-18'),
(811, NULL, '2023-08-19 16:13:13', '2023-08-19 16:13:13', 'CESAR', 'PAREDES', '-', '32428759', 'option1', '14', NULL, '1', '2007-08-16'),
(812, NULL, '2023-08-19 16:14:24', '2023-08-19 16:14:24', 'KELVIN A', 'CABRERA', '-', '30931900', 'option1', '14', NULL, '1', '2005-02-11'),
(813, NULL, '2023-08-19 16:15:58', '2023-08-21 03:49:00', 'MANUEL G', 'DIAZ', '-', '31770559', 'option1', '14', NULL, '1', '2006-09-11'),
(814, NULL, '2023-08-19 16:18:50', '2023-08-19 16:18:50', 'LUIS M', 'GONZALEZ', '-', '31034451', 'option1', '14', NULL, '1', '2005-07-05'),
(815, NULL, '2023-08-19 16:23:35', '2023-08-21 03:38:13', 'GABRIEL', 'TORTOLA', '-', '31769076', 'option1', '14', NULL, '1', '2007-01-02'),
(817, NULL, '2023-08-19 16:26:40', '2023-08-19 16:26:40', 'FRANCISCO', 'MONTAÑO', '-', '31307310', 'option1', '14', NULL, '1', '2006-02-20'),
(818, NULL, '2023-08-19 16:28:15', '2023-08-19 16:28:15', 'AARON D', 'DUQUE', '-', '31377353', 'option1', '14', NULL, '1', '2006-02-08'),
(819, NULL, '2023-08-19 16:29:35', '2023-08-19 16:29:35', 'ROCCO', 'PETRONE', '-', '30848937', 'option1', '14', NULL, '1', '2005-05-11'),
(820, NULL, '2023-08-19 16:31:54', '2023-08-21 02:14:30', 'JAVIER', 'COLMENARES', '-', '31456973', 'option1', '14', NULL, '1', '2006-07-17'),
(822, NULL, '2023-08-19 16:35:51', '2023-08-19 16:35:51', 'DANIELA', 'SUAREZ', '-', '32877040', 'option2', '14', NULL, '2', '2008-12-18'),
(823, NULL, '2023-08-19 16:38:02', '2023-08-19 16:38:02', 'DAGNE V', 'CARVAJAL', '-', '33123327', 'option2', '14', NULL, '2', '2008-10-21'),
(824, NULL, '2023-08-19 16:40:23', '2023-08-19 16:40:23', 'SANTIAGO', 'BELLO', '-', '32535422', 'option1', '14', NULL, '2', '2008-10-27'),
(825, NULL, '2023-08-19 16:43:17', '2023-08-21 01:43:25', 'ANDRES', 'TERAN', '-', '34167606', 'option1', '14', NULL, '2', '2008-07-12'),
(827, NULL, '2023-08-19 16:48:38', '2023-08-19 16:48:38', 'MARIA J', 'CARRERO', '-', '31221296', 'option2', '14', NULL, '2', '2006-01-11'),
(828, NULL, '2023-08-19 16:49:56', '2023-08-19 16:49:56', 'SERGIO A', 'YBARRA', '-', '31628371', 'option1', '14', NULL, '2', '2006-06-13'),
(829, NULL, '2023-08-19 16:51:38', '2023-08-21 01:44:29', 'VICTOR', 'CASTILLO', '-', '31422990', 'option1', '14', NULL, '2', '2006-04-18'),
(830, NULL, '2023-08-19 16:53:22', '2023-08-19 16:53:22', 'ANASTACIA', 'RODRIGUEZ', '-', '30522849', 'option2', '14', NULL, '2', '2004-04-17'),
(834, NULL, '2023-08-19 18:22:28', '2023-08-20 16:53:37', 'NICOLE', 'CHRISTENSEN', '-', '650799882', 'option2', '14', NULL, '1', '2007-02-19'),
(835, NULL, '2023-08-19 18:34:47', '2023-08-19 18:34:47', 'SOFIA', 'ARIAZ', '-', '32764865', 'option2', '14', NULL, '1', '2009-02-06'),
(836, NULL, '2023-08-19 19:45:48', '2023-08-19 19:45:48', 'AZUL', 'Chiorazzo', 'Rolando', '48693977', 'option2', '1', 'deportistas/August2023/gmMGPu8dzDn3f5R2akTp.jpg', '3', '2005-06-20'),
(837, NULL, '2023-08-19 19:49:06', '2023-08-19 19:49:06', 'CIRO', 'D AMICO', 'MONTES', '50387507', 'option1', '1', 'deportistas/August2023/Qob9CoLpqg41njVNJsWy.jpg', '3', '2009-07-27'),
(838, NULL, '2023-08-19 19:51:03', '2023-08-20 01:31:47', 'VICTORIA', 'SCARPATO', '-', '48161174', 'option2', '1', 'deportistas/August2023/KTMFBgIxI5T8YUp60cN2.jpg', '3', '2007-06-19'),
(839, NULL, '2023-08-19 19:52:47', '2023-08-19 19:52:47', 'GUADALUPE', 'BRUSES', '-', '48032864', 'option2', '1', 'deportistas/August2023/csWwus3jJAtErA8zzRGP.jpg', '3', '2007-04-17'),
(841, NULL, '2023-08-19 19:56:36', '2023-08-19 19:56:36', 'GENARO', 'CAPRISTO', '-', '46973960', 'option1', '1', 'deportistas/August2023/IUQJ506NBisjexqwtLOG.jpg', '3', '2007-10-24'),
(843, NULL, '2023-08-19 19:59:28', '2023-08-19 19:59:28', 'GIULIANA', 'RUBIOLO', '-', '47173003', 'option2', '1', 'deportistas/August2023/UA2DaKlo8if2aPZzXOXS.jpg', '3', '2006-05-22'),
(844, NULL, '2023-08-19 20:05:22', '2023-08-19 20:05:22', 'AGUSTINA', 'FORZANI', '-', '52866907', 'option2', '1', 'deportistas/August2023/Xded3bwbdSVylPDmmWL6.jpg', '3', '2013-04-03'),
(845, NULL, '2023-08-20 03:17:27', '2023-08-20 03:17:27', 'Duncan', 'Cameron', 'Rambo', 'Q559733', 'option1', '11', 'deportistas/August2023/71ns3iRwZEMZDW1bTb2D.jpeg', '1', '2005-08-17'),
(846, NULL, '2023-08-20 03:19:16', '2023-08-20 03:19:16', 'Camilo', 'Villalba', 'Vera', 'R671701', 'option1', '11', 'deportistas/August2023/ajINarXGm3oGYTBh5W5q.jpeg', '1', '2005-04-23'),
(847, NULL, '2023-08-20 03:20:50', '2023-08-20 03:20:50', 'Laurent Alejandro', 'Barrios', 'Flor', 'R636791', 'option1', '11', NULL, '1', '2008-07-28'),
(848, NULL, '2023-08-20 03:23:18', '2023-08-20 03:23:18', 'Maximiliano', 'Benitez', 'Secchia', 'S698737', 'option1', '11', 'deportistas/August2023/MDLiHTKQhYnqCsgCZBck.jpeg', '1', '2005-03-26'),
(849, NULL, '2023-08-20 03:25:16', '2023-08-20 03:25:16', 'Christian Ivan', 'Correa', 'Babañoli', 'S774969', 'option1', '11', 'deportistas/August2023/OhJ22lvDlhbmfbghTOmz.jpeg', '1', '2008-05-26'),
(850, NULL, '2023-08-20 03:27:19', '2023-08-20 03:27:19', 'Daisy Alejandra', 'Spaini', 'Gonzalez', 'R637669', 'option2', '11', 'deportistas/August2023/tzZPpcX4pG0kMvOo1FfS.jpeg', '1', '2010-03-22'),
(851, NULL, '2023-08-20 03:29:13', '2023-08-20 03:29:13', 'Astrid Monserrath', 'Caballero', 'Genes', 'S732791', 'option2', '11', 'deportistas/August2023/dv6DWk8VR4Yleo0S7v5U.jpeg', '1', '2005-03-19'),
(852, NULL, '2023-08-20 03:31:06', '2023-08-20 03:31:06', 'Ayelet Carolina', 'Battaglia', 'Coronel', 'T780721', 'option2', '11', 'deportistas/August2023/LGXW7sXpwZBQp8mpmCuQ.jpg', '1', '2010-03-25'),
(853, NULL, '2023-08-20 03:32:54', '2023-08-20 03:32:54', 'Cielo Jazmin', 'Peralta', 'Hoge', 'Q573393', 'option2', '11', 'deportistas/August2023/Cvq7qKSB8ereYUqcVxaT.jpeg', '1', '2006-09-12'),
(854, NULL, '2023-08-20 03:35:02', '2023-08-20 03:35:02', 'Cristhiane', 'Añasco', 'Kliemann', 'S775653', 'option2', '11', 'deportistas/August2023/F5xrPiG32qDKMcospm2Y.jpeg', '1', '2009-02-03'),
(855, NULL, '2023-08-20 03:39:27', '2023-08-20 03:39:27', 'Lara Luciana', 'Gimenez', 'Yegros', 'R633527', 'option2', '11', 'deportistas/August2023/IJFPKNftkALLYOA4Zbar.jpeg', '1', '2009-02-06'),
(856, NULL, '2023-08-20 03:48:07', '2023-08-20 03:48:07', 'Abby Magali', 'Torres', 'Maguet', '5458868', 'option2', '11', 'deportistas/August2023/iL8I1ouaKVBTYthRJNTQ.jpeg', '5', '2005-10-19'),
(857, NULL, '2023-08-20 03:49:37', '2023-08-20 03:49:37', 'Abel Fabrizio', 'Almada', 'Paredes', '6828467', 'option1', '11', 'deportistas/August2023/6Da0LSO68Q5Wdet2zfnE.jpeg', '5', '2010-04-07'),
(858, NULL, '2023-08-20 03:52:54', '2023-08-20 03:52:54', 'Alice Eliane', 'Ayala', 'Aleman', '6008763', 'option2', '11', 'deportistas/August2023/pfZfysURLB28pdjebyxS.jpeg', '5', '2007-06-16'),
(859, NULL, '2023-08-20 03:54:27', '2023-08-20 03:54:27', 'Celeste Ahinara', 'Aguilar', 'Mora', '5707005', 'option2', '11', 'deportistas/August2023/DbGd2oD2jPL8XHKFZQJ2.jpeg', '5', '2006-01-05'),
(860, NULL, '2023-08-20 03:58:40', '2023-08-20 03:58:40', 'Cesar Fabrizio', 'Lopez', 'Veron', '6193334', 'option1', '11', 'deportistas/August2023/XBZwsbOj6k4kRwWPAuXa.jpeg', '5', '2007-09-04'),
(861, NULL, '2023-08-20 03:59:51', '2023-08-20 03:59:51', 'Dana Antonella', 'Ayala', 'Diaz', '6007517', 'option2', '11', 'deportistas/August2023/2dOuQQTPnl2PMlvhxBJo.jpeg', '5', '2006-09-12'),
(862, NULL, '2023-08-20 04:02:35', '2023-08-20 04:02:35', 'Fabrizio Jesus', 'Peralta', 'Hoge', '6923055', 'option1', '11', 'deportistas/August2023/SW7MlpJhjrrxTYdwOPnw.jpeg', '5', '2008-12-22'),
(863, NULL, '2023-08-20 04:03:36', '2023-08-20 04:03:36', 'Facundo', 'Alvarenga', 'Fernandez', '7031856', 'option1', '11', 'deportistas/August2023/SFa5iuSmFPbMTMlL1nwL.jpeg', '5', '2009-11-13'),
(864, NULL, '2023-08-20 04:04:54', '2023-08-20 04:04:54', 'Facundo Adrian', 'Espinola', 'Riveros', '6288941', 'option1', '11', 'deportistas/August2023/xfg2peWPIwa8x3f5Crmw.jpeg', '5', '2009-04-22'),
(865, NULL, '2023-08-20 04:06:04', '2023-08-20 04:06:04', 'Fernando Miguel', 'Segovia', 'Villalba', '6565524', 'option1', '11', 'deportistas/August2023/mjZi2iFE0sbN9MydL00R.jpeg', '5', '2010-01-12'),
(866, NULL, '2023-08-20 04:07:51', '2023-08-20 04:07:51', 'Florencia Arami', 'Amarilla', 'Aquino', '5965868', 'option2', '11', 'deportistas/August2023/n62BjadezbfTCDbQWCGI.jpeg', '5', '2007-02-21'),
(867, NULL, '2023-08-20 04:09:29', '2023-08-20 04:09:29', 'Gonzalo', 'Da Conceicao', 'Rivarola', '7359837', 'option1', '11', 'deportistas/August2023/oxol0aEkk1R77xm06V15.jpeg', '5', '2011-12-12'),
(868, NULL, '2023-08-20 04:10:33', '2023-08-20 04:10:33', 'Harumi Agustina', 'Baigorria', 'Figueredo', '7221398', 'option2', '11', 'deportistas/August2023/eG3ouG74sgFTPJ0CtCl9.jpeg', '5', '2008-04-15'),
(869, NULL, '2023-08-20 04:12:49', '2023-08-20 04:12:49', 'Jamila Araceli', 'Zarate', 'Peralta', '6325699', 'option2', '11', 'deportistas/August2023/uiaw3vs1aGTlsnpAneOY.jpeg', '5', '2007-03-10'),
(870, NULL, '2023-08-20 04:13:50', '2023-08-20 04:13:50', 'Jonas Emmanuel', 'Martinez', 'Galeano', '6054615', 'option1', '11', 'deportistas/August2023/4mNnG8VVcsFKxcGVqGOM.jpeg', '5', '2008-06-23'),
(871, NULL, '2023-08-20 04:15:23', '2023-08-20 04:15:23', 'Leandro Benjamin', 'Lopez', 'Barrios', '5759279', 'option1', '11', 'deportistas/August2023/km4DFot1ToCyshgd0u1c.jpeg', '5', '2007-06-14'),
(872, NULL, '2023-08-20 04:16:32', '2023-08-20 04:16:32', 'Marcelo Luis', 'Ayala', 'Zarza', '5753264', 'option1', '11', 'deportistas/August2023/Q5VfGTYUSNRg2BbVBVjG.jpeg', '5', '2007-02-23'),
(873, NULL, '2023-08-20 04:17:45', '2023-08-20 04:17:45', 'Maria Paz', 'Seall', 'Faella', '5593144', 'option2', '11', 'deportistas/August2023/O5RzAfpKBpmVKLB6zzYJ.jpeg', '5', '2006-05-21'),
(874, NULL, '2023-08-20 04:18:55', '2023-08-20 04:18:55', 'Mauro Octavio Rene', 'Fretes', 'Rodriguez', '6286124', 'option1', '11', 'deportistas/August2023/KI2G6e4x7Vm5bZeUK91x.jpeg', '5', '2009-01-05'),
(875, NULL, '2023-08-20 04:20:03', '2023-08-20 04:20:03', 'Naomi Abigail', 'Benites', 'Noguera', '6763142', 'option2', '11', 'deportistas/August2023/JUDO6rITl0vdOnR6P7P4.jpeg', '5', '2010-05-31'),
(876, NULL, '2023-08-20 04:21:05', '2023-08-20 04:21:05', 'Nicole', 'Gini', 'Tejera', '5758722', 'option2', '11', 'deportistas/August2023/dnJfuHCB0I0dm2Jn0OLH.jpeg', '5', '2006-07-31'),
(877, NULL, '2023-08-20 04:22:08', '2023-08-20 04:22:08', 'Noelia Arami', 'Insfran', 'Gomez', '6521942', 'option2', '11', 'deportistas/August2023/t94mTtcRe2LzmWuxoc6F.jpeg', '5', '2007-10-19'),
(878, NULL, '2023-08-20 04:23:10', '2023-08-20 04:23:10', 'Roque Ezequiel', 'Gomez', 'Sagaz', '6146461', 'option1', '11', 'deportistas/August2023/cOMOzOcSjmk9V2ZF41Ba.jpeg', '5', '2008-07-22'),
(879, NULL, '2023-08-20 04:24:27', '2023-08-20 04:24:27', 'Santino Emanuel', 'Ayala', 'Lopez', '6256061', 'option1', '11', 'deportistas/August2023/r4KIcKLyobnY0eQNTXGw.jpeg', '5', '2008-09-20'),
(880, NULL, '2023-08-20 04:25:32', '2023-08-20 04:25:32', 'Sofia montserrat', 'Segovia', 'Villalba', '5853881', 'option2', '11', 'deportistas/August2023/R0ZlEOPAhPB4qlWflPqz.jpeg', '5', '2007-08-21'),
(881, NULL, '2023-08-20 04:26:50', '2023-08-20 04:26:50', 'Sol Magali', 'Amarilla', 'Aquino', '6006275', 'option2', '11', 'deportistas/August2023/n4YN68Y9CQDG2JDEe4Vf.jpeg', '5', '2008-01-28'),
(882, NULL, '2023-08-20 04:34:37', '2023-08-20 04:34:37', 'Cecilia Montserrat', 'Piraino', 'Chamorro', 'S733194', 'option2', '11', 'deportistas/August2023/43hPT4AstBN73aCNN8f9.jpg', '2', '2008-03-11'),
(883, NULL, '2023-08-20 04:36:14', '2023-08-20 04:36:14', 'Cielo Jazmin', 'Peralta', 'Hoge', 'Q573393', 'option2', '11', 'deportistas/August2023/ZWqg2FStumwDI992cbTr.jpeg', '2', '2006-09-12'),
(884, NULL, '2023-08-20 04:37:51', '2023-08-20 04:37:51', 'Goran Luka', 'Pfnnl', 'Alvarez', '6050875', 'option1', '11', 'deportistas/August2023/OargzGWGXetRzdSBPAOz.jpeg', '2', '2008-05-02'),
(885, NULL, '2023-08-20 04:39:42', '2023-08-20 04:39:42', 'Guillermo Rafael', 'Villalba', 'Rodriguez', 'S772814', 'option1', '11', 'deportistas/August2023/LDm22JyN3fQuGgqJJsD7.jpeg', '2', '2004-03-12'),
(886, NULL, '2023-08-20 04:41:35', '2023-08-20 04:41:35', 'Harumi Agustina', 'Baigorria', 'Figueredo', 'S718368', 'option2', '11', 'deportistas/August2023/JfwZ59RoyaT0C35CJGDv.jpeg', '2', '2008-04-15'),
(887, NULL, '2023-08-20 04:48:04', '2023-08-20 04:48:04', 'Juan Fernando', 'Apodaca', 'Campodonico', 'P528852', 'option1', '11', 'deportistas/August2023/PZcmEKXhc1pujbTQDXxi.jpg', '2', '2009-04-17'),
(888, NULL, '2023-08-20 04:49:24', '2023-08-20 04:49:24', 'Joaquin Marcelo', 'Estigarribia', 'Lezcano', 'S698890', 'option1', '11', 'deportistas/August2023/q69wbczYa4dAop4OcVXv.jpeg', '2', '2005-12-12'),
(889, NULL, '2023-08-20 04:50:39', '2023-08-20 04:50:39', 'Mariana Arami', 'Rodriguez', 'Ovelar', '6519016', 'option2', '11', 'deportistas/August2023/yl1F1kNRp7sBqIBVkJC8.jpeg', '2', '2007-05-12'),
(890, NULL, '2023-08-20 04:51:46', '2023-08-20 04:51:46', 'Rodrigo Abiff', 'Medina', 'Bolf', 'S774058', 'option1', '11', 'deportistas/August2023/18dyeZ7wkZ235hG6r1pz.jpeg', '2', '2006-12-15'),
(891, NULL, '2023-08-20 16:28:36', '2023-08-20 16:28:36', 'ALESSANDRA', 'DAVILA', '-', '33084011', 'option2', '14', NULL, '1', '2009-10-10'),
(892, NULL, '2023-08-21 00:22:50', '2023-08-21 00:22:50', 'CESAR', 'MARTINEZ', '-', '28307645', 'option1', '14', NULL, '2', '2005-10-20'),
(893, NULL, '2023-08-21 00:36:17', '2023-08-21 00:36:17', 'MEDINA', 'NATHALIE', '-', '31307570', 'option2', '14', NULL, '2', '2006-02-22'),
(894, NULL, '2023-08-21 06:03:13', '2023-08-22 14:17:50', 'HEITOR', 'FONSECA REIS', 'NAPOLITANO', 'GF829753', 'option1', '6', 'deportistas/August2023/DlqniunTnAHXUqkqSUzs.jpg', '1', '2005-11-28'),
(895, NULL, '2023-08-21 06:08:59', '2023-08-22 14:16:23', 'MATHEUS', 'MELECCHI', 'DE FREITAS', 'GE526239', 'option1', '6', 'deportistas/August2023/eg2Bq07DjIDufa0frs80.jpg', '1', '2005-11-11'),
(896, NULL, '2023-08-21 06:11:07', '2023-08-22 14:14:48', 'VINÍCIUS', 'RIZZA', 'MARQUES', 'GD937017', 'option1', '6', 'deportistas/August2023/JHVQei7ilnt5YppWHIBR.jpg', '1', '2005-05-20'),
(897, NULL, '2023-08-21 06:13:48', '2023-08-22 14:13:23', 'LEONARDO', 'ALCÂNTARA', 'BARBIÉRI', 'GE095632', 'option1', '6', 'deportistas/August2023/xEy2LLspySuMz6063NA0.jpg', '1', '2005-01-06'),
(898, NULL, '2023-08-21 06:16:42', '2023-08-22 14:12:06', 'GUILHERME', 'KANZLER', 'GUSTAVO', 'GD559565', 'option1', '6', 'deportistas/August2023/jnsWYQivoYzUZFOjp41I.jpg', '1', '2005-05-17'),
(899, NULL, '2023-08-21 06:19:36', '2023-08-22 14:10:38', 'PEDRO', 'DE ANDRADE', 'SANSONE TEIXEIRA', 'GC506743', 'option1', '6', 'deportistas/August2023/fMbm6pWEKlyjtGsYh5vH.jpg', '1', '2006-04-19'),
(900, NULL, '2023-08-21 06:21:45', '2023-08-22 14:08:55', 'SAMUEL', 'LOPES', 'DE OLIVEIRA', 'GC365773', 'option1', '6', 'deportistas/August2023/QIFYrSP7cAAFBKiR7FoA.jpg', '1', '2006-04-06'),
(901, NULL, '2023-08-21 06:24:19', '2023-08-22 14:07:18', 'GABRIEL', 'OREM', 'ABRAHÃO BARBALAT', 'GF891435', 'option1', '6', 'deportistas/August2023/io0Zwmz6TNlzQKjmW0AG.jpg', '1', '2008-03-15'),
(902, NULL, '2023-08-21 06:30:36', '2023-08-22 14:05:46', 'MIGUEL', 'SANTOS', 'CARVALHOSA DOS', '894601-9', 'option1', '6', 'deportistas/August2023/WzRWoat30ggPUv0SPEZh.png', '1', '2008-05-09'),
(903, NULL, '2023-08-21 06:32:55', '2023-08-22 14:03:41', 'ANDRÉ', 'LOPES FILHO', '-', 'GB748541', 'option1', '6', 'deportistas/August2023/JttBKToFkApczICpQzLz.jpg', '1', '2008-09-03'),
(904, NULL, '2023-08-21 06:37:09', '2023-08-22 14:01:16', 'MURILO', 'AMATUZZI', 'BRAGA', 'GC273440', 'option1', '6', 'deportistas/August2023/gLTBI73HvvVRm1T4H7Pj.jpg', '1', '2006-01-18'),
(905, NULL, '2023-08-21 06:41:05', '2023-08-22 13:57:06', 'RAFAEL', 'ROCHA', '-', 'GH458770', 'option1', '6', 'deportistas/August2023/GBv9NJZyolvjyHjGiIN1.jpg', '1', '2008-05-05'),
(906, NULL, '2023-08-21 06:43:35', '2023-08-22 13:54:11', 'ARTHUR', 'TONETTO', 'SHEN', 'GE098552', 'option1', '6', 'deportistas/August2023/ukB8mKhZ9mWs8ZEEkApx.jpg', '1', '2008-02-20'),
(907, NULL, '2023-08-21 06:45:21', '2023-08-22 13:51:45', 'DAVI', 'CARVALHO', 'ISAAC DE', 'GC114100', 'option1', '6', 'deportistas/August2023/bfKFilkK3XKLFuw5TSeA.jpg', '1', '2005-05-30'),
(908, NULL, '2023-08-21 06:47:16', '2023-08-22 13:50:25', 'DAVI', 'COSTA DE CARVALHO', 'VALIM', 'FW630330', 'option1', '6', 'deportistas/August2023/tA0MbtaNgAm4kmAoDUFC.jpg', '1', '2008-03-17'),
(909, NULL, '2023-08-21 06:50:48', '2023-08-22 13:48:57', 'LUIGGI', 'GOMES', 'CUNHA', '56120242-4', 'option1', '6', 'deportistas/August2023/RXdYmhGQNRlAVuhopg2a.jpg', '1', '2005-08-23'),
(910, NULL, '2023-08-21 06:53:24', '2023-08-22 13:47:16', 'ARTUR', 'SOUZA', 'FIGUEIREDO DE', 'GD982650', 'option1', '6', 'deportistas/August2023/s7uXVe3mCvlFeVlMKDeo.jpg', '1', '2008-11-03'),
(911, NULL, '2023-08-21 06:56:29', '2023-08-22 13:45:58', 'CAUÃ', 'ANGELOTTI', 'LOPES', '60369673-9', 'option1', '6', 'deportistas/August2023/nSkL5Bm1zTXinLr90Jws.jpg', '1', '2008-05-21'),
(912, NULL, '2023-08-21 06:59:10', '2023-08-22 13:44:36', 'KAUÃ', 'CARVALHO', 'SANTOS', '53.669.488-6', 'option1', '6', 'deportistas/August2023/Z4fS4g2O4Kq036oabu4E.png', '1', '2008-06-07'),
(913, NULL, '2023-08-21 07:01:15', '2023-08-22 13:42:18', 'JOÃO PIERRE', 'CAMPOS', 'DE GRUTOLA', 'GC363339', 'option1', '6', 'deportistas/August2023/Vv8SU8V83n3VjQ4BomtU.jpg', '1', '2005-03-11'),
(914, NULL, '2023-08-21 07:03:58', '2023-08-22 13:37:02', 'PEDRO HENRIQUE', 'MEDRADO', 'OLIVEIRA', '448333-2', 'option1', '6', 'deportistas/August2023/WO8Yd4UEQHPGR0iVn0TE.jpg', '1', '2008-01-10'),
(915, NULL, '2023-08-21 07:05:30', '2023-08-22 13:33:54', 'DAVI', 'ZANELLA', 'LEONE', 'GE935633', 'option1', '6', 'deportistas/August2023/Qbk7HXA2WBf0VrkZFgWM.jpg', '1', '2005-09-07'),
(916, NULL, '2023-08-21 07:35:41', '2023-08-22 13:31:08', 'PEDRO HENRIQUE', 'MOREIRA', 'NEVES', '54.674.753-X', 'option1', '6', 'deportistas/August2023/Bhnh0AqmVhRJi7R03WQn.jpg', '1', '2008-12-09'),
(917, NULL, '2023-08-21 23:25:00', '2023-08-23 19:01:05', 'Pilar', 'Villa', '-', '56875564', 'option2', '13', 'deportistas/August2023/uwuObGOi2kBsk0sebotL.jpeg', '4', '2007-05-02'),
(918, NULL, '2023-08-21 23:25:40', '2023-08-23 18:59:20', 'Lucia', 'Ververis', '-', '55203089', 'option2', '13', 'deportistas/August2023/mXAVvqmJMgbbEwLLGUtY.jpeg', '4', '2005-05-02'),
(919, NULL, '2023-08-21 23:26:34', '2023-08-23 18:58:40', 'Ines', 'Cabral', '-', '58217677', 'option2', '13', 'deportistas/August2023/K9AgPAkxrS98FQCp85SH.jpeg', '4', '2009-10-14'),
(920, NULL, '2023-08-21 23:27:11', '2023-08-23 18:58:18', 'María Jose', 'Gagliardi', '-', '53823529', 'option2', '13', 'deportistas/August2023/1yVpwsEYOhmgZucliDh8.jpeg', '4', '2009-12-19'),
(921, NULL, '2023-08-21 23:27:45', '2023-08-23 18:57:51', 'Priscila Güida', 'Spalvier', '-', '57758622', 'option2', '13', 'deportistas/August2023/HXqQvJzFMeTUJ4A9bXQi.jpeg', '4', '2009-01-13'),
(922, NULL, '2023-08-21 23:28:41', '2023-08-23 18:57:18', 'Julieta', 'Cha', 'Magallanes', '57187249', 'option2', '13', 'deportistas/August2023/DEkpP5MQp9kJrOsRSzOH.jpg', '4', '2008-03-29'),
(923, NULL, '2023-08-21 23:29:17', '2023-08-23 18:54:29', 'Paulina', 'Altieri', '-', '57442061', 'option2', '13', 'deportistas/August2023/CwkkNhVqJzcciGEGSLRo.jpeg', '4', '2008-07-29'),
(924, NULL, '2023-08-21 23:29:50', '2023-08-23 18:54:05', 'Franca', 'Deambrosio', '-', '57530391', 'option2', '13', 'deportistas/August2023/63Qi83WtUCwRY9RwITMr.jpeg', '4', '2008-09-10'),
(925, NULL, '2023-08-21 23:32:33', '2023-08-23 18:53:38', 'Pilar', 'Fernández', '-', '58132392', 'option2', '13', 'deportistas/August2023/Q3109AkyNbXD156Bqca0.jpeg', '4', '2009-08-23'),
(926, NULL, '2023-08-21 23:33:06', '2023-08-23 18:52:06', 'Lara', 'Budiño', '-', '54017011', 'option2', '13', 'deportistas/August2023/L2U2b36oE8zA28maCOqC.jpg', '4', '2004-03-05'),
(927, NULL, '2023-08-21 23:33:46', '2023-08-23 18:51:03', 'Nicolás', 'Lazaga', '-', '55074080', 'option2', '13', 'deportistas/August2023/YzPoR3vRN8YZtR57WYwf.jpg', '4', '2004-06-13'),
(928, NULL, '2023-08-21 23:34:20', '2023-08-23 18:48:05', 'Josefina', 'Paris', '-', '57133458', 'option2', '13', 'deportistas/August2023/WCigi3bgPVlcJHA3MXbp.jpeg', '4', '2007-12-29'),
(929, NULL, '2023-08-21 23:34:56', '2023-08-23 18:45:22', 'Martina', 'Dacunda', '-', '58772192', 'option2', '13', 'deportistas/August2023/QCz68hPo6W1iUMclu1PR.jpeg', '4', '2010-10-03'),
(930, NULL, '2023-08-21 23:35:26', '2023-08-23 18:44:23', 'Martina', 'Maisonaba', '-', '57063029', 'option2', '13', 'deportistas/August2023/NOyV5gmkQQfZ4qF4lVYE.jpeg', '4', '2008-02-11'),
(931, NULL, '2023-08-22 00:32:13', '2023-08-22 00:32:13', 'GREIVIS DEL MAR', 'MARTINEZ', '-', '27714633', 'option2', '14', NULL, '3', '2008-09-17'),
(932, NULL, '2023-08-22 00:33:29', '2023-08-22 00:33:29', 'HECTOR ALEJANDRO', 'SUAREZ', '-', '33619183', 'option1', '14', NULL, '3', '2010-10-28'),
(934, NULL, '2023-08-22 03:16:21', '2023-09-03 00:42:31', 'TOMÁS', 'JOUGLARD', '-', '48580716', 'option1', '1', 'deportistas/August2023/f0cBGpOFM9nCma0gntDS.jpg', '2', '2008-03-12'),
(935, NULL, '2023-08-22 03:17:41', '2023-08-22 03:17:41', 'MATIAS', 'CHAILLOU', '-', '49398883', 'option1', '1', 'deportistas/August2023/GGPIK5HK2KBy2yRn7M0Q.jpg', '2', '2008-09-25'),
(936, NULL, '2023-08-22 03:20:03', '2023-08-22 03:20:03', 'SOFÍA', 'GARCES', '-', '48265261', 'option2', '1', 'deportistas/August2023/IhOH4sGjHEQGVv0PXOxv.jpg', '2', '2008-01-25'),
(937, NULL, '2023-08-22 03:22:53', '2023-08-22 03:22:53', 'IGNACIO', 'STAMBUCK', '-', '47331514', 'option1', '1', 'deportistas/August2023/31io76B2RFmHubgq2q4u.jpg', '2', '2006-08-21'),
(938, NULL, '2023-08-22 03:24:36', '2023-08-22 03:24:36', 'LUCCA', 'SCALISI', '-', '46973061', 'option1', '1', 'deportistas/August2023/KJHR6yYEjNjOpm1nQrVY.jpg', '2', '2006-01-30'),
(939, NULL, '2023-08-22 03:25:56', '2023-08-22 03:25:56', 'FLORENTINA SILVINA', 'SIGURA', '-', '47925732', 'option2', '1', 'deportistas/August2023/SgGI9Fv6OV9AsDb7pHHw.jpg', '2', '2007-03-31'),
(940, NULL, '2023-08-22 03:27:48', '2023-08-22 03:27:48', 'MARIA SOL', 'HORMAECHE', '-', '46658212', 'option2', '1', 'deportistas/August2023/ozqIga9R7CpH1obElyoB.jpg', '2', '2006-06-20'),
(941, NULL, '2023-08-22 03:28:48', '2023-08-22 03:28:48', 'TOMAS', 'RODRIGUEZ', '-', '46127845', 'option1', '1', 'deportistas/August2023/Emfx8MS0SHn5lLCZL2XQ.jpg', '2', '2004-12-03'),
(942, NULL, '2023-08-22 03:29:52', '2023-08-22 03:29:52', 'MARTIN', 'PERRONE', '-', '46544637', 'option1', '1', 'deportistas/August2023/qI3Zatirsst00HKa3pEp.jpg', '2', '2005-02-23'),
(943, NULL, '2023-08-22 03:31:42', '2023-08-22 03:31:42', 'MARIEL', 'LOYATO', '-', '46288620', 'option2', '1', 'deportistas/August2023/B80xG29pp9DULagKeK0m.jpg', '2', '2004-10-28'),
(944, NULL, '2023-08-22 03:38:48', '2023-08-22 03:38:48', 'CANDELA', 'GIORDANINO', '-', '45805846', 'option2', '1', 'deportistas/August2023/Rl42wtRHQO4JysAWtXQA.jpeg', '2', '2004-05-23'),
(945, NULL, '2023-08-22 06:12:13', '2023-08-22 06:12:13', 'LUIS ARTURO', 'GRANDA', 'MELGAR', '73554994', 'option1', '4', 'deportistas/August2023/XgpfQzUrW3obXfrSmzfb.jpg', '2', '2009-07-24'),
(946, NULL, '2023-08-22 06:15:41', '2023-08-22 06:15:41', 'MARIA FERNANDA', 'ARELLANOS', 'CRUZ', '61791592', 'option2', '4', 'deportistas/August2023/SPF1eD3a1e6Eu9y1CEkD.jpg', '2', '2009-03-31'),
(947, NULL, '2023-08-22 06:17:54', '2023-08-22 06:17:54', 'ARIANA BELEN', 'RODRIGUEZ', 'SANCHEZ', '61313386', 'option2', '4', 'deportistas/August2023/0bFAjUiwgNi6DitTj6AG.jpg', '2', '2008-02-22'),
(948, NULL, '2023-08-22 06:27:48', '2023-08-22 06:27:48', 'SERGIO DANIEL', 'SALDAMANDO', 'MARTINEZ', '60880281', 'option1', '4', 'deportistas/August2023/v08AvbqChWB5uJ66YvQp.jpg', '2', '2006-11-21'),
(949, NULL, '2023-08-22 06:32:02', '2023-08-22 06:32:02', 'CESAR GABRIEL', 'QUINTO', 'PICHILINGUE', '70597473', 'option1', '4', 'deportistas/August2023/xgOcdjjbkm2zcindz1Gn.jpg', '2', '2007-01-10'),
(950, NULL, '2023-08-22 06:33:35', '2023-08-22 06:33:35', 'MIA LUCIANA', 'AREVALO', 'SOTO', '70710655', 'option1', '4', 'deportistas/August2023/tNqbsMpSHo5srHuzNxDj.jpg', '2', '2007-06-28'),
(951, NULL, '2023-08-22 06:59:29', '2023-08-22 06:59:29', 'ADRIAN GUSTAVO', 'YWANAGA', 'PAPI', '74527744', 'option1', '4', 'deportistas/August2023/8syBmAF1y29dRea9YSXq.jpg', '2', '2004-07-28'),
(952, NULL, '2023-08-22 08:07:28', '2023-08-22 08:07:28', 'JOAQUIN VICENTE', 'DEVOTO', 'CROSBY', '74072158', 'option1', '4', 'deportistas/August2023/tdDNajLReBy2xpGhJE59.jpg', '2', '2005-01-17'),
(953, NULL, '2023-08-22 08:09:05', '2023-08-22 08:11:21', 'LUCIA XIMENA', 'MENDOZA', 'AVALOS', '75464345', 'option2', '4', 'deportistas/August2023/EBj5zGOkwCFxwH9cJWS1.jpg', '2', '2005-05-15'),
(954, NULL, '2023-08-22 08:10:37', '2023-08-22 08:10:56', 'MICAELA FABIANA', 'ZAMBRANO', 'ELIAS', '72435611', 'option2', '4', 'deportistas/August2023/lqXImqhve22Wkrtm6jAK.jpg', '2', '2004-07-19'),
(955, NULL, '2023-08-22 08:17:37', '2023-08-22 08:17:37', 'ALEJANDRO VIDAL', 'TEVES', 'GALAN', '71154311', 'option1', '4', 'deportistas/August2023/gINDBsG8pPMS2ZeMJLii.jpg', '2', '2008-01-11'),
(956, NULL, '2023-08-22 14:20:37', '2023-08-22 14:20:37', 'Paulo Marcelo Costa de Jesus', 'Costas de Jesus', '-', 'GH290026', 'option1', '6', 'deportistas/August2023/rXnm6Tasbz9JYFTNDPWv.jpg', '1', '2009-11-11'),
(957, NULL, '2023-08-22 21:25:14', '2023-08-23 18:19:01', 'Paula', 'Torrens', 'Caceres', '57941647', 'option2', '13', 'deportistas/August2023/LarzYYsThLMmQ4VeaprG.jpg', '2', '2008-10-21'),
(958, NULL, '2023-08-22 21:25:50', '2023-08-23 18:18:29', 'Luciano', 'Borges', '-', '58095936', 'option1', '13', 'deportistas/August2023/kFLiRFpbaQRmubEkNZmw.jpg', '2', '2009-08-02'),
(960, NULL, '2023-08-22 21:27:13', '2023-08-23 18:17:10', 'Pilar', 'Cañedo', 'Ottonelli', '55629322', 'option2', '13', 'deportistas/August2023/xth6MwKDysUHmVtgZ8A5.jpg', '2', '2004-05-31'),
(961, NULL, '2023-08-22 21:27:49', '2023-08-23 18:16:55', 'Martina', 'Diaz', 'Cabral', '56928347', 'option2', '13', 'deportistas/August2023/qbWp4KBIDYXDzT7eAhq9.JPG', '2', '2006-11-01'),
(962, NULL, '2023-08-22 21:28:22', '2023-08-23 18:16:41', 'Lucia', 'Ximenez', 'Urbin', '56113940', 'option2', '13', 'deportistas/August2023/EXSBQJxAU7A8j1JyxqNu.jpg', '2', '2006-06-27'),
(964, NULL, '2023-08-22 21:30:07', '2023-08-23 18:16:21', 'Damian', 'Sena', '-', '56722076', 'option1', '13', 'deportistas/August2023/MbQP4HrHDPcOAb9OAjBS.jpg', '2', '2007-07-31'),
(965, NULL, '2023-08-22 23:50:24', '2023-08-22 23:50:24', 'ANTONELA', 'DONADIO PASIUSIS', '-', '48704065', 'option2', '1', 'deportistas/August2023/ovwLh1yv4crFSsxlGK6k.jpeg', '2', '2008-05-23'),
(966, NULL, '2023-08-24 17:04:53', '2023-08-24 17:04:53', 'Caio', 'Santos Dalmaso', '-', 'GC361690', 'option1', '6', 'deportistas/August2023/cMxoSXDqYHeBi1EIVs2z.png', '3', '2005-10-24'),
(967, NULL, '2023-08-25 04:04:59', '2023-08-25 04:04:59', 'Jose Matias', 'Fleitas', 'Gonzalez', '6608351', 'option1', '11', 'deportistas/August2023/rGAjDCASLLuSU3kyOSMS.jpg', '1', '2009-06-02'),
(968, NULL, '2023-08-25 04:06:31', '2023-08-25 04:06:31', 'Lucas Maximiliano', 'Zayas', 'Benitez', 'R669253', 'option1', '11', 'deportistas/August2023/Cqe8Ew1hDQN6TA87TTL4.jpeg', '1', '2010-05-17'),
(969, NULL, '2023-08-25 04:07:50', '2023-08-25 04:07:50', 'Luciano', 'Benitez', 'Secchia', '7065194', 'option1', '11', 'deportistas/August2023/ArQxyOphhiHkCe4166sI.jpg', '1', '2008-09-10'),
(970, NULL, '2023-08-25 04:09:52', '2023-08-25 04:09:52', 'Ernesto Manuel', 'Gonzalez', 'Ayala', 'T789396', 'option1', '11', 'deportistas/August2023/dJbsA2QinEw57xwGcqXB.jpeg', '1', '2005-02-23'),
(971, NULL, '2023-08-25 04:11:25', '2023-08-25 04:11:25', 'Bruno', 'Heinichen', 'Masi', 'Q573362', 'option1', '11', 'deportistas/August2023/KhmkReWrPx9PX44aGod3.jpg', '1', '2007-12-05'),
(972, NULL, '2023-08-25 04:13:09', '2023-08-25 04:13:09', 'Michelle', 'Weingartshofer', 'Willigs', '6361770', 'option2', '11', 'deportistas/August2023/h2thYRG4mOMnORL0cEpV.jpeg', '1', '2009-01-05'),
(973, NULL, '2023-08-25 04:14:44', '2023-08-25 04:14:44', 'Constanza Araceli', 'Areco', 'Sancho', 'S705564', 'option2', '11', 'deportistas/August2023/IPWqErOsw3c3Whl77mIE.jpeg', '1', '2007-08-07'),
(974, NULL, '2023-08-25 04:17:12', '2023-08-25 04:17:12', 'Fiorella Giovanna', 'Mateos', 'Mongelos', 'R694064', 'option2', '11', 'deportistas/August2023/yWM7qGXuqsUafTMqAW41.jpg', '1', '2006-06-19'),
(975, NULL, '2023-08-25 05:14:31', '2023-08-26 19:35:58', 'Julieta', 'Curadossi', '-', '123456', 'option2', '13', 'deportistas/August2023/XnNlDVIHK901oK4Ip4Y9.jpg', '1', '2008-01-01'),
(976, NULL, '2023-08-25 05:15:39', '2023-08-26 00:54:42', 'Tatiana', 'Fernandez', '-', '123456', 'option2', '13', 'deportistas/August2023/IPz40oxbX30I7qYT4M0b.jpg', '1', '2008-01-01'),
(977, NULL, '2023-08-25 05:16:51', '2023-08-26 00:52:38', 'Ornella', 'Giuliano', 'Cotic', '123456', 'option2', '13', 'deportistas/August2023/7bOVcLkdkR5GAUH8CVzI.jpg', '1', '2008-01-01'),
(978, NULL, '2023-08-25 05:19:41', '2023-08-26 00:50:21', 'Valentina', 'Gomez', '-', '123456', 'option2', '13', 'deportistas/August2023/d4GUuPlYUYPpON4kaIGn.jpg', '1', '2008-01-01'),
(979, NULL, '2023-08-25 05:20:28', '2023-08-26 19:36:30', 'Belen', 'Zeballos', '-', '123456', 'option2', '13', 'deportistas/August2023/WNfVxbB7AMP0vnydjQyp.jpg', '1', '2008-01-01'),
(980, NULL, '2023-08-25 05:23:29', '2023-08-26 00:39:17', 'Milagros', 'Palacio', '-', '123456', 'option2', '13', 'deportistas/August2023/46RfDVmO9mUtYqDErY5g.jpg', '1', '2008-01-01'),
(981, NULL, '2023-08-25 05:30:41', '2023-08-26 00:36:24', 'Giuliana', 'Pereira', '-', '123456', 'option2', '13', 'deportistas/August2023/ddVQucSFoA0LqfLSeZiT.jpg', '1', '2008-01-01'),
(982, NULL, '2023-08-25 10:20:31', '2023-08-25 10:20:31', 'Guadalupe', 'Quintana', '-', '123456', 'option2', '13', NULL, '1', '2008-01-01'),
(983, NULL, '2023-08-25 10:21:19', '2023-08-26 00:31:51', 'Angelina', 'Solari', '-', '123456', 'option2', '13', 'deportistas/August2023/9hFdOFM5I1X5FeuITssZ.jpg', '1', '2008-01-01'),
(984, NULL, '2023-08-25 10:22:20', '2023-08-26 00:29:52', 'Luna', 'Chabat', '-', '123456', 'option2', '13', 'deportistas/August2023/IGMaGNfyzNXzKaL3XnIN.jpg', '1', '2006-01-01'),
(985, NULL, '2023-08-25 10:23:31', '2023-08-26 00:28:11', 'Chiara', 'Delacroix', '-', '123456', 'option2', '13', 'deportistas/August2023/JAODLHVPabTZ5eP5248A.jpg', '1', '2006-01-01'),
(986, NULL, '2023-08-25 10:24:31', '2023-08-26 00:27:32', 'Catalina', 'Gomez', '-', '123456', 'option2', '13', 'deportistas/August2023/78CspATPCci5HOKKbTCs.jpg', '1', '2006-01-01'),
(987, NULL, '2023-08-25 10:25:18', '2023-08-26 00:25:27', 'Lucia', 'Hernandez', '-', '123456', 'option2', '13', 'deportistas/August2023/pgaUh5cfFYK7UzfOKUAQ.jpeg', '1', '2006-01-01'),
(988, NULL, '2023-08-25 10:26:14', '2023-08-26 00:21:12', 'Manuela', 'Hernandez', '-', '123456', 'option2', '13', 'deportistas/August2023/ZC9vYxvlwBX5gC9QFjmz.jpg', '1', '2006-01-01'),
(989, NULL, '2023-08-25 10:27:06', '2023-08-26 00:18:48', 'Julia', 'Morante', '-', '123456', 'option2', '13', 'deportistas/August2023/E9jKdyzwYTXQTNE90XTL.jpg', '1', '2006-01-01'),
(990, NULL, '2023-08-25 10:27:57', '2023-08-26 00:15:47', 'Clara', 'Osorio', '-', '36414104', 'option2', '13', 'deportistas/August2023/R9k6P60QHqvxTiBPOi3E.jpg', '1', '2006-01-01'),
(991, NULL, '2023-08-25 10:28:45', '2023-08-26 00:14:12', 'Pilar', 'Shaban', '-', '123456', 'option2', '13', 'deportistas/August2023/LggHdpPpc9NOyZQWuBMe.jpg', '1', '2006-01-01'),
(992, NULL, '2023-08-25 10:29:33', '2023-08-26 00:13:44', 'Maria Ines', 'Mateo', '-', '123456', 'option2', '13', 'deportistas/August2023/Jk0KkBV0twMSM36TpWK6.jpg', '1', '2006-01-01'),
(993, NULL, '2023-08-25 10:30:32', '2023-08-26 00:12:56', 'Bilu', 'Bianchi', '-', '123456', 'option2', '13', 'deportistas/August2023/xA78W6bN5ngmv9Eo6hlH.jpeg', '1', '2006-01-01'),
(994, NULL, '2023-08-25 10:31:40', '2023-08-26 00:11:46', 'Benjamin', 'Amaral', '-', '5698229-4', 'option1', '13', 'deportistas/August2023/80YTdemGss96tvRSLsjU.jpeg', '1', '2008-01-01'),
(995, NULL, '2023-08-25 10:34:09', '2023-08-26 00:09:25', 'Felipe', 'Armand', 'Ugon', '5777814-5', 'option1', '13', 'deportistas/August2023/M214UWpsBWIIQPehgi3V.jpg', '1', '2008-01-01'),
(996, NULL, '2023-08-25 10:34:50', '2023-08-26 21:52:11', 'Marcos', 'Colinet', '-', '123456', 'option1', '13', 'deportistas/August2023/C2K8W45xuETLjIOc9CeW.jpg', '1', '2008-01-01'),
(997, NULL, '2023-08-25 10:35:34', '2023-08-25 21:53:28', 'Santino', 'Divito', '-', '123456', 'option1', '13', 'deportistas/August2023/cDCaxiwejuy4nCqrWW7P.jpeg', '1', '2008-01-01'),
(998, NULL, '2023-08-25 10:36:13', '2023-08-25 21:52:49', 'Juan Manuel', 'Ergui', '-', '5718718-6', 'option1', '13', 'deportistas/August2023/33Ip26jr4CDmf5bMYC8T.jpg', '1', '2008-01-01'),
(999, NULL, '2023-08-25 10:37:21', '2023-08-25 21:51:46', 'Nicolas', 'Fontana', 'Ferreira', '5696740-8 ', 'option1', '13', NULL, '1', '2008-01-01'),
(1000, NULL, '2023-08-25 10:37:57', '2023-08-25 21:50:25', 'Ignacio', 'Gomez', '-', '5.745.244-0', 'option1', '13', NULL, '1', '2008-01-01'),
(1001, NULL, '2023-08-25 10:38:48', '2023-08-25 21:45:17', 'Joaquin', 'Gonzalez', '-', '5825336-6', 'option1', '13', 'deportistas/August2023/LAASMgnlnLtL4cuJXWWw.jpg', '1', '2009-09-05'),
(1002, NULL, '2023-08-25 10:39:28', '2023-08-25 21:40:48', 'Matias', 'Vazquez', '-', '123456', 'option1', '13', 'deportistas/August2023/ZzSybgWksqSAcfsdSzVq.jpg', '1', '2008-01-01'),
(1003, NULL, '2023-08-25 10:40:04', '2023-08-25 21:40:15', 'Samuel', 'Santos', '-', '123456', 'option1', '13', 'deportistas/August2023/9Zrkl0wNFP8Ek3dvRqHq.jpg', '1', '2008-01-01'),
(1004, NULL, '2023-08-25 10:40:53', '2023-08-25 21:39:04', 'Diego', 'Aranda', '-', '123456', 'option1', '13', 'deportistas/August2023/YnEWytBPoZwV0VL4VCeb.JPG', '1', '2006-01-01'),
(1005, NULL, '2023-08-25 10:41:45', '2023-08-25 21:38:35', 'Franco', 'Duffey', '-', '123456', 'option1', '13', 'deportistas/August2023/jkTX7vH4f32HQdXBh086.jpg', '1', '2006-01-01'),
(1006, NULL, '2023-08-25 10:42:16', '2023-08-25 21:37:14', 'Mateo', 'Gomez', '-', '123456', 'option1', '13', 'deportistas/August2023/wQNFrBy8nMn6kC7Mm1Uu.jpg', '1', '2006-01-01'),
(1007, NULL, '2023-08-25 10:42:52', '2023-08-25 21:35:34', 'Leandro', 'Recoba', '-', '123456', 'option1', '13', 'deportistas/August2023/VxFK16HaZadZchsUNz95.jpg', '1', '2006-01-01'),
(1008, NULL, '2023-08-25 10:43:27', '2023-08-25 21:34:24', 'Juan Ignacio', 'Saint Upery', '-', '123456', 'option1', '13', 'deportistas/August2023/0G9P0Qv60XqzRPOa9mTQ.jpg', '1', '2006-01-01'),
(1009, NULL, '2023-08-25 10:44:02', '2023-08-25 21:33:44', 'Lucas', 'Young', '-', '36414104', 'option1', '13', 'deportistas/August2023/9DdLqI0TXaubJmmIx90x.JPEG', '1', '2006-01-01'),
(1010, NULL, '2023-08-25 10:44:40', '2023-08-25 21:30:46', 'Mateo', 'Gonzalez', '-', '123456', 'option1', '13', 'deportistas/August2023/kYvYpZCJwploWVlyboyN.jpeg', '1', '2006-01-01'),
(1011, NULL, '2023-08-25 10:52:34', '2023-08-25 21:28:59', 'Juan', 'García', '-', '5.545.367-4', 'option1', '13', 'deportistas/August2023/eWN8no9hDj1cYPYDs35u.jpg', '5', '2005-10-17'),
(1012, NULL, '2023-08-25 10:53:20', '2023-08-25 21:28:34', 'Emiliano', 'Scelza', '-', '5674801-0', 'option1', '13', 'deportistas/August2023/LRFkhBQ5uym89zkrWmZX.jpg', '5', '2006-11-19'),
(1013, NULL, '2023-08-25 10:54:07', '2023-08-25 21:28:08', 'Ari', 'Perez', '-', '5572116-2', 'option1', '13', 'deportistas/August2023/0SxY6R2pBjQ1Pzr4iP47.jpg', '5', '2005-11-25'),
(1014, NULL, '2023-08-25 10:54:45', '2023-08-25 10:54:45', 'Luciano', 'Tangari', '-', '5657327-5', 'option1', '13', NULL, '5', '2006-10-18'),
(1015, NULL, '2023-08-25 10:55:35', '2023-08-25 21:27:32', 'Francisco', 'Aguilar', '-', '5.553.591-3', 'option1', '13', 'deportistas/August2023/QhmVj0MZ9OL8ygS98o24.jpg', '5', '2005-08-31'),
(1016, NULL, '2023-08-25 10:56:18', '2023-08-25 21:27:09', 'Joaquín', 'Segal', '-', '5635677-2', 'option1', '13', 'deportistas/August2023/fyDlFygJlJs9DE8CS7Ct.jpg', '5', '2006-09-16'),
(1017, NULL, '2023-08-25 10:56:55', '2023-08-25 21:26:36', 'Ernesto', 'Saldún', '-', '5676280-2', 'option1', '13', 'deportistas/August2023/l5oVe7hyyHG9KtCwNfuP.jpg', '5', '2007-07-31'),
(1018, NULL, '2023-08-25 10:57:32', '2023-08-25 21:25:42', 'Juan Diego', 'Salom', '-', '5615233-0', 'option1', '13', 'deportistas/August2023/pBkiJm2kDmItoLNvtaf1.jpg', '5', '2006-10-19'),
(1019, NULL, '2023-08-25 10:58:12', '2023-08-25 21:26:05', 'Lucas', 'Bayardo', '-', '5710029-7', 'option1', '13', 'deportistas/August2023/reMVtATxM9l3qYFNCSoj.jpg', '5', '2006-12-08'),
(1020, NULL, '2023-08-25 10:59:07', '2023-08-25 21:25:20', 'Franco', 'Gonzalez', '-', '5.674.275-9', 'option1', '13', 'deportistas/August2023/SdBF3L0I6psIwOGfvKxp.jpg', '5', '2006-09-18'),
(1021, NULL, '2023-08-25 10:59:47', '2023-08-25 21:25:02', 'Manuel', 'Campodónico', '-', '5.658.355-7', 'option1', '13', 'deportistas/August2023/pKFDDnzpCwNAes7ov0eZ.jpg', '5', '2007-04-27'),
(1022, NULL, '2023-08-25 11:00:32', '2023-08-25 21:24:38', 'Felipe', 'de Leon', '-', '5530952-4', 'option1', '13', 'deportistas/August2023/n7uugzXR7OfaX57jSgV1.jpg', '5', '2005-08-26'),
(1023, NULL, '2023-08-25 11:01:10', '2023-08-25 21:23:58', 'Martín', 'Rizzardo', '-', '5596286-1', 'option1', '13', 'deportistas/August2023/2qvRlbPK38dOQN5AsftU.jpg', '5', '2006-06-15'),
(1024, NULL, '2023-08-25 11:01:46', '2023-08-25 21:22:20', 'Matías', 'Camacho', '-', '5643126-7', 'option1', '13', 'deportistas/August2023/NZnJfTXmVjvofSC2VNvV.jpg', '5', '2007-02-11'),
(1028, NULL, '2023-08-30 04:23:24', '2023-08-30 04:23:24', 'Manuela', 'Meerhoof', '-', '123456', 'option2', '13', NULL, '1', '2006-01-01');

-- --------------------------------------------------------

--
-- Estructura de tabla para la tabla `disciplinas`
--

CREATE TABLE `disciplinas` (
  `id` int UNSIGNED NOT NULL,
  `nombre` tinytext CHARACTER SET utf8mb4 COLLATE utf8mb4_unicode_ci,
  `created_at` timestamp NULL DEFAULT NULL,
  `updated_at` timestamp NULL DEFAULT NULL,
  `deleted_at` timestamp NULL DEFAULT NULL
) ENGINE=InnoDB DEFAULT CHARSET=utf8mb4 COLLATE=utf8mb4_unicode_ci;

--
-- Volcado de datos para la tabla `disciplinas`
--

INSERT INTO `disciplinas` (`id`, `nombre`, `created_at`, `updated_at`, `deleted_at`) VALUES
(1, 'Natacion', '2020-02-23 14:15:21', '2020-02-23 14:15:21', NULL),
(2, 'Aguas Abiertas', '2020-02-23 14:15:43', '2020-02-23 14:15:43', NULL),
(3, 'Clavados', '2020-02-23 14:15:55', '2020-02-23 14:15:55', NULL),
(4, 'Natacion Artistica', '2020-02-23 14:16:12', '2020-02-23 14:16:12', NULL),
(5, 'Polo Acuatico', '2020-02-23 14:16:25', '2020-02-23 14:16:25', NULL);

-- --------------------------------------------------------

--
-- Estructura de tabla para la tabla `exports`
--

CREATE TABLE `exports` (
  `id` int UNSIGNED NOT NULL,
  `model` tinytext CHARACTER SET utf8mb4 COLLATE utf8mb4_unicode_ci,
  `created_at` timestamp NULL DEFAULT NULL,
  `updated_at` timestamp NULL DEFAULT NULL,
  `deleted_at` timestamp NULL DEFAULT NULL
) ENGINE=InnoDB DEFAULT CHARSET=utf8mb4 COLLATE=utf8mb4_unicode_ci;

--
-- Volcado de datos para la tabla `exports`
--

INSERT INTO `exports` (`id`, `model`, `created_at`, `updated_at`, `deleted_at`) VALUES
(1, NULL, '2020-03-03 00:26:49', NULL, NULL),
(2, NULL, '2020-03-03 03:19:47', NULL, NULL),
(3, NULL, '2020-03-03 03:20:58', NULL, NULL),
(4, NULL, '2020-03-03 03:21:43', NULL, NULL),
(5, NULL, '2020-03-03 03:25:31', NULL, NULL),
(6, NULL, '2020-03-03 03:26:07', NULL, NULL),
(7, NULL, '2020-03-03 03:26:15', NULL, NULL),
(8, NULL, '2020-03-03 03:26:53', NULL, NULL),
(9, NULL, '2020-03-03 03:27:22', NULL, NULL),
(10, NULL, '2020-03-03 03:29:27', NULL, NULL),
(11, NULL, '2020-03-03 03:30:20', NULL, NULL),
(12, NULL, '2020-03-03 03:31:51', NULL, NULL),
(13, NULL, '2020-03-03 03:32:54', NULL, NULL),
(14, NULL, '2020-03-03 03:34:11', NULL, NULL),
(15, NULL, '2020-03-03 03:35:23', NULL, NULL);

-- --------------------------------------------------------

--
-- Estructura de tabla para la tabla `inscripciones`
--

CREATE TABLE `inscripciones` (
  `id` int UNSIGNED NOT NULL,
  `created_at` timestamp NULL DEFAULT NULL,
  `updated_at` timestamp NULL DEFAULT NULL,
  `deleted_at` timestamp NULL DEFAULT NULL,
  `deportista_id` tinytext CHARACTER SET utf8mb4 COLLATE utf8mb4_unicode_ci,
  `prueba_id` tinytext CHARACTER SET utf8mb4 COLLATE utf8mb4_unicode_ci,
  `marca` tinytext CHARACTER SET utf8mb4 COLLATE utf8mb4_unicode_ci
) ENGINE=InnoDB DEFAULT CHARSET=utf8mb4 COLLATE=utf8mb4_unicode_ci;

--
-- Volcado de datos para la tabla `inscripciones`
--

INSERT INTO `inscripciones` (`id`, `created_at`, `updated_at`, `deleted_at`, `deportista_id`, `prueba_id`, `marca`) VALUES
(275, '2023-08-08 01:14:18', '2023-08-08 01:14:18', NULL, '238', '10', NULL),
(276, '2023-08-08 01:14:39', '2023-08-08 01:14:39', NULL, '238', '2', NULL),
(277, '2023-08-08 01:15:01', '2023-08-08 01:15:01', NULL, '238', '13', NULL),
(278, '2023-08-09 04:55:32', '2023-08-09 04:55:32', NULL, '253', '3', NULL),
(279, '2023-08-09 04:56:18', '2023-08-09 04:56:18', NULL, '253', '7', NULL),
(280, '2023-08-09 04:57:01', '2023-08-09 04:57:01', NULL, '254', '3', NULL),
(281, '2023-08-09 04:57:18', '2023-08-09 04:57:18', NULL, '254', '9', NULL),
(282, '2023-08-09 04:57:36', '2023-08-09 04:57:36', NULL, '254', '7', NULL),
(283, '2023-08-09 04:57:57', '2023-08-09 04:57:57', NULL, '255', '9', NULL),
(284, '2023-08-09 04:58:09', '2023-08-09 04:58:09', NULL, '259', '10', NULL),
(285, '2023-08-09 04:58:23', '2023-08-09 04:58:23', NULL, '259', '2', NULL),
(286, '2023-08-09 04:58:34', '2023-08-09 04:58:34', NULL, '259', '13', NULL),
(287, '2023-08-09 04:58:50', '2023-08-09 04:59:28', NULL, '260', '9', NULL),
(288, '2023-08-09 04:59:02', '2023-08-09 04:59:35', NULL, '260', '3', NULL),
(289, '2023-08-09 04:59:15', '2023-08-09 04:59:15', NULL, '260', '7', NULL),
(290, '2023-08-09 05:00:01', '2023-08-09 05:00:01', NULL, '261', '3', NULL),
(291, '2023-08-09 05:00:13', '2023-08-09 05:00:13', NULL, '261', '9', NULL),
(292, '2023-08-09 05:00:49', '2023-08-09 05:00:49', NULL, '262', '3', NULL),
(293, '2023-08-09 05:01:19', '2023-08-09 05:01:19', NULL, '262', '9', NULL),
(294, '2023-08-09 05:01:50', '2023-08-09 05:01:50', NULL, '262', '11', NULL),
(295, '2023-08-09 05:03:07', '2023-08-09 05:03:07', NULL, '263', '3', NULL),
(296, '2023-08-09 05:03:18', '2023-08-09 05:03:18', NULL, '263', '9', NULL),
(297, '2023-08-09 05:03:49', '2023-08-09 05:03:49', NULL, '263', '11', NULL),
(299, '2023-08-09 05:06:45', '2023-08-09 05:06:45', NULL, '252', '16', NULL),
(300, '2023-08-09 05:34:01', '2023-08-09 05:34:01', NULL, '252', '18', NULL),
(301, '2023-08-09 05:34:27', '2023-08-09 05:34:27', NULL, '258', '18', NULL),
(302, '2023-08-09 05:34:53', '2023-08-09 05:34:53', NULL, '256', '18', NULL),
(303, '2023-08-09 05:35:23', '2023-08-09 05:35:23', NULL, '257', '18', NULL),
(304, '2023-08-09 05:36:04', '2023-08-09 05:36:04', NULL, '239', '15', NULL),
(305, '2023-08-09 05:36:18', '2023-08-09 05:36:27', NULL, '239', '16', NULL),
(306, '2023-08-09 05:37:03', '2023-08-09 05:37:03', NULL, '240', '17', NULL),
(307, '2023-08-09 05:37:16', '2023-08-09 05:37:16', NULL, '240', '18', NULL),
(308, '2023-08-09 05:40:22', '2023-08-09 05:40:22', NULL, '248', '17', NULL),
(309, '2023-08-09 05:40:37', '2023-08-09 05:40:37', NULL, '248', '18', NULL),
(310, '2023-08-09 05:47:25', '2023-08-09 05:47:25', NULL, '239', '20', NULL),
(311, '2023-08-09 05:47:41', '2023-08-09 05:47:41', NULL, '239', '21', NULL),
(312, '2023-08-09 05:47:58', '2023-08-09 05:47:58', NULL, '248', '20', NULL),
(313, '2023-08-09 05:48:09', '2023-08-09 05:48:09', NULL, '248', '21', NULL),
(314, '2023-08-09 05:48:27', '2023-08-09 05:48:27', NULL, '240', '20', NULL),
(315, '2023-08-09 05:48:37', '2023-08-09 05:48:37', NULL, '240', '21', NULL),
(316, '2023-08-09 05:48:53', '2023-08-09 05:48:53', NULL, '251', '20', NULL),
(317, '2023-08-09 05:49:06', '2023-08-09 05:49:06', NULL, '251', '21', NULL),
(318, '2023-08-09 05:49:35', '2023-08-09 05:49:35', NULL, '247', '20', NULL),
(319, '2023-08-09 05:49:46', '2023-08-09 05:49:46', NULL, '247', '21', NULL),
(320, '2023-08-09 05:50:00', '2023-08-09 05:50:00', NULL, '245', '20', NULL),
(321, '2023-08-09 05:50:10', '2023-08-09 05:50:10', NULL, '245', '21', NULL),
(322, '2023-08-09 05:50:25', '2023-08-09 05:50:25', NULL, '249', '20', NULL),
(323, '2023-08-09 05:50:37', '2023-08-09 05:50:37', NULL, '249', '21', NULL),
(324, '2023-08-09 05:50:51', '2023-08-09 05:50:51', NULL, '250', '20', NULL),
(325, '2023-08-09 05:51:02', '2023-08-09 05:51:02', NULL, '250', '21', NULL),
(326, '2023-08-09 05:51:22', '2023-08-09 05:51:22', NULL, '246', '20', NULL),
(327, '2023-08-09 05:51:33', '2023-08-09 05:51:33', NULL, '246', '21', NULL),
(328, '2023-08-09 05:52:08', '2023-08-09 05:52:08', NULL, '239', '23', NULL),
(329, '2023-08-09 05:52:24', '2023-08-09 05:52:24', NULL, '248', '23', NULL),
(330, '2023-08-09 05:52:40', '2023-08-09 05:52:40', NULL, '240', '23', NULL),
(331, '2023-08-09 05:52:54', '2023-08-09 05:52:54', NULL, '251', '23', NULL),
(332, '2023-08-09 05:53:09', '2023-08-09 05:53:09', NULL, '247', '23', NULL),
(333, '2023-08-09 05:53:21', '2023-08-09 05:53:21', NULL, '245', '23', NULL),
(334, '2023-08-09 05:53:38', '2023-08-09 05:53:38', NULL, '249', '23', NULL),
(335, '2023-08-09 05:53:52', '2023-08-09 05:53:52', NULL, '250', '23', NULL),
(336, '2023-08-09 05:54:02', '2023-08-09 05:54:02', NULL, '246', '23', NULL),
(338, '2023-08-11 14:51:50', '2023-08-11 14:51:50', NULL, '367', '2', '11:11:11:11'),
(339, '2023-08-11 14:52:03', '2023-08-11 14:52:03', NULL, '367', '39', '22:22:22:22'),
(340, '2023-08-13 16:36:13', '2023-08-13 16:36:13', NULL, '368', '26', NULL),
(341, '2023-08-13 16:36:29', '2023-08-13 16:37:54', NULL, '369', '26', NULL),
(342, '2023-08-13 16:36:47', '2023-08-13 16:36:47', NULL, '370', '27', NULL),
(343, '2023-08-13 16:37:04', '2023-08-13 16:37:04', NULL, '371', '27', NULL),
(344, '2023-08-13 16:37:32', '2023-08-13 16:37:32', NULL, '375', '71', NULL),
(345, '2023-08-13 16:37:42', '2023-08-13 16:37:42', NULL, '374', '71', NULL),
(346, '2023-08-13 16:38:14', '2023-08-13 16:38:14', NULL, '372', '72', NULL),
(347, '2023-08-13 16:38:28', '2023-08-13 16:38:28', NULL, '373', '72', NULL),
(348, '2023-08-13 16:39:17', '2023-08-13 16:39:17', NULL, '378', '25', NULL),
(349, '2023-08-13 16:39:55', '2023-08-13 16:39:55', NULL, '379', '25', NULL),
(350, '2023-08-13 16:40:49', '2023-08-13 16:40:49', NULL, '376', '24', NULL),
(351, '2023-08-13 16:41:07', '2023-08-13 16:41:07', NULL, '377', '24', NULL),
(352, '2023-08-13 16:49:18', '2023-08-13 16:49:18', NULL, '379', '28', NULL),
(353, '2023-08-13 16:49:32', '2023-08-13 16:49:32', NULL, '374', '28', NULL),
(354, '2023-08-13 16:49:44', '2023-08-13 16:49:44', NULL, '377', '28', NULL),
(355, '2023-08-13 16:49:58', '2023-08-13 16:49:58', NULL, '376', '28', NULL),
(356, '2023-08-13 16:50:12', '2023-08-13 16:50:12', NULL, '371', '73', NULL),
(357, '2023-08-13 16:50:25', '2023-08-13 16:50:25', NULL, '375', '73', NULL),
(358, '2023-08-13 16:51:14', '2023-08-13 16:51:14', NULL, '368', '73', NULL),
(359, '2023-08-13 16:51:31', '2023-08-13 16:51:31', NULL, '369', '73', NULL),
(360, '2023-08-15 17:55:15', '2023-08-15 17:55:15', NULL, '361', '71', '01:52:11:08'),
(361, '2023-08-15 17:56:33', '2023-08-15 17:56:33', NULL, '365', '72', '01:39:20:69'),
(362, '2023-08-15 17:57:59', '2023-08-15 17:57:59', NULL, '364', '25', '01:03:47:77'),
(363, '2023-08-15 17:58:25', '2023-08-15 17:58:25', NULL, '366', '24', '01:01:08:66'),
(364, '2023-08-15 18:00:00', '2023-08-15 18:00:00', NULL, '428', '27', '02:34:45:85'),
(365, '2023-08-15 18:00:48', '2023-08-15 18:00:48', NULL, '429', '26', '02:26:41:16'),
(366, '2023-08-15 18:04:30', '2023-08-15 18:04:30', NULL, '421', '72', '01:42:11:59'),
(367, '2023-08-15 18:05:03', '2023-08-15 18:05:03', NULL, '427', '71', '01:54:06:55'),
(368, '2023-08-15 18:06:56', '2023-08-15 18:06:56', NULL, '426', '25', '01:09:57:59'),
(369, '2023-08-15 18:07:28', '2023-08-15 18:07:28', NULL, '408', '24', '01:01:15:73'),
(370, '2023-08-15 19:45:27', '2023-08-15 19:45:27', NULL, '454', '3', NULL),
(372, '2023-08-15 19:46:21', '2023-08-15 19:46:21', NULL, '454', '9', NULL),
(374, '2023-08-15 22:29:00', '2023-08-15 22:29:00', NULL, '364', '29', '00:02:07:48'),
(375, '2023-08-15 22:34:57', '2023-08-15 22:34:57', NULL, '364', '43', '00:04:23:84'),
(376, '2023-08-16 01:36:22', '2023-08-16 01:36:22', NULL, '457', '58', '00:00:27:82'),
(377, '2023-08-16 01:37:05', '2023-08-16 01:37:05', NULL, '457', '56', '00:00:30:02'),
(378, '2023-08-16 01:38:39', '2023-08-16 01:38:39', NULL, '457', '40', '00:00:30:53'),
(379, '2023-08-16 01:39:21', '2023-08-16 01:39:21', NULL, '457', '36', '00:01:07:00'),
(380, '2023-08-16 01:40:27', '2023-08-16 01:40:27', NULL, '457', '66', '00:02:23:89'),
(381, '2023-08-16 01:41:24', '2023-08-16 02:52:10', NULL, '457', '32', '00:02:13:06'),
(382, '2023-08-16 01:53:12', '2023-08-16 01:53:12', NULL, '364', '67', '00:09:11:16'),
(383, '2023-08-16 01:55:00', '2023-08-16 01:55:00', NULL, '364', '50', '00:17:25:92'),
(384, '2023-08-16 01:55:48', '2023-08-16 01:55:48', NULL, '410', '39', '00:00:36:87'),
(385, '2023-08-16 01:56:13', '2023-08-16 01:56:13', NULL, '410', '35', '00:01:21:97'),
(386, '2023-08-16 01:57:11', '2023-08-16 01:57:11', NULL, '410', '65', '00:03:09:31'),
(387, '2023-08-16 01:59:12', '2023-08-16 01:59:12', NULL, '456', '57', '00:00:29:20'),
(388, '2023-08-16 02:00:07', '2023-08-16 02:00:07', NULL, '456', '63', '00:01:07:02'),
(389, '2023-08-16 02:01:49', '2023-08-16 02:01:49', NULL, '455', '53', '00:01:00:30'),
(390, '2023-08-16 02:02:28', '2023-08-16 02:02:28', NULL, '455', '29', '00:02:11:84'),
(391, '2023-08-16 02:03:47', '2023-08-16 02:03:47', NULL, '455', '63', '00:01:04:59'),
(392, '2023-08-16 02:04:35', '2023-08-16 02:04:35', NULL, '455', '48', '00:02:21:75'),
(393, '2023-08-16 02:06:21', '2023-08-16 02:06:21', NULL, '412', '46', '00:00:27:85'),
(394, '2023-08-16 02:06:50', '2023-08-16 02:06:50', NULL, '412', '55', '00:00:31:96'),
(395, '2023-08-16 02:07:33', '2023-08-16 02:09:36', NULL, '412', '41', '00:02:34:96'),
(396, '2023-08-16 02:08:13', '2023-08-16 02:08:13', NULL, '412', '33', '00:01:08:89'),
(397, '2023-08-16 02:08:54', '2023-08-16 02:08:54', NULL, '412', '39', '00:00:36:96'),
(398, '2023-08-16 02:10:31', '2023-08-16 02:10:31', NULL, '415', '47', '00:00:24:90'),
(399, '2023-08-16 02:10:57', '2023-08-16 02:10:57', NULL, '415', '54', '00:00:53:69'),
(400, '2023-08-16 02:12:00', '2023-08-16 02:12:00', NULL, '415', '30', '00:01:53:63'),
(401, '2023-08-16 02:12:32', '2023-08-16 02:12:32', NULL, '415', '44', '00:04:09:16'),
(402, '2023-08-16 02:13:07', '2023-08-16 02:13:07', NULL, '415', '51', '00:08:41:22'),
(403, '2023-08-16 02:13:48', '2023-08-16 02:13:48', NULL, '417', '58', '00:00:26:88'),
(404, '2023-08-16 02:14:51', '2023-08-16 02:14:51', NULL, '417', '64', '00:00:59:71'),
(405, '2023-08-16 02:15:24', '2023-08-16 02:15:24', NULL, '417', '34', '00:01:00:80'),
(406, '2023-08-16 02:15:51', '2023-08-16 02:15:51', NULL, '417', '56', '00:00:28:03'),
(407, '2023-08-16 02:16:23', '2023-08-16 02:16:23', NULL, '417', '42', '00:02:12:43'),
(408, '2023-08-16 02:19:03', '2023-08-16 02:19:03', NULL, '424', '56', '00:00:29:43'),
(409, '2023-08-16 02:19:58', '2023-08-16 02:19:58', NULL, '424', '34', '00:01:01:68'),
(410, '2023-08-16 02:20:52', '2023-08-16 02:20:52', NULL, '424', '42', '00:02:19:91'),
(411, '2023-08-16 02:21:25', '2023-08-16 02:21:25', NULL, '424', '60', '00:04:54:79'),
(412, '2023-08-16 02:24:05', '2023-08-16 02:24:05', NULL, '416', '47', '00:00:25:08'),
(413, '2023-08-16 02:25:05', '2023-08-16 02:25:05', NULL, '416', '36', '00:01:07:40'),
(414, '2023-08-16 02:26:38', '2023-08-16 02:26:38', NULL, '416', '66', '00:02:28:91'),
(415, '2023-08-16 02:27:49', '2023-08-16 02:27:49', NULL, '416', '32', '00:02:12:28'),
(416, '2023-08-16 02:28:45', '2023-08-16 02:28:45', NULL, '416', '60', '00:04:54:33'),
(417, '2023-08-16 02:30:55', '2023-08-16 02:30:55', NULL, '422', '54', '00:00:56:07'),
(418, '2023-08-16 02:32:04', '2023-08-16 02:32:04', NULL, '422', '58', '00:00:26:13'),
(420, '2023-08-16 02:33:27', '2023-08-16 02:33:27', NULL, '422', '49', '00:02:13:93'),
(421, '2023-08-16 02:39:50', '2023-08-16 02:39:50', NULL, '422', '32', '00:02:19:24'),
(422, '2023-08-16 02:40:29', '2023-08-16 02:40:29', NULL, '421', '64', '00:00:59:52'),
(423, '2023-08-16 02:42:13', '2023-08-16 02:42:13', NULL, '421', '49', '00:02:09:36'),
(424, '2023-08-16 02:43:29', '2023-08-16 02:43:29', NULL, '425', '30', '00:02:00:98'),
(425, '2023-08-16 02:44:06', '2023-08-16 02:44:06', NULL, '425', '44', '00:04:13:75'),
(426, '2023-08-16 02:44:54', '2023-08-16 02:44:54', NULL, '425', '51', '00:08:40:44'),
(427, '2023-08-16 02:45:29', '2023-08-16 02:45:29', NULL, '425', '68', '00:16:20:68'),
(428, '2023-08-16 02:48:48', '2023-08-16 02:48:48', NULL, '411', '40', '00:00:31:73'),
(429, '2023-08-16 02:49:49', '2023-08-16 02:49:49', NULL, '411', '36', '00:01:10:68'),
(430, '2023-08-16 02:50:53', '2023-08-16 02:50:53', NULL, '411', '66', '00:02:33:08'),
(431, '2023-08-16 02:59:59', '2023-08-16 02:59:59', NULL, '413', '64', '00:01:02:93'),
(432, '2023-08-16 03:00:30', '2023-08-16 03:00:30', NULL, '413', '49', '00:02:16:44'),
(433, '2023-08-16 03:02:24', '2023-08-16 03:02:24', NULL, '414', '54', '00:01:02:16'),
(434, '2023-08-16 03:03:05', '2023-08-16 03:03:05', NULL, '414', '49', '00:02:20:67'),
(435, '2023-08-16 03:03:42', '2023-08-16 03:03:42', NULL, '383', '47', '00:00:25:91'),
(436, '2023-08-16 03:04:18', '2023-08-16 03:04:18', NULL, '383', '54', '00:00:57:11'),
(437, '2023-08-16 03:05:03', '2023-08-16 03:05:03', NULL, '383', '30', '00:02:04:98'),
(438, '2023-08-16 03:05:49', '2023-08-16 03:05:49', NULL, '409', '47', '00:00:26:95'),
(439, '2023-08-16 03:06:21', '2023-08-16 03:06:21', NULL, '409', '56', '00:00:29:46'),
(440, '2023-08-16 03:07:20', '2023-08-16 03:07:20', NULL, '409', '34', '00:01:04:08'),
(441, '2023-08-16 03:07:50', '2023-08-16 03:07:50', NULL, '409', '42', '00:02:20:47'),
(442, '2023-08-16 03:08:28', '2023-08-16 03:08:28', NULL, '409', '60', '00:04:57:71'),
(443, '2023-08-16 03:08:52', '2023-08-16 03:08:52', NULL, '409', '32', '00:02:19:19'),
(444, '2023-08-16 03:09:38', '2023-08-16 03:09:38', NULL, '408', '30', '00:02:02:05'),
(445, '2023-08-16 03:10:08', '2023-08-16 03:10:08', NULL, '408', '44', '00:04:20:11'),
(446, '2023-08-16 03:10:37', '2023-08-16 03:10:37', NULL, '408', '51', '00:08:54:78'),
(447, '2023-08-16 03:11:48', '2023-08-16 03:11:48', NULL, '408', '68', '00:17:07:26'),
(448, '2023-08-16 03:12:36', '2023-08-16 03:12:36', NULL, '366', '44', '00:04:24:72'),
(449, '2023-08-16 03:13:19', '2023-08-16 03:13:19', NULL, '366', '51', '00:09:14:47'),
(450, '2023-08-16 03:13:53', '2023-08-16 03:13:53', NULL, '366', '68', '00:17:44:20'),
(451, '2023-08-16 03:14:22', '2023-08-16 03:14:22', NULL, '382', '58', '00:00:27:32'),
(452, '2023-08-16 03:14:51', '2023-08-16 03:14:51', NULL, '382', '64', '00:00:59:60'),
(453, '2023-08-16 03:15:56', '2023-08-16 03:15:56', NULL, '382', '34', '00:01:06:38'),
(454, '2023-08-16 03:16:22', '2023-08-16 03:16:22', NULL, '366', '60', '00:05:05:61'),
(458, '2023-08-16 03:24:40', '2023-08-16 03:24:40', NULL, '361', '29', '00:02:07:03'),
(459, '2023-08-16 03:25:03', '2023-08-16 03:25:03', NULL, '361', '43', '00:04:24:13'),
(460, '2023-08-16 03:25:58', '2023-08-16 03:25:58', NULL, '361', '67', '00:08:56:38'),
(461, '2023-08-16 03:26:34', '2023-08-16 03:26:34', NULL, '361', '50', '00:17:03:57'),
(462, '2023-08-16 03:27:06', '2023-08-16 03:27:06', NULL, '381', '43', '00:04:31:24'),
(463, '2023-08-16 03:27:41', '2023-08-16 03:27:41', NULL, '381', '67', '00:09:24:11'),
(464, '2023-08-16 03:28:09', '2023-08-16 03:28:09', NULL, '381', '59', '00:05:11:18'),
(465, '2023-08-16 03:28:32', '2023-08-16 03:28:32', NULL, '381', '31', '00:02:28:14'),
(466, '2023-08-16 03:29:13', '2023-08-16 03:29:13', NULL, '419', '39', '00:00:35:72'),
(467, '2023-08-16 03:29:35', '2023-08-16 03:29:35', NULL, '419', '35', '00:01:19:28'),
(468, '2023-08-16 03:30:40', '2023-08-16 03:30:40', NULL, '419', '65', '00:02:47:83'),
(469, '2023-08-16 03:31:25', '2023-08-16 03:31:25', NULL, '420', '46', '00:00:27:52'),
(470, '2023-08-16 03:31:48', '2023-08-16 03:31:48', NULL, '420', '53', '00:00:59:39'),
(471, '2023-08-16 03:32:28', '2023-08-16 03:32:28', NULL, '420', '55', '00:00:31:68'),
(472, '2023-08-16 03:33:02', '2023-08-16 03:33:02', NULL, '420', '41', '00:02:30:13'),
(473, '2023-08-16 03:33:55', '2023-08-16 03:33:55', NULL, '420', '31', '00:02:29:62'),
(474, '2023-08-16 03:34:37', '2023-08-16 03:34:37', NULL, '423', '46', '00:00:27:66'),
(475, '2023-08-16 03:35:08', '2023-08-16 03:35:08', NULL, '423', '53', '00:01:00:58'),
(476, '2023-08-16 03:37:03', '2023-08-16 03:37:03', NULL, '423', '48', '00:02:29:44'),
(477, '2023-08-16 03:37:56', '2023-08-16 03:37:56', NULL, '423', '57', '00:00:28:82'),
(478, '2023-08-16 03:38:44', '2023-08-16 03:38:44', NULL, '423', '63', '00:01:03:93'),
(479, '2023-08-16 03:39:59', '2023-08-16 03:39:59', NULL, '380', '41', '00:02:21:06'),
(480, '2023-08-16 03:40:25', '2023-08-16 03:40:25', NULL, '380', '63', '00:01:05:56'),
(481, '2023-08-16 03:40:51', '2023-08-16 03:40:51', NULL, '380', '57', '00:00:30:67'),
(482, '2023-08-16 03:41:31', '2023-08-16 03:41:31', NULL, '418', '48', '00:02:21:86'),
(483, '2023-08-16 03:42:11', '2023-08-16 03:42:11', NULL, '418', '35', '00:01:18:11'),
(484, '2023-08-16 03:42:43', '2023-08-16 03:42:43', NULL, '418', '39', '00:00:34:90'),
(485, '2023-08-16 03:43:28', '2023-08-16 03:43:28', NULL, '418', '65', '00:02:52:67'),
(486, '2023-08-16 03:44:13', '2023-08-16 03:44:13', NULL, '418', '59', '00:05:15:90'),
(487, '2023-08-16 05:36:33', '2023-08-16 05:36:33', NULL, '259', '14', NULL),
(488, '2023-08-16 05:36:53', '2023-08-16 05:36:53', NULL, '261', '14', NULL),
(489, '2023-08-16 05:37:27', '2023-08-16 05:37:27', NULL, '263', '14', NULL),
(490, '2023-08-16 05:38:03', '2023-08-16 05:38:03', NULL, '262', '14', NULL),
(491, '2023-08-16 05:43:45', '2023-08-16 05:44:02', NULL, '318', '18', NULL),
(494, '2023-08-16 05:45:12', '2023-08-17 05:44:01', NULL, '318', '17', NULL),
(495, '2023-08-16 16:37:21', '2023-08-16 16:37:21', NULL, '525', '35', '00:01:18:15'),
(496, '2023-08-16 16:38:31', '2023-08-16 16:38:31', NULL, '525', '39', '00:00:34:66'),
(497, '2023-08-16 17:39:22', '2023-08-16 17:39:22', NULL, '420', '37', '00:00:59:34'),
(498, '2023-08-16 17:40:12', '2023-08-16 17:40:12', NULL, '361', '37', '00:01:00:12'),
(499, '2023-08-16 17:40:54', '2023-08-16 17:40:54', NULL, '381', '37', '00:01:00:65'),
(501, '2023-08-16 17:42:08', '2023-08-16 17:42:08', NULL, '423', '37', '00:01:00:12'),
(502, '2023-08-16 17:47:55', '2023-08-16 17:47:55', NULL, '364', '52', '00:01:00:20'),
(503, '2023-08-16 17:49:04', '2023-08-16 17:49:04', NULL, '455', '52', '00:01:00:34'),
(504, '2023-08-16 17:49:44', '2023-08-16 17:49:44', NULL, '383', '52', '00:00:57:11'),
(505, '2023-08-16 17:50:50', '2023-08-16 17:50:50', NULL, '382', '52', '00:00:58:78'),
(506, '2023-08-16 17:51:28', '2023-08-16 17:51:28', NULL, '412', '45', '00:01:08:89'),
(507, '2023-08-16 17:52:23', '2023-08-16 17:52:23', NULL, '457', '45', '00:01:06:70'),
(508, '2023-08-16 17:53:43', '2023-08-16 17:53:43', NULL, '455', '45', '00:01:04:47'),
(509, '2023-08-16 17:54:28', '2023-08-16 17:54:28', NULL, '383', '45', '00:00:57:11'),
(510, '2023-08-16 17:56:01', '2023-08-16 17:56:01', NULL, '408', '62', '00:02:02:95'),
(511, '2023-08-16 17:56:45', '2023-08-16 17:56:45', NULL, '383', '62', '00:02:04:98'),
(512, '2023-08-16 17:57:27', '2023-08-16 17:57:27', NULL, '366', '62', '00:02:05:11'),
(513, '2023-08-16 17:58:15', '2023-08-16 17:58:15', NULL, '382', '62', '00:02:10:23'),
(514, '2023-08-16 17:58:48', '2023-08-16 17:58:48', NULL, '409', '70', '00:01:04:08'),
(515, '2023-08-16 17:59:50', '2023-08-16 17:59:50', NULL, '457', '70', '00:01:06:53'),
(516, '2023-08-16 18:00:55', '2023-08-16 18:00:55', NULL, '382', '70', '00:00:59:60'),
(517, '2023-08-16 18:01:32', '2023-08-16 18:01:32', NULL, '383', '70', '00:00:57:11'),
(518, '2023-08-16 18:02:45', '2023-08-16 18:02:45', NULL, '361', '61', '00:02:07:03'),
(519, '2023-08-16 18:03:58', '2023-08-16 18:03:58', NULL, '420', '61', '00:02:08:43'),
(520, '2023-08-16 18:04:29', '2023-08-16 18:04:29', NULL, '381', '61', '00:02:09:39'),
(521, '2023-08-16 18:05:20', '2023-08-16 18:05:20', NULL, '423', '61', '00:02:12:65'),
(522, '2023-08-16 18:06:10', '2023-08-16 18:06:10', NULL, '380', '69', '00:01:05:56'),
(523, '2023-08-16 18:06:44', '2023-08-16 18:06:44', NULL, '418', '69', '00:01:18:11'),
(524, '2023-08-16 18:07:30', '2023-08-16 18:07:30', NULL, '423', '69', '00:01:03:56'),
(525, '2023-08-16 18:08:07', '2023-08-16 18:08:07', NULL, '361', '69', '00:01:00:12'),
(526, '2023-08-16 18:08:20', '2023-08-16 18:08:20', NULL, '534', '68', '00:16:51:26'),
(527, '2023-08-16 18:09:04', '2023-08-16 18:09:04', NULL, '534', '54', '00:00:53:30'),
(528, '2023-08-16 18:09:11', '2023-08-16 18:09:11', NULL, '423', '52', '00:01:00:50'),
(529, '2023-08-16 18:09:38', '2023-08-16 18:09:38', NULL, '534', '44', '00:04:10:03'),
(530, '2023-08-16 18:09:58', '2023-08-16 18:09:58', NULL, '420', '52', '00:00:59:39'),
(531, '2023-08-16 18:10:34', '2023-08-16 18:10:34', NULL, '534', '30', '00:01:55:52'),
(532, '2023-08-16 18:10:44', '2023-08-16 18:10:44', NULL, '415', '52', '00:00:53:69'),
(533, '2023-08-16 18:11:16', '2023-08-16 18:11:16', NULL, '422', '52', '00:00:56:07'),
(534, '2023-08-16 18:12:22', '2023-08-16 18:12:22', NULL, '535', '31', '00:02:22:84'),
(535, '2023-08-16 18:12:50', '2023-08-16 18:12:50', NULL, '535', '59', '00:05:03:15'),
(536, '2023-08-16 18:14:16', '2023-08-16 18:14:16', NULL, '536', '57', '00:00:27:70'),
(537, '2023-08-16 18:14:41', '2023-08-16 18:14:41', NULL, '415', '38', '00:00:53:69'),
(538, '2023-08-16 18:15:06', '2023-08-16 18:15:06', NULL, '536', '46', '00:00:27:50'),
(539, '2023-08-16 18:15:18', '2023-08-16 18:15:18', NULL, '421', '38', '00:00:55:94'),
(540, '2023-08-16 18:15:44', '2023-08-16 18:15:44', NULL, '536', '55', '00:00:30:97'),
(541, '2023-08-16 18:16:01', '2023-08-16 18:16:01', NULL, '422', '38', '00:00:56:07'),
(542, '2023-08-16 18:16:21', '2023-08-16 18:16:21', NULL, '536', '63', '00:01:01:85'),
(543, '2023-08-16 18:16:36', '2023-08-16 18:16:36', NULL, '416', '38', '00:00:57:15'),
(544, '2023-08-16 18:17:31', '2023-08-16 18:17:31', NULL, '415', '62', '00:01:56:63'),
(545, '2023-08-16 18:17:35', '2023-08-16 18:17:35', NULL, '537', '32', '00:02:11:01'),
(546, '2023-08-16 18:18:06', '2023-08-16 18:18:06', NULL, '537', '36', '00:01:05:25'),
(547, '2023-08-16 18:18:09', '2023-08-16 18:18:09', NULL, '421', '62', '00:02:02:60'),
(548, '2023-08-16 18:18:43', '2023-08-16 18:18:43', NULL, '537', '40', '00:00:30:24'),
(549, '2023-08-16 18:18:54', '2023-08-16 18:18:54', NULL, '425', '62', '00:02:01:45'),
(550, '2023-08-16 18:19:13', '2023-08-16 18:19:13', NULL, '537', '60', '00:04:38:11'),
(551, '2023-08-16 18:19:26', '2023-08-16 18:19:26', NULL, '416', '62', '00:02:01:34'),
(552, '2023-08-16 18:19:46', '2023-08-16 18:19:46', NULL, '537', '66', '00:02:22:76'),
(553, '2023-08-16 18:19:57', '2023-08-16 18:19:57', NULL, '417', '70', '00:01:00:80'),
(554, '2023-08-16 18:20:29', '2023-08-16 18:20:29', NULL, '416', '70', '00:01:07:40'),
(555, '2023-08-16 18:21:09', '2023-08-16 18:21:09', NULL, '538', '29', '00:02:06:23'),
(556, '2023-08-16 18:21:19', '2023-08-16 18:21:19', NULL, '422', '70', '00:01:00:00'),
(557, '2023-08-16 18:21:40', '2023-08-16 18:21:40', NULL, '538', '43', '00:04:24:60'),
(558, '2023-08-16 18:22:02', '2023-08-16 18:22:02', NULL, '415', '70', '00:00:53:60'),
(559, '2023-08-16 18:22:21', '2023-08-16 18:22:21', NULL, '538', '67', '00:09:26:24'),
(560, '2023-08-16 18:23:43', '2023-08-16 18:23:43', NULL, '539', '57', '00:00:27:99'),
(561, '2023-08-16 18:24:28', '2023-08-16 18:24:28', NULL, '539', '53', '00:00:58:25'),
(562, '2023-08-16 18:24:55', '2023-08-16 18:24:55', NULL, '539', '39', '00:00:33:39'),
(563, '2023-08-16 18:25:19', '2023-08-16 18:25:19', NULL, '539', '35', '00:01:13:17'),
(564, '2023-08-16 18:25:44', '2023-08-16 18:25:44', NULL, '539', '46', '00:00:26:59'),
(565, '2023-08-16 18:26:11', '2023-08-16 18:26:11', NULL, '539', '65', '00:02:38:40'),
(566, '2023-08-16 18:27:39', '2023-08-16 18:27:39', NULL, '540', '42', '00:02:07:96'),
(567, '2023-08-16 18:28:10', '2023-08-16 18:28:10', NULL, '540', '56', '00:00:27:74'),
(568, '2023-08-16 18:28:48', '2023-08-16 18:28:48', NULL, '540', '34', '00:00:58:35'),
(569, '2023-08-16 18:30:18', '2023-08-16 18:30:18', NULL, '541', '57', '00:00:28:09'),
(570, '2023-08-16 18:30:42', '2023-08-16 18:30:42', NULL, '541', '46', '00:00:26:59'),
(571, '2023-08-16 18:31:13', '2023-08-16 18:31:13', NULL, '541', '55', '00:00:30:06'),
(572, '2023-08-16 18:32:27', '2023-08-16 18:32:27', NULL, '542', '58', '00:00:24:63'),
(573, '2023-08-16 18:33:04', '2023-08-16 18:33:04', NULL, '542', '64', '00:00:54:89'),
(574, '2023-08-16 18:45:52', '2023-08-16 18:45:52', NULL, '543', '32', '00:02:12:59'),
(575, '2023-08-16 18:46:22', '2023-08-16 18:46:22', NULL, '543', '58', '00:00:25:80'),
(576, '2023-08-16 18:46:45', '2023-08-16 18:46:45', NULL, '543', '47', '00:00:24:09'),
(577, '2023-08-16 18:47:17', '2023-08-16 18:47:17', NULL, '543', '60', '00:04:51:94'),
(578, '2023-08-16 18:47:45', '2023-08-16 18:47:45', NULL, '543', '64', '00:00:58:38'),
(579, '2023-08-16 18:48:58', '2023-08-16 18:48:58', NULL, '544', '35', '00:01:11:30'),
(580, '2023-08-16 18:49:22', '2023-08-16 18:49:22', NULL, '544', '39', '00:00:31:54'),
(581, '2023-08-16 18:50:10', '2023-08-16 18:50:10', NULL, '544', '65', '00:02:41:66'),
(582, '2023-08-16 18:51:42', '2023-08-16 18:51:42', NULL, '545', '48', '00:02:21:80'),
(583, '2023-08-16 18:53:32', '2023-08-16 18:53:32', NULL, '546', '42', '00:02:11:67'),
(584, '2023-08-16 18:55:04', '2023-08-16 18:55:04', NULL, '547', '33', '00:01:05:86'),
(585, '2023-08-16 18:55:44', '2023-08-16 18:55:44', NULL, '547', '41', '00:02:22:38'),
(586, '2023-08-16 18:56:11', '2023-08-16 18:56:11', NULL, '547', '55', '00:00:30:98'),
(587, '2023-08-16 18:59:06', '2023-08-16 18:59:06', NULL, '548', '33', '00:01:04:21'),
(588, '2023-08-16 18:59:42', '2023-08-16 18:59:42', NULL, '548', '55', '00:00:29:91'),
(589, '2023-08-16 19:01:20', '2023-08-16 19:01:20', NULL, '549', '35', '00:01:15:94'),
(590, '2023-08-16 19:02:02', '2023-08-16 19:02:02', NULL, '549', '39', '00:00:34:39'),
(591, '2023-08-16 19:02:43', '2023-08-16 19:02:43', NULL, '549', '65', '00:02:52:15'),
(592, '2023-08-16 19:03:44', '2023-08-16 19:03:44', NULL, '543', '54', '00:00:52:09'),
(593, '2023-08-16 19:05:49', '2023-08-16 19:05:49', NULL, '550', '49', '00:02:13:30'),
(594, '2023-08-16 19:07:30', '2023-08-16 19:07:30', NULL, '551', '31', '00:02:26:70'),
(595, '2023-08-16 19:07:58', '2023-08-16 19:07:58', NULL, '551', '59', '00:05:11:01'),
(596, '2023-08-16 19:10:05', '2023-08-16 19:10:05', NULL, '552', '30', '00:01:58:46'),
(597, '2023-08-16 19:10:27', '2023-08-16 19:10:27', NULL, '552', '44', '00:04:13:90'),
(598, '2023-08-16 19:11:59', '2023-08-16 19:11:59', NULL, '553', '68', '00:16:20:94'),
(599, '2023-08-16 19:13:41', '2023-08-16 19:13:41', NULL, '554', '29', '00:02:02:48'),
(600, '2023-08-16 19:14:05', '2023-08-16 19:14:05', NULL, '554', '31', '00:02:17:57'),
(601, '2023-08-16 19:14:35', '2023-08-16 19:14:35', NULL, '554', '57', '00:00:27:99'),
(602, '2023-08-16 19:15:01', '2023-08-16 19:15:01', NULL, '554', '43', '00:04:10:66'),
(603, '2023-08-16 19:15:33', '2023-08-16 19:15:33', NULL, '554', '53', '00:00:58:24'),
(604, '2023-08-16 19:16:03', '2023-08-16 19:16:03', NULL, '554', '59', '00:04:47:39'),
(605, '2023-08-16 19:16:33', '2023-08-16 19:16:33', NULL, '554', '63', '00:01:00:46'),
(606, '2023-08-16 19:17:06', '2023-08-16 19:17:06', NULL, '554', '67', '00:08:29:62'),
(607, '2023-08-16 19:19:18', '2023-08-16 19:19:18', NULL, '555', '66', '00:02:32:96'),
(608, '2023-08-16 19:22:01', '2023-08-16 19:22:01', NULL, '556', '68', '00:16:51:61'),
(609, '2023-08-16 19:22:39', '2023-08-16 19:22:39', NULL, '556', '60', '00:04:52:30'),
(610, '2023-08-16 19:24:03', '2023-08-16 19:24:03', NULL, '558', '36', '00:01:10:10'),
(611, '2023-08-16 19:24:35', '2023-08-16 19:24:35', NULL, '558', '40', '00:00:31:18'),
(612, '2023-08-16 19:28:07', '2023-08-16 19:28:07', NULL, '560', '29', '00:02:06:53'),
(613, '2023-08-16 19:29:02', '2023-08-16 19:29:02', NULL, '560', '53', '00:00:58:42'),
(614, '2023-08-16 19:30:57', '2023-08-16 19:30:57', NULL, '561', '65', '00:02:46:36'),
(615, '2023-08-16 19:32:47', '2023-08-16 19:32:47', NULL, '562', '33', '00:01:03:97'),
(616, '2023-08-16 19:33:49', '2023-08-16 19:33:49', NULL, '562', '41', '00:02:18:79'),
(617, '2023-08-16 19:35:35', '2023-08-16 19:35:35', NULL, '563', '48', '00:02:27:55'),
(618, '2023-08-16 19:37:24', '2023-08-16 19:37:24', NULL, '564', '34', '00:01:00:68'),
(619, '2023-08-16 19:38:02', '2023-08-16 19:38:02', NULL, '564', '56', '00:00:27:99'),
(620, '2023-08-16 19:39:24', '2023-08-16 19:39:24', NULL, '566', '31', '00:02:20:95'),
(621, '2023-08-16 19:39:53', '2023-08-16 19:39:53', NULL, '566', '48', '00:02:17:11'),
(622, '2023-08-16 19:40:33', '2023-08-16 19:40:33', NULL, '566', '59', '00:04:54:18'),
(623, '2023-08-16 19:40:59', '2023-08-16 19:40:59', NULL, '566', '63', '00:01:02:85'),
(624, '2023-08-16 19:42:16', '2023-08-16 19:42:16', NULL, '567', '41', '00:02:16:80'),
(625, '2023-08-16 19:43:50', '2023-08-16 19:43:50', NULL, '568', '30', '00:01:55:40'),
(626, '2023-08-16 19:44:23', '2023-08-16 19:44:23', NULL, '568', '47', '00:00:23:59'),
(627, '2023-08-16 19:44:47', '2023-08-16 19:44:47', NULL, '568', '54', '00:00:51:90'),
(628, '2023-08-16 19:46:12', '2023-08-16 19:46:12', NULL, '570', '49', '00:02:08:67'),
(629, '2023-08-16 19:47:51', '2023-08-16 19:47:51', NULL, '571', '40', '00:00:31:56'),
(630, '2023-08-16 19:48:22', '2023-08-16 19:48:22', NULL, '571', '66', '00:02:36:87'),
(631, '2023-08-16 19:49:04', '2023-08-16 19:49:04', NULL, '571', '36', '00:01:10:38'),
(632, '2023-08-16 19:50:18', '2023-08-16 19:50:18', NULL, '572', '44', '00:04:07:58'),
(633, '2023-08-16 19:51:32', '2023-08-16 19:51:32', NULL, '573', '29', '00:02:05:58'),
(634, '2023-08-16 19:53:33', '2023-08-16 19:53:33', NULL, '573', '33', '00:01:04:23'),
(635, '2023-08-16 19:53:58', '2023-08-16 19:53:58', NULL, '573', '41', '00:02:14:17'),
(636, '2023-08-16 19:55:29', '2023-08-16 19:55:29', NULL, '573', '43', '00:04:17:33'),
(637, '2023-08-16 19:57:05', '2023-08-16 19:57:05', NULL, '573', '53', '00:00:59:84'),
(638, '2023-08-16 19:58:57', '2023-08-16 19:58:57', NULL, '573', '67', '00:08:43:55'),
(639, '2023-08-16 20:00:35', '2023-08-16 20:00:35', NULL, '574', '34', '00:00:54:73'),
(640, '2023-08-16 20:01:11', '2023-08-16 20:01:11', NULL, '574', '42', '00:02:08:61'),
(641, '2023-08-16 20:01:32', '2023-08-16 20:01:32', NULL, '574', '47', '00:00:23:40'),
(642, '2023-08-16 20:02:01', '2023-08-16 20:02:01', NULL, '574', '56', '00:00:25:44'),
(643, '2023-08-16 20:02:43', '2023-08-16 20:02:43', NULL, '574', '54', '00:00:51:16'),
(644, '2023-08-16 20:03:57', '2023-08-16 20:03:57', NULL, '575', '34', '00:00:58:42'),
(645, '2023-08-16 20:04:19', '2023-08-16 20:04:19', NULL, '575', '42', '00:02:12:35'),
(646, '2023-08-16 20:04:42', '2023-08-16 20:04:42', NULL, '575', '47', '00:00:25:02'),
(647, '2023-08-16 20:05:04', '2023-08-16 20:05:04', NULL, '575', '56', '00:00:27:02'),
(648, '2023-08-16 20:06:27', '2023-08-16 20:06:27', NULL, '576', '36', '00:01:06:35'),
(649, '2023-08-16 20:06:49', '2023-08-16 20:06:49', NULL, '576', '40', '00:00:29:44'),
(650, '2023-08-16 20:07:19', '2023-08-16 20:07:19', NULL, '576', '66', '00:02:31:95'),
(651, '2023-08-16 20:11:19', '2023-08-16 20:11:19', NULL, '578', '30', '00:01:54:79'),
(652, '2023-08-16 20:11:56', '2023-08-16 20:11:56', NULL, '578', '44', '00:03:59:16'),
(653, '2023-08-16 20:12:18', '2023-08-16 20:12:18', NULL, '578', '68', '00:15:53:44'),
(654, '2023-08-16 20:13:53', '2023-08-16 20:13:53', NULL, '579', '48', '00:02:20:87'),
(655, '2023-08-16 20:14:20', '2023-08-16 20:14:20', NULL, '579', '63', '00:01:04:68'),
(656, '2023-08-16 20:15:43', '2023-08-16 20:15:43', NULL, '580', '58', '00:00:24:88'),
(657, '2023-08-16 20:16:20', '2023-08-16 20:16:20', NULL, '580', '64', '00:00:56:90'),
(658, '2023-08-16 20:17:56', '2023-08-16 20:17:56', NULL, '581', '43', '00:04:25:49'),
(659, '2023-08-16 20:18:26', '2023-08-16 20:18:26', NULL, '581', '67', '00:09:00:88'),
(660, '2023-08-16 22:45:44', '2023-08-16 22:45:44', NULL, '590', '53', '00:01:01:85'),
(661, '2023-08-16 23:09:15', '2023-08-16 23:09:15', NULL, '595', '71', NULL),
(662, '2023-08-16 23:09:59', '2023-08-16 23:09:59', NULL, '588', '71', NULL),
(664, '2023-08-16 23:10:31', '2023-08-16 23:10:31', NULL, '589', '72', NULL),
(665, '2023-08-16 23:11:11', '2023-08-16 23:11:11', NULL, '589', '73', NULL),
(666, '2023-08-16 23:11:28', '2023-08-16 23:11:28', NULL, '591', '72', NULL),
(667, '2023-08-16 23:11:39', '2023-08-16 23:11:39', NULL, '591', '73', NULL),
(668, '2023-08-16 23:12:00', '2023-08-16 23:12:00', NULL, '588', '73', NULL),
(669, '2023-08-16 23:12:16', '2023-08-16 23:12:16', NULL, '595', '73', NULL),
(670, '2023-08-16 23:15:04', '2023-08-16 23:15:04', NULL, '594', '26', NULL),
(671, '2023-08-16 23:15:16', '2023-08-16 23:15:16', NULL, '593', '26', NULL),
(672, '2023-08-16 23:20:23', '2023-08-16 23:20:23', NULL, '592', '27', NULL),
(673, '2023-08-16 23:20:45', '2023-08-16 23:20:45', NULL, '584', '25', NULL),
(674, '2023-08-16 23:20:57', '2023-08-16 23:20:57', NULL, '585', '25', NULL),
(675, '2023-08-16 23:21:11', '2023-08-16 23:21:11', NULL, '586', '24', NULL),
(676, '2023-08-16 23:21:26', '2023-08-16 23:21:26', NULL, '587', '24', NULL),
(677, '2023-08-16 23:21:41', '2023-08-16 23:21:41', NULL, '587', '28', NULL),
(678, '2023-08-16 23:21:56', '2023-08-16 23:21:56', NULL, '586', '28', NULL),
(679, '2023-08-16 23:22:12', '2023-08-16 23:22:12', NULL, '585', '28', NULL),
(680, '2023-08-16 23:22:39', '2023-08-16 23:22:39', NULL, '584', '28', NULL),
(681, '2023-08-17 00:55:07', '2023-08-17 00:55:07', NULL, '461', '30', '00:02:03:90'),
(682, '2023-08-17 00:55:38', '2023-08-17 00:55:38', NULL, '461', '42', '00:02:19:50'),
(683, '2023-08-17 00:56:05', '2023-08-17 00:56:05', NULL, '461', '44', '00:04:22:10'),
(684, '2023-08-17 00:56:34', '2023-08-17 00:56:34', NULL, '582', '34', '00:01:03:15'),
(685, '2023-08-17 00:56:55', '2023-08-17 00:56:55', NULL, '582', '58', '00:00:26:90'),
(686, '2023-08-17 00:57:17', '2023-08-17 00:57:17', NULL, '582', '47', '00:00:26:29'),
(687, '2023-08-17 00:57:48', '2023-08-17 00:57:48', NULL, '582', '56', '00:00:28:91'),
(688, '2023-08-17 00:58:12', '2023-08-17 00:58:12', NULL, '582', '64', '00:01:01:34'),
(689, '2023-08-17 00:58:33', '2023-08-17 00:58:33', NULL, '463', '30', '00:01:59:20'),
(690, '2023-08-17 00:58:54', '2023-08-17 00:58:54', NULL, '463', '44', '00:04:15:50'),
(691, '2023-08-17 00:59:11', '2023-08-17 00:59:11', NULL, '463', '47', '00:00:24:51'),
(692, '2023-08-17 00:59:29', '2023-08-17 00:59:29', NULL, '463', '54', '00:00:54:50'),
(693, '2023-08-17 00:59:54', '2023-08-17 00:59:54', NULL, '463', '56', '00:00:29:40'),
(694, '2023-08-17 01:00:20', '2023-08-17 01:00:20', NULL, '467', '57', '00:00:31:10'),
(695, '2023-08-17 01:00:40', '2023-08-17 01:00:40', NULL, '467', '63', '00:01:08:52'),
(696, '2023-08-17 01:01:26', '2023-08-17 01:01:26', NULL, '464', '29', '00:02:19:00'),
(697, '2023-08-17 01:01:50', '2023-08-17 01:01:50', NULL, '464', '57', '00:00:30:70'),
(698, '2023-08-17 01:02:18', '2023-08-17 01:02:18', NULL, '464', '46', '00:00:28:11'),
(699, '2023-08-17 01:02:39', '2023-08-17 01:02:39', NULL, '464', '33', '00:01:13:30'),
(700, '2023-08-17 01:03:07', '2023-08-17 01:03:07', NULL, '464', '53', '00:01:02:50'),
(701, '2023-08-17 01:03:27', '2023-08-17 01:03:27', NULL, '464', '55', '00:00:32:73'),
(702, '2023-08-17 01:03:51', '2023-08-17 01:03:51', NULL, '459', '31', '00:02:45:33'),
(703, '2023-08-17 01:04:12', '2023-08-17 01:04:12', NULL, '459', '53', '00:01:04:33'),
(704, '2023-08-17 01:04:33', '2023-08-17 01:04:33', NULL, '459', '55', '00:00:33:74'),
(705, '2023-08-17 01:05:06', '2023-08-17 01:05:06', NULL, '242', '32', '00:02:11:38'),
(706, '2023-08-17 01:05:26', '2023-08-17 01:05:26', NULL, '242', '34', '00:01:00:40'),
(707, '2023-08-17 01:05:44', '2023-08-17 01:05:44', NULL, '242', '42', '00:02:14:27'),
(708, '2023-08-17 01:06:46', '2023-08-17 01:06:46', NULL, '242', '49', '00:02:09:36'),
(709, '2023-08-17 01:07:07', '2023-08-17 01:07:07', NULL, '242', '56', '00:00:28:14'),
(710, '2023-08-17 01:07:32', '2023-08-17 01:07:32', NULL, '242', '60', '00:05:03:20'),
(711, '2023-08-17 01:07:55', '2023-08-17 01:07:55', NULL, '242', '64', '00:00:58:67'),
(712, '2023-08-17 01:08:16', '2023-08-17 01:08:16', NULL, '243', '36', '00:01:07:99'),
(713, '2023-08-17 01:08:36', '2023-08-17 01:08:36', NULL, '243', '54', '00:00:54:77'),
(714, '2023-08-17 01:09:01', '2023-08-17 01:09:01', NULL, '243', '64', '00:00:58:98'),
(715, '2023-08-17 01:09:22', '2023-08-17 01:09:22', NULL, '243', '66', '00:02:31:01'),
(716, '2023-08-17 01:09:42', '2023-08-17 01:09:42', NULL, '465', '47', '00:00:24:97'),
(717, '2023-08-17 01:10:08', '2023-08-17 01:10:08', NULL, '465', '54', '00:00:54:10'),
(718, '2023-08-17 01:10:32', '2023-08-17 01:10:32', NULL, '241', '47', '00:00:24:83'),
(719, '2023-08-17 01:10:59', '2023-08-17 01:10:59', NULL, '241', '56', '00:00:31:04'),
(720, '2023-08-17 01:11:16', '2023-08-17 01:11:16', NULL, '460', '44', '00:04:22:50'),
(721, '2023-08-17 01:11:40', '2023-08-17 01:11:40', NULL, '460', '68', '00:17:27:94'),
(722, '2023-08-17 01:12:07', '2023-08-17 01:12:07', NULL, '466', '29', '00:02:11:30'),
(723, '2023-08-17 01:12:23', '2023-08-17 01:12:23', NULL, '466', '46', '00:00:27:97'),
(724, '2023-08-17 01:12:44', '2023-08-17 01:12:44', NULL, '466', '53', '00:00:59:90'),
(725, '2023-08-17 01:13:04', '2023-08-17 01:13:04', NULL, '244', '35', '00:01:14:50'),
(726, '2023-08-17 01:13:25', '2023-08-17 01:13:25', NULL, '244', '39', '00:00:33:90'),
(727, '2023-08-17 01:13:47', '2023-08-17 01:13:47', NULL, '244', '65', '00:02:45:10'),
(728, '2023-08-17 01:14:16', '2023-08-17 01:14:16', NULL, '583', '33', '00:01:10:60'),
(729, '2023-08-17 01:14:37', '2023-08-17 01:14:37', NULL, '583', '41', '00:02:36:27'),
(730, '2023-08-17 01:14:57', '2023-08-17 01:14:57', NULL, '583', '53', '00:01:03:03'),
(731, '2023-08-17 01:15:15', '2023-08-17 01:15:15', NULL, '583', '55', '00:00:32:85'),
(732, '2023-08-17 01:15:57', '2023-08-17 01:15:57', NULL, '468', '57', '00:00:31:46'),
(733, '2023-08-17 01:16:18', '2023-08-17 01:16:18', NULL, '468', '46', '00:00:28:88'),
(734, '2023-08-17 01:16:42', '2023-08-17 01:16:42', NULL, '596', '43', '00:04:51:53'),
(735, '2023-08-17 01:17:02', '2023-08-17 01:17:02', NULL, '596', '48', '00:02:36:90'),
(736, '2023-08-17 01:17:29', '2023-08-17 01:17:29', NULL, '596', '67', '00:09:55:87'),
(737, '2023-08-17 01:17:57', '2023-08-17 01:17:57', NULL, '462', '33', '00:01:10:70'),
(738, '2023-08-17 01:18:18', '2023-08-17 01:18:18', NULL, '462', '41', '00:02:33:20'),
(739, '2023-08-17 01:18:40', '2023-08-17 01:18:40', NULL, '462', '55', '00:00:32:90'),
(740, '2023-08-17 04:25:14', '2023-08-17 04:25:14', NULL, '302', '29', '00:02:17:43'),
(741, '2023-08-17 04:25:59', '2023-08-17 04:25:59', NULL, '302', '43', '00:04:48:14'),
(742, '2023-08-17 04:26:50', '2023-08-17 04:26:50', NULL, '302', '67', '00:09:52:30'),
(743, '2023-08-17 04:31:38', '2023-08-17 04:31:38', NULL, '305', '35', '00:01:20:34'),
(744, '2023-08-17 04:33:13', '2023-08-17 06:16:23', NULL, '305', '39', '00:00:37:18'),
(745, '2023-08-17 04:34:01', '2023-08-17 04:34:01', NULL, '305', '65', '00:02:55:38'),
(746, '2023-08-17 04:34:45', '2023-08-17 04:34:45', NULL, '304', '31', '00:02:40:53'),
(747, '2023-08-17 04:36:31', '2023-08-17 04:36:31', NULL, '304', '43', '00:05:01:89'),
(748, '2023-08-17 04:36:56', '2023-08-17 04:36:56', NULL, '304', '59', '00:05:36:70'),
(749, '2023-08-17 04:37:45', '2023-08-17 04:37:45', NULL, '304', '65', '00:02:55:16'),
(750, '2023-08-17 04:38:13', '2023-08-17 04:38:13', NULL, '497', '57', '00:00:30:98'),
(751, '2023-08-17 04:38:38', '2023-08-17 04:38:38', NULL, '497', '46', '00:00:28:93'),
(752, '2023-08-17 04:39:23', '2023-08-17 04:39:23', NULL, '497', '53', '00:01:02:74'),
(753, '2023-08-17 04:39:38', '2023-08-17 04:39:38', NULL, '622', '29', '00:02:21:16'),
(754, '2023-08-17 04:39:45', '2023-08-17 04:39:45', NULL, '497', '63', '00:01:11:59'),
(755, '2023-08-17 04:40:05', '2023-08-17 04:40:05', NULL, '622', '43', '00:05:07:36'),
(756, '2023-08-17 04:40:18', '2023-08-17 04:40:18', NULL, '498', '29', '00:02:20:58'),
(757, '2023-08-17 04:40:31', '2023-08-17 04:40:31', NULL, '622', '46', '00:00:28:83'),
(758, '2023-08-17 04:40:42', '2023-08-17 04:40:42', NULL, '498', '46', '00:00:31:14'),
(759, '2023-08-17 04:41:17', '2023-08-17 04:41:17', NULL, '498', '53', '00:01:03:36'),
(760, '2023-08-17 04:41:38', '2023-08-17 04:41:38', NULL, '498', '63', '00:01:10:66'),
(761, '2023-08-17 04:42:07', '2023-08-17 04:42:07', NULL, '496', '33', '00:01:12:40'),
(762, '2023-08-17 04:42:29', '2023-08-17 04:42:29', NULL, '496', '41', '00:02:42:87'),
(763, '2023-08-17 04:43:07', '2023-08-17 04:43:07', NULL, '496', '55', '00:00:32:81'),
(764, '2023-08-17 04:44:27', '2023-08-17 04:44:27', NULL, '303', '33', '00:01:06:04'),
(765, '2023-08-17 04:45:02', '2023-08-17 04:45:02', NULL, '303', '41', '00:02:24:50'),
(766, '2023-08-17 04:45:30', '2023-08-17 04:45:30', NULL, '303', '46', '00:00:29:40'),
(767, '2023-08-17 04:46:04', '2023-08-17 04:46:04', NULL, '303', '55', '00:00:30:43'),
(768, '2023-08-17 04:46:58', '2023-08-17 04:46:58', NULL, '306', '31', '00:02:27:25'),
(769, '2023-08-17 04:47:26', '2023-08-17 04:47:26', NULL, '306', '57', '00:00:29:83'),
(770, '2023-08-17 04:47:56', '2023-08-17 04:47:56', NULL, '306', '46', '00:00:28:20'),
(771, '2023-08-17 04:48:25', '2023-08-17 04:48:25', NULL, '306', '59', '00:05:14:73'),
(772, '2023-08-17 04:49:29', '2023-08-17 04:49:29', NULL, '306', '63', '00:01:07:20'),
(773, '2023-08-17 04:50:10', '2023-08-17 04:50:10', NULL, '290', '30', '00:02:03:17'),
(774, '2023-08-17 04:52:17', '2023-08-17 06:17:00', NULL, '290', '44', '00:04:20:97'),
(775, '2023-08-17 04:52:46', '2023-08-17 04:52:46', NULL, '290', '68', '00:18:21:39'),
(776, '2023-08-17 04:55:56', '2023-08-17 04:55:56', NULL, '291', '36', '00:01:12:69'),
(777, '2023-08-17 04:56:30', '2023-08-17 04:56:30', NULL, '291', '48', '00:02:20:61'),
(778, '2023-08-17 04:56:56', '2023-08-17 04:56:56', NULL, '291', '39', '00:00:33:50'),
(779, '2023-08-17 04:57:38', '2023-08-17 04:57:38', NULL, '291', '65', '00:02:35:41'),
(780, '2023-08-17 04:58:51', '2023-08-17 04:58:51', NULL, '297', '34', '00:01:02:80'),
(781, '2023-08-17 04:59:47', '2023-08-17 04:59:47', NULL, '297', '42', '00:02:18:26'),
(782, '2023-08-17 05:00:17', '2023-08-17 05:00:17', NULL, '297', '68', '00:17:22:55'),
(783, '2023-08-17 05:00:56', '2023-08-17 05:00:56', NULL, '297', '56', '00:00:29:80'),
(784, '2023-08-17 05:01:25', '2023-08-17 05:01:25', NULL, '296', '32', '00:02:19:35'),
(785, '2023-08-17 05:01:58', '2023-08-17 05:01:58', NULL, '296', '36', '00:01:11:93'),
(786, '2023-08-17 05:02:28', '2023-08-17 05:02:28', NULL, '296', '58', '00:00:27:90'),
(787, '2023-08-17 05:03:51', '2023-08-17 05:03:51', NULL, '296', '46', '00:00:26:90'),
(788, '2023-08-17 05:04:10', '2023-08-17 05:04:10', NULL, '296', '40', '00:00:33:22'),
(789, '2023-08-17 05:04:32', '2023-08-17 05:04:32', NULL, '296', '64', '00:01:00:09'),
(790, '2023-08-17 05:05:20', '2023-08-17 05:05:20', NULL, '295', '30', '00:02:03:17'),
(791, '2023-08-17 05:06:25', '2023-08-17 05:06:25', NULL, '295', '47', '00:00:25:86'),
(792, '2023-08-17 05:06:56', '2023-08-17 05:06:56', NULL, '295', '54', '00:00:56:14'),
(793, '2023-08-17 05:07:38', '2023-08-17 05:07:38', NULL, '288', '34', '00:01:02:55'),
(794, '2023-08-17 05:08:14', '2023-08-17 05:08:14', NULL, '288', '42', '00:02:15:65'),
(795, '2023-08-17 05:08:57', '2023-08-17 05:08:57', NULL, '288', '54', '00:00:55:79'),
(796, '2023-08-17 05:09:55', '2023-08-17 05:09:55', NULL, '288', '56', '00:00:28:78'),
(797, '2023-08-17 05:10:19', '2023-08-17 05:10:19', NULL, '288', '64', '00:01:00:52'),
(798, '2023-08-17 05:11:21', '2023-08-17 05:11:21', NULL, '299', '58', '00:00:28:90'),
(799, '2023-08-17 05:11:53', '2023-08-17 05:11:53', NULL, '299', '49', '00:02:17:26'),
(800, '2023-08-17 05:12:22', '2023-08-17 05:12:22', NULL, '299', '60', '00:05:03:39'),
(801, '2023-08-17 05:12:59', '2023-08-17 05:12:59', NULL, '292', '32', '00:02:20:62'),
(802, '2023-08-17 05:13:37', '2023-08-17 05:13:37', NULL, '292', '60', '00:04:59:45'),
(803, '2023-08-17 05:16:42', '2023-08-17 05:16:42', NULL, '289', '32', '00:02:08:53'),
(804, '2023-08-17 05:17:05', '2023-08-17 05:17:05', NULL, '289', '36', '00:01:04:37'),
(805, '2023-08-17 05:17:40', '2023-08-17 05:17:40', NULL, '289', '40', '00:00:29:90'),
(806, '2023-08-17 05:18:02', '2023-08-17 05:18:02', NULL, '289', '60', '00:04:45:00'),
(807, '2023-08-17 05:25:19', '2023-08-17 05:25:19', NULL, '287', '34', '00:01:00:67'),
(808, '2023-08-17 05:25:45', '2023-08-17 05:25:45', NULL, '287', '42', '00:02:05:80'),
(809, '2023-08-17 05:26:08', '2023-08-17 05:26:08', NULL, '287', '68', '00:16:41:94'),
(810, '2023-08-17 05:27:00', '2023-08-17 05:27:00', NULL, '287', '56', '00:00:28:10'),
(811, '2023-08-17 05:27:36', '2023-08-17 05:27:36', NULL, '300', '34', '00:01:01:50'),
(812, '2023-08-17 05:28:01', '2023-08-17 05:28:01', NULL, '300', '58', '00:00:26:80'),
(813, '2023-08-17 05:28:23', '2023-08-17 05:28:23', NULL, '300', '49', '00:02:08:70'),
(814, '2023-08-17 05:28:43', '2023-08-17 05:28:43', NULL, '300', '64', '00:00:56:90'),
(815, '2023-08-17 05:29:13', '2023-08-17 05:29:13', NULL, '293', '32', '00:02:12:50'),
(816, '2023-08-17 05:29:32', '2023-08-17 05:29:32', NULL, '293', '42', '00:02:15:00'),
(817, '2023-08-17 05:30:05', '2023-08-17 05:30:05', NULL, '293', '56', '00:00:27:76'),
(818, '2023-08-17 05:30:25', '2023-08-17 05:30:25', NULL, '293', '60', '00:04:49:63'),
(819, '2023-08-17 05:30:50', '2023-08-17 05:30:50', NULL, '294', '30', '00:01:55:10'),
(820, '2023-08-17 05:31:18', '2023-08-17 05:31:18', NULL, '294', '54', '00:00:52:21'),
(821, '2023-08-17 05:31:36', '2023-08-17 05:31:36', NULL, '294', '64', '00:00:55:40'),
(822, '2023-08-17 05:32:28', '2023-08-17 05:32:28', NULL, '301', '30', '00:01:57:10'),
(823, '2023-08-17 05:32:50', '2023-08-17 05:32:50', NULL, '301', '47', '00:00:24:15'),
(824, '2023-08-17 05:33:17', '2023-08-17 05:33:17', NULL, '301', '54', '00:00:53:30'),
(825, '2023-08-17 05:47:30', '2023-08-17 05:47:30', NULL, '318', '20', NULL),
(826, '2023-08-17 05:47:57', '2023-08-17 05:47:57', NULL, '318', '21', NULL),
(827, '2023-08-17 05:51:23', '2023-08-17 05:51:23', NULL, '318', '23', NULL),
(828, '2023-08-17 05:54:27', '2023-08-17 05:54:27', NULL, '329', '17', NULL),
(829, '2023-08-17 05:56:00', '2023-08-17 05:56:00', NULL, '329', '18', NULL),
(830, '2023-08-17 05:56:19', '2023-08-17 05:56:19', NULL, '329', '20', NULL),
(831, '2023-08-17 05:56:43', '2023-08-17 05:56:43', NULL, '329', '21', NULL),
(832, '2023-08-17 05:57:06', '2023-08-17 05:57:06', NULL, '329', '23', NULL),
(833, '2023-08-17 05:59:36', '2023-08-17 05:59:36', NULL, '316', '17', NULL),
(834, '2023-08-17 06:00:03', '2023-08-17 06:00:03', NULL, '316', '17', NULL),
(835, '2023-08-17 06:00:05', '2023-08-17 06:00:19', NULL, '316', '18', NULL),
(836, '2023-08-17 06:00:41', '2023-08-17 06:00:41', NULL, '316', '20', NULL),
(837, '2023-08-17 06:01:02', '2023-08-17 06:01:02', NULL, '316', '21', NULL),
(838, '2023-08-17 06:01:23', '2023-08-17 06:01:38', NULL, '316', '23', NULL),
(839, '2023-08-17 06:01:57', '2023-08-17 06:01:57', NULL, '308', '15', NULL),
(840, '2023-08-17 06:02:17', '2023-08-17 06:02:17', NULL, '308', '16', NULL),
(841, '2023-08-17 06:02:45', '2023-08-17 06:02:45', NULL, '308', '20', NULL),
(842, '2023-08-17 06:03:17', '2023-08-17 06:03:17', NULL, '308', '21', NULL),
(843, '2023-08-17 06:03:59', '2023-08-17 06:03:59', NULL, '308', '23', NULL),
(844, '2023-08-17 06:14:07', '2023-08-17 06:14:07', NULL, '298', '36', '00:01:12:69'),
(845, '2023-08-17 06:14:30', '2023-08-17 06:14:30', NULL, '298', '49', '00:02:20:61'),
(846, '2023-08-17 06:15:05', '2023-08-17 06:15:05', NULL, '298', '66', '00:02:35:41'),
(847, '2023-08-17 06:15:27', '2023-08-17 06:15:27', NULL, '298', '40', '00:00:33:50'),
(848, '2023-08-17 15:30:27', '2023-08-17 15:30:27', NULL, '454', '7', NULL),
(849, '2023-08-17 15:40:32', '2023-08-17 15:40:32', NULL, '527', '10', NULL),
(851, '2023-08-17 15:40:55', '2023-08-17 15:40:55', NULL, '527', '2', NULL),
(852, '2023-08-17 15:41:39', '2023-08-17 15:41:39', NULL, '527', '13', NULL),
(853, '2023-08-17 15:42:16', '2023-08-17 15:42:16', NULL, '531', '3', NULL),
(854, '2023-08-17 15:42:36', '2023-08-17 15:42:36', NULL, '531', '9', NULL),
(855, '2023-08-17 15:43:01', '2023-08-17 15:43:01', NULL, '531', '7', NULL),
(856, '2023-08-17 15:43:36', '2023-08-17 15:43:36', NULL, '528', '10', NULL),
(857, '2023-08-17 15:43:57', '2023-08-17 15:43:57', NULL, '528', '2', NULL),
(858, '2023-08-17 15:44:41', '2023-08-17 15:44:41', NULL, '528', '13', NULL),
(859, '2023-08-17 15:45:40', '2023-08-17 15:45:40', NULL, '529', '3', NULL),
(860, '2023-08-17 15:46:07', '2023-08-17 15:46:07', NULL, '529', '9', NULL),
(861, '2023-08-17 15:46:50', '2023-08-17 15:46:50', NULL, '529', '7', NULL),
(862, '2023-08-17 15:49:20', '2023-08-17 15:49:20', NULL, '532', '3', NULL),
(863, '2023-08-17 15:50:57', '2023-08-17 15:50:57', NULL, '532', '9', NULL),
(864, '2023-08-17 15:51:36', '2023-08-17 15:51:36', NULL, '532', '7', NULL),
(865, '2023-08-17 15:52:19', '2023-08-17 15:52:19', NULL, '530', '10', NULL),
(866, '2023-08-17 15:52:37', '2023-08-17 15:52:37', NULL, '530', '2', NULL),
(867, '2023-08-17 15:53:12', '2023-08-17 15:53:12', NULL, '530', '13', NULL),
(868, '2023-08-17 15:55:05', '2023-08-17 15:55:05', NULL, '557', '10', NULL),
(869, '2023-08-17 15:55:30', '2023-08-17 15:55:30', NULL, '557', '9', NULL),
(870, '2023-08-17 15:55:58', '2023-08-17 15:55:58', NULL, '557', '7', NULL),
(871, '2023-08-17 15:56:16', '2023-08-17 15:56:16', NULL, '559', '3', NULL),
(872, '2023-08-17 15:56:34', '2023-08-17 15:56:34', NULL, '559', '9', NULL),
(873, '2023-08-17 15:56:56', '2023-08-17 15:56:56', NULL, '559', '7', NULL),
(874, '2023-08-17 15:57:23', '2023-08-17 15:57:23', NULL, '533', '10', NULL),
(875, '2023-08-17 15:57:39', '2023-08-17 15:57:39', NULL, '533', '2', NULL),
(876, '2023-08-17 15:57:59', '2023-08-17 15:57:59', NULL, '533', '13', NULL),
(877, '2023-08-17 15:59:01', '2023-08-17 15:59:01', NULL, '577', '10', NULL),
(878, '2023-08-17 15:59:16', '2023-08-17 15:59:16', NULL, '577', '2', NULL),
(879, '2023-08-17 16:01:01', '2023-08-17 16:01:01', NULL, '577', '13', NULL),
(883, '2023-08-17 16:02:47', '2023-08-17 16:02:47', NULL, '569', '3', NULL),
(884, '2023-08-17 16:03:07', '2023-08-17 16:03:07', NULL, '569', '9', NULL),
(885, '2023-08-17 16:03:36', '2023-08-17 16:03:36', NULL, '569', '7', NULL),
(887, '2023-08-17 16:04:28', '2023-08-17 16:04:28', NULL, '623', '3', NULL),
(888, '2023-08-17 16:04:54', '2023-08-17 16:04:54', NULL, '623', '2', NULL),
(889, '2023-08-17 16:05:12', '2023-08-17 16:05:12', NULL, '623', '13', NULL),
(890, '2023-08-17 16:07:48', '2023-08-17 16:07:48', NULL, '625', '10', NULL),
(891, '2023-08-17 16:08:04', '2023-08-17 16:08:04', NULL, '625', '2', NULL),
(892, '2023-08-17 16:08:27', '2023-08-17 16:08:27', NULL, '625', '13', NULL),
(893, '2023-08-17 16:12:26', '2023-08-17 16:12:26', NULL, '624', '10', NULL),
(894, '2023-08-17 16:12:43', '2023-08-17 16:12:43', NULL, '624', '2', NULL),
(895, '2023-08-17 16:13:00', '2023-08-17 16:13:00', NULL, '624', '13', NULL),
(896, '2023-08-17 16:15:19', '2023-08-17 16:15:19', NULL, '282', '25', '00:00:00:00');
INSERT INTO `inscripciones` (`id`, `created_at`, `updated_at`, `deleted_at`, `deportista_id`, `prueba_id`, `marca`) VALUES
(897, '2023-08-17 16:16:53', '2023-08-17 16:16:53', NULL, '282', '28', '00:00:00:00'),
(898, '2023-08-17 16:17:31', '2023-08-17 16:17:31', NULL, '284', '71', '00:00:00:00'),
(899, '2023-08-17 16:18:02', '2023-08-17 16:18:02', NULL, '284', '28', '00:00:00:00'),
(900, '2023-08-17 16:18:22', '2023-08-17 16:18:22', NULL, '279', '24', '00:00:00:00'),
(901, '2023-08-17 16:18:51', '2023-08-17 16:18:51', NULL, '279', '28', '00:00:00:00'),
(902, '2023-08-17 16:19:09', '2023-08-17 16:19:09', NULL, '281', '24', '00:00:00:00'),
(904, '2023-08-17 16:20:13', '2023-08-17 16:20:13', NULL, '469', '72', '00:00:00:00'),
(905, '2023-08-17 16:21:52', '2023-08-17 16:21:52', NULL, '469', '73', '00:00:00:00'),
(906, '2023-08-17 16:22:31', '2023-08-17 16:22:31', NULL, '278', '72', '00:00:00:00'),
(907, '2023-08-17 16:22:57', '2023-08-17 16:22:57', NULL, '278', '28', '00:00:00:00'),
(908, '2023-08-17 16:24:21', '2023-08-17 16:24:21', NULL, '285', '27', '00:00:00:00'),
(909, '2023-08-17 16:24:54', '2023-08-17 16:24:54', NULL, '285', '28', '00:00:00:00'),
(910, '2023-08-17 16:25:38', '2023-08-17 16:25:38', NULL, '277', '26', '00:00:00:00'),
(911, '2023-08-17 16:25:55', '2023-08-17 16:25:55', NULL, '277', '28', '00:00:00:00'),
(912, '2023-08-17 16:57:49', '2023-08-17 16:57:49', NULL, '626', '32', '00:02:19:46'),
(913, '2023-08-17 16:58:14', '2023-08-17 16:58:14', NULL, '626', '36', '00:01:09:26'),
(914, '2023-08-17 16:58:37', '2023-08-17 16:58:37', NULL, '626', '60', '00:04:53:64'),
(915, '2023-08-17 16:59:09', '2023-08-17 16:59:09', NULL, '626', '66', '00:02:32:48'),
(916, '2023-08-17 16:59:29', '2023-08-17 16:59:29', NULL, '626', '64', '00:01:00:89'),
(917, '2023-08-17 17:43:15', '2023-08-17 17:43:15', NULL, '639', '32', '00:02:14:41'),
(918, '2023-08-17 17:44:00', '2023-08-17 17:44:00', NULL, '639', '58', '00:00:25:39'),
(919, '2023-08-17 17:45:32', '2023-08-17 17:45:32', NULL, '639', '49', '00:02:09:10'),
(920, '2023-08-17 17:46:07', '2023-08-17 17:46:07', NULL, '639', '64', '00:00:56:76'),
(921, '2023-08-17 17:46:44', '2023-08-17 17:46:44', NULL, '639', '54', '00:00:54:07'),
(922, '2023-08-17 17:49:58', '2023-08-17 17:49:58', NULL, '647', '32', '00:02:07:64'),
(923, '2023-08-17 17:50:28', '2023-08-17 17:50:28', NULL, '647', '54', '00:00:52:11'),
(924, '2023-08-17 17:51:07', '2023-08-17 17:51:07', NULL, '647', '60', '00:04:38:52'),
(925, '2023-08-17 17:55:45', '2023-08-17 17:55:45', NULL, '651', '53', '00:01:01:26'),
(926, '2023-08-17 17:56:21', '2023-08-17 17:56:21', NULL, '651', '46', '00:00:29:34'),
(927, '2023-08-17 17:58:11', '2023-08-17 17:58:11', NULL, '536', '37', '00:03:56:25'),
(928, '2023-08-17 17:59:16', '2023-08-17 17:59:16', NULL, '534', '38', '00:03:37:85'),
(929, '2023-08-17 17:59:58', '2023-08-17 17:59:58', NULL, '539', '37', '00:03:52:90'),
(930, '2023-08-17 18:00:32', '2023-08-17 18:00:32', NULL, '568', '38', '00:03:36:10'),
(931, '2023-08-17 18:01:10', '2023-08-17 18:01:10', NULL, '575', '45', '00:04:03:54'),
(932, '2023-08-17 18:02:13', '2023-08-17 18:02:13', NULL, '574', '45', '00:03:58:94'),
(933, '2023-08-17 18:03:02', '2023-08-17 18:03:02', NULL, '554', '52', '00:03:44:58'),
(934, '2023-08-17 18:04:01', '2023-08-17 18:04:01', NULL, '568', '52', '00:03:40:52'),
(935, '2023-08-17 18:07:57', '2023-08-17 18:07:57', NULL, '573', '61', '00:08:30:85'),
(936, '2023-08-17 18:11:32', '2023-08-17 18:11:32', NULL, '534', '62', '00:07:52:46'),
(937, '2023-08-17 18:12:32', '2023-08-17 18:12:32', NULL, '539', '61', '00:08:23:42'),
(938, '2023-08-17 18:14:22', '2023-08-17 18:14:22', NULL, '578', '62', '00:07:45:12'),
(939, '2023-08-17 18:16:31', '2023-08-17 18:16:31', NULL, '554', '69', '00:04:21:46'),
(940, '2023-08-17 18:18:20', '2023-08-17 18:18:20', NULL, '543', '70', '00:03:58:62'),
(941, '2023-08-17 18:19:14', '2023-08-17 18:19:14', NULL, '544', '69', '00:04:16:45'),
(942, '2023-08-17 18:19:48', '2023-08-17 18:19:48', NULL, '574', '70', '00:03:48:49'),
(943, '2023-08-17 19:46:09', '2023-08-17 19:46:09', NULL, '305', '69', '00:04:45:00'),
(944, '2023-08-17 19:52:21', '2023-08-17 19:52:21', NULL, '497', '52', '00:00:00:00'),
(945, '2023-08-17 19:53:20', '2023-08-17 19:53:20', NULL, '497', '61', '00:09:15:00'),
(946, '2023-08-17 19:53:47', '2023-08-17 19:53:47', NULL, '497', '69', '00:04:45:00'),
(947, '2023-08-17 19:54:38', '2023-08-17 19:54:38', NULL, '498', '37', '00:04:08:00'),
(948, '2023-08-17 19:55:29', '2023-08-17 19:55:29', NULL, '497', '37', '00:04:08:00'),
(949, '2023-08-17 19:56:48', '2023-08-17 19:56:48', NULL, '302', '37', '00:04:08:00'),
(950, '2023-08-17 19:57:15', '2023-08-17 19:57:15', NULL, '302', '61', '00:09:15:00'),
(951, '2023-08-17 19:57:45', '2023-08-17 19:57:45', NULL, '498', '61', '00:09:15:00'),
(952, '2023-08-17 19:58:26', '2023-08-17 19:58:26', NULL, '498', '69', '00:04:45:00'),
(953, '2023-08-17 19:59:05', '2023-08-17 19:59:05', NULL, '496', '37', '00:04:08:00'),
(954, '2023-08-17 19:59:45', '2023-08-17 19:59:45', NULL, '498', '45', '00:00:00:00'),
(955, '2023-08-17 20:00:41', '2023-08-17 20:00:41', NULL, '497', '45', '00:00:00:00'),
(956, '2023-08-17 20:01:21', '2023-08-17 20:01:21', NULL, '496', '52', '00:00:00:00'),
(957, '2023-08-17 20:01:56', '2023-08-17 20:01:56', NULL, '496', '61', '00:09:15:00'),
(958, '2023-08-17 20:02:22', '2023-08-17 20:02:22', NULL, '496', '69', '00:04:45:00'),
(959, '2023-08-17 20:03:13', '2023-08-17 20:03:13', NULL, '290', '38', '00:03:46:00'),
(960, '2023-08-17 20:03:46', '2023-08-17 20:03:46', NULL, '297', '38', '00:03:46:00'),
(961, '2023-08-17 20:04:18', '2023-08-17 20:04:18', NULL, '296', '38', '00:03:46:00'),
(962, '2023-08-17 20:04:47', '2023-08-17 20:04:47', NULL, '295', '38', '00:03:46:00'),
(963, '2023-08-17 20:05:40', '2023-08-17 20:05:40', NULL, '296', '45', '00:00:00:00'),
(964, '2023-08-17 20:06:08', '2023-08-17 20:06:08', NULL, '288', '45', '00:00:00:00'),
(965, '2023-08-17 20:44:05', '2023-08-17 20:44:05', NULL, '296', '52', '00:00:00:00'),
(966, '2023-08-17 20:44:37', '2023-08-17 20:44:37', NULL, '295', '52', '00:00:00:00'),
(967, '2023-08-17 20:45:42', '2023-08-17 20:45:42', NULL, '290', '62', '00:08:02:00'),
(968, '2023-08-17 20:46:14', '2023-08-17 20:46:14', NULL, '296', '62', '00:08:02:00'),
(969, '2023-08-17 20:46:54', '2023-08-17 20:46:54', NULL, '295', '62', '00:08:02:00'),
(970, '2023-08-17 20:47:41', '2023-08-17 20:47:41', NULL, '298', '70', '00:04:07:00'),
(971, '2023-08-17 20:48:15', '2023-08-17 20:48:15', NULL, '296', '70', '00:04:07:00'),
(972, '2023-08-17 20:49:00', '2023-08-17 20:49:00', NULL, '295', '70', '00:04:07:00'),
(973, '2023-08-17 20:49:28', '2023-08-17 20:49:28', NULL, '288', '70', '00:04:07:00'),
(974, '2023-08-17 20:52:33', '2023-08-17 20:52:33', NULL, '289', '38', '00:03:34:00'),
(975, '2023-08-17 20:53:09', '2023-08-17 20:53:09', NULL, '289', '45', '00:04:10:00'),
(976, '2023-08-17 20:53:53', '2023-08-17 20:53:53', NULL, '289', '62', '00:07:45:00'),
(977, '2023-08-17 20:54:36', '2023-08-17 20:54:36', NULL, '289', '70', '00:03:53:00'),
(978, '2023-08-17 20:55:19', '2023-08-17 20:55:19', NULL, '300', '38', '00:03:34:00'),
(979, '2023-08-17 20:55:51', '2023-08-17 20:55:51', NULL, '300', '62', '00:07:45:00'),
(980, '2023-08-17 20:56:31', '2023-08-17 20:56:31', NULL, '300', '70', '00:03:53:00'),
(981, '2023-08-17 20:56:54', '2023-08-17 20:56:54', NULL, '287', '38', '00:03:53:00'),
(982, '2023-08-17 20:57:30', '2023-08-17 20:57:30', NULL, '294', '38', '00:03:34:00'),
(983, '2023-08-17 20:58:10', '2023-08-17 20:58:10', NULL, '294', '52', '00:03:50:00'),
(984, '2023-08-17 20:58:39', '2023-08-17 20:58:39', NULL, '294', '62', '00:07:45:00'),
(985, '2023-08-17 20:59:20', '2023-08-17 20:59:20', NULL, '301', '38', '00:03:34:00'),
(986, '2023-08-17 20:59:45', '2023-08-17 20:59:45', NULL, '301', '45', '00:04:10:00'),
(987, '2023-08-17 21:01:31', '2023-08-17 21:01:31', NULL, '301', '52', '00:03:50:00'),
(988, '2023-08-17 21:03:03', '2023-08-17 21:03:03', NULL, '301', '62', '00:07:45:00'),
(989, '2023-08-17 21:03:32', '2023-08-17 21:03:32', NULL, '301', '70', '00:03:53:00'),
(990, '2023-08-17 21:04:51', '2023-08-17 21:04:51', NULL, '303', '45', '00:04:20:00'),
(991, '2023-08-17 21:05:33', '2023-08-17 21:05:33', NULL, '306', '45', '00:04:20:00'),
(992, '2023-08-17 21:05:37', '2023-08-17 21:05:37', NULL, '684', '46', '00:00:27:22'),
(993, '2023-08-17 21:06:10', '2023-08-17 21:06:10', NULL, '306', '52', '00:03:57:00'),
(994, '2023-08-17 21:06:32', '2023-08-17 21:06:32', NULL, '303', '52', '00:03:57:00'),
(995, '2023-08-17 21:07:10', '2023-08-17 21:07:10', NULL, '684', '53', '00:01:00:35'),
(996, '2023-08-17 21:08:30', '2023-08-17 21:08:30', NULL, '684', '55', '00:00:31:89'),
(997, '2023-08-17 21:08:58', '2023-08-17 21:08:58', NULL, '684', '33', '00:01:08:21'),
(998, '2023-08-17 21:09:36', '2023-08-17 21:09:36', NULL, '684', '41', '00:02:28:98'),
(999, '2023-08-17 21:13:59', '2023-08-17 21:13:59', NULL, '685', '53', '00:01:01:50'),
(1000, '2023-08-17 21:14:17', '2023-08-17 21:14:17', NULL, '685', '29', '00:02:10:73'),
(1001, '2023-08-17 21:14:38', '2023-08-17 21:14:38', NULL, '685', '57', '00:00:29:32'),
(1002, '2023-08-17 21:14:59', '2023-08-17 21:16:11', NULL, '685', '63', '00:01:05:11'),
(1003, '2023-08-17 21:15:18', '2023-08-17 21:15:18', NULL, '685', '48', '00:02:22:32'),
(1004, '2023-08-17 21:15:42', '2023-08-17 21:15:42', NULL, '685', '31', '00:02:28:88'),
(1005, '2023-08-17 21:19:09', '2023-08-17 21:19:09', NULL, '686', '57', '00:00:28:58'),
(1006, '2023-08-17 21:19:31', '2023-08-17 21:19:31', NULL, '686', '63', '00:01:03:39'),
(1007, '2023-08-17 21:19:52', '2023-08-17 21:19:52', NULL, '686', '48', '00:02:16:12'),
(1008, '2023-08-17 21:20:23', '2023-08-17 21:20:23', NULL, '686', '31', '00:02:28:60'),
(1009, '2023-08-17 21:20:44', '2023-08-17 21:20:44', NULL, '686', '59', '00:05:13:31'),
(1010, '2023-08-17 21:23:05', '2023-08-17 21:23:05', NULL, '687', '29', '00:02:11:68'),
(1011, '2023-08-17 21:23:32', '2023-08-17 21:23:32', NULL, '687', '43', '00:04:34:45'),
(1012, '2023-08-17 21:23:57', '2023-08-17 21:23:57', NULL, '687', '67', '00:09:30:64'),
(1013, '2023-08-17 21:24:20', '2023-08-17 21:24:20', NULL, '687', '33', '00:01:10:64'),
(1014, '2023-08-17 21:24:44', '2023-08-17 21:24:44', NULL, '687', '41', '00:02:29:09'),
(1015, '2023-08-17 21:25:13', '2023-08-17 21:25:13', NULL, '687', '59', '00:05:15:13'),
(1016, '2023-08-17 21:29:24', '2023-08-17 21:29:24', NULL, '688', '46', '00:00:29:13'),
(1017, '2023-08-17 21:29:50', '2023-08-17 21:29:50', NULL, '688', '39', '00:00:38:65'),
(1018, '2023-08-17 21:31:28', '2023-08-17 21:31:28', NULL, '688', '35', '00:01:25:48'),
(1019, '2023-08-17 21:31:52', '2023-08-17 21:31:52', NULL, '688', '65', '00:02:55:19'),
(1020, '2023-08-17 21:34:17', '2023-08-17 21:34:17', NULL, '689', '35', '00:01:20:84'),
(1021, '2023-08-17 21:34:39', '2023-08-17 21:34:39', NULL, '689', '65', '00:02:52:88'),
(1022, '2023-08-17 21:36:26', '2023-08-17 21:36:26', NULL, '690', '43', '00:04:44:18'),
(1023, '2023-08-17 21:36:54', '2023-08-17 21:36:54', NULL, '690', '67', '00:09:40:21'),
(1024, '2023-08-17 21:39:03', '2023-08-17 21:39:03', NULL, '691', '39', '00:00:36:32'),
(1025, '2023-08-17 21:40:48', '2023-08-19 03:12:34', NULL, '692', '55', '00:00:33:15'),
(1026, '2023-08-17 21:41:49', '2023-08-17 21:41:49', NULL, '684', '37', '00:04:05:54'),
(1027, '2023-08-17 21:42:19', '2023-08-17 21:42:19', NULL, '685', '37', '00:04:05:54'),
(1028, '2023-08-17 21:42:38', '2023-08-17 21:42:38', NULL, '687', '37', '00:04:05:54'),
(1029, '2023-08-17 21:42:59', '2023-08-17 21:42:59', NULL, '688', '37', '00:04:05:54'),
(1030, '2023-08-17 21:43:30', '2023-08-17 21:43:30', NULL, '684', '69', '00:04:32:45'),
(1031, '2023-08-17 21:43:53', '2023-08-17 21:43:53', NULL, '689', '69', '00:04:32:45'),
(1032, '2023-08-17 21:44:22', '2023-08-17 21:44:22', NULL, '686', '69', '00:04:32:45'),
(1033, '2023-08-17 21:44:49', '2023-08-17 21:44:49', NULL, '685', '69', '00:04:32:45'),
(1034, '2023-08-17 21:45:14', '2023-08-17 21:45:14', NULL, '685', '61', '00:08:41:23'),
(1035, '2023-08-17 21:45:44', '2023-08-17 21:45:44', NULL, '687', '61', '00:08:41:23'),
(1036, '2023-08-17 21:46:29', '2023-08-17 21:46:29', NULL, '690', '61', '00:08:41:23'),
(1037, '2023-08-17 21:46:56', '2023-08-17 21:46:56', NULL, '686', '61', '00:08:41:23'),
(1038, '2023-08-17 23:06:01', '2023-08-17 23:06:01', NULL, '241', '58', '00:00:27:67'),
(1039, '2023-08-17 23:48:06', '2023-08-17 23:48:06', NULL, '470', '18', NULL),
(1040, '2023-08-17 23:48:32', '2023-08-17 23:48:32', NULL, '470', '21', NULL),
(1041, '2023-08-17 23:48:53', '2023-08-17 23:48:53', NULL, '470', '22', NULL),
(1042, '2023-08-17 23:49:12', '2023-08-17 23:49:12', NULL, '471', '18', NULL),
(1043, '2023-08-17 23:49:37', '2023-08-17 23:49:37', NULL, '471', '21', NULL),
(1044, '2023-08-17 23:50:04', '2023-08-17 23:50:04', NULL, '471', '22', NULL),
(1045, '2023-08-17 23:50:34', '2023-08-17 23:50:34', NULL, '472', '16', NULL),
(1046, '2023-08-17 23:50:51', '2023-08-17 23:50:51', NULL, '472', '18', NULL),
(1047, '2023-08-17 23:51:47', '2023-08-17 23:51:47', NULL, '472', '21', NULL),
(1048, '2023-08-17 23:52:10', '2023-08-17 23:52:10', NULL, '472', '22', NULL),
(1049, '2023-08-17 23:52:46', '2023-08-17 23:52:46', NULL, '473', '18', NULL),
(1050, '2023-08-17 23:53:14', '2023-08-17 23:53:14', NULL, '473', '21', NULL),
(1051, '2023-08-17 23:53:33', '2023-08-17 23:53:33', NULL, '473', '22', NULL),
(1052, '2023-08-17 23:53:59', '2023-08-17 23:53:59', NULL, '474', '21', NULL),
(1053, '2023-08-17 23:54:21', '2023-08-17 23:54:21', NULL, '474', '22', NULL),
(1054, '2023-08-17 23:54:54', '2023-08-17 23:54:54', NULL, '475', '16', NULL),
(1055, '2023-08-17 23:55:15', '2023-08-17 23:55:15', NULL, '475', '18', NULL),
(1056, '2023-08-17 23:55:30', '2023-08-17 23:55:30', NULL, '475', '21', NULL),
(1057, '2023-08-17 23:55:47', '2023-08-17 23:55:47', NULL, '475', '22', NULL),
(1058, '2023-08-17 23:56:25', '2023-08-17 23:56:25', NULL, '476', '18', NULL),
(1059, '2023-08-17 23:56:54', '2023-08-17 23:56:54', NULL, '476', '21', NULL),
(1060, '2023-08-17 23:57:12', '2023-08-17 23:57:12', NULL, '476', '22', NULL),
(1061, '2023-08-17 23:58:28', '2023-08-19 00:06:09', NULL, '477', '74', NULL),
(1063, '2023-08-17 23:58:59', '2023-08-17 23:58:59', NULL, '477', '21', NULL),
(1064, '2023-08-17 23:59:17', '2023-08-17 23:59:17', NULL, '477', '22', NULL),
(1065, '2023-08-18 00:00:15', '2023-08-18 00:00:15', NULL, '478', '21', NULL),
(1066, '2023-08-18 00:00:37', '2023-08-18 00:00:37', NULL, '478', '22', NULL),
(1067, '2023-08-18 03:18:40', '2023-08-18 03:18:40', NULL, '313', '20', NULL),
(1068, '2023-08-18 03:19:19', '2023-08-18 03:19:19', NULL, '313', '21', NULL),
(1069, '2023-08-18 03:19:50', '2023-08-18 03:19:50', NULL, '313', '23', NULL),
(1070, '2023-08-18 03:20:38', '2023-08-18 03:20:38', NULL, '310', '20', NULL),
(1071, '2023-08-18 03:22:01', '2023-08-18 03:22:01', NULL, '310', '21', NULL),
(1072, '2023-08-18 03:22:25', '2023-08-18 03:22:25', NULL, '310', '23', NULL),
(1073, '2023-08-18 03:22:46', '2023-08-18 03:22:46', NULL, '314', '20', NULL),
(1074, '2023-08-18 03:23:15', '2023-08-18 03:23:15', NULL, '314', '21', NULL),
(1075, '2023-08-18 03:23:41', '2023-08-18 03:23:41', NULL, '314', '23', NULL),
(1076, '2023-08-18 03:24:20', '2023-08-18 03:24:20', NULL, '307', '19', NULL),
(1077, '2023-08-18 03:25:19', '2023-08-19 06:30:45', NULL, '307', '18', NULL),
(1078, '2023-08-18 03:25:56', '2023-08-18 05:34:14', NULL, '307', '20', NULL),
(1079, '2023-08-18 03:26:23', '2023-08-18 03:26:23', NULL, '307', '21', NULL),
(1080, '2023-08-18 03:26:53', '2023-08-18 03:26:53', NULL, '307', '23', NULL),
(1081, '2023-08-18 03:27:30', '2023-08-18 03:27:30', NULL, '312', '19', NULL),
(1082, '2023-08-18 03:27:56', '2023-08-18 03:27:56', NULL, '312', '20', NULL),
(1083, '2023-08-18 03:28:23', '2023-08-18 03:28:23', NULL, '312', '21', NULL),
(1084, '2023-08-18 03:28:45', '2023-08-18 03:28:45', NULL, '312', '23', NULL),
(1085, '2023-08-18 03:29:08', '2023-08-18 03:29:08', NULL, '309', '20', NULL),
(1086, '2023-08-18 03:29:30', '2023-08-18 03:29:30', NULL, '309', '21', NULL),
(1087, '2023-08-18 03:29:54', '2023-08-18 03:29:54', NULL, '309', '23', NULL),
(1088, '2023-08-18 04:25:44', '2023-08-18 04:25:44', NULL, '321', '16', NULL),
(1089, '2023-08-18 04:26:09', '2023-08-18 04:26:09', NULL, '321', '18', NULL),
(1090, '2023-08-18 04:26:33', '2023-08-18 04:26:33', NULL, '321', '21', NULL),
(1091, '2023-08-18 04:27:05', '2023-08-18 04:27:05', NULL, '321', '22', NULL),
(1092, '2023-08-18 04:29:58', '2023-08-18 04:29:58', NULL, '325', '18', NULL),
(1093, '2023-08-18 04:30:34', '2023-08-18 04:30:34', NULL, '325', '21', NULL),
(1094, '2023-08-18 04:31:00', '2023-08-18 04:31:00', NULL, '325', '22', NULL),
(1095, '2023-08-18 04:32:25', '2023-08-18 04:32:25', NULL, '326', '21', NULL),
(1096, '2023-08-18 04:32:55', '2023-08-18 04:32:55', NULL, '326', '22', NULL),
(1097, '2023-08-18 04:33:43', '2023-08-18 04:47:18', NULL, '325', '21', NULL),
(1098, '2023-08-18 04:34:09', '2023-08-18 04:34:09', NULL, '325', '22', NULL),
(1099, '2023-08-18 04:35:06', '2023-08-18 04:35:06', NULL, '327', '21', NULL),
(1100, '2023-08-18 04:35:46', '2023-08-18 04:35:46', NULL, '327', '22', NULL),
(1101, '2023-08-18 04:36:46', '2023-08-18 04:36:46', NULL, '330', '21', NULL),
(1102, '2023-08-18 04:37:24', '2023-08-18 04:37:24', NULL, '330', '22', NULL),
(1103, '2023-08-18 04:38:31', '2023-08-18 04:38:31', NULL, '332', '21', NULL),
(1104, '2023-08-18 04:39:20', '2023-08-18 04:39:20', NULL, '332', '22', NULL),
(1105, '2023-08-18 04:40:14', '2023-08-18 04:40:14', NULL, '328', '22', NULL),
(1106, '2023-08-18 04:40:45', '2023-08-18 04:40:45', NULL, '328', '21', NULL),
(1107, '2023-08-18 04:41:41', '2023-08-18 04:41:41', NULL, '713', '25', '00:00:00:00'),
(1108, '2023-08-18 04:42:15', '2023-08-18 04:42:15', NULL, '322', '21', NULL),
(1109, '2023-08-18 04:42:18', '2023-08-18 04:42:18', NULL, '713', '28', '00:00:00:00'),
(1110, '2023-08-18 04:43:02', '2023-08-18 04:43:02', NULL, '322', '22', NULL),
(1111, '2023-08-18 04:43:54', '2023-08-18 04:43:54', NULL, '319', '22', NULL),
(1112, '2023-08-18 04:44:37', '2023-08-18 04:44:37', NULL, '324', '21', NULL),
(1113, '2023-08-18 04:45:07', '2023-08-18 04:45:07', NULL, '324', '22', NULL),
(1114, '2023-08-18 04:45:51', '2023-08-18 04:45:51', NULL, '331', '22', NULL),
(1115, '2023-08-18 05:01:34', '2023-08-18 05:01:34', NULL, '307', '15', NULL),
(1116, '2023-08-18 05:05:57', '2023-08-18 05:05:57', NULL, '283', '27', '00:00:00:00'),
(1117, '2023-08-18 05:06:24', '2023-08-18 05:06:24', NULL, '283', '28', '00:00:00:00'),
(1118, '2023-08-18 19:02:03', '2023-08-18 19:02:03', NULL, '618', '15', NULL),
(1119, '2023-08-18 19:02:20', '2023-08-18 19:02:20', NULL, '610', '15', NULL),
(1120, '2023-08-18 19:02:39', '2023-08-18 19:02:39', NULL, '621', '16', NULL),
(1121, '2023-08-18 19:02:52', '2023-08-18 19:02:52', NULL, '610', '16', NULL),
(1122, '2023-08-18 19:03:52', '2023-08-18 19:03:52', NULL, '621', '17', NULL),
(1123, '2023-08-18 19:04:09', '2023-08-18 19:04:09', NULL, '614', '17', NULL),
(1124, '2023-08-18 19:04:25', '2023-08-18 19:04:25', NULL, '611', '17', NULL),
(1125, '2023-08-18 19:04:41', '2023-08-18 19:04:41', NULL, '621', '18', NULL),
(1126, '2023-08-18 19:04:52', '2023-08-18 19:04:52', NULL, '614', '18', NULL),
(1127, '2023-08-18 19:05:08', '2023-08-18 19:05:08', NULL, '611', '18', NULL),
(1128, '2023-08-18 19:05:32', '2023-08-18 19:05:32', NULL, '615', '17', NULL),
(1129, '2023-08-18 19:05:51', '2023-08-18 19:05:51', NULL, '610', '17', NULL),
(1130, '2023-08-18 19:06:03', '2023-08-18 19:06:03', NULL, '618', '17', NULL),
(1131, '2023-08-18 19:06:15', '2023-08-18 19:06:15', NULL, '615', '18', NULL),
(1132, '2023-08-18 19:06:27', '2023-08-18 19:06:27', NULL, '610', '18', NULL),
(1133, '2023-08-18 19:06:39', '2023-08-18 19:06:39', NULL, '618', '18', NULL),
(1134, '2023-08-18 19:06:59', '2023-08-18 19:06:59', NULL, '612', '19', NULL),
(1135, '2023-08-18 19:07:16', '2023-08-18 19:07:16', NULL, '620', '19', NULL),
(1136, '2023-08-18 19:07:45', '2023-08-18 19:07:45', NULL, '612', '18', NULL),
(1137, '2023-08-18 19:08:01', '2023-08-18 19:08:01', NULL, '620', '18', NULL),
(1138, '2023-08-18 19:08:26', '2023-08-18 19:08:26', NULL, '610', '20', NULL),
(1139, '2023-08-18 19:08:41', '2023-08-18 19:08:41', NULL, '615', '20', NULL),
(1140, '2023-08-18 19:08:54', '2023-08-18 19:08:54', NULL, '618', '20', NULL),
(1141, '2023-08-18 19:09:07', '2023-08-18 19:09:07', NULL, '614', '20', NULL),
(1142, '2023-08-18 19:09:20', '2023-08-18 19:09:20', NULL, '621', '20', NULL),
(1143, '2023-08-18 19:09:33', '2023-08-18 19:09:33', NULL, '611', '20', NULL),
(1144, '2023-08-18 19:09:47', '2023-08-18 19:09:47', NULL, '609', '20', NULL),
(1145, '2023-08-18 19:10:00', '2023-08-18 19:10:00', NULL, '613', '20', NULL),
(1146, '2023-08-18 19:10:12', '2023-08-18 19:10:12', NULL, '617', '20', NULL),
(1147, '2023-08-18 19:10:28', '2023-08-18 19:10:28', NULL, '620', '20', NULL),
(1148, '2023-08-18 19:10:47', '2023-08-18 19:10:47', NULL, '610', '21', NULL),
(1149, '2023-08-18 19:11:00', '2023-08-18 19:11:00', NULL, '615', '21', NULL),
(1150, '2023-08-18 19:11:13', '2023-08-18 19:11:13', NULL, '618', '21', NULL),
(1151, '2023-08-18 19:11:27', '2023-08-18 19:11:27', NULL, '614', '21', NULL),
(1152, '2023-08-18 19:11:47', '2023-08-18 19:11:47', NULL, '621', '21', NULL),
(1153, '2023-08-18 19:12:03', '2023-08-18 19:12:03', NULL, '611', '21', NULL),
(1154, '2023-08-18 19:12:18', '2023-08-18 19:12:18', NULL, '609', '21', NULL),
(1155, '2023-08-18 19:12:32', '2023-08-18 19:12:32', NULL, '613', '21', NULL),
(1156, '2023-08-18 19:12:46', '2023-08-18 19:12:46', NULL, '617', '21', NULL),
(1157, '2023-08-18 19:13:04', '2023-08-18 19:13:04', NULL, '620', '21', NULL),
(1158, '2023-08-18 19:13:39', '2023-08-18 19:13:39', NULL, '610', '23', NULL),
(1159, '2023-08-18 19:13:50', '2023-08-18 19:13:50', NULL, '615', '23', NULL),
(1160, '2023-08-18 19:14:03', '2023-08-18 19:14:03', NULL, '618', '23', NULL),
(1161, '2023-08-18 19:14:20', '2023-08-18 19:14:20', NULL, '614', '23', NULL),
(1162, '2023-08-18 19:14:35', '2023-08-18 19:14:35', NULL, '621', '23', NULL),
(1163, '2023-08-18 19:14:51', '2023-08-18 19:14:51', NULL, '611', '23', NULL),
(1164, '2023-08-18 19:15:25', '2023-08-18 19:15:25', NULL, '609', '23', NULL),
(1165, '2023-08-18 19:15:39', '2023-08-18 19:15:39', NULL, '612', '23', NULL),
(1166, '2023-08-18 19:15:52', '2023-08-18 19:15:52', NULL, '613', '23', NULL),
(1167, '2023-08-18 19:16:07', '2023-08-18 19:16:07', NULL, '606', '16', NULL),
(1168, '2023-08-18 19:16:41', '2023-08-18 19:16:41', NULL, '598', '16', NULL),
(1169, '2023-08-18 19:17:02', '2023-08-18 19:17:02', NULL, '606', '18', NULL),
(1170, '2023-08-18 19:17:33', '2023-08-18 19:17:33', NULL, '598', '18', NULL),
(1171, '2023-08-18 19:17:50', '2023-08-18 19:17:50', NULL, '603', '18', NULL),
(1172, '2023-08-18 19:18:06', '2023-08-18 19:18:06', NULL, '602', '18', NULL),
(1173, '2023-08-18 19:18:25', '2023-08-18 19:18:25', NULL, '600', '18', NULL),
(1174, '2023-08-18 19:18:39', '2023-08-18 19:18:39', NULL, '607', '18', NULL),
(1175, '2023-08-18 19:18:59', '2023-08-18 19:18:59', NULL, '607', '16', NULL),
(1176, '2023-08-18 19:19:20', '2023-08-18 19:19:20', NULL, '606', '21', NULL),
(1177, '2023-08-18 19:19:38', '2023-08-18 19:19:38', NULL, '598', '21', NULL),
(1178, '2023-08-18 19:19:58', '2023-08-18 19:19:58', NULL, '603', '21', NULL),
(1179, '2023-08-18 19:20:09', '2023-08-18 19:20:09', NULL, '602', '21', NULL),
(1180, '2023-08-18 19:20:22', '2023-08-18 19:20:22', NULL, '600', '21', NULL),
(1181, '2023-08-18 19:20:38', '2023-08-18 19:20:38', NULL, '597', '21', NULL),
(1182, '2023-08-18 19:20:50', '2023-08-18 19:20:50', NULL, '608', '21', NULL),
(1183, '2023-08-18 19:21:02', '2023-08-18 19:21:02', NULL, '605', '21', NULL),
(1184, '2023-08-18 19:21:16', '2023-08-18 19:21:16', NULL, '604', '21', NULL),
(1185, '2023-08-18 19:21:31', '2023-08-18 19:21:31', NULL, '601', '21', NULL),
(1186, '2023-08-18 19:21:53', '2023-08-18 19:21:53', NULL, '606', '22', NULL),
(1187, '2023-08-18 19:22:10', '2023-08-18 19:22:10', NULL, '598', '22', NULL),
(1188, '2023-08-18 19:22:23', '2023-08-18 19:22:23', NULL, '603', '22', NULL),
(1189, '2023-08-18 19:22:36', '2023-08-18 19:22:36', NULL, '602', '22', NULL),
(1190, '2023-08-18 19:22:49', '2023-08-18 19:22:49', NULL, '600', '22', NULL),
(1191, '2023-08-18 19:23:06', '2023-08-18 19:23:06', NULL, '597', '22', NULL),
(1192, '2023-08-18 19:23:18', '2023-08-18 19:23:18', NULL, '608', '22', NULL),
(1193, '2023-08-18 19:23:34', '2023-08-18 19:23:34', NULL, '605', '22', NULL),
(1194, '2023-08-18 19:23:52', '2023-08-18 19:23:52', NULL, '604', '22', NULL),
(1195, '2023-08-18 19:24:05', '2023-08-18 19:24:05', NULL, '601', '22', NULL),
(1196, '2023-08-18 19:24:22', '2023-08-18 19:24:22', NULL, '599', '22', NULL),
(1197, '2023-08-18 19:24:36', '2023-08-18 19:24:36', NULL, '612', '15', NULL),
(1198, '2023-08-18 19:24:49', '2023-08-18 19:24:49', NULL, '612', '16', NULL),
(1200, '2023-08-18 19:44:21', '2023-08-18 19:44:21', NULL, '454', '12', NULL),
(1201, '2023-08-18 19:45:28', '2023-08-18 19:45:28', NULL, '454', '11', NULL),
(1202, '2023-08-18 19:46:05', '2023-08-18 19:46:05', NULL, '454', '14', NULL),
(1203, '2023-08-18 19:51:35', '2023-08-18 19:51:35', NULL, '531', '11', NULL),
(1204, '2023-08-18 19:52:08', '2023-08-18 19:52:08', NULL, '531', '12', NULL),
(1205, '2023-08-18 19:52:33', '2023-08-18 19:52:33', NULL, '531', '8', NULL),
(1206, '2023-08-18 19:53:06', '2023-08-18 19:53:06', NULL, '531', '5', NULL),
(1207, '2023-08-18 19:53:48', '2023-08-18 19:53:48', NULL, '527', '4', NULL),
(1208, '2023-08-18 19:54:06', '2023-08-18 19:54:06', NULL, '527', '6', NULL),
(1209, '2023-08-18 19:54:24', '2023-08-18 19:54:24', NULL, '527', '14', NULL),
(1210, '2023-08-18 19:54:48', '2023-08-18 19:54:48', NULL, '528', '4', NULL),
(1211, '2023-08-18 19:55:07', '2023-08-18 19:55:07', NULL, '528', '6', NULL),
(1212, '2023-08-18 19:55:27', '2023-08-18 19:55:27', NULL, '528', '8', NULL),
(1213, '2023-08-18 19:55:47', '2023-08-18 19:55:47', NULL, '528', '5', NULL),
(1214, '2023-08-18 19:56:15', '2023-08-18 19:56:15', NULL, '532', '14', NULL),
(1215, '2023-08-18 19:56:31', '2023-08-18 19:56:31', NULL, '530', '14', NULL),
(1216, '2023-08-18 22:46:48', '2023-08-18 22:46:48', NULL, '693', '46', '00:00:27:80'),
(1217, '2023-08-18 22:47:08', '2023-08-18 22:47:08', NULL, '694', '46', '00:00:28:91'),
(1218, '2023-08-18 22:47:50', '2023-08-18 22:47:50', NULL, '695', '53', '00:01:00:69'),
(1219, '2023-08-18 22:48:21', '2023-08-18 22:48:21', NULL, '693', '53', '00:01:02:32'),
(1220, '2023-08-18 22:48:43', '2023-08-19 03:13:36', NULL, '696', '29', '00:02:08:78'),
(1221, '2023-08-18 22:49:12', '2023-08-19 03:14:07', NULL, '695', '29', '00:02:10:81'),
(1222, '2023-08-18 22:49:41', '2023-08-18 22:49:41', NULL, '696', '43', '00:04:33:87'),
(1223, '2023-08-18 22:50:04', '2023-08-18 22:50:04', NULL, '697', '43', '00:04:36:69'),
(1224, '2023-08-18 22:50:51', '2023-08-18 22:50:51', NULL, '697', '67', '00:09:32:51'),
(1225, '2023-08-18 22:51:17', '2023-08-18 22:51:17', NULL, '695', '67', '00:09:47:26'),
(1226, '2023-08-18 22:51:43', '2023-08-18 22:51:43', NULL, '694', '57', '00:00:29:30'),
(1227, '2023-08-18 22:52:30', '2023-08-18 22:52:30', NULL, '696', '57', '00:00:29:40'),
(1228, '2023-08-18 22:53:09', '2023-08-18 22:53:09', NULL, '694', '63', '00:01:04:51'),
(1229, '2023-08-18 22:53:47', '2023-08-18 22:53:47', NULL, '697', '63', '00:01:04:91'),
(1230, '2023-08-18 22:54:20', '2023-08-18 22:54:20', NULL, '696', '48', '00:02:21:53'),
(1231, '2023-08-18 22:54:56', '2023-08-18 22:54:56', NULL, '697', '48', '00:02:22:65'),
(1232, '2023-08-18 22:55:27', '2023-08-18 22:55:27', NULL, '693', '55', '00:00:31:49'),
(1233, '2023-08-18 22:55:55', '2023-08-18 22:55:55', NULL, '693', '33', '00:01:09:20'),
(1234, '2023-08-18 22:56:29', '2023-08-18 22:56:29', NULL, '695', '41', '00:02:29:20'),
(1235, '2023-08-18 22:56:56', '2023-08-18 22:56:56', NULL, '693', '41', '00:02:36:84'),
(1236, '2023-08-18 22:57:31', '2023-08-18 22:57:31', NULL, '698', '39', '00:00:36:46'),
(1237, '2023-08-18 22:58:01', '2023-08-18 22:58:01', NULL, '698', '35', '00:01:19:07'),
(1238, '2023-08-18 22:58:34', '2023-08-18 22:58:34', NULL, '698', '65', '00:02:48:58'),
(1239, '2023-08-18 22:59:03', '2023-08-18 22:59:03', NULL, '696', '31', '00:02:26:21'),
(1240, '2023-08-18 22:59:32', '2023-08-18 22:59:32', NULL, '695', '31', '00:02:30:42'),
(1241, '2023-08-18 23:01:16', '2023-08-18 23:01:16', NULL, '696', '59', '00:05:07:74'),
(1242, '2023-08-18 23:01:48', '2023-08-19 03:14:58', NULL, '695', '59', '00:05:16:22'),
(1243, '2023-08-18 23:05:43', '2023-08-18 23:05:59', NULL, '695', '37', '00:04:01:23'),
(1244, '2023-08-18 23:06:53', '2023-08-18 23:06:53', NULL, '696', '37', '00:04:01:23'),
(1245, '2023-08-18 23:07:19', '2023-08-18 23:07:19', NULL, '693', '37', '00:04:01:23'),
(1246, '2023-08-18 23:07:58', '2023-08-18 23:07:58', NULL, '697', '37', '00:04:01:23'),
(1247, '2023-08-18 23:08:49', '2023-08-18 23:08:49', NULL, '693', '69', '00:04:31:49'),
(1248, '2023-08-18 23:09:20', '2023-08-18 23:09:20', NULL, '698', '69', '00:04:31:49'),
(1249, '2023-08-18 23:09:53', '2023-08-18 23:09:53', NULL, '694', '69', '00:04:31:49'),
(1250, '2023-08-18 23:10:21', '2023-08-18 23:10:21', NULL, '695', '69', '00:04:31:49'),
(1251, '2023-08-18 23:12:18', '2023-08-18 23:12:18', NULL, '696', '61', '00:08:44:12'),
(1252, '2023-08-18 23:14:42', '2023-08-18 23:14:42', NULL, '695', '61', '00:08:44:12'),
(1253, '2023-08-18 23:15:07', '2023-08-18 23:15:07', NULL, '697', '61', '00:08:44:12'),
(1254, '2023-08-18 23:15:26', '2023-08-18 23:15:26', NULL, '693', '61', '00:08:44:12'),
(1255, '2023-08-18 23:15:56', '2023-08-18 23:15:56', NULL, '699', '47', '00:00:26:00'),
(1256, '2023-08-18 23:16:20', '2023-08-18 23:16:20', NULL, '700', '47', '00:00:26:10'),
(1257, '2023-08-18 23:18:54', '2023-08-18 23:18:54', NULL, '699', '54', '00:00:57:91'),
(1258, '2023-08-18 23:19:23', '2023-08-18 23:19:23', NULL, '701', '54', '00:00:57:23'),
(1259, '2023-08-18 23:21:32', '2023-08-18 23:30:21', NULL, '702', '30', '00:02:03:45'),
(1260, '2023-08-18 23:22:13', '2023-08-18 23:22:13', NULL, '703', '30', '00:02:04:31'),
(1261, '2023-08-18 23:22:38', '2023-08-18 23:31:18', NULL, '702', '44', '00:04:18:94'),
(1262, '2023-08-18 23:23:25', '2023-08-19 03:17:09', NULL, '703', '44', '00:04:23:29'),
(1263, '2023-08-18 23:23:55', '2023-08-19 03:18:49', NULL, '701', '58', '00:00:27:63'),
(1264, '2023-08-18 23:24:41', '2023-08-18 23:24:41', NULL, '699', '58', '00:00:28:38'),
(1265, '2023-08-18 23:27:05', '2023-08-18 23:32:06', NULL, '702', '64', '00:01:01:48'),
(1266, '2023-08-18 23:27:54', '2023-08-18 23:27:54', NULL, '701', '64', '00:01:01:70'),
(1267, '2023-08-18 23:32:17', '2023-08-18 23:32:17', NULL, '479', '21', NULL),
(1268, '2023-08-18 23:32:40', '2023-08-18 23:32:40', NULL, '479', '22', NULL),
(1269, '2023-08-18 23:32:41', '2023-08-18 23:32:41', NULL, '702', '49', '00:02:10:02'),
(1270, '2023-08-18 23:33:03', '2023-08-18 23:33:03', NULL, '481', '22', NULL),
(1271, '2023-08-18 23:33:16', '2023-08-18 23:33:16', NULL, '703', '49', '00:02:15:57'),
(1272, '2023-08-18 23:33:47', '2023-08-18 23:33:47', NULL, '483', '16', NULL),
(1273, '2023-08-18 23:34:19', '2023-08-18 23:34:19', NULL, '482', '22', NULL),
(1274, '2023-08-18 23:35:00', '2023-08-18 23:35:00', NULL, '490', '20', NULL),
(1275, '2023-08-18 23:35:18', '2023-08-18 23:35:18', NULL, '700', '56', '00:00:28:81'),
(1276, '2023-08-18 23:35:34', '2023-08-18 23:35:34', NULL, '490', '21', NULL),
(1277, '2023-08-18 23:35:38', '2023-08-18 23:35:38', NULL, '701', '56', '00:00:31:59'),
(1278, '2023-08-18 23:36:01', '2023-08-18 23:36:01', NULL, '700', '34', '00:01:01:56'),
(1279, '2023-08-18 23:36:25', '2023-08-18 23:36:25', NULL, '701', '34', '00:01:06:61'),
(1280, '2023-08-18 23:36:29', '2023-08-18 23:36:29', NULL, '490', '23', NULL),
(1281, '2023-08-18 23:36:59', '2023-08-18 23:36:59', NULL, '700', '42', '00:02:14:63'),
(1282, '2023-08-18 23:37:03', '2023-08-18 23:37:03', NULL, '488', '20', NULL),
(1283, '2023-08-18 23:37:27', '2023-08-18 23:37:27', NULL, '488', '21', NULL),
(1284, '2023-08-18 23:37:30', '2023-08-18 23:37:30', NULL, '701', '42', '00:02:19:34'),
(1285, '2023-08-18 23:37:51', '2023-08-18 23:37:51', NULL, '488', '23', NULL),
(1286, '2023-08-18 23:37:55', '2023-08-18 23:37:55', NULL, '704', '40', '00:00:32:08'),
(1287, '2023-08-18 23:38:19', '2023-08-18 23:38:19', NULL, '491', '20', NULL),
(1288, '2023-08-18 23:38:21', '2023-08-18 23:38:34', NULL, '704', '36', '00:01:09:67'),
(1289, '2023-08-18 23:38:40', '2023-08-18 23:38:40', NULL, '491', '21', NULL),
(1290, '2023-08-18 23:39:02', '2023-08-18 23:39:02', NULL, '704', '66', '00:02:29:14'),
(1291, '2023-08-18 23:39:08', '2023-08-18 23:39:08', NULL, '491', '23', NULL),
(1292, '2023-08-18 23:39:40', '2023-08-18 23:39:40', NULL, '492', '20', NULL),
(1293, '2023-08-18 23:39:59', '2023-08-18 23:39:59', NULL, '492', '21', NULL),
(1294, '2023-08-18 23:40:19', '2023-08-18 23:44:26', NULL, '492', '23', NULL),
(1295, '2023-08-18 23:40:51', '2023-08-18 23:40:51', NULL, '484', '17', NULL),
(1296, '2023-08-18 23:41:11', '2023-08-18 23:41:11', NULL, '484', '18', NULL),
(1297, '2023-08-18 23:41:35', '2023-08-18 23:41:35', NULL, '484', '20', NULL),
(1298, '2023-08-18 23:41:59', '2023-08-18 23:42:13', NULL, '484', '21', NULL),
(1299, '2023-08-18 23:42:24', '2023-08-18 23:42:24', NULL, '700', '32', '00:02:18:44'),
(1300, '2023-08-18 23:42:39', '2023-08-18 23:42:39', NULL, '484', '23', NULL),
(1301, '2023-08-18 23:42:50', '2023-08-18 23:42:50', NULL, '702', '32', '00:02:24:10'),
(1302, '2023-08-18 23:43:14', '2023-08-18 23:43:14', NULL, '487', '20', NULL),
(1303, '2023-08-18 23:43:20', '2023-08-18 23:43:20', NULL, '700', '60', '00:04:49:30'),
(1304, '2023-08-18 23:43:37', '2023-08-18 23:43:37', NULL, '487', '21', NULL),
(1305, '2023-08-18 23:43:42', '2023-08-18 23:43:42', NULL, '702', '60', '00:04:52:13'),
(1306, '2023-08-18 23:44:01', '2023-08-18 23:44:01', NULL, '487', '23', NULL),
(1307, '2023-08-18 23:44:15', '2023-08-18 23:44:15', NULL, '700', '38', '00:03:45:67'),
(1308, '2023-08-18 23:45:44', '2023-08-18 23:45:44', NULL, '704', '38', '00:03:45:67'),
(1309, '2023-08-18 23:46:13', '2023-08-18 23:46:13', NULL, '701', '38', '00:03:45:67'),
(1310, '2023-08-18 23:46:19', '2023-08-19 00:07:36', NULL, '483', '74', NULL),
(1311, '2023-08-18 23:46:38', '2023-08-18 23:46:38', NULL, '702', '38', '00:03:45:67'),
(1312, '2023-08-18 23:46:55', '2023-08-18 23:46:55', NULL, '495', '17', NULL),
(1313, '2023-08-18 23:47:17', '2023-08-18 23:47:17', NULL, '495', '18', NULL),
(1314, '2023-08-18 23:47:22', '2023-08-18 23:47:40', NULL, '700', '70', '00:04:10:78'),
(1315, '2023-08-18 23:47:38', '2023-08-18 23:47:38', NULL, '495', '20', NULL),
(1316, '2023-08-18 23:47:57', '2023-08-18 23:47:57', NULL, '495', '21', NULL),
(1317, '2023-08-18 23:48:07', '2023-08-18 23:48:07', NULL, '704', '70', '00:01:10:78'),
(1318, '2023-08-18 23:48:15', '2023-08-18 23:48:15', NULL, '495', '23', NULL),
(1319, '2023-08-18 23:48:33', '2023-08-18 23:48:33', NULL, '702', '70', '00:04:10:78'),
(1320, '2023-08-18 23:48:58', '2023-08-18 23:48:58', NULL, '485', '15', NULL),
(1321, '2023-08-18 23:48:58', '2023-08-18 23:48:58', NULL, '701', '70', '00:04:10:78'),
(1322, '2023-08-18 23:49:29', '2023-08-18 23:49:29', NULL, '485', '16', NULL),
(1323, '2023-08-18 23:50:03', '2023-08-18 23:50:03', NULL, '485', '17', NULL),
(1324, '2023-08-18 23:50:20', '2023-08-18 23:50:20', NULL, '485', '18', NULL),
(1325, '2023-08-18 23:50:39', '2023-08-18 23:50:39', NULL, '485', '20', NULL),
(1326, '2023-08-18 23:51:09', '2023-08-18 23:51:09', NULL, '485', '21', NULL),
(1327, '2023-08-18 23:51:33', '2023-08-18 23:51:33', NULL, '702', '62', '00:08:19:23'),
(1328, '2023-08-18 23:51:42', '2023-08-18 23:51:42', NULL, '485', '23', NULL),
(1329, '2023-08-18 23:52:06', '2023-08-18 23:52:06', NULL, '703', '62', '00:08:19:23'),
(1330, '2023-08-18 23:52:17', '2023-08-18 23:52:17', NULL, '489', '20', NULL),
(1331, '2023-08-18 23:52:33', '2023-08-18 23:52:33', NULL, '489', '21', NULL),
(1332, '2023-08-18 23:52:33', '2023-08-18 23:52:33', NULL, '701', '62', '00:08:19:23'),
(1333, '2023-08-18 23:52:51', '2023-08-18 23:52:51', NULL, '489', '23', NULL),
(1334, '2023-08-18 23:53:06', '2023-08-18 23:53:06', NULL, '699', '62', '00:08:19:23'),
(1335, '2023-08-18 23:53:18', '2023-08-18 23:53:18', NULL, '494', '20', NULL),
(1336, '2023-08-18 23:53:40', '2023-08-18 23:53:40', NULL, '494', '21', NULL),
(1337, '2023-08-18 23:54:02', '2023-08-18 23:54:02', NULL, '494', '23', NULL),
(1338, '2023-08-18 23:54:28', '2023-08-18 23:54:28', NULL, '493', '19', NULL),
(1339, '2023-08-18 23:55:00', '2023-08-19 00:04:57', NULL, '493', '74', NULL),
(1340, '2023-08-18 23:56:40', '2023-08-18 23:56:40', NULL, '486', '19', NULL),
(1341, '2023-08-18 23:57:06', '2023-08-19 00:04:35', NULL, '486', '74', NULL),
(1342, '2023-08-19 00:16:13', '2023-08-19 00:16:13', NULL, '705', '47', '00:00:25:07'),
(1343, '2023-08-19 00:16:52', '2023-08-19 00:16:52', NULL, '706', '47', '00:00:25:24'),
(1344, '2023-08-19 00:18:02', '2023-08-19 00:18:02', NULL, '705', '54', '00:00:53:83'),
(1346, '2023-08-19 00:21:21', '2023-08-19 00:21:21', NULL, '708', '30', '00:01:55:47'),
(1347, '2023-08-19 00:22:25', '2023-08-19 00:22:25', NULL, '707', '30', '00:01:56:18'),
(1348, '2023-08-19 00:23:08', '2023-08-19 00:23:08', NULL, '708', '44', '00:04:03:80'),
(1349, '2023-08-19 00:23:40', '2023-08-19 00:23:40', NULL, '707', '44', '00:04:07:55'),
(1350, '2023-08-19 00:28:26', '2023-08-19 00:28:26', NULL, '709', '58', '00:00:24:88'),
(1351, '2023-08-19 00:29:55', '2023-08-19 00:29:55', NULL, '710', '58', '00:00:25:48'),
(1352, '2023-08-19 00:32:22', '2023-08-19 00:32:22', NULL, '709', '64', '00:00:53:49'),
(1353, '2023-08-19 00:33:19', '2023-08-19 00:33:19', NULL, '710', '64', '00:00:56:80'),
(1354, '2023-08-19 00:36:10', '2023-08-19 00:36:10', NULL, '709', '49', '00:02:02:41'),
(1355, '2023-08-19 00:36:57', '2023-08-19 00:36:57', NULL, '711', '49', '00:02:07:69'),
(1356, '2023-08-19 00:38:27', '2023-08-19 00:38:27', NULL, '706', '56', '00:00:28:07'),
(1357, '2023-08-19 00:40:18', '2023-08-19 00:40:18', NULL, '705', '56', '00:00:28:67'),
(1358, '2023-08-19 00:40:50', '2023-08-19 00:40:50', NULL, '706', '34', '00:01:00:26'),
(1359, '2023-08-19 00:43:20', '2023-08-19 00:43:20', NULL, '711', '34', '00:01:02:54'),
(1360, '2023-08-19 00:44:31', '2023-08-19 00:44:31', NULL, '711', '42', '00:02:16:05'),
(1361, '2023-08-19 00:45:22', '2023-08-19 00:45:22', NULL, '706', '42', '00:02:16:94'),
(1362, '2023-08-19 00:46:03', '2023-08-19 00:46:03', NULL, '712', '40', '00:00:31:03'),
(1363, '2023-08-19 00:47:51', '2023-08-19 00:47:51', NULL, '712', '36', '00:01:08:23'),
(1364, '2023-08-19 00:48:57', '2023-08-19 00:48:57', NULL, '712', '66', '00:02:31:34'),
(1365, '2023-08-19 00:49:56', '2023-08-19 00:49:56', NULL, '711', '32', '00:02:12:43'),
(1366, '2023-08-19 00:50:31', '2023-08-19 00:50:31', NULL, '711', '60', '00:04:44:18'),
(1367, '2023-08-19 00:51:11', '2023-08-19 00:51:11', NULL, '711', '66', '00:02:37:94'),
(1368, '2023-08-19 00:51:50', '2023-08-19 00:51:50', NULL, '705', '32', '00:02:21:44'),
(1369, '2023-08-19 00:53:38', '2023-08-19 00:53:38', NULL, '705', '38', '00:03:30:45'),
(1370, '2023-08-19 00:54:24', '2023-08-19 00:54:24', NULL, '707', '38', '00:03:30:45'),
(1371, '2023-08-19 00:56:39', '2023-08-19 00:56:39', NULL, '708', '38', '00:03:30:45'),
(1372, '2023-08-19 00:58:48', '2023-08-19 00:58:48', NULL, '709', '38', '00:03:30:45'),
(1373, '2023-08-19 00:59:21', '2023-08-19 00:59:21', NULL, '706', '70', '00:03:54:56'),
(1374, '2023-08-19 00:59:55', '2023-08-19 00:59:55', NULL, '712', '70', '00:03:54:56'),
(1375, '2023-08-19 01:00:42', '2023-08-19 01:00:42', NULL, '709', '70', '00:03:54:56'),
(1376, '2023-08-19 01:01:14', '2023-08-19 01:01:14', NULL, '705', '70', '00:03:54:56'),
(1377, '2023-08-19 01:01:47', '2023-08-19 01:01:47', NULL, '708', '62', '00:07:51:23'),
(1378, '2023-08-19 01:02:38', '2023-08-19 01:02:38', NULL, '707', '62', '00:07:51:23'),
(1379, '2023-08-19 01:03:15', '2023-08-19 01:03:15', NULL, '705', '62', '00:07:51:23'),
(1380, '2023-08-19 01:03:47', '2023-08-19 01:03:47', NULL, '706', '62', '00:07:51:23'),
(1381, '2023-08-19 03:16:16', '2023-08-19 03:16:16', NULL, '707', '54', '00:00:54:62'),
(1382, '2023-08-19 06:33:30', '2023-08-19 06:33:30', NULL, '317', '22', NULL),
(1383, '2023-08-19 06:34:03', '2023-08-19 06:34:03', NULL, '317', '21', NULL),
(1384, '2023-08-19 06:35:59', '2023-08-19 06:35:59', NULL, '312', '18', NULL),
(1385, '2023-08-19 20:59:24', '2023-08-19 21:01:11', NULL, '836', '7', NULL),
(1386, '2023-08-19 21:02:23', '2023-08-19 21:02:23', NULL, '836', '3', NULL),
(1387, '2023-08-19 21:03:16', '2023-08-19 21:04:33', NULL, '836', '9', NULL),
(1388, '2023-08-20 00:35:01', '2023-08-20 00:35:01', NULL, '837', '2', NULL),
(1389, '2023-08-20 00:37:06', '2023-08-20 00:37:06', NULL, '837', '10', NULL),
(1390, '2023-08-20 00:38:02', '2023-08-20 00:38:02', NULL, '837', '13', NULL),
(1391, '2023-08-20 00:39:00', '2023-08-20 00:39:00', NULL, '844', '3', NULL),
(1392, '2023-08-20 00:39:50', '2023-08-20 00:39:50', NULL, '844', '9', NULL),
(1393, '2023-08-20 00:40:51', '2023-08-20 00:40:51', NULL, '844', '7', NULL),
(1394, '2023-08-20 00:41:32', '2023-08-20 00:41:32', NULL, '841', '2', NULL),
(1395, '2023-08-20 00:47:47', '2023-08-20 00:47:47', NULL, '841', '13', NULL),
(1396, '2023-08-20 01:00:19', '2023-08-20 01:00:19', NULL, '841', '10', NULL),
(1397, '2023-08-20 01:01:54', '2023-08-20 01:01:54', NULL, '838', '7', NULL),
(1398, '2023-08-20 01:05:19', '2023-08-20 01:05:19', NULL, '839', '9', NULL),
(1399, '2023-08-20 01:06:18', '2023-08-20 01:06:18', NULL, '843', '3', NULL),
(1402, '2023-08-20 01:08:53', '2023-08-20 01:08:53', NULL, '836', '12', NULL),
(1403, '2023-08-20 01:09:45', '2023-08-20 01:09:45', NULL, '838', '12', NULL),
(1407, '2023-08-20 01:10:48', '2023-08-20 01:10:48', NULL, '837', '4', NULL),
(1408, '2023-08-20 01:11:57', '2023-08-20 01:11:57', NULL, '841', '4', NULL),
(1409, '2023-08-20 01:12:45', '2023-08-20 01:12:45', NULL, '837', '6', NULL),
(1411, '2023-08-20 01:13:37', '2023-08-20 01:13:37', NULL, '841', '6', NULL),
(1412, '2023-08-20 01:18:20', '2023-08-20 01:18:20', NULL, '836', '8', NULL),
(1413, '2023-08-20 01:19:39', '2023-08-20 01:19:39', NULL, '837', '8', NULL),
(1415, '2023-08-20 01:20:48', '2023-08-20 01:20:48', NULL, '836', '5', NULL),
(1416, '2023-08-20 01:23:16', '2023-08-20 01:23:16', NULL, '841', '5', NULL),
(1417, '2023-08-20 01:24:03', '2023-08-20 01:24:03', NULL, '836', '14', NULL),
(1418, '2023-08-20 01:24:37', '2023-08-20 01:24:37', NULL, '837', '14', NULL),
(1419, '2023-08-20 01:25:53', '2023-08-20 01:25:53', NULL, '841', '14', NULL),
(1420, '2023-08-20 17:10:48', '2023-08-20 17:10:48', NULL, '800', '39', '00:00:33:20'),
(1421, '2023-08-20 17:11:35', '2023-08-20 17:11:35', NULL, '800', '35', '00:01:14:75'),
(1422, '2023-08-20 17:12:39', '2023-08-20 17:12:39', NULL, '801', '46', '00:00:27:54'),
(1423, '2023-08-20 17:13:30', '2023-08-20 17:13:30', NULL, '801', '53', '00:00:59:35'),
(1424, '2023-08-20 17:14:37', '2023-08-20 17:14:37', NULL, '801', '55', '00:00:31:16'),
(1425, '2023-08-20 17:15:16', '2023-08-20 17:15:16', NULL, '801', '33', '00:01:07:07'),
(1426, '2023-08-20 17:15:57', '2023-08-20 17:15:57', NULL, '801', '41', '00:02:26:87'),
(1427, '2023-08-20 17:17:00', '2023-08-20 17:17:00', NULL, '801', '57', '00:00:29:57'),
(1428, '2023-08-20 17:17:59', '2023-08-20 17:17:59', NULL, '801', '63', '00:01:04:64'),
(1429, '2023-08-20 17:19:03', '2023-08-20 17:19:03', NULL, '834', '53', '00:00:59:32'),
(1430, '2023-08-20 17:19:37', '2023-08-20 17:19:37', NULL, '834', '29', '00:02:09:39'),
(1431, '2023-08-20 17:20:12', '2023-08-20 17:20:12', NULL, '834', '43', '00:04:35:43'),
(1432, '2023-08-20 17:21:03', '2023-08-20 17:21:03', NULL, '834', '48', '00:02:28:33'),
(1433, '2023-08-20 17:21:47', '2023-08-20 17:21:47', NULL, '834', '31', '00:02:22:52'),
(1434, '2023-08-20 17:22:33', '2023-08-20 17:22:33', NULL, '834', '59', '00:05:03:97'),
(1435, '2023-08-20 17:23:33', '2023-08-20 17:23:33', NULL, '806', '29', '00:02:10:10'),
(1436, '2023-08-20 17:24:13', '2023-08-20 17:24:13', NULL, '806', '43', '00:04:33:92'),
(1437, '2023-08-20 17:25:07', '2023-08-20 17:25:07', NULL, '806', '67', '00:09:28:95'),
(1438, '2023-08-20 17:26:10', '2023-08-20 17:26:10', NULL, '806', '63', '00:01:04:41'),
(1439, '2023-08-20 17:26:49', '2023-08-20 17:26:49', NULL, '806', '48', '00:02:20:54'),
(1440, '2023-08-20 17:27:29', '2023-08-20 17:27:29', NULL, '806', '59', '00:05:21:30'),
(1441, '2023-08-20 17:28:16', '2023-08-20 17:28:16', NULL, '807', '46', '00:00:28:00'),
(1442, '2023-08-20 17:29:09', '2023-08-20 17:29:09', NULL, '807', '57', '00:00:29:31'),
(1443, '2023-08-20 17:29:37', '2023-08-20 17:29:37', NULL, '807', '39', '00:00:34:58'),
(1444, '2023-08-20 17:30:14', '2023-08-20 17:30:14', NULL, '807', '35', '00:01:16:45'),
(1445, '2023-08-20 17:30:48', '2023-08-20 17:30:48', NULL, '807', '65', '00:02:48:25'),
(1446, '2023-08-20 17:31:26', '2023-08-20 17:31:26', NULL, '807', '31', '00:02:30:54'),
(1447, '2023-08-20 17:32:22', '2023-08-20 17:32:22', NULL, '808', '65', '00:02:47:29'),
(1448, '2023-08-20 17:33:26', '2023-08-20 17:33:26', NULL, '779', '46', '00:00:28:09'),
(1449, '2023-08-20 17:34:01', '2023-08-20 17:34:01', NULL, '779', '53', '00:01:00:42'),
(1450, '2023-08-20 17:34:28', '2023-08-20 17:34:28', NULL, '779', '29', '00:02:13:32'),
(1451, '2023-08-20 17:35:03', '2023-08-20 17:35:03', NULL, '779', '55', '00:00:31:74'),
(1452, '2023-08-20 17:35:37', '2023-08-20 17:35:37', NULL, '779', '57', '00:00:27:95'),
(1453, '2023-08-20 17:36:06', '2023-08-20 17:36:06', NULL, '779', '63', '00:01:04:19'),
(1454, '2023-08-20 17:36:39', '2023-08-20 17:36:39', NULL, '780', '33', '00:01:07:31'),
(1455, '2023-08-20 17:37:03', '2023-08-20 17:37:03', NULL, '780', '41', '00:02:25:99'),
(1456, '2023-08-20 17:37:45', '2023-08-20 17:37:45', NULL, '780', '63', '00:01:06:59'),
(1457, '2023-08-20 17:38:10', '2023-08-20 17:38:10', NULL, '780', '48', '00:02:22:17'),
(1458, '2023-08-20 17:38:42', '2023-08-20 17:38:42', NULL, '780', '31', '00:02:26:19'),
(1459, '2023-08-20 17:39:03', '2023-08-20 17:39:03', NULL, '780', '59', '00:05:11:01'),
(1460, '2023-08-20 17:39:52', '2023-08-20 17:39:52', NULL, '781', '43', '00:04:39:01'),
(1461, '2023-08-20 17:40:21', '2023-08-20 17:40:21', NULL, '781', '67', '00:09:37:43'),
(1462, '2023-08-20 17:40:59', '2023-08-20 17:40:59', NULL, '782', '46', '00:00:28:25'),
(1463, '2023-08-20 17:41:21', '2023-08-20 17:41:21', NULL, '782', '29', '00:02:14:01'),
(1464, '2023-08-20 17:41:51', '2023-08-20 17:41:51', NULL, '782', '57', '00:00:30:64'),
(1465, '2023-08-20 17:42:20', '2023-08-20 17:42:20', NULL, '782', '39', '00:00:35:96'),
(1466, '2023-08-20 17:43:13', '2023-08-20 17:43:13', NULL, '835', '48', '00:02:30:21'),
(1467, '2023-08-20 17:43:50', '2023-08-20 17:43:50', NULL, '835', '35', '00:01:21:99'),
(1468, '2023-08-20 17:44:21', '2023-08-20 17:44:21', NULL, '835', '65', '00:02:52:18'),
(1469, '2023-08-20 17:44:48', '2023-08-20 17:44:48', NULL, '835', '31', '00:02:35:10'),
(1470, '2023-08-20 17:45:19', '2023-08-20 17:45:19', NULL, '835', '59', '00:05:26:15'),
(1471, '2023-08-20 17:46:01', '2023-08-20 17:46:01', NULL, '786', '53', '00:01:02:04'),
(1472, '2023-08-20 17:46:36', '2023-08-20 17:46:36', NULL, '788', '67', '00:09:45:68'),
(1473, '2023-08-20 17:47:22', '2023-08-20 21:51:27', NULL, '891', '43', '00:04:43:26'),
(1474, '2023-08-20 18:28:01', '2023-08-20 18:28:01', NULL, '789', '47', '00:00:24:31'),
(1475, '2023-08-20 18:28:32', '2023-08-20 18:28:32', NULL, '789', '54', '00:00:51:19'),
(1476, '2023-08-20 18:28:56', '2023-08-20 18:28:56', NULL, '789', '30', '00:01:54:26'),
(1477, '2023-08-20 18:29:34', '2023-08-20 18:29:34', NULL, '789', '58', '00:00:26:06'),
(1478, '2023-08-20 18:30:03', '2023-08-20 18:30:03', NULL, '789', '64', '00:00:57:61'),
(1479, '2023-08-20 18:30:34', '2023-08-20 18:30:34', NULL, '790', '44', '00:04:10:46'),
(1480, '2023-08-20 18:31:08', '2023-08-20 18:31:08', NULL, '790', '68', '00:16:43:60'),
(1481, '2023-08-20 18:31:33', '2023-08-20 18:31:33', NULL, '790', '32', '00:02:17:41'),
(1482, '2023-08-20 18:32:12', '2023-08-20 18:32:12', NULL, '791', '40', '00:00:30:43'),
(1483, '2023-08-20 18:32:37', '2023-08-20 18:32:37', NULL, '791', '36', '00:01:08:50'),
(1484, '2023-08-20 18:32:59', '2023-08-20 18:32:59', NULL, '791', '66', '00:02:31:41'),
(1485, '2023-08-20 18:33:29', '2023-08-20 18:33:29', NULL, '791', '60', '00:04:57:69'),
(1486, '2023-08-20 18:34:12', '2023-08-20 18:34:12', NULL, '792', '30', '00:01:58:60'),
(1487, '2023-08-20 18:34:51', '2023-08-20 18:34:51', NULL, '792', '64', '00:00:58:90'),
(1488, '2023-08-20 18:35:16', '2023-08-20 18:35:16', NULL, '792', '49', '00:02:07:40'),
(1489, '2023-08-20 18:35:51', '2023-08-20 18:35:51', NULL, '792', '32', '00:02:14:39'),
(1490, '2023-08-20 18:36:18', '2023-08-20 18:36:18', NULL, '792', '60', '00:04:44:88'),
(1491, '2023-08-20 18:37:01', '2023-08-20 18:37:01', NULL, '793', '56', '00:00:28:56'),
(1492, '2023-08-20 18:37:27', '2023-08-20 18:37:27', NULL, '793', '34', '00:01:02:87'),
(1493, '2023-08-20 18:38:18', '2023-08-20 18:38:18', NULL, '793', '42', '00:02:16:83'),
(1494, '2023-08-20 18:39:02', '2023-08-20 18:39:02', NULL, '794', '44', '00:04:16:45'),
(1495, '2023-08-20 18:39:31', '2023-08-20 18:39:31', NULL, '824', '68', '00:16:59:21'),
(1496, '2023-08-20 18:39:59', '2023-08-20 18:39:59', NULL, '794', '42', '00:02:18:87'),
(1497, '2023-08-20 18:40:25', '2023-08-20 18:40:25', NULL, '794', '49', '00:02:19:00'),
(1498, '2023-08-20 18:41:04', '2023-08-20 18:41:04', NULL, '795', '47', '00:00:25:38'),
(1499, '2023-08-20 18:41:32', '2023-08-20 18:41:32', NULL, '795', '54', '00:00:55:18'),
(1500, '2023-08-20 18:42:07', '2023-08-20 18:42:07', NULL, '796', '56', '00:00:29:20'),
(1501, '2023-08-20 18:42:34', '2023-08-20 18:42:34', NULL, '796', '34', '00:01:03:78'),
(1502, '2023-08-20 18:43:13', '2023-08-20 18:43:13', NULL, '797', '40', '00:00:31:69'),
(1503, '2023-08-20 18:44:13', '2023-08-20 18:44:13', NULL, '797', '36', '00:01:09:52'),
(1504, '2023-08-20 18:44:52', '2023-08-20 18:44:52', NULL, '797', '66', '00:02:33:78'),
(1505, '2023-08-20 18:45:40', '2023-08-20 18:45:40', NULL, '799', '58', '00:00:27:05'),
(1506, '2023-08-20 18:46:41', '2023-08-20 18:46:41', NULL, '810', '56', '00:00:27:83'),
(1507, '2023-08-20 18:47:21', '2023-08-20 18:47:21', NULL, '810', '34', '00:01:00:78'),
(1508, '2023-08-20 18:47:58', '2023-08-20 18:47:58', NULL, '810', '42', '00:02:13:03'),
(1509, '2023-08-20 18:48:45', '2023-08-20 18:48:45', NULL, '811', '68', '00:16:25:63'),
(1510, '2023-08-20 18:49:12', '2023-08-20 18:49:12', NULL, '811', '56', '00:00:28:95'),
(1511, '2023-08-20 18:49:38', '2023-08-20 18:49:38', NULL, '811', '34', '00:01:01:64'),
(1512, '2023-08-20 18:50:04', '2023-08-20 18:50:04', NULL, '811', '42', '00:02:13:31'),
(1513, '2023-08-20 18:50:39', '2023-08-20 18:50:39', NULL, '812', '47', '00:00:24:34'),
(1514, '2023-08-20 18:51:07', '2023-08-20 18:51:07', NULL, '812', '40', '00:00:29:35');
INSERT INTO `inscripciones` (`id`, `created_at`, `updated_at`, `deleted_at`, `deportista_id`, `prueba_id`, `marca`) VALUES
(1515, '2023-08-20 18:51:30', '2023-08-20 18:51:30', NULL, '812', '36', '00:01:04:34'),
(1516, '2023-08-20 18:52:08', '2023-08-20 18:52:08', NULL, '812', '66', '00:02:24:71'),
(1517, '2023-08-20 18:52:47', '2023-08-20 18:52:47', NULL, '813', '58', '00:00:25:77'),
(1518, '2023-08-20 18:53:22', '2023-08-20 18:53:22', NULL, '813', '64', '00:00:55:63'),
(1519, '2023-08-20 18:54:29', '2023-08-20 18:54:29', NULL, '813', '49', '00:02:06:33'),
(1520, '2023-08-20 18:55:10', '2023-08-20 18:55:10', NULL, '813', '32', '00:02:08:10'),
(1521, '2023-08-20 18:55:39', '2023-08-20 18:55:39', NULL, '813', '60', '00:04:36:31'),
(1522, '2023-08-20 18:56:14', '2023-08-20 18:56:14', NULL, '814', '47', '00:00:24:33'),
(1523, '2023-08-20 18:56:52', '2023-08-20 18:56:52', NULL, '814', '58', '00:00:25:49'),
(1524, '2023-08-20 18:57:26', '2023-08-20 18:57:26', NULL, '814', '64', '00:00:56:42'),
(1525, '2023-08-20 18:58:06', '2023-08-20 18:58:06', NULL, '815', '30', '00:01:54:55'),
(1526, '2023-08-20 18:58:39', '2023-08-20 18:58:39', NULL, '815', '44', '00:04:05:62'),
(1527, '2023-08-20 18:59:34', '2023-08-20 18:59:34', NULL, '815', '49', '00:02:10:06'),
(1528, '2023-08-20 19:00:15', '2023-08-20 19:00:15', NULL, '817', '54', '00:00:52:82'),
(1529, '2023-08-20 19:00:41', '2023-08-20 19:00:41', NULL, '817', '30', '00:01:55:28'),
(1530, '2023-08-20 19:01:01', '2023-08-20 19:01:01', NULL, '817', '44', '00:04:09:62'),
(1531, '2023-08-20 19:01:43', '2023-08-20 19:01:43', NULL, '818', '54', '00:00:53:23'),
(1532, '2023-08-20 19:02:35', '2023-08-20 19:02:35', NULL, '819', '38', NULL),
(1533, '2023-08-20 19:03:20', '2023-08-20 19:03:20', NULL, '820', '40', '00:00:30:27'),
(1534, '2023-08-20 19:03:44', '2023-08-20 19:03:44', NULL, '820', '36', '00:01:04:63'),
(1535, '2023-08-20 19:04:22', '2023-08-20 19:04:22', NULL, '820', '66', '00:02:25:23'),
(1536, '2023-08-20 19:04:46', '2023-08-20 19:04:46', NULL, '820', '32', '00:02:11:64'),
(1537, '2023-08-20 19:05:17', '2023-08-20 19:05:17', NULL, '820', '60', '00:04:44:07'),
(1538, '2023-08-20 19:06:59', '2023-08-20 19:06:59', NULL, '818', '62', NULL),
(1539, '2023-08-20 19:07:42', '2023-08-20 19:07:42', NULL, '815', '38', NULL),
(1540, '2023-08-20 19:08:15', '2023-08-20 19:08:15', NULL, '813', '62', NULL),
(1541, '2023-08-20 19:08:42', '2023-08-20 19:08:42', NULL, '817', '38', NULL),
(1542, '2023-08-20 19:09:09', '2023-08-20 19:09:09', NULL, '818', '38', NULL),
(1543, '2023-08-20 19:09:41', '2023-08-20 19:09:41', NULL, '815', '62', NULL),
(1544, '2023-08-20 19:10:15', '2023-08-20 19:10:15', NULL, '817', '62', NULL),
(1545, '2023-08-20 19:11:04', '2023-08-20 19:11:04', NULL, '801', '37', NULL),
(1546, '2023-08-20 19:11:24', '2023-08-20 19:11:24', NULL, '801', '61', NULL),
(1547, '2023-08-20 19:12:12', '2023-08-20 19:12:12', NULL, '834', '37', NULL),
(1548, '2023-08-20 19:12:37', '2023-08-20 19:12:37', NULL, '834', '61', NULL),
(1549, '2023-08-20 19:13:17', '2023-08-20 19:13:17', NULL, '806', '37', NULL),
(1550, '2023-08-20 19:13:37', '2023-08-20 19:13:37', NULL, '806', '61', NULL),
(1551, '2023-08-20 19:14:14', '2023-08-20 19:14:14', NULL, '807', '37', NULL),
(1552, '2023-08-20 19:14:37', '2023-08-20 19:14:37', NULL, '807', '61', NULL),
(1553, '2023-08-20 19:15:36', '2023-08-20 19:15:36', NULL, '834', '69', NULL),
(1554, '2023-08-20 19:16:21', '2023-08-20 19:16:21', NULL, '806', '69', NULL),
(1555, '2023-08-20 19:16:58', '2023-08-20 19:16:58', NULL, '807', '69', NULL),
(1556, '2023-08-20 19:17:43', '2023-08-20 19:17:43', NULL, '801', '69', NULL),
(1557, '2023-08-20 19:18:26', '2023-08-20 19:18:26', NULL, '801', '45', NULL),
(1558, '2023-08-20 19:19:28', '2023-08-20 19:19:28', NULL, '810', '70', NULL),
(1559, '2023-08-20 19:20:21', '2023-08-20 19:20:21', NULL, '817', '45', NULL),
(1560, '2023-08-20 19:21:50', '2023-08-20 19:21:50', NULL, '789', '38', NULL),
(1561, '2023-08-20 19:22:15', '2023-08-20 19:22:15', NULL, '791', '38', NULL),
(1562, '2023-08-20 19:22:32', '2023-08-20 19:22:32', NULL, '792', '38', NULL),
(1563, '2023-08-20 19:23:01', '2023-08-20 19:23:01', NULL, '795', '38', NULL),
(1564, '2023-08-20 19:23:51', '2023-08-20 19:23:51', NULL, '789', '62', NULL),
(1565, '2023-08-20 19:24:12', '2023-08-20 19:24:12', NULL, '790', '62', NULL),
(1566, '2023-08-20 19:24:41', '2023-08-20 19:24:41', NULL, '792', '62', NULL),
(1567, '2023-08-20 19:25:09', '2023-08-20 19:25:09', NULL, '794', '62', NULL),
(1568, '2023-08-20 19:25:58', '2023-08-20 19:25:58', NULL, '789', '45', NULL),
(1569, '2023-08-20 19:26:29', '2023-08-20 19:26:29', NULL, '789', '52', NULL),
(1570, '2023-08-20 19:27:04', '2023-08-20 19:27:04', NULL, '779', '37', NULL),
(1571, '2023-08-20 19:27:31', '2023-08-20 19:27:31', NULL, '779', '61', NULL),
(1572, '2023-08-20 19:28:07', '2023-08-20 19:28:07', NULL, '779', '45', NULL),
(1573, '2023-08-20 19:28:29', '2023-08-20 19:28:29', NULL, '779', '69', NULL),
(1574, '2023-08-20 19:37:59', '2023-08-20 19:37:59', NULL, '788', '25', NULL),
(1575, '2023-08-20 19:38:26', '2023-08-20 19:38:26', NULL, '823', '25', NULL),
(1576, '2023-08-20 19:38:50', '2023-08-20 19:38:50', NULL, '824', '24', NULL),
(1577, '2023-08-20 19:39:18', '2023-08-20 19:39:18', NULL, '825', '24', NULL),
(1578, '2023-08-20 19:40:37', '2023-08-20 19:40:37', NULL, '827', '71', NULL),
(1580, '2023-08-20 19:41:39', '2023-08-20 19:41:39', NULL, '828', '72', NULL),
(1581, '2023-08-20 19:42:06', '2023-08-20 19:42:06', NULL, '810', '72', NULL),
(1582, '2023-08-20 19:42:36', '2023-08-20 19:42:36', NULL, '830', '27', NULL),
(1583, '2023-08-20 19:43:20', '2023-08-20 19:43:20', NULL, '831', '27', NULL),
(1584, '2023-08-20 19:43:57', '2023-08-20 19:43:57', NULL, '832', '26', NULL),
(1585, '2023-08-20 19:44:21', '2023-08-20 19:44:21', NULL, '833', '26', NULL),
(1586, '2023-08-20 19:46:16', '2023-08-20 19:49:33', NULL, '828', '73', NULL),
(1587, '2023-08-20 19:47:30', '2023-08-20 19:47:30', NULL, '832', '73', NULL),
(1588, '2023-08-20 19:50:39', '2023-08-20 19:50:39', NULL, '794', '28', NULL),
(1589, '2023-08-20 19:52:01', '2023-08-20 19:52:01', NULL, '825', '28', NULL),
(1590, '2023-08-20 21:22:44', '2023-08-20 21:22:44', NULL, '790', '30', '00:02:00:44'),
(1591, '2023-08-20 21:23:49', '2023-08-20 21:23:49', NULL, '796', '64', '00:01:01:17'),
(1592, '2023-08-20 21:24:33', '2023-08-20 21:24:33', NULL, '790', '49', '00:02:21:13'),
(1593, '2023-08-20 21:25:17', '2023-08-20 21:25:17', NULL, '790', '60', '00:04:57:98'),
(1594, '2023-08-20 21:25:52', '2023-08-20 21:25:52', NULL, '789', '32', '00:02:17:46'),
(1595, '2023-08-20 21:28:58', '2023-08-20 21:28:58', NULL, '791', '62', NULL),
(1596, '2023-08-20 21:33:32', '2023-08-20 21:33:32', NULL, '790', '38', NULL),
(1597, '2023-08-21 00:23:31', '2023-08-21 00:23:31', NULL, '892', '26', NULL),
(1598, '2023-08-21 00:24:10', '2023-08-21 00:24:10', NULL, '806', '71', NULL),
(1599, '2023-08-21 17:37:30', '2023-08-21 17:37:30', NULL, '684', '52', '00:03:51:13'),
(1600, '2023-08-21 17:38:20', '2023-08-21 17:38:20', NULL, '685', '52', '00:03:51:13'),
(1601, '2023-08-21 17:44:53', '2023-08-21 17:44:53', NULL, '700', '52', '00:03:51:13'),
(1602, '2023-08-21 17:45:48', '2023-08-21 17:45:48', NULL, '704', '52', '00:03:51:13'),
(1603, '2023-08-21 17:48:50', '2023-08-21 17:48:50', NULL, '700', '45', '00:04:13:24'),
(1604, '2023-08-21 17:49:20', '2023-08-21 17:49:20', NULL, '704', '45', '00:04:13:24'),
(1605, '2023-08-21 17:49:52', '2023-08-21 17:49:52', NULL, '686', '45', '00:04:13:24'),
(1606, '2023-08-21 17:50:17', '2023-08-21 17:50:17', NULL, '684', '45', '00:04:13:24'),
(1607, '2023-08-21 17:52:13', '2023-08-21 17:52:13', NULL, '695', '52', '00:03:46:23'),
(1608, '2023-08-21 17:52:47', '2023-08-21 17:52:47', NULL, '696', '52', '00:03:46:23'),
(1609, '2023-08-21 17:53:27', '2023-08-21 17:53:27', NULL, '705', '52', '00:03:46:23'),
(1610, '2023-08-21 17:55:37', '2023-08-21 17:55:37', NULL, '708', '52', '00:03:46:23'),
(1611, '2023-08-21 17:58:56', '2023-08-21 17:58:56', NULL, '706', '45', '00:04:12:24'),
(1612, '2023-08-21 18:00:11', '2023-08-21 18:00:11', NULL, '698', '45', '00:04:12:24'),
(1613, '2023-08-21 18:04:45', '2023-08-21 18:04:45', NULL, '709', '45', '00:04:12:24'),
(1614, '2023-08-21 18:05:17', '2023-08-21 18:05:17', NULL, '695', '45', '00:04:12:24'),
(1615, '2023-08-21 19:12:32', '2023-08-21 19:12:32', NULL, '836', '11', NULL),
(1616, '2023-08-21 19:13:51', '2023-08-21 19:13:51', NULL, '839', '11', NULL),
(1617, '2023-08-22 00:36:14', '2023-08-22 00:36:14', NULL, '931', '3', NULL),
(1618, '2023-08-22 00:36:46', '2023-08-22 00:36:46', NULL, '931', '7', NULL),
(1619, '2023-08-22 00:37:13', '2023-08-22 00:37:13', NULL, '931', '9', NULL),
(1620, '2023-08-22 00:38:07', '2023-08-22 00:38:07', NULL, '932', '2', NULL),
(1621, '2023-08-22 00:38:42', '2023-08-22 00:38:42', NULL, '932', '10', NULL),
(1622, '2023-08-22 00:39:13', '2023-08-22 00:39:13', NULL, '932', '13', NULL),
(1623, '2023-08-22 00:40:34', '2023-08-22 00:40:34', NULL, '933', '3', NULL),
(1624, '2023-08-22 00:41:01', '2023-08-22 00:41:01', NULL, '933', '7', NULL),
(1625, '2023-08-22 00:41:26', '2023-08-22 00:41:26', NULL, '933', '9', NULL),
(1626, '2023-08-22 01:15:40', '2023-08-22 01:15:40', NULL, '460', '30', '00:02:02:19'),
(1627, '2023-08-22 01:43:30', '2023-08-22 01:43:30', NULL, '467', '37', NULL),
(1628, '2023-08-22 01:43:58', '2023-08-22 01:43:58', NULL, '622', '37', NULL),
(1629, '2023-08-22 01:44:13', '2023-08-22 01:44:13', NULL, '464', '37', NULL),
(1630, '2023-08-22 01:44:24', '2023-08-22 01:44:24', NULL, '459', '37', NULL),
(1631, '2023-08-22 01:44:49', '2023-08-22 01:44:49', NULL, '467', '69', NULL),
(1633, '2023-08-22 01:45:26', '2023-08-22 01:45:26', NULL, '464', '69', NULL),
(1634, '2023-08-22 01:45:40', '2023-08-22 01:45:40', NULL, '459', '69', NULL),
(1635, '2023-08-22 01:45:59', '2023-08-22 01:45:59', NULL, '622', '69', NULL),
(1636, '2023-08-22 01:46:26', '2023-08-22 01:46:26', NULL, '626', '45', NULL),
(1637, '2023-08-22 01:46:47', '2023-08-22 01:46:47', NULL, '463', '45', NULL),
(1638, '2023-08-22 01:47:01', '2023-08-22 01:47:01', NULL, '467', '45', NULL),
(1639, '2023-08-22 01:47:18', '2023-08-22 01:47:18', NULL, '459', '45', NULL),
(1640, '2023-08-22 01:47:39', '2023-08-22 01:47:39', NULL, '463', '52', NULL),
(1641, '2023-08-22 01:47:55', '2023-08-22 01:47:55', NULL, '626', '52', NULL),
(1642, '2023-08-22 01:48:10', '2023-08-22 01:48:10', NULL, '622', '52', NULL),
(1643, '2023-08-22 01:48:29', '2023-08-22 01:48:29', NULL, '464', '52', NULL),
(1644, '2023-08-22 01:53:12', '2023-08-22 01:53:12', NULL, '242', '38', NULL),
(1645, '2023-08-22 01:53:26', '2023-08-22 01:53:26', NULL, '243', '38', NULL),
(1646, '2023-08-22 01:53:40', '2023-08-22 01:53:40', NULL, '465', '38', NULL),
(1647, '2023-08-22 01:53:54', '2023-08-22 01:53:54', NULL, '241', '38', NULL),
(1648, '2023-08-22 01:54:08', '2023-08-22 01:54:08', NULL, '241', '70', NULL),
(1649, '2023-08-22 01:54:21', '2023-08-22 01:54:21', NULL, '243', '70', NULL),
(1650, '2023-08-22 01:54:39', '2023-08-22 01:54:39', NULL, '242', '70', NULL),
(1651, '2023-08-22 01:54:59', '2023-08-22 01:54:59', NULL, '465', '70', NULL),
(1652, '2023-08-22 03:49:20', '2023-08-22 03:49:20', NULL, '657', '15', NULL),
(1653, '2023-08-22 03:49:41', '2023-08-22 03:49:41', NULL, '657', '16', NULL),
(1654, '2023-08-22 03:50:48', '2023-08-22 03:50:48', NULL, '680', '15', NULL),
(1655, '2023-08-22 03:51:03', '2023-08-22 03:51:03', NULL, '680', '16', NULL),
(1656, '2023-08-22 03:52:12', '2023-08-22 03:52:12', NULL, '682', '17', NULL),
(1657, '2023-08-22 03:52:30', '2023-08-22 03:52:30', NULL, '682', '18', NULL),
(1658, '2023-08-22 03:52:47', '2023-08-22 03:52:47', NULL, '658', '17', NULL),
(1659, '2023-08-22 03:52:58', '2023-08-22 03:52:58', NULL, '658', '18', NULL),
(1660, '2023-08-22 03:53:26', '2023-08-22 03:53:26', NULL, '664', '19', NULL),
(1661, '2023-08-22 03:53:40', '2023-08-22 03:53:40', NULL, '664', '74', NULL),
(1662, '2023-08-22 03:53:52', '2023-08-22 03:53:52', NULL, '680', '19', NULL),
(1663, '2023-08-22 03:54:05', '2023-08-22 03:54:05', NULL, '680', '74', NULL),
(1664, '2023-08-22 04:11:50', '2023-08-22 04:11:50', NULL, '657', '20', NULL),
(1665, '2023-08-22 04:12:06', '2023-08-22 04:12:06', NULL, '657', '21', NULL),
(1666, '2023-08-22 04:13:12', '2023-08-22 04:13:12', NULL, '682', '20', NULL),
(1667, '2023-08-22 04:13:23', '2023-08-22 04:13:23', NULL, '682', '21', NULL),
(1668, '2023-08-22 04:13:38', '2023-08-22 04:13:38', NULL, '664', '20', NULL),
(1669, '2023-08-22 04:13:50', '2023-08-22 04:13:50', NULL, '664', '21', NULL),
(1670, '2023-08-22 04:14:12', '2023-08-22 04:14:12', NULL, '665', '20', NULL),
(1671, '2023-08-22 04:14:25', '2023-08-22 04:14:25', NULL, '665', '21', NULL),
(1672, '2023-08-22 04:15:02', '2023-08-22 04:15:02', NULL, '668', '20', NULL),
(1673, '2023-08-22 04:15:16', '2023-08-22 04:15:16', NULL, '668', '21', NULL),
(1674, '2023-08-22 04:15:31', '2023-08-22 04:15:31', NULL, '658', '20', NULL),
(1675, '2023-08-22 04:15:43', '2023-08-22 04:15:43', NULL, '658', '21', NULL),
(1676, '2023-08-22 04:16:04', '2023-08-22 04:16:04', NULL, '671', '20', NULL),
(1677, '2023-08-22 04:16:15', '2023-08-22 04:16:15', NULL, '671', '21', NULL),
(1682, '2023-08-22 05:07:08', '2023-08-22 05:07:08', NULL, '638', '16', NULL),
(1683, '2023-08-22 05:07:27', '2023-08-22 05:07:27', NULL, '635', '16', NULL),
(1684, '2023-08-22 05:07:48', '2023-08-22 05:07:48', NULL, '637', '18', NULL),
(1685, '2023-08-22 05:08:00', '2023-08-22 05:08:00', NULL, '638', '18', NULL),
(1686, '2023-08-22 05:09:17', '2023-08-22 05:09:17', NULL, '645', '74', NULL),
(1687, '2023-08-22 05:09:31', '2023-08-22 05:09:31', NULL, '635', '74', NULL),
(1688, '2023-08-22 05:10:32', '2023-08-22 05:10:32', NULL, '632', '21', NULL),
(1689, '2023-08-22 05:11:04', '2023-08-22 05:11:04', NULL, '634', '21', NULL),
(1690, '2023-08-22 05:11:22', '2023-08-22 05:11:22', NULL, '636', '21', NULL),
(1691, '2023-08-22 05:11:41', '2023-08-22 05:11:41', NULL, '637', '21', NULL),
(1692, '2023-08-22 05:12:12', '2023-08-22 05:12:12', NULL, '638', '21', NULL),
(1693, '2023-08-22 05:12:27', '2023-08-22 05:12:27', NULL, '640', '21', NULL),
(1694, '2023-08-22 05:12:45', '2023-08-22 05:12:45', NULL, '641', '21', NULL),
(1695, '2023-08-22 05:13:05', '2023-08-22 05:13:05', NULL, '643', '21', NULL),
(1696, '2023-08-22 05:13:06', '2023-08-22 05:13:06', NULL, '466', '37', NULL),
(1697, '2023-08-22 05:13:24', '2023-08-22 05:13:24', NULL, '244', '37', NULL),
(1698, '2023-08-22 05:13:46', '2023-08-22 05:13:46', NULL, '468', '37', NULL),
(1699, '2023-08-22 05:14:03', '2023-08-22 05:14:03', NULL, '583', '37', NULL),
(1700, '2023-08-22 05:14:21', '2023-08-22 05:14:21', NULL, '583', '69', NULL),
(1701, '2023-08-22 05:14:36', '2023-08-22 05:14:36', NULL, '244', '69', NULL),
(1702, '2023-08-22 05:14:55', '2023-08-22 05:14:55', NULL, '596', '69', NULL),
(1703, '2023-08-22 05:15:16', '2023-08-22 05:15:16', NULL, '466', '69', NULL),
(1704, '2023-08-22 05:15:39', '2023-08-22 05:15:39', NULL, '242', '52', NULL),
(1705, '2023-08-22 05:15:53', '2023-08-22 05:15:53', NULL, '466', '52', NULL),
(1706, '2023-08-22 05:16:07', '2023-08-22 05:16:07', NULL, '243', '52', NULL),
(1707, '2023-08-22 05:16:28', '2023-08-22 05:16:28', NULL, '465', '52', NULL),
(1708, '2023-08-22 05:16:43', '2023-08-22 05:16:43', NULL, '242', '45', NULL),
(1709, '2023-08-22 05:16:55', '2023-08-22 05:16:55', NULL, '244', '45', NULL),
(1710, '2023-08-22 05:17:11', '2023-08-22 05:17:11', NULL, '243', '45', NULL),
(1711, '2023-08-22 05:17:39', '2023-08-22 05:17:39', NULL, '466', '45', NULL),
(1712, '2023-08-22 05:19:56', '2023-08-22 05:19:56', NULL, '657', '23', NULL),
(1713, '2023-08-22 05:20:12', '2023-08-22 05:20:12', NULL, '682', '23', NULL),
(1714, '2023-08-22 05:20:32', '2023-08-22 05:20:32', NULL, '664', '23', NULL),
(1715, '2023-08-22 05:20:50', '2023-08-22 05:20:50', NULL, '665', '23', NULL),
(1716, '2023-08-22 05:21:09', '2023-08-22 05:21:09', NULL, '668', '23', NULL),
(1717, '2023-08-22 05:21:27', '2023-08-22 05:21:27', NULL, '658', '23', NULL),
(1718, '2023-08-22 05:21:42', '2023-08-22 05:21:42', NULL, '671', '23', NULL),
(1719, '2023-08-22 05:22:40', '2023-08-22 05:22:40', NULL, '678', '23', NULL),
(1720, '2023-08-22 05:23:14', '2023-08-22 05:23:14', NULL, '632', '22', NULL),
(1721, '2023-08-22 05:23:28', '2023-08-22 05:23:28', NULL, '634', '22', NULL),
(1722, '2023-08-22 05:23:47', '2023-08-22 05:23:47', NULL, '636', '22', NULL),
(1723, '2023-08-22 05:24:04', '2023-08-22 05:24:04', NULL, '637', '22', NULL),
(1724, '2023-08-22 05:24:25', '2023-08-22 05:24:25', NULL, '638', '22', NULL),
(1725, '2023-08-22 05:24:41', '2023-08-22 05:24:41', NULL, '640', '22', NULL),
(1726, '2023-08-22 05:25:04', '2023-08-22 05:25:04', NULL, '641', '22', NULL),
(1727, '2023-08-22 05:25:21', '2023-08-22 05:25:21', NULL, '643', '22', NULL),
(1728, '2023-08-22 05:25:39', '2023-08-22 05:25:39', NULL, '645', '22', NULL),
(1729, '2023-08-22 05:25:55', '2023-08-22 05:25:55', NULL, '656', '22', NULL),
(1730, '2023-08-22 16:45:33', '2023-08-22 16:45:33', NULL, '868', '25', NULL),
(1731, '2023-08-22 16:45:58', '2023-08-22 16:45:58', NULL, '882', '25', NULL),
(1732, '2023-08-22 16:46:27', '2023-08-22 16:46:27', NULL, '887', '24', NULL),
(1733, '2023-08-22 16:46:45', '2023-08-22 16:46:45', NULL, '884', '24', NULL),
(1734, '2023-08-22 16:47:28', '2023-08-22 16:47:28', NULL, '853', '71', NULL),
(1735, '2023-08-22 16:47:47', '2023-08-22 16:47:47', NULL, '889', '71', NULL),
(1736, '2023-08-22 16:48:12', '2023-08-22 16:48:12', NULL, '890', '72', NULL),
(1737, '2023-08-22 16:48:36', '2023-08-22 16:48:36', NULL, '888', '26', NULL),
(1738, '2023-08-22 16:48:51', '2023-08-22 16:48:51', NULL, '885', '26', NULL),
(1740, '2023-08-22 21:48:37', '2023-08-22 21:48:37', NULL, '364', '28', '00:15:00:00'),
(1741, '2023-08-22 21:49:29', '2023-08-22 21:49:29', NULL, '426', '28', '00:15:00:00'),
(1743, '2023-08-22 21:50:10', '2023-08-22 21:50:10', NULL, '366', '28', '00:15:00:00'),
(1744, '2023-08-22 21:50:45', '2023-08-22 21:50:45', NULL, '421', '28', '00:15:00:00'),
(1745, '2023-08-22 21:52:13', '2023-08-22 21:52:13', NULL, '361', '73', '00:15:00:00'),
(1746, '2023-08-22 21:52:45', '2023-08-22 21:52:45', NULL, '428', '73', '00:15:00:00'),
(1747, '2023-08-22 21:53:12', '2023-08-22 21:53:12', NULL, '365', '73', '00:15:00:00'),
(1748, '2023-08-22 21:53:44', '2023-08-22 21:53:44', NULL, '429', '73', '00:15:00:00'),
(1749, '2023-08-22 22:21:59', '2023-08-22 22:22:38', NULL, '957', '25', '01:13:43:48'),
(1750, '2023-08-22 22:25:14', '2023-08-22 22:25:14', NULL, '959', '24', '01:07:14:41'),
(1751, '2023-08-22 22:25:41', '2023-08-22 22:25:41', NULL, '958', '24', NULL),
(1752, '2023-08-22 22:28:16', '2023-08-22 22:28:16', NULL, '961', '71', '02:15:46:31'),
(1753, '2023-08-22 22:28:36', '2023-08-22 22:28:36', NULL, '264', '24', NULL),
(1754, '2023-08-22 22:28:50', '2023-08-22 22:28:50', NULL, '962', '72', '02:07:53:05'),
(1755, '2023-08-22 22:30:26', '2023-08-22 22:30:26', NULL, '237', '72', '01:52:51:84'),
(1756, '2023-08-22 22:31:02', '2023-08-22 22:31:02', NULL, '964', '72', '02:07:30:03'),
(1757, '2023-08-22 22:31:53', '2023-08-22 22:31:53', NULL, '960', '27', '02:07:30:03'),
(1758, '2023-08-23 00:57:38', '2023-08-23 00:57:38', NULL, '265', '24', NULL),
(1759, '2023-08-23 00:58:17', '2023-08-23 00:58:17', NULL, '266', '25', NULL),
(1760, '2023-08-23 00:59:43', '2023-08-23 00:59:43', NULL, '267', '25', NULL),
(1761, '2023-08-23 01:00:40', '2023-08-23 01:00:40', NULL, '268', '72', NULL),
(1762, '2023-08-23 01:01:32', '2023-08-23 01:01:32', NULL, '269', '72', NULL),
(1763, '2023-08-23 01:06:41', '2023-08-23 01:06:41', NULL, '270', '72', NULL),
(1764, '2023-08-23 01:07:38', '2023-08-23 01:07:38', NULL, '271', '71', NULL),
(1766, '2023-08-23 01:08:42', '2023-08-23 01:08:42', NULL, '272', '26', NULL),
(1767, '2023-08-23 01:10:12', '2023-08-23 01:10:12', NULL, '273', '26', NULL),
(1769, '2023-08-23 01:13:42', '2023-08-23 01:13:42', NULL, '274', '27', NULL),
(1770, '2023-08-23 01:14:39', '2023-08-23 01:14:39', NULL, '275', '27', NULL),
(1771, '2023-08-23 04:47:42', '2023-08-23 04:47:42', NULL, '444', '29', '00:02:06:63'),
(1773, '2023-08-23 04:48:55', '2023-08-23 04:48:55', NULL, '446', '29', '00:02:07:01'),
(1775, '2023-08-23 04:53:38', '2023-08-23 04:53:38', NULL, '916', '30', '00:01:55:93'),
(1776, '2023-08-23 04:54:31', '2023-08-23 04:54:31', NULL, '901', '30', '00:01:55:76'),
(1777, '2023-08-23 05:06:33', '2023-08-23 05:06:33', NULL, '445', '29', '00:02:02:09'),
(1778, '2023-08-23 05:07:26', '2023-08-23 05:07:26', NULL, '435', '29', '00:02:02:80'),
(1779, '2023-08-23 05:08:08', '2023-08-23 05:08:08', NULL, '913', '30', '00:01:50:97'),
(1780, '2023-08-23 05:08:56', '2023-08-23 05:08:56', NULL, '915', '30', '00:01:51:77'),
(1781, '2023-08-23 05:57:40', '2023-08-23 05:57:40', NULL, '264', '28', NULL),
(1782, '2023-08-23 05:58:20', '2023-08-23 05:58:20', NULL, '265', '28', NULL),
(1784, '2023-08-23 05:58:59', '2023-08-23 05:58:59', NULL, '266', '28', NULL),
(1785, '2023-08-23 06:01:16', '2023-08-23 06:01:16', NULL, '267', '28', NULL),
(1786, '2023-08-23 06:04:12', '2023-08-23 06:04:12', NULL, '272', '73', NULL),
(1787, '2023-08-23 06:04:52', '2023-08-23 06:04:52', NULL, '273', '73', NULL),
(1788, '2023-08-23 06:05:30', '2023-08-23 06:05:30', NULL, '274', '73', NULL),
(1789, '2023-08-23 06:06:00', '2023-08-23 06:06:00', NULL, '275', '73', NULL),
(1790, '2023-08-23 19:24:15', '2023-08-23 19:24:15', NULL, '442', '31', '00:02:23:38'),
(1791, '2023-08-23 19:25:13', '2023-08-23 19:25:13', NULL, '441', '31', '00:02:26:98'),
(1792, '2023-08-23 19:30:30', '2023-08-23 19:30:30', NULL, '916', '32', '00:02:10:69'),
(1793, '2023-08-23 19:32:14', '2023-08-23 19:32:14', NULL, '914', '32', '00:02:12:58'),
(1794, '2023-08-23 19:33:19', '2023-08-23 19:33:19', NULL, '448', '31', '00:02:19:87'),
(1795, '2023-08-23 19:34:03', '2023-08-23 19:34:03', NULL, '436', '31', '00:02:21:10'),
(1796, '2023-08-23 19:34:55', '2023-08-23 19:34:55', NULL, '894', '32', '00:02:04:77'),
(1797, '2023-08-23 19:35:45', '2023-08-23 19:35:45', NULL, '898', '32', '00:02:06:72'),
(1798, '2023-08-23 19:37:17', '2023-08-23 19:37:17', NULL, '438', '33', '00:01:07:25'),
(1799, '2023-08-23 19:38:14', '2023-08-23 19:38:14', NULL, '446', '33', '00:01:07:39'),
(1800, '2023-08-23 19:46:11', '2023-08-23 19:46:11', NULL, '903', '34', '00:01:00:46'),
(1801, '2023-08-23 19:47:01', '2023-08-23 19:47:01', NULL, '908', '34', '00:01:00:36'),
(1802, '2023-08-23 19:47:56', '2023-08-23 19:47:56', NULL, '431', '33', '00:01:04:70'),
(1803, '2023-08-23 19:48:56', '2023-08-23 19:48:56', NULL, '453', '33', '00:01:04:63'),
(1804, '2023-08-23 19:49:45', '2023-08-23 19:49:45', NULL, '909', '34', '00:00:59:00'),
(1805, '2023-08-23 19:50:43', '2023-08-23 19:50:43', NULL, '900', '34', '00:00:55:79'),
(1806, '2023-08-23 19:51:42', '2023-08-23 19:51:42', NULL, '442', '35', '00:01:12:32'),
(1807, '2023-08-23 19:52:25', '2023-08-23 19:52:25', NULL, '441', '35', '00:01:14:05'),
(1808, '2023-08-23 19:53:16', '2023-08-23 19:53:16', NULL, '912', '36', '00:01:03:60'),
(1809, '2023-08-23 19:54:29', '2023-08-23 19:54:29', NULL, '906', '36', '00:01:07:47'),
(1810, '2023-08-23 19:55:23', '2023-08-23 19:55:23', NULL, '450', '35', '00:01:10:00'),
(1811, '2023-08-23 19:57:13', '2023-08-23 19:57:13', NULL, '448', '35', '00:01:11:82'),
(1812, '2023-08-23 19:58:25', '2023-08-23 19:58:25', NULL, '907', '36', '00:01:03:80'),
(1813, '2023-08-23 19:59:20', '2023-08-23 19:59:20', NULL, '904', '36', '00:01:03:98'),
(1814, '2023-08-23 20:18:52', '2023-08-23 20:18:52', NULL, '936', '25', NULL),
(1815, '2023-08-23 20:31:24', '2023-08-23 20:31:24', NULL, '965', '25', NULL),
(1816, '2023-08-23 20:35:02', '2023-08-23 20:35:02', NULL, '934', '24', NULL),
(1817, '2023-08-23 20:35:34', '2023-08-23 20:35:34', NULL, '935', '24', NULL),
(1818, '2023-08-23 20:36:04', '2023-08-23 20:36:04', NULL, '939', '71', NULL),
(1819, '2023-08-23 20:36:33', '2023-08-23 20:36:33', NULL, '940', '71', NULL),
(1820, '2023-08-23 20:37:12', '2023-08-23 20:37:12', NULL, '937', '72', NULL),
(1821, '2023-08-23 20:37:54', '2023-08-23 20:37:54', NULL, '938', '72', NULL),
(1822, '2023-08-23 20:38:58', '2023-08-23 20:38:58', NULL, '944', '27', NULL),
(1823, '2023-08-23 20:40:05', '2023-08-23 20:40:05', NULL, '943', '27', NULL),
(1824, '2023-08-23 20:41:46', '2023-08-23 20:41:46', NULL, '941', '26', NULL),
(1825, '2023-08-23 20:47:55', '2023-08-23 20:47:55', NULL, '942', '26', NULL),
(1826, '2023-08-23 20:48:52', '2023-08-23 20:48:52', NULL, '937', '28', NULL),
(1827, '2023-08-23 20:49:30', '2023-08-23 20:49:30', NULL, '944', '73', NULL),
(1828, '2023-08-24 01:28:25', '2023-08-24 01:28:25', NULL, '442', '57', '00:00:28:00'),
(1829, '2023-08-24 01:32:03', '2023-08-24 01:32:03', NULL, '439', '57', '00:00:28:00'),
(1830, '2023-08-24 01:32:54', '2023-08-24 01:32:54', NULL, '905', '58', '00:00:26:00'),
(1831, '2023-08-24 01:33:47', '2023-08-24 01:33:47', NULL, '916', '58', '00:00:26:00'),
(1832, '2023-08-24 01:34:40', '2023-08-24 01:35:30', NULL, '445', '57', '00:00:26:26'),
(1833, '2023-08-24 01:36:33', '2023-08-24 01:36:33', NULL, '430', '57', '00:00:26:77'),
(1834, '2023-08-24 01:37:35', '2023-08-24 01:37:35', NULL, '915', '58', '00:00:25:00'),
(1835, '2023-08-24 01:38:23', '2023-08-24 01:38:23', NULL, '894', '58', '00:00:25:00'),
(1836, '2023-08-24 01:39:34', '2023-08-24 01:39:34', NULL, '443', '41', '00:02:23:02'),
(1837, '2023-08-24 01:40:46', '2023-08-24 01:40:46', NULL, '451', '41', '00:02:30:85'),
(1838, '2023-08-24 01:41:48', '2023-08-24 01:41:48', NULL, '903', '42', '00:02:10:23'),
(1839, '2023-08-24 01:43:01', '2023-08-24 01:43:01', NULL, '908', '42', '00:02:15:81'),
(1840, '2023-08-24 01:43:52', '2023-08-24 01:43:52', NULL, '436', '41', '00:02:18:67'),
(1841, '2023-08-24 01:44:53', '2023-08-24 01:44:53', NULL, '431', '41', '00:02:22:65'),
(1842, '2023-08-24 01:46:22', '2023-08-24 01:46:22', NULL, '900', '42', '00:02:00:96'),
(1843, '2023-08-24 01:47:46', '2023-08-24 01:47:46', NULL, '909', '42', '00:02:06:83'),
(1844, '2023-08-24 01:49:08', '2023-08-24 01:49:08', NULL, '444', '43', '00:04:27:33'),
(1845, '2023-08-24 01:50:02', '2023-08-24 01:50:02', NULL, '447', '43', '00:04:30:97'),
(1846, '2023-08-24 01:51:00', '2023-08-24 01:51:00', NULL, '902', '44', '00:04:03:93'),
(1847, '2023-08-24 01:52:01', '2023-08-24 01:52:01', NULL, '956', '44', '00:04:06:86'),
(1848, '2023-08-24 01:52:51', '2023-08-24 01:52:51', NULL, '436', '43', '00:04:22:50'),
(1849, '2023-08-24 01:53:43', '2023-08-24 01:53:43', NULL, '435', '43', '00:04:18:43'),
(1850, '2023-08-24 01:54:38', '2023-08-24 01:54:38', NULL, '913', '44', '00:03:55:09'),
(1851, '2023-08-24 01:55:34', '2023-08-24 01:55:34', NULL, '897', '44', '00:03:55:34'),
(1852, '2023-08-24 01:56:36', '2023-08-24 01:56:36', NULL, '437', '46', '00:00:26:85'),
(1853, '2023-08-24 01:57:29', '2023-08-24 01:57:29', NULL, '442', '46', '00:00:26:85'),
(1854, '2023-08-24 01:58:26', '2023-08-24 01:58:26', NULL, '912', '47', '00:00:24:17'),
(1855, '2023-08-24 01:59:33', '2023-08-24 01:59:33', NULL, '905', '47', '00:00:24:17'),
(1856, '2023-08-24 02:00:38', '2023-08-24 02:00:38', NULL, '445', '46', '00:00:25:60'),
(1857, '2023-08-24 02:01:35', '2023-08-24 02:01:35', NULL, '430', '46', '00:00:25:85'),
(1858, '2023-08-24 02:02:26', '2023-08-24 02:02:26', NULL, '896', '47', '00:00:22:82'),
(1859, '2023-08-24 02:03:20', '2023-08-24 02:03:20', NULL, '899', '47', '00:00:22:73'),
(1860, '2023-08-24 02:04:43', '2023-08-24 02:04:43', NULL, '439', '48', '00:02:15:56'),
(1861, '2023-08-24 02:05:49', '2023-08-24 02:05:49', NULL, '446', '48', '00:02:22:85'),
(1862, '2023-08-24 02:07:08', '2023-08-24 02:07:08', NULL, '910', '49', '00:02:08:29'),
(1863, '2023-08-24 02:08:12', '2023-08-24 02:08:12', NULL, '916', '49', '00:02:08:33'),
(1864, '2023-08-24 02:09:25', '2023-08-24 02:09:25', NULL, '449', '48', '00:02:18:23'),
(1865, '2023-08-24 02:10:38', '2023-08-24 02:10:38', NULL, '430', '48', '00:02:19:87'),
(1866, '2023-08-24 02:11:49', '2023-08-24 02:11:49', NULL, '894', '49', '00:02:02:39'),
(1867, '2023-08-24 02:13:02', '2023-08-24 02:13:02', NULL, '915', '49', '00:02:05:19'),
(1868, '2023-08-24 02:16:53', '2023-08-24 02:16:53', NULL, '902', '68', '00:16:09:19'),
(1869, '2023-08-24 02:17:58', '2023-08-24 02:17:58', NULL, '911', '68', '00:16:25:77'),
(1870, '2023-08-24 02:19:43', '2023-08-24 02:19:43', NULL, '368', '68', '00:15:39:49'),
(1871, '2023-08-24 02:20:47', '2023-08-24 02:20:47', NULL, '897', '68', '00:15:45:29'),
(1872, '2023-08-24 02:24:40', '2023-08-24 02:24:40', NULL, '442', '53', '00:00:58:26'),
(1873, '2023-08-24 02:26:50', '2023-08-24 02:26:50', NULL, '446', '53', '00:00:58:33'),
(1874, '2023-08-24 02:29:48', '2023-08-24 02:29:48', NULL, '905', '54', '00:00:52:90'),
(1875, '2023-08-24 02:32:08', '2023-08-24 02:32:08', NULL, '916', '54', '00:00:52:83'),
(1876, '2023-08-24 02:36:05', '2023-08-24 02:36:05', NULL, '445', '53', '00:00:55:46'),
(1877, '2023-08-24 02:39:42', '2023-08-24 02:39:42', NULL, '432', '53', '00:00:56:99'),
(1878, '2023-08-24 02:41:58', '2023-08-24 02:41:58', NULL, '896', '54', '00:00:50:37'),
(1879, '2023-08-24 02:43:01', '2023-08-24 02:43:01', NULL, '899', '54', '00:00:49:86'),
(1880, '2023-08-24 02:44:40', '2023-08-24 02:44:40', NULL, '442', '39', '00:00:33:00'),
(1881, '2023-08-24 02:45:38', '2023-08-24 02:45:38', NULL, '441', '39', '00:00:34:00'),
(1882, '2023-08-24 02:46:32', '2023-08-24 02:46:32', NULL, '912', '40', '00:00:28:50'),
(1883, '2023-08-24 02:47:28', '2023-08-24 02:47:28', NULL, '906', '40', '00:00:30:00'),
(1884, '2023-08-24 02:50:39', '2023-08-24 02:50:39', NULL, '450', '39', '00:00:31:82'),
(1885, '2023-08-24 02:52:14', '2023-08-24 02:52:14', NULL, '440', '39', '00:00:33:00'),
(1886, '2023-08-24 02:53:38', '2023-08-24 02:53:38', NULL, '904', '40', '00:00:29:00'),
(1887, '2023-08-24 02:54:54', '2023-08-24 02:54:54', NULL, '907', '40', '00:00:29:00'),
(1888, '2023-08-24 02:56:57', '2023-08-24 02:56:57', NULL, '438', '55', '00:00:32:00'),
(1889, '2023-08-24 02:58:14', '2023-08-24 02:58:14', NULL, '446', '55', '00:00:32:00'),
(1890, '2023-08-24 02:59:13', '2023-08-24 02:59:13', NULL, '908', '56', '00:00:28:00'),
(1891, '2023-08-24 03:00:26', '2023-08-24 03:00:26', NULL, '903', '56', '00:00:28:00'),
(1892, '2023-08-24 03:02:00', '2023-08-24 03:02:00', NULL, '453', '55', '00:00:31:00'),
(1893, '2023-08-24 03:03:32', '2023-08-24 03:03:32', NULL, '431', '55', '00:00:31:00'),
(1894, '2023-08-24 03:04:55', '2023-08-24 03:04:55', NULL, '900', '56', '00:00:26:00'),
(1895, '2023-08-24 03:06:04', '2023-08-24 03:06:04', NULL, '909', '56', '00:00:27:00'),
(1896, '2023-08-24 03:09:19', '2023-08-24 03:09:19', NULL, '444', '59', '00:05:04:92'),
(1897, '2023-08-24 03:10:24', '2023-08-24 03:10:24', NULL, '451', '59', '00:05:12:99'),
(1898, '2023-08-24 03:17:14', '2023-08-24 03:17:14', NULL, '914', '60', '00:04:42:73'),
(1899, '2023-08-24 03:19:19', '2023-08-24 03:19:19', NULL, '906', '60', '00:04:44:84'),
(1900, '2023-08-24 03:25:25', '2023-08-24 03:25:25', NULL, '448', '59', '00:04:58:58'),
(1901, '2023-08-24 03:27:03', '2023-08-24 03:27:03', NULL, '449', '59', '00:05:11:11'),
(1902, '2023-08-24 03:28:05', '2023-08-24 03:28:05', NULL, '898', '60', '00:04:25:12'),
(1903, '2023-08-24 03:29:12', '2023-08-24 03:29:12', NULL, '909', '60', '00:04:33:68'),
(1904, '2023-08-24 03:30:38', '2023-08-24 03:30:38', NULL, '442', '63', '00:01:01:00'),
(1905, '2023-08-24 03:31:44', '2023-08-24 03:31:44', NULL, '439', '63', '00:01:01:54'),
(1906, '2023-08-24 03:33:10', '2023-08-24 03:33:10', NULL, '905', '64', '00:00:56:33'),
(1907, '2023-08-24 03:34:14', '2023-08-24 03:34:14', NULL, '916', '64', '00:00:56:73'),
(1908, '2023-08-24 03:35:19', '2023-08-24 03:35:19', NULL, '445', '63', '00:00:59:45'),
(1909, '2023-08-24 03:36:35', '2023-08-24 03:36:35', NULL, '430', '63', '00:00:59:61'),
(1910, '2023-08-24 03:37:54', '2023-08-24 03:37:54', NULL, '915', '64', '00:00:54:40'),
(1911, '2023-08-24 03:38:59', '2023-08-24 03:38:59', NULL, '894', '64', '00:00:55:05'),
(1912, '2023-08-24 03:40:18', '2023-08-24 03:40:18', NULL, '441', '65', '00:02:40:43'),
(1913, '2023-08-24 03:41:39', '2023-08-24 03:41:39', NULL, '434', '65', '00:02:44:13'),
(1914, '2023-08-24 03:42:54', '2023-08-24 03:42:54', NULL, '912', '66', '00:02:22:06'),
(1915, '2023-08-24 03:46:24', '2023-08-24 03:46:24', NULL, '906', '66', '00:02:25:44'),
(1916, '2023-08-24 03:49:45', '2023-08-24 03:49:45', NULL, '448', '65', '00:02:34:65'),
(1917, '2023-08-24 03:50:49', '2023-08-24 03:50:49', NULL, '440', '65', '00:02:37:16'),
(1918, '2023-08-24 03:52:02', '2023-08-24 03:52:02', NULL, '904', '66', '00:02:19:18'),
(1919, '2023-08-24 03:53:23', '2023-08-24 03:53:23', NULL, '907', '66', '00:02:22:34'),
(1920, '2023-08-24 03:54:37', '2023-08-24 03:54:37', NULL, '444', '67', '00:09:19:10'),
(1921, '2023-08-24 03:55:53', '2023-08-24 03:55:53', NULL, '447', '67', '00:09:23:35'),
(1922, '2023-08-24 03:57:08', '2023-08-24 03:57:08', NULL, '436', '67', '00:09:01:28'),
(1923, '2023-08-24 03:59:23', '2023-08-24 03:59:23', NULL, '433', '67', '00:09:01:68'),
(1924, '2023-08-24 04:04:49', '2023-08-24 04:04:49', NULL, '897', '51', '00:08:11:72'),
(1925, '2023-08-24 04:06:23', '2023-08-24 04:06:23', NULL, '368', '51', '00:08:12:16'),
(1926, '2023-08-24 04:08:43', '2023-08-24 04:08:43', NULL, '902', '51', '00:08:26:17'),
(1927, '2023-08-24 04:09:59', '2023-08-24 04:09:59', NULL, '956', '51', '00:08:33:30'),
(1928, '2023-08-24 04:11:22', '2023-08-24 04:11:22', NULL, '444', '50', '00:17:52:52'),
(1929, '2023-08-24 04:13:12', '2023-08-24 04:13:12', NULL, '447', '50', '00:17:57:77'),
(1930, '2023-08-24 04:14:44', '2023-08-24 04:14:44', NULL, '449', '50', '00:17:36:50'),
(1931, '2023-08-24 04:16:04', '2023-08-24 04:16:04', NULL, '433', '50', '00:17:27:50'),
(1932, '2023-08-24 04:24:49', '2023-08-24 04:24:49', NULL, '442', '37', NULL),
(1933, '2023-08-24 04:27:16', '2023-08-24 04:27:16', NULL, '446', '37', NULL),
(1934, '2023-08-24 04:28:36', '2023-08-24 04:28:36', NULL, '439', '37', NULL),
(1935, '2023-08-24 04:29:48', '2023-08-24 04:29:48', NULL, '452', '37', NULL),
(1936, '2023-08-24 04:33:23', '2023-08-24 04:33:23', NULL, '445', '37', NULL),
(1937, '2023-08-24 04:34:31', '2023-08-24 04:34:31', NULL, '432', '37', NULL),
(1938, '2023-08-24 04:36:20', '2023-08-24 04:36:20', NULL, '435', '37', NULL),
(1939, '2023-08-24 04:37:39', '2023-08-24 04:37:39', NULL, '430', '37', NULL),
(1940, '2023-08-24 04:39:28', '2023-08-24 04:39:28', NULL, '905', '38', NULL),
(1941, '2023-08-24 04:40:43', '2023-08-24 04:40:43', NULL, '916', '38', NULL),
(1942, '2023-08-24 04:42:23', '2023-08-24 04:42:23', NULL, '901', '38', NULL),
(1943, '2023-08-24 04:43:40', '2023-08-24 04:43:40', NULL, '914', '38', NULL),
(1944, '2023-08-24 04:45:07', '2023-08-24 04:45:07', NULL, '899', '38', NULL),
(1945, '2023-08-24 04:46:24', '2023-08-24 04:46:24', NULL, '896', '38', NULL),
(1946, '2023-08-24 04:47:34', '2023-08-24 04:47:34', NULL, '915', '38', NULL),
(1947, '2023-08-24 04:48:49', '2023-08-24 04:48:49', NULL, '913', '38', NULL),
(1948, '2023-08-24 04:49:59', '2023-08-24 04:49:59', NULL, '446', '61', NULL),
(1949, '2023-08-24 04:51:35', '2023-08-24 04:51:35', NULL, '444', '61', NULL),
(1950, '2023-08-24 04:52:57', '2023-08-24 04:52:57', NULL, '447', '61', NULL),
(1951, '2023-08-24 04:54:06', '2023-08-24 04:54:06', NULL, '439', '61', NULL),
(1952, '2023-08-24 04:55:35', '2023-08-24 04:55:35', NULL, '445', '61', NULL),
(1953, '2023-08-24 04:56:45', '2023-08-24 04:56:45', NULL, '435', '61', NULL),
(1954, '2023-08-24 04:58:04', '2023-08-24 04:58:04', NULL, '436', '61', NULL),
(1955, '2023-08-24 04:59:19', '2023-08-24 04:59:19', NULL, '450', '61', NULL),
(1956, '2023-08-24 05:00:54', '2023-08-24 05:00:54', NULL, '901', '62', NULL),
(1957, '2023-08-24 05:02:13', '2023-08-24 05:02:13', NULL, '916', '62', NULL),
(1958, '2023-08-24 05:03:50', '2023-08-24 05:03:50', NULL, '905', '62', NULL),
(1959, '2023-08-24 05:05:35', '2023-08-24 05:05:35', NULL, '914', '62', NULL),
(1960, '2023-08-24 05:08:31', '2023-08-24 05:08:31', NULL, '913', '62', NULL),
(1961, '2023-08-24 05:09:54', '2023-08-24 05:09:54', NULL, '894', '62', NULL),
(1962, '2023-08-24 05:11:06', '2023-08-24 05:11:06', NULL, '915', '62', NULL),
(1963, '2023-08-24 05:12:20', '2023-08-24 05:12:20', NULL, '897', '62', NULL),
(1964, '2023-08-24 05:13:43', '2023-08-24 05:13:43', NULL, '443', '69', NULL),
(1965, '2023-08-24 05:14:56', '2023-08-24 05:14:56', NULL, '442', '69', NULL),
(1966, '2023-08-24 05:16:18', '2023-08-24 05:16:18', NULL, '439', '69', NULL),
(1967, '2023-08-24 05:17:31', '2023-08-24 05:17:31', NULL, '446', '69', NULL),
(1968, '2023-08-24 05:19:02', '2023-08-24 05:19:02', NULL, '453', '69', NULL),
(1969, '2023-08-24 05:20:35', '2023-08-24 05:20:35', NULL, '450', '69', NULL),
(1970, '2023-08-24 05:22:10', '2023-08-24 05:22:10', NULL, '430', '69', NULL),
(1971, '2023-08-24 05:23:37', '2023-08-24 05:23:37', NULL, '445', '69', NULL),
(1972, '2023-08-24 05:25:11', '2023-08-24 05:25:11', NULL, '908', '70', NULL),
(1973, '2023-08-24 05:26:32', '2023-08-24 05:26:32', NULL, '912', '70', NULL),
(1974, '2023-08-24 05:27:57', '2023-08-24 05:27:57', NULL, '905', '70', NULL),
(1975, '2023-08-24 05:29:20', '2023-08-24 05:29:20', NULL, '916', '70', NULL),
(1976, '2023-08-24 05:30:50', '2023-08-24 05:30:50', NULL, '900', '70', NULL),
(1977, '2023-08-24 05:32:16', '2023-08-24 05:32:16', NULL, '907', '70', NULL),
(1978, '2023-08-24 05:34:01', '2023-08-24 05:34:01', NULL, '915', '70', NULL),
(1979, '2023-08-24 05:35:20', '2023-08-24 05:35:20', NULL, '899', '70', NULL),
(1980, '2023-08-24 05:37:08', '2023-08-24 05:37:08', NULL, '442', '52', NULL),
(1981, '2023-08-24 05:38:45', '2023-08-24 05:38:45', NULL, '446', '52', NULL),
(1982, '2023-08-24 05:40:14', '2023-08-24 05:40:14', NULL, '905', '52', NULL),
(1983, '2023-08-24 05:41:42', '2023-08-24 05:41:42', NULL, '916', '52', NULL),
(1984, '2023-08-24 05:43:10', '2023-08-24 05:43:10', NULL, '445', '52', NULL),
(1985, '2023-08-24 05:44:40', '2023-08-24 05:44:40', NULL, '432', '52', NULL),
(1986, '2023-08-24 05:46:08', '2023-08-24 05:46:08', NULL, '896', '52', NULL),
(1987, '2023-08-24 05:47:33', '2023-08-24 05:47:33', NULL, '899', '52', NULL),
(1988, '2023-08-24 05:49:13', '2023-08-24 05:49:13', NULL, '442', '45', NULL),
(1989, '2023-08-24 05:50:49', '2023-08-24 05:50:49', NULL, '912', '45', NULL),
(1990, '2023-08-24 05:52:12', '2023-08-24 05:52:12', NULL, '439', '45', NULL),
(1991, '2023-08-24 05:53:39', '2023-08-24 05:53:39', NULL, '916', '45', NULL),
(1992, '2023-08-24 05:55:06', '2023-08-24 05:55:06', NULL, '900', '45', NULL),
(1993, '2023-08-24 05:56:45', '2023-08-24 05:56:45', NULL, '450', '45', NULL),
(1994, '2023-08-24 05:58:18', '2023-08-24 05:58:18', NULL, '445', '45', NULL),
(1995, '2023-08-24 05:59:48', '2023-08-24 05:59:48', NULL, '899', '45', NULL),
(1996, '2023-08-24 17:11:43', '2023-08-24 17:11:43', NULL, '966', '10', NULL),
(1997, '2023-08-24 17:15:04', '2023-08-24 17:15:04', NULL, '966', '2', NULL),
(1998, '2023-08-24 17:16:47', '2023-08-24 17:16:47', NULL, '966', '13', NULL),
(1999, '2023-08-24 17:18:09', '2023-08-24 17:18:09', NULL, '966', '6', NULL),
(2000, '2023-08-24 17:19:26', '2023-08-24 17:19:26', NULL, '966', '4', NULL),
(2001, '2023-08-24 17:20:24', '2023-08-24 17:20:24', NULL, '966', '14', NULL),
(2002, '2023-08-25 05:12:25', '2023-08-25 05:12:25', NULL, '845', '32', '00:02:17:77'),
(2003, '2023-08-25 05:13:30', '2023-08-25 05:13:30', NULL, '845', '47', '00:00:24:45'),
(2004, '2023-08-25 05:14:49', '2023-08-25 05:14:49', NULL, '845', '54', '00:00:53:41'),
(2005, '2023-08-25 05:15:50', '2023-08-25 05:15:50', NULL, '845', '56', '00:00:28:53'),
(2006, '2023-08-25 05:17:46', '2023-08-25 05:17:46', NULL, '846', '30', NULL),
(2007, '2023-08-25 05:18:48', '2023-08-25 05:18:48', NULL, '846', '47', '00:00:23:82'),
(2008, '2023-08-25 05:19:29', '2023-08-25 05:19:29', NULL, '846', '54', '00:00:53:15'),
(2009, '2023-08-25 05:20:28', '2023-08-25 05:20:28', NULL, '847', '30', NULL),
(2010, '2023-08-25 05:20:54', '2023-08-25 05:20:54', NULL, '847', '44', NULL),
(2011, '2023-08-25 05:21:07', '2023-08-25 05:21:07', NULL, '847', '47', NULL),
(2012, '2023-08-25 05:21:29', '2023-08-25 05:21:29', NULL, '847', '54', NULL),
(2013, '2023-08-25 05:21:40', '2023-08-25 05:21:40', NULL, '847', '60', NULL),
(2014, '2023-08-25 05:22:47', '2023-08-25 05:22:47', NULL, '848', '36', NULL),
(2015, '2023-08-25 05:23:05', '2023-08-25 05:23:05', NULL, '848', '40', NULL),
(2016, '2023-08-25 05:23:22', '2023-08-25 05:23:22', NULL, '848', '66', NULL),
(2017, '2023-08-25 05:23:54', '2023-08-25 05:23:54', NULL, '849', '34', NULL),
(2018, '2023-08-25 05:24:13', '2023-08-25 05:24:13', NULL, '849', '58', NULL),
(2019, '2023-08-25 05:24:27', '2023-08-25 05:24:27', NULL, '849', '49', NULL),
(2020, '2023-08-25 05:24:49', '2023-08-25 05:24:49', NULL, '849', '56', NULL),
(2021, '2023-08-25 05:25:19', '2023-08-25 05:25:19', NULL, '849', '64', NULL),
(2022, '2023-08-25 05:26:05', '2023-08-25 05:26:05', NULL, '850', '31', NULL),
(2023, '2023-08-25 05:26:18', '2023-08-25 05:26:18', NULL, '850', '46', NULL),
(2024, '2023-08-25 05:27:18', '2023-08-25 05:27:18', NULL, '850', '53', NULL),
(2025, '2023-08-25 05:27:52', '2023-08-25 05:27:52', NULL, '850', '65', NULL),
(2026, '2023-08-25 05:28:47', '2023-08-25 05:28:47', NULL, '855', '33', NULL),
(2027, '2023-08-25 05:29:02', '2023-08-25 05:29:02', NULL, '855', '55', NULL),
(2028, '2023-08-25 05:29:13', '2023-08-25 05:29:13', NULL, '855', '41', NULL),
(2029, '2023-08-25 05:29:32', '2023-08-25 05:29:32', NULL, '855', '59', NULL),
(2030, '2023-08-25 05:30:32', '2023-08-25 05:30:32', NULL, '969', '32', NULL),
(2031, '2023-08-25 05:30:55', '2023-08-25 05:31:12', NULL, '969', '36', NULL),
(2032, '2023-08-25 05:31:43', '2023-08-25 05:31:43', NULL, '969', '40', NULL),
(2033, '2023-08-25 05:32:23', '2023-08-25 05:32:23', NULL, '967', '30', NULL),
(2034, '2023-08-25 05:32:46', '2023-08-25 05:32:46', NULL, '967', '47', NULL),
(2035, '2023-08-25 05:33:25', '2023-08-25 05:33:25', NULL, '967', '58', NULL),
(2036, '2023-08-25 05:33:55', '2023-08-25 05:34:16', NULL, '967', '54', NULL),
(2037, '2023-08-25 05:34:36', '2023-08-25 05:34:36', NULL, '967', '64', NULL),
(2038, '2023-08-25 05:35:11', '2023-08-25 05:35:11', NULL, '968', '34', NULL),
(2039, '2023-08-25 05:35:31', '2023-08-25 05:35:31', NULL, '968', '44', NULL),
(2040, '2023-08-25 05:36:08', '2023-08-25 05:36:08', NULL, '968', '56', NULL),
(2041, '2023-08-25 05:36:44', '2023-08-25 05:36:44', NULL, '854', '33', NULL),
(2042, '2023-08-25 05:39:25', '2023-08-25 05:39:25', NULL, '854', '57', NULL),
(2043, '2023-08-25 05:40:01', '2023-08-25 05:40:01', NULL, '854', '55', NULL),
(2044, '2023-08-25 05:40:42', '2023-08-25 05:40:42', NULL, '854', '65', NULL),
(2045, '2023-08-25 05:41:28', '2023-08-25 05:41:28', NULL, '852', '67', NULL),
(2046, '2023-08-25 05:41:46', '2023-08-25 05:41:46', NULL, '852', '29', NULL),
(2047, '2023-08-25 05:42:09', '2023-08-25 05:42:09', NULL, '852', '43', NULL),
(2048, '2023-08-25 05:42:34', '2023-08-25 05:42:34', NULL, '852', '59', NULL),
(2049, '2023-08-25 05:42:56', '2023-08-25 05:42:56', NULL, '852', '48', NULL),
(2050, '2023-08-25 05:43:47', '2023-08-25 05:43:47', NULL, '972', '57', NULL),
(2051, '2023-08-25 05:44:03', '2023-08-25 05:44:03', NULL, '972', '43', NULL),
(2052, '2023-08-25 05:44:19', '2023-08-25 05:44:19', NULL, '972', '46', NULL),
(2053, '2023-08-25 05:44:37', '2023-08-25 05:44:37', NULL, '972', '53', NULL),
(2054, '2023-08-25 05:45:54', '2023-08-25 05:45:54', NULL, '970', '30', NULL),
(2055, '2023-08-25 05:46:21', '2023-08-25 05:46:21', NULL, '970', '58', NULL),
(2056, '2023-08-25 05:47:30', '2023-08-25 05:47:30', NULL, '970', '49', NULL),
(2057, '2023-08-25 05:47:48', '2023-08-25 05:47:48', NULL, '970', '64', NULL),
(2058, '2023-08-25 05:48:19', '2023-08-25 05:48:19', NULL, '971', '32', NULL),
(2059, '2023-08-25 05:48:36', '2023-08-25 05:48:36', NULL, '971', '58', NULL),
(2060, '2023-08-25 05:48:57', '2023-08-25 05:48:57', NULL, '971', '56', NULL),
(2061, '2023-08-25 05:49:16', '2023-08-25 05:49:16', NULL, '971', '64', NULL),
(2062, '2023-08-25 05:49:42', '2023-08-25 05:49:42', NULL, '851', '35', NULL),
(2063, '2023-08-25 05:49:59', '2023-08-25 05:49:59', NULL, '851', '39', NULL),
(2064, '2023-08-25 05:50:18', '2023-08-25 05:50:18', NULL, '851', '65', NULL),
(2065, '2023-08-25 05:50:53', '2023-08-25 05:50:53', NULL, '853', '29', NULL),
(2066, '2023-08-25 05:51:11', '2023-08-25 05:51:11', NULL, '853', '43', NULL),
(2067, '2023-08-25 05:51:35', '2023-08-25 05:51:35', NULL, '853', '67', NULL),
(2068, '2023-08-25 05:52:02', '2023-08-25 05:52:02', NULL, '974', '33', NULL),
(2069, '2023-08-25 05:52:17', '2023-08-25 05:52:17', NULL, '974', '46', NULL),
(2070, '2023-08-25 05:52:33', '2023-08-25 05:52:33', NULL, '974', '55', NULL),
(2071, '2023-08-25 05:53:03', '2023-08-25 05:53:03', NULL, '973', '29', NULL),
(2072, '2023-08-25 05:53:33', '2023-08-25 05:53:33', NULL, '973', '57', NULL),
(2073, '2023-08-25 05:53:47', '2023-08-25 05:53:47', NULL, '973', '46', NULL),
(2074, '2023-08-25 05:54:14', '2023-08-25 05:54:14', NULL, '973', '53', NULL),
(2075, '2023-08-25 05:54:29', '2023-08-25 05:54:29', NULL, '973', '63', NULL),
(2076, '2023-08-28 20:00:49', '2023-08-28 20:00:49', NULL, '745', '3', NULL),
(2077, '2023-08-28 20:01:05', '2023-08-28 20:01:05', NULL, '745', '9', NULL),
(2078, '2023-08-28 20:01:20', '2023-08-28 20:01:20', NULL, '745', '7', NULL),
(2079, '2023-08-28 20:02:03', '2023-08-28 20:02:03', NULL, '746', '2', NULL),
(2080, '2023-08-28 20:02:17', '2023-08-28 20:02:17', NULL, '746', '10', NULL),
(2081, '2023-08-28 20:02:31', '2023-08-28 20:02:31', NULL, '746', '13', NULL),
(2082, '2023-08-28 20:02:49', '2023-08-28 20:02:49', NULL, '747', '10', NULL),
(2083, '2023-08-28 20:03:04', '2023-08-28 20:03:04', NULL, '747', '2', NULL),
(2084, '2023-08-28 20:03:17', '2023-08-28 20:03:17', NULL, '747', '13', NULL),
(2085, '2023-08-28 20:03:36', '2023-08-28 20:03:36', NULL, '750', '10', NULL),
(2086, '2023-08-28 20:04:10', '2023-08-28 20:04:10', NULL, '750', '2', NULL),
(2087, '2023-08-28 20:04:29', '2023-08-28 20:04:29', NULL, '750', '13', NULL),
(2088, '2023-08-28 20:04:59', '2023-08-28 20:04:59', NULL, '748', '3', NULL),
(2089, '2023-08-28 20:06:58', '2023-08-28 20:06:58', NULL, '748', '9', NULL),
(2090, '2023-08-28 20:07:20', '2023-08-28 20:07:20', NULL, '748', '7', NULL),
(2091, '2023-08-28 20:07:42', '2023-08-28 20:07:42', NULL, '749', '3', NULL),
(2092, '2023-08-28 20:08:00', '2023-08-28 20:08:00', NULL, '749', '9', NULL),
(2093, '2023-08-28 20:08:14', '2023-08-28 20:08:14', NULL, '749', '7', NULL),
(2094, '2023-08-28 20:10:43', '2023-08-28 20:10:43', NULL, '751', '9', NULL),
(2095, '2023-08-28 20:10:57', '2023-08-28 20:10:57', NULL, '751', '3', NULL),
(2096, '2023-08-28 20:11:14', '2023-08-28 20:11:14', NULL, '751', '7', NULL),
(2097, '2023-08-28 20:11:34', '2023-08-28 20:11:34', NULL, '751', '11', NULL),
(2098, '2023-08-28 20:11:59', '2023-08-28 20:11:59', NULL, '751', '5', NULL),
(2099, '2023-08-28 20:12:41', '2023-08-28 20:12:41', NULL, '751', '14', NULL),
(2100, '2023-08-28 20:13:14', '2023-08-28 20:13:14', NULL, '752', '3', NULL),
(2101, '2023-08-28 20:13:33', '2023-08-28 20:13:33', NULL, '752', '9', NULL),
(2102, '2023-08-28 20:13:46', '2023-08-28 20:13:46', NULL, '752', '7', NULL),
(2103, '2023-08-28 20:14:03', '2023-08-28 20:14:03', NULL, '753', '2', NULL),
(2104, '2023-08-28 20:14:16', '2023-08-28 20:14:16', NULL, '753', '13', NULL),
(2105, '2023-08-28 20:14:30', '2023-08-28 20:14:30', NULL, '753', '10', NULL),
(2106, '2023-08-28 20:15:06', '2023-08-28 20:15:06', NULL, '753', '5', NULL),
(2107, '2023-08-28 20:15:25', '2023-08-28 20:15:25', NULL, '756', '3', NULL),
(2108, '2023-08-28 20:15:42', '2023-08-28 20:15:42', NULL, '756', '9', NULL),
(2109, '2023-08-28 20:16:01', '2023-08-28 20:16:01', NULL, '756', '7', NULL),
(2110, '2023-08-28 20:17:12', '2023-08-28 20:17:12', NULL, '756', '12', NULL),
(2111, '2023-08-28 20:17:34', '2023-08-28 20:17:34', NULL, '756', '8', NULL),
(2112, '2023-08-28 20:17:53', '2023-08-28 20:17:53', NULL, '756', '14', NULL),
(2113, '2023-08-28 20:18:37', '2023-08-28 20:18:37', NULL, '757', '3', NULL),
(2114, '2023-08-28 20:18:52', '2023-08-28 20:18:52', NULL, '757', '9', NULL),
(2115, '2023-08-28 20:19:05', '2023-08-28 20:19:05', NULL, '757', '7', NULL),
(2116, '2023-08-28 20:19:23', '2023-08-28 20:19:23', NULL, '757', '11', NULL),
(2117, '2023-08-28 20:19:43', '2023-08-28 20:19:43', NULL, '757', '12', NULL),
(2118, '2023-08-28 20:20:04', '2023-08-28 20:20:04', NULL, '754', '10', NULL),
(2119, '2023-08-28 20:20:20', '2023-08-28 20:20:20', NULL, '754', '2', NULL),
(2120, '2023-08-28 20:20:38', '2023-08-28 20:20:38', NULL, '754', '13', NULL),
(2121, '2023-08-28 20:20:53', '2023-08-28 20:20:53', NULL, '754', '4', NULL),
(2122, '2023-08-28 20:21:09', '2023-08-28 20:21:09', NULL, '754', '6', NULL),
(2123, '2023-08-28 20:21:44', '2023-08-28 20:21:44', NULL, '754', '8', NULL),
(2124, '2023-08-28 20:22:13', '2023-08-28 20:22:13', NULL, '754', '14', NULL),
(2125, '2023-08-28 20:22:31', '2023-08-28 20:22:31', NULL, '755', '2', NULL),
(2127, '2023-08-28 20:23:04', '2023-08-28 20:23:04', NULL, '755', '13', NULL),
(2128, '2023-08-28 20:23:25', '2023-08-28 20:23:25', NULL, '755', '4', NULL),
(2129, '2023-08-28 20:23:42', '2023-08-28 20:23:42', NULL, '755', '6', NULL),
(2130, '2023-08-28 20:23:58', '2023-08-28 20:23:58', NULL, '755', '14', NULL),
(2131, '2023-08-28 20:38:29', '2023-08-28 20:38:29', NULL, '773', '25', NULL),
(2132, '2023-08-28 20:38:48', '2023-08-28 20:38:48', NULL, '776', '24', NULL),
(2133, '2023-08-28 20:39:05', '2023-08-28 20:39:05', NULL, '771', '72', NULL),
(2134, '2023-08-28 20:39:37', '2023-08-28 20:39:37', NULL, '777', '71', NULL),
(2135, '2023-08-28 20:39:52', '2023-08-28 20:39:52', NULL, '778', '26', NULL),
(2136, '2023-08-28 20:40:09', '2023-08-28 20:40:09', NULL, '772', '27', NULL),
(2137, '2023-08-28 20:47:19', '2023-08-28 20:47:19', NULL, '771', '73', NULL),
(2138, '2023-08-28 20:47:44', '2023-08-28 20:47:44', NULL, '772', '73', NULL),
(2139, '2023-08-28 20:48:05', '2023-08-28 20:48:05', NULL, '777', '73', NULL),
(2140, '2023-08-28 20:48:23', '2023-08-28 20:48:23', NULL, '778', '73', NULL),
(2143, '2023-08-28 21:54:49', '2023-08-28 21:54:49', NULL, '1014', '76', NULL),
(2144, '2023-08-28 21:55:50', '2023-08-28 21:55:50', NULL, '1021', '76', NULL),
(2145, '2023-08-28 21:57:29', '2023-08-28 21:57:29', NULL, '1012', '76', NULL),
(2146, '2023-08-28 22:05:17', '2023-08-28 22:05:17', NULL, '1011', '76', NULL),
(2147, '2023-08-28 22:05:31', '2023-08-28 22:05:31', NULL, '1013', '76', NULL),
(2148, '2023-08-28 22:05:50', '2023-08-28 22:05:50', NULL, '1015', '76', NULL),
(2149, '2023-08-28 22:07:40', '2023-08-28 22:07:40', NULL, '1016', '76', NULL),
(2150, '2023-08-28 22:07:54', '2023-08-28 22:07:54', NULL, '1017', '76', NULL),
(2151, '2023-08-28 22:08:08', '2023-08-28 22:08:08', NULL, '1018', '76', NULL),
(2152, '2023-08-28 22:08:20', '2023-08-28 22:08:20', NULL, '1019', '76', NULL),
(2153, '2023-08-28 22:08:34', '2023-08-28 22:08:34', NULL, '1020', '76', NULL),
(2154, '2023-08-28 22:08:48', '2023-08-28 22:08:48', NULL, '1021', '76', NULL);
INSERT INTO `inscripciones` (`id`, `created_at`, `updated_at`, `deleted_at`, `deportista_id`, `prueba_id`, `marca`) VALUES
(2155, '2023-08-28 22:09:02', '2023-08-28 22:09:02', NULL, '1022', '76', NULL),
(2156, '2023-08-28 22:09:50', '2023-08-28 22:09:50', NULL, '1023', '76', NULL),
(2157, '2023-08-28 22:15:48', '2023-08-28 22:16:35', NULL, '927', '74', NULL),
(2158, '2023-08-28 23:14:54', '2023-08-28 23:14:54', NULL, '726', '33', '00:01:07:59'),
(2159, '2023-08-28 23:15:49', '2023-08-28 23:15:49', NULL, '726', '31', '00:02:29:47'),
(2160, '2023-08-28 23:16:28', '2023-08-28 23:16:28', NULL, '726', '41', '00:02:26:08'),
(2161, '2023-08-28 23:17:14', '2023-08-28 23:17:14', NULL, '726', '55', '00:00:31:74'),
(2162, '2023-08-28 23:17:50', '2023-08-28 23:17:50', NULL, '726', '63', '00:01:07:56'),
(2163, '2023-08-28 23:19:15', '2023-08-28 23:19:15', NULL, '732', '31', '00:02:33:54'),
(2164, '2023-08-28 23:19:47', '2023-08-28 23:19:47', NULL, '732', '35', '00:01:16:58'),
(2165, '2023-08-28 23:20:16', '2023-08-28 23:20:16', NULL, '732', '57', '00:00:30:28'),
(2166, '2023-08-28 23:21:17', '2023-08-28 23:21:17', NULL, '732', '46', '00:00:28:60'),
(2167, '2023-08-28 23:24:29', '2023-08-28 23:24:29', NULL, '732', '39', '00:00:35:36'),
(2168, '2023-08-28 23:25:19', '2023-08-28 23:25:19', NULL, '732', '59', '00:05:32:75'),
(2169, '2023-08-28 23:25:48', '2023-08-28 23:25:48', NULL, '732', '65', '00:02:53:44'),
(2170, '2023-08-28 23:26:18', '2023-08-28 23:26:18', NULL, '724', '35', '00:01:19:95'),
(2171, '2023-08-28 23:26:47', '2023-08-28 23:26:47', NULL, '724', '39', '00:00:36:46'),
(2172, '2023-08-28 23:27:21', '2023-08-28 23:27:21', NULL, '724', '65', '00:02:52:62'),
(2173, '2023-08-28 23:28:00', '2023-08-28 23:28:00', NULL, '722', '34', '00:01:01:92'),
(2174, '2023-08-28 23:28:24', '2023-08-28 23:28:24', NULL, '722', '42', '00:02:14:01'),
(2175, '2023-08-28 23:29:01', '2023-08-28 23:29:01', NULL, '722', '47', '00:00:25:92'),
(2176, '2023-08-28 23:29:33', '2023-08-28 23:29:33', NULL, '722', '54', '00:00:55:26'),
(2177, '2023-08-28 23:30:13', '2023-08-28 23:30:13', NULL, '722', '60', '00:04:56:24'),
(2178, '2023-08-28 23:30:44', '2023-08-28 23:30:44', NULL, '722', '51', '00:09:16:30'),
(2179, '2023-08-28 23:31:23', '2023-08-28 23:31:23', NULL, '731', '36', '00:01:07:93'),
(2180, '2023-08-28 23:31:54', '2023-08-28 23:31:54', NULL, '731', '40', '00:00:30:92'),
(2181, '2023-08-28 23:32:31', '2023-08-28 23:32:31', NULL, '731', '65', '00:02:28:85'),
(2182, '2023-08-28 23:43:11', '2023-08-28 23:43:11', NULL, '717', '48', '00:02:16:43'),
(2183, '2023-08-28 23:43:43', '2023-08-28 23:43:43', NULL, '717', '63', '00:01:03:61'),
(2184, '2023-08-28 23:44:11', '2023-08-28 23:44:11', NULL, '725', '33', '00:01:04:94'),
(2185, '2023-08-28 23:44:40', '2023-08-28 23:44:40', NULL, '725', '41', '00:02:20:60'),
(2186, '2023-08-28 23:45:11', '2023-08-28 23:45:11', NULL, '725', '55', '00:00:30:71'),
(2187, '2023-08-28 23:45:41', '2023-08-28 23:45:41', NULL, '729', '29', '00:02:07:39'),
(2188, '2023-08-28 23:46:07', '2023-08-28 23:46:07', NULL, '729', '57', '00:00:28:12'),
(2189, '2023-08-28 23:46:39', '2023-08-28 23:46:39', NULL, '729', '46', '00:00:26:04'),
(2190, '2023-08-28 23:47:21', '2023-08-28 23:47:21', NULL, '729', '53', '00:00:56:16'),
(2191, '2023-08-28 23:47:59', '2023-08-28 23:47:59', NULL, '720', '29', '00:02:04:59'),
(2192, '2023-08-28 23:48:38', '2023-08-28 23:48:38', NULL, '720', '43', '00:04:20:87'),
(2193, '2023-08-28 23:49:14', '2023-08-28 23:49:14', NULL, '720', '59', '00:05:06:96'),
(2194, '2023-08-28 23:50:01', '2023-08-28 23:50:01', NULL, '720', '67', '00:08:52:50'),
(2195, '2023-08-28 23:50:46', '2023-08-28 23:50:46', NULL, '730', '57', '00:00:26:71'),
(2196, '2023-08-28 23:51:43', '2023-08-28 23:51:43', NULL, '730', '46', '00:00:26:71'),
(2197, '2023-08-28 23:53:48', '2023-08-28 23:53:48', NULL, '730', '53', '00:00:58:33'),
(2198, '2023-08-28 23:54:55', '2023-08-28 23:54:55', NULL, '728', '33', '00:01:06:83'),
(2199, '2023-08-28 23:55:22', '2023-08-28 23:55:22', NULL, '728', '35', '00:01:18:30'),
(2200, '2023-08-28 23:56:27', '2023-08-28 23:56:27', NULL, '728', '55', '00:00:30:84'),
(2201, '2023-08-28 23:56:58', '2023-08-28 23:56:58', NULL, '728', '39', '00:00:35:40'),
(2202, '2023-08-28 23:57:28', '2023-08-28 23:57:28', NULL, '728', '63', '00:01:03:60'),
(2203, '2023-08-28 23:58:10', '2023-08-28 23:58:10', NULL, '716', '36', '00:01:03:60'),
(2204, '2023-08-28 23:58:57', '2023-08-28 23:58:57', NULL, '716', '40', '00:00:29:58'),
(2205, '2023-08-28 23:59:52', '2023-08-28 23:59:52', NULL, '716', '66', '00:02:17:34'),
(2206, '2023-08-29 00:01:19', '2023-08-29 00:01:19', NULL, '723', '34', '00:00:57:77'),
(2207, '2023-08-29 00:02:33', '2023-08-29 00:02:33', NULL, '723', '42', '00:02:08:13'),
(2208, '2023-08-29 00:03:00', '2023-08-29 00:03:00', NULL, '723', '56', '00:00:26:19'),
(2209, '2023-08-29 00:08:06', '2023-08-29 00:08:06', NULL, '721', '58', '00:00:25:80'),
(2210, '2023-08-29 00:08:45', '2023-08-29 00:08:45', NULL, '721', '47', '00:00:23:54'),
(2211, '2023-08-29 00:09:26', '2023-08-29 00:09:26', NULL, '721', '54', '00:00:51:92'),
(2212, '2023-08-29 00:10:03', '2023-08-29 00:10:03', NULL, '719', '30', '00:01:51:62'),
(2213, '2023-08-29 00:10:51', '2023-08-29 00:10:51', NULL, '719', '58', '00:00:26:28'),
(2214, '2023-08-29 00:11:21', '2023-08-29 00:11:21', NULL, '719', '47', '00:00:23:69'),
(2215, '2023-08-29 00:11:53', '2023-08-29 00:11:53', NULL, '719', '54', '00:00:50:88'),
(2216, '2023-08-29 00:12:26', '2023-08-29 00:12:26', NULL, '718', '32', '00:02:11:41'),
(2217, '2023-08-29 00:13:04', '2023-08-29 00:13:04', NULL, '718', '44', '00:04:11:92'),
(2218, '2023-08-29 00:13:36', '2023-08-29 00:13:36', NULL, '718', '68', '00:16:28:21'),
(2219, '2023-08-29 00:14:06', '2023-08-29 00:14:06', NULL, '718', '60', '00:04:40:44'),
(2220, '2023-08-29 00:14:46', '2023-08-29 00:14:46', NULL, '727', '34', '00:00:58:57'),
(2221, '2023-08-29 00:15:12', '2023-08-29 00:15:12', NULL, '727', '42', '00:02:09:92'),
(2222, '2023-08-29 00:15:41', '2023-08-29 00:15:41', NULL, '727', '56', '00:00:27:00'),
(2223, '2023-08-29 01:57:31', '2023-08-29 01:57:31', NULL, '722', '45', NULL),
(2224, '2023-08-29 01:58:00', '2023-08-29 01:58:00', NULL, '731', '45', NULL),
(2225, '2023-08-29 01:58:27', '2023-08-29 01:58:27', NULL, '726', '45', NULL),
(2226, '2023-08-29 01:58:51', '2023-08-29 01:58:51', NULL, '732', '45', NULL),
(2227, '2023-08-29 01:59:25', '2023-08-29 01:59:25', NULL, '722', '52', NULL),
(2228, '2023-08-29 02:00:50', '2023-08-29 02:00:50', NULL, '731', '52', NULL),
(2229, '2023-08-29 02:01:26', '2023-08-29 02:01:26', NULL, '726', '52', NULL),
(2230, '2023-08-29 02:01:50', '2023-08-29 02:01:50', NULL, '732', '52', NULL),
(2247, '2023-08-29 02:53:09', '2023-08-29 02:53:09', NULL, '719', '45', NULL),
(2248, '2023-08-29 02:53:35', '2023-08-29 02:53:35', NULL, '721', '45', NULL),
(2249, '2023-08-29 02:53:58', '2023-08-29 02:53:58', NULL, '725', '45', NULL),
(2250, '2023-08-29 02:54:24', '2023-08-29 02:54:24', NULL, '729', '45', NULL),
(2251, '2023-08-29 02:55:02', '2023-08-29 02:55:02', NULL, '719', '52', NULL),
(2252, '2023-08-29 02:55:25', '2023-08-29 02:55:25', NULL, '721', '52', NULL),
(2253, '2023-08-29 02:55:47', '2023-08-29 02:55:47', NULL, '729', '52', NULL),
(2254, '2023-08-29 02:56:11', '2023-08-29 02:56:11', NULL, '720', '52', NULL),
(2255, '2023-08-29 02:56:42', '2023-08-29 02:56:42', NULL, '725', '61', NULL),
(2256, '2023-08-29 02:57:10', '2023-08-29 02:57:10', NULL, '729', '61', NULL),
(2257, '2023-08-29 02:57:32', '2023-08-29 02:57:32', NULL, '720', '61', NULL),
(2258, '2023-08-29 02:57:54', '2023-08-29 02:57:54', NULL, '728', '61', NULL),
(2259, '2023-08-29 02:58:18', '2023-08-29 02:58:18', NULL, '719', '62', NULL),
(2260, '2023-08-29 02:58:39', '2023-08-29 02:58:39', NULL, '721', '62', NULL),
(2261, '2023-08-29 02:59:06', '2023-08-29 02:59:06', NULL, '716', '62', NULL),
(2262, '2023-08-29 02:59:30', '2023-08-29 02:59:30', NULL, '723', '62', NULL),
(2263, '2023-08-29 03:00:30', '2023-08-29 03:00:30', NULL, '632', '18', NULL),
(2264, '2023-08-29 03:00:57', '2023-08-29 03:00:57', NULL, '656', '74', NULL),
(2265, '2023-08-29 03:01:24', '2023-08-29 03:01:24', NULL, '656', '21', NULL),
(2266, '2023-08-29 03:01:53', '2023-08-29 03:01:53', NULL, '645', '21', NULL),
(2267, '2023-08-29 03:02:37', '2023-08-29 03:02:37', NULL, '635', '22', NULL),
(2268, '2023-08-29 03:03:04', '2023-08-29 03:03:04', NULL, '668', '15', NULL),
(2269, '2023-08-29 03:03:26', '2023-08-29 03:03:26', NULL, '668', '16', NULL),
(2270, '2023-08-29 03:03:49', '2023-08-29 03:03:49', NULL, '677', '20', NULL),
(2271, '2023-08-29 03:04:11', '2023-08-29 03:04:11', NULL, '677', '21', NULL),
(2272, '2023-08-29 03:04:34', '2023-08-29 03:04:34', NULL, '677', '23', NULL),
(2273, '2023-08-29 03:05:14', '2023-08-29 03:05:14', NULL, '678', '20', NULL),
(2274, '2023-08-29 03:05:36', '2023-08-29 03:05:36', NULL, '678', '21', NULL),
(2275, '2023-08-29 03:05:59', '2023-08-29 03:05:59', NULL, '680', '23', NULL),
(2276, '2023-08-29 03:29:23', '2023-08-29 03:29:23', NULL, '728', '37', NULL),
(2277, '2023-08-29 03:29:48', '2023-08-29 03:29:48', NULL, '720', '37', NULL),
(2278, '2023-08-29 03:30:12', '2023-08-29 03:30:12', NULL, '729', '37', NULL),
(2279, '2023-08-29 03:30:35', '2023-08-29 03:30:35', NULL, '725', '37', NULL),
(2280, '2023-08-29 03:31:11', '2023-08-29 03:31:11', NULL, '719', '38', NULL),
(2281, '2023-08-29 03:31:31', '2023-08-29 03:31:31', NULL, '721', '38', NULL),
(2282, '2023-08-29 03:31:50', '2023-08-29 03:31:50', NULL, '716', '38', NULL),
(2283, '2023-08-29 03:32:14', '2023-08-29 03:32:14', NULL, '723', '38', NULL),
(2284, '2023-08-29 03:33:06', '2023-08-29 03:33:06', NULL, '728', '69', NULL),
(2285, '2023-08-29 03:33:29', '2023-08-29 03:33:29', NULL, '720', '69', NULL),
(2286, '2023-08-29 03:33:51', '2023-08-29 03:33:51', NULL, '729', '69', NULL),
(2287, '2023-08-29 03:34:16', '2023-08-29 03:34:16', NULL, '725', '69', NULL),
(2288, '2023-08-29 03:34:53', '2023-08-29 03:34:53', NULL, '723', '70', NULL),
(2289, '2023-08-29 03:35:14', '2023-08-29 03:35:14', NULL, '721', '70', NULL),
(2290, '2023-08-29 03:35:37', '2023-08-29 03:35:37', NULL, '716', '70', NULL),
(2291, '2023-08-29 03:35:59', '2023-08-29 03:35:59', NULL, '719', '70', NULL),
(2292, '2023-08-29 06:13:02', '2023-08-29 06:13:44', NULL, '981', '33', '00:01:08:17'),
(2293, '2023-08-29 06:14:25', '2023-08-29 06:14:25', NULL, '981', '41', '00:02:33:00'),
(2294, '2023-08-29 06:14:53', '2023-08-29 06:14:53', NULL, '981', '55', '00:00:31:35'),
(2295, '2023-08-29 06:15:17', '2023-08-29 06:15:17', NULL, '981', '39', '00:00:36:90'),
(2296, '2023-08-29 06:17:13', '2023-08-29 06:41:21', NULL, '981', '35', '00:01:22:50'),
(2297, '2023-08-29 06:17:56', '2023-08-29 06:17:56', NULL, '983', '31', '00:02:25:20'),
(2298, '2023-08-29 06:18:24', '2023-08-29 06:18:24', NULL, '983', '57', '00:00:28:27'),
(2299, '2023-08-29 06:18:52', '2023-08-29 06:18:52', NULL, '983', '46', '00:00:26:93'),
(2300, '2023-08-29 06:19:19', '2023-08-29 06:19:19', NULL, '983', '53', '00:00:58:91'),
(2301, '2023-08-29 06:19:43', '2023-08-29 06:19:43', NULL, '983', '63', '00:01:03:80'),
(2302, '2023-08-29 06:20:25', '2023-08-29 06:20:25', NULL, '976', '31', '00:02:38:41'),
(2303, '2023-08-29 06:20:55', '2023-08-29 06:20:55', NULL, '976', '57', '00:00:31:43'),
(2304, '2023-08-29 06:21:27', '2023-08-29 06:21:59', NULL, '976', '41', '00:02:36:51'),
(2305, '2023-08-29 06:22:32', '2023-08-29 06:22:32', NULL, '976', '55', '00:00:32:49'),
(2306, '2023-08-29 06:22:52', '2023-08-29 06:22:52', NULL, '976', '33', '00:01:11:13'),
(2307, '2023-08-29 06:23:19', '2023-08-29 06:23:19', NULL, '979', '43', '00:05:03:00'),
(2308, '2023-08-29 06:23:49', '2023-08-29 06:23:49', NULL, '997', '60', '00:05:32:00'),
(2309, '2023-08-29 06:24:16', '2023-08-29 06:24:16', NULL, '1001', '40', '00:00:34:74'),
(2310, '2023-08-29 06:24:56', '2023-08-29 06:24:56', NULL, '1003', '32', '00:02:27:03'),
(2311, '2023-08-29 06:25:36', '2023-08-29 06:25:36', NULL, '994', '54', '00:00:55:90'),
(2312, '2023-08-29 06:25:57', '2023-08-29 06:25:57', NULL, '994', '30', '00:02:03:00'),
(2313, '2023-08-29 06:26:19', '2023-08-29 06:26:44', NULL, '994', '44', '00:04:29:00'),
(2314, '2023-08-29 06:31:44', '2023-08-29 06:31:44', NULL, '986', '29', '00:02:15:71'),
(2315, '2023-08-29 06:32:10', '2023-08-29 06:32:10', NULL, '986', '53', '00:01:01:87'),
(2316, '2023-08-29 06:32:36', '2023-08-29 06:32:36', NULL, '986', '43', '00:04:42:48'),
(2317, '2023-08-29 06:33:05', '2023-08-29 06:33:05', NULL, '986', '63', '00:01:08:66'),
(2318, '2023-08-29 06:33:36', '2023-08-29 06:36:13', NULL, '1005', '49', '00:02:17:00'),
(2319, '2023-08-29 06:34:06', '2023-08-29 06:34:06', NULL, '992', '55', '00:00:31:79'),
(2320, '2023-08-29 06:34:27', '2023-08-29 06:34:27', NULL, '992', '33', '00:01:09:06'),
(2321, '2023-08-29 06:34:54', '2023-08-29 06:34:54', NULL, '992', '41', '00:02:32:56'),
(2322, '2023-08-29 06:35:31', '2023-08-29 06:35:31', NULL, '993', '39', '00:00:33:20'),
(2323, '2023-08-29 06:35:52', '2023-08-29 06:35:52', NULL, '993', '35', '00:01:13:40'),
(2324, '2023-08-29 06:36:45', '2023-08-29 06:36:45', NULL, '993', '65', '00:02:38:00'),
(2325, '2023-08-29 06:37:21', '2023-08-29 06:37:21', NULL, '1010', '58', '00:00:26:41'),
(2326, '2023-08-29 06:37:59', '2023-08-29 06:37:59', NULL, '1010', '40', '00:00:32:20'),
(2327, '2023-08-29 06:38:29', '2023-08-29 06:38:29', NULL, '984', '34', '00:01:04:83'),
(2328, '2023-08-29 06:38:49', '2023-08-29 06:38:49', NULL, '984', '58', '00:00:28:48'),
(2329, '2023-08-29 06:39:14', '2023-08-29 06:39:14', NULL, '984', '46', '00:00:26:18'),
(2330, '2023-08-29 06:39:44', '2023-08-29 06:39:44', NULL, '984', '53', '00:00:56:99'),
(2331, '2023-08-29 06:40:19', '2023-08-29 06:40:19', NULL, '984', '63', '00:01:02:85'),
(2332, '2023-08-29 06:58:06', '2023-08-29 06:58:06', NULL, '989', '39', NULL),
(2333, '2023-08-29 06:58:21', '2023-08-29 06:58:21', NULL, '989', '35', NULL),
(2334, '2023-08-29 06:58:44', '2023-08-29 06:58:44', NULL, '1000', '40', NULL),
(2335, '2023-08-29 06:58:58', '2023-08-29 06:58:58', NULL, '1000', '36', NULL),
(2336, '2023-08-29 06:59:12', '2023-08-29 06:59:12', NULL, '1000', '66', NULL),
(2338, '2023-08-29 18:18:55', '2023-08-29 19:17:00', NULL, '1007', '32', '00:02:16:80'),
(2339, '2023-08-29 18:19:13', '2023-08-29 19:16:46', NULL, '1007', '42', '00:02:10:35'),
(2340, '2023-08-29 18:19:37', '2023-08-29 19:13:34', NULL, '1007', '56', '00:00:28:32'),
(2341, '2023-08-29 18:20:04', '2023-08-29 19:13:48', NULL, '1007', '34', '00:01:00:78'),
(2342, '2023-08-29 18:20:34', '2023-08-29 19:02:51', NULL, '975', '65', '00:03:11:79'),
(2343, '2023-08-29 18:21:29', '2023-08-29 18:59:38', NULL, '975', '39', '00:00:40:94'),
(2344, '2023-08-29 18:21:48', '2023-08-29 19:00:45', NULL, '975', '35', '00:01:30:19'),
(2345, '2023-08-29 18:28:16', '2023-08-29 18:28:16', NULL, '985', '29', NULL),
(2346, '2023-08-29 18:28:28', '2023-08-29 18:28:28', NULL, '985', '55', NULL),
(2347, '2023-08-29 18:28:48', '2023-08-29 18:28:48', NULL, '985', '33', NULL),
(2348, '2023-08-29 18:29:11', '2023-08-29 18:29:11', NULL, '985', '41', NULL),
(2349, '2023-08-29 18:30:22', '2023-08-29 18:30:22', NULL, '982', '65', NULL),
(2350, '2023-08-29 18:30:23', '2023-08-29 18:30:47', NULL, '982', '39', NULL),
(2351, '2023-08-29 18:31:08', '2023-08-29 18:31:08', NULL, '982', '35', NULL),
(2352, '2023-08-29 18:31:40', '2023-08-29 18:31:40', NULL, '1008', '55', NULL),
(2353, '2023-08-29 18:31:52', '2023-08-29 18:31:52', NULL, '1008', '33', NULL),
(2354, '2023-08-29 18:32:05', '2023-08-29 18:32:05', NULL, '1008', '41', NULL),
(2355, '2023-08-29 18:38:23', '2023-08-29 18:38:23', NULL, '998', '68', NULL),
(2356, '2023-08-29 18:38:46', '2023-08-29 18:38:46', NULL, '998', '30', NULL),
(2357, '2023-08-29 18:39:00', '2023-08-29 18:39:00', NULL, '998', '44', NULL),
(2358, '2023-08-29 18:39:25', '2023-08-29 18:39:25', NULL, '998', '36', NULL),
(2359, '2023-08-29 18:39:52', '2023-08-29 18:39:52', NULL, '998', '32', NULL),
(2360, '2023-08-29 19:20:03', '2023-08-29 19:20:03', NULL, '987', '43', NULL),
(2361, '2023-08-29 19:20:19', '2023-08-29 19:20:19', NULL, '987', '29', NULL),
(2362, '2023-08-29 19:21:48', '2023-08-29 19:21:48', NULL, '988', '31', NULL),
(2363, '2023-08-29 19:22:39', '2023-08-29 19:22:39', NULL, '988', '33', NULL),
(2364, '2023-08-29 19:24:29', '2023-08-29 19:24:29', NULL, '988', '41', NULL),
(2365, '2023-08-29 19:26:53', '2023-08-29 19:26:53', NULL, '1006', '46', NULL),
(2366, '2023-08-29 19:27:12', '2023-08-29 19:27:12', NULL, '1006', '53', NULL),
(2367, '2023-08-29 19:27:29', '2023-08-29 19:27:29', NULL, '1006', '29', NULL),
(2368, '2023-08-29 19:28:06', '2023-08-29 19:28:06', NULL, '1006', '39', NULL),
(2369, '2023-08-29 19:28:33', '2023-08-29 19:28:33', NULL, '1006', '57', NULL),
(2370, '2023-08-29 19:28:43', '2023-08-29 19:28:43', NULL, '1006', '57', NULL),
(2371, '2023-08-30 03:24:20', '2023-08-30 03:24:20', NULL, '1002', '42', NULL),
(2372, '2023-08-30 03:24:34', '2023-08-30 03:24:34', NULL, '1002', '49', NULL),
(2373, '2023-08-30 03:24:51', '2023-08-30 03:24:51', NULL, '1002', '32', NULL),
(2374, '2023-08-30 03:25:03', '2023-08-30 03:25:03', NULL, '1002', '60', NULL),
(2375, '2023-08-30 03:25:20', '2023-08-30 03:25:20', NULL, '1002', '56', NULL),
(2376, '2023-08-30 03:25:39', '2023-08-30 03:25:39', NULL, '1002', '34', NULL),
(2377, '2023-08-30 03:26:05', '2023-08-30 03:26:05', NULL, '1002', '66', NULL),
(2378, '2023-08-30 03:29:27', '2023-08-30 03:29:27', NULL, '977', '43', NULL),
(2379, '2023-08-30 03:29:43', '2023-08-30 03:29:43', NULL, '977', '29', NULL),
(2380, '2023-08-30 03:30:03', '2023-08-30 03:30:03', NULL, '977', '63', NULL),
(2381, '2023-08-30 03:30:18', '2023-08-30 03:30:18', NULL, '977', '48', NULL),
(2382, '2023-08-30 03:30:36', '2023-08-30 03:30:36', NULL, '977', '59', NULL),
(2383, '2023-08-30 03:31:00', '2023-08-30 03:31:00', NULL, '977', '57', NULL),
(2384, '2023-08-30 03:31:20', '2023-08-30 03:31:20', NULL, '977', '31', NULL),
(2385, '2023-08-30 04:05:09', '2023-08-30 04:05:09', NULL, '991', '39', NULL),
(2386, '2023-08-30 04:05:25', '2023-08-30 04:05:25', NULL, '991', '46', NULL),
(2387, '2023-08-30 04:05:40', '2023-08-30 04:05:40', NULL, '991', '43', NULL),
(2388, '2023-08-30 04:05:54', '2023-08-30 04:05:54', NULL, '991', '35', NULL),
(2389, '2023-08-30 04:06:22', '2023-08-30 04:06:22', NULL, '991', '57', NULL),
(2390, '2023-08-30 04:06:34', '2023-08-30 04:06:34', NULL, '991', '63', NULL),
(2391, '2023-08-30 04:08:32', '2023-08-30 04:08:32', NULL, '978', '39', NULL),
(2392, '2023-08-30 04:08:44', '2023-08-30 04:08:44', NULL, '978', '35', NULL),
(2393, '2023-08-30 04:10:03', '2023-08-30 04:10:03', NULL, '990', '29', NULL),
(2394, '2023-08-30 04:11:05', '2023-08-30 05:12:21', NULL, '1004', '47', '00:00:22:63'),
(2395, '2023-08-30 04:11:19', '2023-08-30 04:11:19', NULL, '1004', '54', NULL),
(2396, '2023-08-30 04:11:42', '2023-08-30 04:11:42', NULL, '1004', '58', NULL),
(2397, '2023-08-30 04:14:23', '2023-08-30 05:11:38', NULL, '1009', '32', '00:02:12:56'),
(2398, '2023-08-30 04:14:48', '2023-08-30 05:10:51', NULL, '1009', '36', '00:01:04:97'),
(2399, '2023-08-30 04:15:18', '2023-08-30 05:09:53', NULL, '1009', '42', '00:02:14:55'),
(2400, '2023-08-30 04:15:40', '2023-08-30 05:09:12', NULL, '1009', '56', '00:00:28:85'),
(2401, '2023-08-30 04:16:03', '2023-08-30 05:10:23', NULL, '1009', '40', '00:00:30:91'),
(2402, '2023-08-30 04:16:24', '2023-08-30 05:11:14', NULL, '1009', '66', '00:02:23:56'),
(2403, '2023-08-30 04:22:10', '2023-08-30 04:22:10', NULL, '988', '63', NULL),
(2404, '2023-08-30 04:22:25', '2023-08-30 04:22:25', NULL, '988', '48', NULL),
(2405, '2023-08-30 04:24:17', '2023-08-30 04:24:17', NULL, '1028', '31', NULL),
(2406, '2023-08-30 04:24:46', '2023-08-30 04:24:46', NULL, '1028', '57', NULL),
(2407, '2023-08-30 04:25:18', '2023-08-30 04:25:18', NULL, '987', '67', NULL),
(2408, '2023-08-30 04:43:50', '2023-08-30 04:43:50', NULL, '980', '43', NULL),
(2409, '2023-08-30 04:44:02', '2023-08-30 04:44:02', NULL, '980', '67', NULL),
(2410, '2023-08-30 04:44:16', '2023-08-30 04:44:16', NULL, '980', '50', NULL),
(2411, '2023-08-30 04:44:31', '2023-08-30 05:05:45', NULL, '995', '58', '00:00:28:36'),
(2412, '2023-08-30 04:44:57', '2023-08-30 05:06:08', NULL, '995', '64', '00:01:05:72'),
(2413, '2023-08-30 04:45:24', '2023-08-30 05:06:52', NULL, '995', '44', '00:04:36:14'),
(2414, '2023-08-30 04:47:49', '2023-08-30 04:47:49', NULL, '996', '47', '00:00:24:95'),
(2415, '2023-08-30 04:48:13', '2023-08-30 04:48:13', NULL, '996', '54', '00:00:54:02'),
(2416, '2023-08-30 04:48:34', '2023-08-30 04:48:34', NULL, '996', '30', '00:02:02:00'),
(2417, '2023-08-30 04:49:00', '2023-08-30 04:49:00', NULL, '996', '58', '00:00:26:91'),
(2418, '2023-08-30 04:49:25', '2023-08-30 04:49:25', NULL, '996', '64', '00:01:04:00'),
(2419, '2023-08-30 04:58:37', '2023-08-30 05:07:56', NULL, '999', '60', '00:05:05:64');

-- --------------------------------------------------------

--
-- Estructura de tabla para la tabla `invoices`
--

CREATE TABLE `invoices` (
  `id` int UNSIGNED NOT NULL,
  `order_id` int UNSIGNED NOT NULL,
  `invoice_status_id` int UNSIGNED NOT NULL,
  `details` text COLLATE utf8mb4_unicode_ci,
  `created_at` timestamp NULL DEFAULT NULL,
  `updated_at` timestamp NULL DEFAULT NULL
) ENGINE=InnoDB DEFAULT CHARSET=utf8mb4 COLLATE=utf8mb4_unicode_ci;

-- --------------------------------------------------------

--
-- Estructura de tabla para la tabla `invoice_status`
--

CREATE TABLE `invoice_status` (
  `id` int UNSIGNED NOT NULL,
  `description` text COLLATE utf8mb4_unicode_ci NOT NULL,
  `created_at` timestamp NULL DEFAULT NULL,
  `updated_at` timestamp NULL DEFAULT NULL
) ENGINE=InnoDB DEFAULT CHARSET=utf8mb4 COLLATE=utf8mb4_unicode_ci;

-- --------------------------------------------------------

--
-- Estructura de tabla para la tabla `jueces`
--

CREATE TABLE `jueces` (
  `id` int UNSIGNED NOT NULL,
  `created_at` timestamp NULL DEFAULT NULL,
  `updated_at` timestamp NULL DEFAULT NULL,
  `deleted_at` timestamp NULL DEFAULT NULL,
  `nombre` tinytext CHARACTER SET utf8mb4 COLLATE utf8mb4_unicode_ci NOT NULL,
  `apellidopaterno` tinytext CHARACTER SET utf8mb4 COLLATE utf8mb4_unicode_ci NOT NULL,
  `apellidomaterno` tinytext CHARACTER SET utf8mb4 COLLATE utf8mb4_unicode_ci NOT NULL,
  `dni` tinytext CHARACTER SET utf8mb4 COLLATE utf8mb4_unicode_ci NOT NULL,
  `sexo` tinytext CHARACTER SET utf8mb4 COLLATE utf8mb4_unicode_ci NOT NULL,
  `paises_id` tinytext CHARACTER SET utf8mb4 COLLATE utf8mb4_unicode_ci,
  `foto` varchar(255) CHARACTER SET utf8mb4 COLLATE utf8mb4_unicode_ci DEFAULT NULL,
  `disciplina_id` tinytext CHARACTER SET utf8mb4 COLLATE utf8mb4_unicode_ci,
  `rolintegrante_id` int DEFAULT NULL,
  `fechanacimiento` date NOT NULL
) ENGINE=InnoDB DEFAULT CHARSET=utf8mb4 COLLATE=utf8mb4_unicode_ci;

--
-- Volcado de datos para la tabla `jueces`
--

INSERT INTO `jueces` (`id`, `created_at`, `updated_at`, `deleted_at`, `nombre`, `apellidopaterno`, `apellidomaterno`, `dni`, `sexo`, `paises_id`, `foto`, `disciplina_id`, `rolintegrante_id`, `fechanacimiento`) VALUES
(20, '2023-08-07 20:50:51', '2023-08-07 20:50:51', NULL, 'Henrique Sergio', 'Borges', 'Cequeira', '3008088 60', 'option1', '6', 'jueces/August2023/WEc5ZcnSgjCXoCiw16NU.jpg', '2', 11, '1965-06-15'),
(22, '2023-08-08 01:21:44', '2023-08-08 01:21:44', NULL, 'ISAAC ALEJANDRO', 'ALVARADO', 'VALLEJO', 'A3891720', 'option1', '9', 'jueces/August2023/IBsJSKQLf1oSqAvcwTer.jpg', '3', 11, '2001-08-15'),
(23, '2023-08-09 00:38:08', '2023-08-09 00:48:27', NULL, 'FRAMIS DANIEL', 'FRANCO', 'DELGADILLO', '6549201', 'option1', '5', 'jueces/August2023/8PesEyk42XgQWuYuWPFX.jpg', '1', 11, '1993-09-11'),
(24, '2023-08-15 05:51:36', '2023-08-17 21:31:34', NULL, 'Giovanni', 'Gallotti', 'Ungaretti', 'FU608196', 'option1', '6', 'jueces/August2023/4kw5KmGRVT0lzAE1hGZO.jpeg', '5', 11, '1987-10-03'),
(25, '2023-08-15 06:28:42', '2023-08-17 21:31:16', NULL, 'Lincon', 'Araújo', 'Duarte', 'FR525497', 'option1', '6', 'jueces/August2023/dNSzLl0pqwaqFdlqXysm.jpeg', '5', 11, '1986-02-04'),
(26, '2023-08-16 04:45:44', '2023-08-17 04:23:54', NULL, 'LIBERTAD', 'DERAMOND', 'ARCOS', '18590535-7', 'option2', '7', 'jueces/August2023/ntkiyig9Vuq0Yyjlxf4E.png', '2', 11, '1993-11-21'),
(28, '2023-08-16 23:11:15', '2023-08-18 18:44:12', NULL, 'Cintia', 'Laurence', 'Cruz', 'FU791771', 'option2', '6', 'jueces/August2023/IJjy78beE2nKZoBOLi7k.jpeg', '4', 11, '1980-12-18'),
(29, '2023-08-16 23:12:26', '2023-08-18 18:43:56', NULL, 'Suellen', 'de Moraes', 'Letiere', 'GC214791', 'option2', '6', 'jueces/August2023/xa216wImDlmMckxxj3lL.jpeg', '4', 11, '1996-06-25'),
(30, '2023-08-16 23:13:20', '2023-08-18 18:43:43', NULL, 'Maria Euarda', 'Miccuci', 'de Souza', '7753392-6', 'option2', '6', 'jueces/August2023/VOAIAbm3DRXD5wvNG1Sl.jpeg', '4', 11, '1995-06-07'),
(31, '2023-08-17 04:18:06', '2023-08-17 04:18:06', NULL, 'Isabella Michela', 'Perciavalle', 'De la Torre', '18392312-9', 'option2', '7', 'jueces/August2023/2e6slDBQt5f65NewM2Qc.jpeg', '4', 11, '1993-01-15'),
(32, '2023-08-17 05:31:38', '2023-08-17 05:31:38', NULL, 'Jessica Katia', 'Barrios', 'Canepa', '119272727', 'option2', '4', 'jueces/August2023/J65ZMQLXrGJpZXp3WNy8.PNG', '4', 11, '1971-06-02'),
(33, '2023-08-17 05:43:13', '2023-08-17 23:01:17', NULL, 'DINIA VENISSE', 'SOLORIO DEL CARPIO', 'BELLIDO', '41063377', 'option2', '4', 'jueces/August2023/xGzEhlwTjGOys8eA6Wa4.jpg', '4', 11, '1979-10-18'),
(34, '2023-08-17 05:44:26', '2023-08-17 05:44:26', NULL, 'CLAUDIA XIMENA', 'ARANGUIZ', 'RIVERA', '11845907-5', 'option2', '7', 'jueces/August2023/KlSRmg8jrW2N8ycU8PN5.jpeg', '4', 11, '1971-08-11'),
(35, '2023-08-17 05:46:02', '2023-08-17 05:46:02', NULL, 'ROLANDO', 'DIAZ', 'CARVAJAL', '12832046-6', 'option1', '7', 'jueces/August2023/TrWOs7lLZ6YYFAuPcKH4.jpg', '5', 11, '1974-12-31'),
(36, '2023-08-17 05:47:17', '2023-08-17 05:47:17', NULL, 'HUGO', 'ALFARO', 'ARANCIBIA', '13414170-0', 'option1', '7', 'jueces/August2023/RE31oCGWbrbKHLsLGxsK.jpeg', '5', 11, '1978-12-01'),
(37, '2023-08-17 06:01:11', '2023-08-17 06:01:11', NULL, 'CAROLINA ALEJANDRA', 'MACIAS', 'ESPINOSA', '9992540-K', 'option2', '7', 'jueces/August2023/l2gE4qoi63kZfVc4Vxxq.jpeg', '4', 11, '1967-04-16'),
(38, '2023-08-17 19:12:24', '2023-08-17 19:12:24', NULL, 'LINA MARIA', 'ZAPATA', 'AGUEDELO', 'AX057133', 'option2', '8', 'jueces/August2023/7mHtVvmuwvwpMJKwCE3j.jpg', '4', 11, '1971-06-21'),
(40, '2023-08-17 19:13:58', '2023-08-17 19:13:58', NULL, 'CAMILA ANDREA', 'MONTENEGRO', 'MORILLO', 'AQ025566', 'option2', '8', 'jueces/August2023/vcV84gwste6duCLAca9U.jpeg', '4', 11, '1993-02-21'),
(41, '2023-08-17 22:56:36', '2023-08-17 22:56:36', NULL, 'GERMAN', 'COZ', 'RODRIGUEZ', '2319005', 'option1', '4', 'jueces/August2023/efDHPgYFh8pO37vwcHx8.jpg', '3', 11, '1968-04-11'),
(42, '2023-08-17 23:03:30', '2023-08-26 00:39:40', NULL, 'Luis Alberto', 'Osorio', 'Sedano', '116787733', 'option1', '4', 'jueces/August2023/tmJxHuJg697Ae5v6Vuji.jpg', '1', 11, '1966-01-30'),
(43, '2023-08-18 02:51:38', '2023-08-18 02:51:38', NULL, 'Ronald Nelson', 'Leito', '-', 'NS5B8RHK7', 'option1', '15', 'jueces/August2023/HjshLcYJy47xnSRDtDyE.jpg', '1', 11, '1956-10-18'),
(50, '2023-08-18 04:19:29', '2023-08-18 04:19:29', NULL, 'Pollyanna', 'Alcoforado Lacerda Pereira', '-', 'FU178659', 'option2', '6', 'jueces/August2023/wQaykstbsNl2IzJ32s9H.png', '3', 2, '1978-12-06'),
(51, '2023-08-18 04:35:28', '2023-08-18 04:35:28', NULL, 'Bruno', 'Lacerda Coutinho', '-', 'FJ330744', 'option1', '6', 'jueces/August2023/Bwx1r70UttfB10azeCLX.jpeg', '3', 2, '1979-10-01'),
(53, '2023-08-18 20:37:24', '2023-08-18 20:37:24', NULL, 'Maria Victoria Catalina', 'Tizon', 'Acha', '120142413', 'option2', '4', 'jueces/August2023/IjnhI2GetmATeiBjdCD5.jpg', '2', 11, '1957-05-30'),
(54, '2023-08-18 23:21:24', '2023-08-18 23:21:24', NULL, 'EVELIA CONCEPCIÓN', 'ÁVILA', 'CORROCHADO', '19079332', 'option2', '1', 'jueces/August2023/hZ4BRjsSESc3PaC7W573.jpg', '4', 12, '1963-12-27'),
(55, '2023-08-18 23:23:33', '2023-08-18 23:23:33', NULL, 'LIA FERNANDA', 'SANCHEZ', 'GRECCHI', '25328962', 'option2', '1', 'jueces/August2023/D6onvrqHc9cckUl8sO7Z.jpg', '4', 12, '1976-12-15'),
(56, '2023-08-18 23:25:53', '2023-08-18 23:25:53', NULL, 'CAMILA MARÍA', 'ARREGUI', 'CARASATORRE', '38448376', 'option2', '1', 'jueces/August2023/wyMGPxAuMzRRyiCePR2x.jpg', '4', 12, '1994-12-14'),
(57, '2023-08-19 02:47:57', '2023-08-19 04:26:34', NULL, 'OSCAR', 'CASTRO', 'FITZGERALD', 'AU485353', 'option1', '8', 'jueces/August2023/yCrYc3mnTC6NcSMLnxTd.jpg', '3', 11, '1958-11-18'),
(58, '2023-08-19 02:50:19', '2023-08-19 02:50:19', NULL, 'SEBASTIAN', 'ESCOBAR', 'DUQUE', 'AS799188', 'option1', '8', 'jueces/August2023/yfu9I1vaTSkQZcDvJcLJ.jpeg', '3', 11, '1991-04-21'),
(59, '2023-08-19 03:06:41', '2023-08-19 03:06:41', NULL, 'CARLOS JULIO', 'PAIPILLA', 'HOYOS', 'AV593484', 'option1', '8', 'jueces/August2023/29GDM5boByUgnyFzMWi5.png', '5', 11, '1969-08-09'),
(60, '2023-08-19 03:24:51', '2023-08-19 03:24:51', NULL, 'EDGAR ALEXANDER', 'BARON', 'ROJAS', 'AU672497', 'option1', '8', 'jueces/August2023/laomAyFlqLikOfyqizdP.jpeg', '5', 11, '1985-04-20'),
(61, '2023-08-22 22:46:53', '2023-08-22 22:46:53', NULL, 'LORETO', 'LIZANA', 'GOMEZ', '10575562-7', 'option2', '7', 'jueces/August2023/Xbrp35wlxNKlmNvzC2PU.jpeg', '4', 11, '1971-12-12'),
(62, '2023-08-23 19:16:19', '2023-08-25 03:12:02', NULL, 'VICTORIA', 'ROMANO', 'MOURIGAN', '4989937-3', 'option2', '13', 'jueces/August2023/2GgAUlKTvh7bb04FZfsL.jpg', '1', 11, '1994-10-22'),
(63, '2023-08-23 19:18:14', '2023-08-23 19:18:14', NULL, 'FABIANA', 'GUAYTA', 'DENIS', '4551665-6', 'option2', '13', 'jueces/August2023/LggWCJjagvwXDlxRBSNV.jpeg', '2', 11, '1991-12-21'),
(64, '2023-08-24 14:16:04', '2023-08-24 14:16:04', NULL, 'MARCELO', 'FALCÃO', 'CALDAS', 'GC254745', 'option1', '6', 'jueces/August2023/sy1MGM1my8W9Sj21sg5g.jpeg', '1', 11, '1962-04-29'),
(65, '2023-08-24 14:20:04', '2023-08-24 14:20:04', NULL, 'FRANKLIM', 'DE SOUZA', 'GERALDO', 'GC673188', 'option1', '6', 'jueces/August2023/iwNoPumKJDBtTX7S97jm.jpeg', '1', 11, '1971-04-14'),
(67, '2023-08-24 22:20:13', '2023-08-24 22:20:13', NULL, 'JOAQUIN', 'CARRIER', '-', '5502991-6', 'option1', '13', 'jueces/August2023/7u9IQBgzxynQs2TnfbXF.jpg', '5', 11, '2004-05-27'),
(68, '2023-08-24 22:25:21', '2023-08-24 22:25:21', NULL, 'XIMENA', 'PARDIÑAS', '-', '3049286-9', 'option2', '13', 'jueces/August2023/5vxmfpfPb7EnDSh9XEDc.jpg', '4', 11, '1976-03-29'),
(69, '2023-08-24 22:27:19', '2023-08-24 22:27:19', NULL, 'VICTORIA', 'MONTEDONICO', '-', '1907952-1', 'option1', '13', 'jueces/August2023/Kxzm8PEVKujxYwIo2H1M.JPG', '4', 11, '1976-04-03'),
(70, '2023-08-24 22:29:29', '2023-08-24 22:29:29', NULL, 'FLORENCIA', 'PODESTÁ', '-', '3273077-2', 'option2', '13', 'jueces/August2023/BqH5qcwXvBukXYZrwfzI.jpg', '4', 11, '1980-03-02'),
(71, '2023-08-25 22:29:36', '2023-08-25 22:29:36', NULL, 'Luz Maria', 'Jara', 'Bernadot', '7011335-k', 'option2', '7', 'jueces/August2023/UUE0wu1BVoWpqAGXcaXp.jpeg', '1', 11, '1964-08-28'),
(72, '2023-08-26 02:35:58', '2023-08-26 02:35:58', NULL, 'Marko', 'Sablich', 'Carpio', '120053769', 'option1', '4', 'jueces/August2023/loXA0xdwepOgqNc3Z351.jpeg', '5', 11, '1971-06-12'),
(73, '2023-08-26 02:37:42', '2023-08-26 02:37:42', NULL, 'Abigail Ruth', 'Sirio', 'Urquiza', '123108014', 'option2', '4', 'jueces/August2023/QTgKhx4QEfub276r925y.jpeg', '5', 11, '1998-10-01'),
(74, '2023-08-28 22:37:49', '2023-08-28 22:37:49', NULL, 'WENDY', 'GUANUME', 'URREA', 'AT502270', 'option2', '8', 'jueces/August2023/t3A1qwsqKjmVquMe1hvw.jpg', '2', 11, '1989-07-17'),
(75, '2023-08-29 05:09:47', '2023-08-29 05:09:47', NULL, 'CESAR', 'GALARZA', 'NAVARRO', 'AS267816', 'option1', '8', 'jueces/August2023/eiwUeNYVqiHNWk3UULHL.jpg', '1', 11, '1970-02-07'),
(76, '2023-08-29 05:11:16', '2023-08-29 05:11:16', NULL, 'DAIRO', 'PADILLA', 'POTES', 'BC618623', 'option1', '8', 'jueces/August2023/N39jHn0MX8cAGvsguIsS.jpg', '1', 11, '1987-09-19'),
(77, '2023-09-02 03:54:39', '2023-09-02 03:54:39', NULL, 'ADRIANA', 'PACCHIOTTI', '-', '13182868', 'option2', '1', 'jueces/September2023/tBDqo0yVP3GHuHUsu319.png', '2', 11, '1957-11-12'),
(78, '2023-09-02 03:59:40', '2023-09-02 03:59:40', NULL, 'DARIO', 'KOCH', '-', '20100749', 'option1', '1', 'jueces/September2023/hBlQ9UZrnvXhkhbyizIJ.jpeg', '2', 11, '1968-07-17'),
(79, '2023-09-02 04:02:02', '2023-09-02 04:02:02', NULL, 'MARIANA', 'GODOY', '-', '20096046', 'option2', '1', 'jueces/September2023/fVC2YXy0CI6HKeko62zS.jpg', '2', 11, '1968-01-17'),
(80, '2023-09-02 04:03:18', '2023-09-02 04:03:18', NULL, 'Ana Laura', 'Scotta', '-', '35749766', 'option2', '1', 'jueces/September2023/mo41EcfDJu3Wo80LNuCd.jpg', '2', 11, '1992-05-15'),
(81, '2023-09-02 04:05:05', '2023-09-02 21:26:29', NULL, 'VERONICA EMA', 'CODAZZI', '-', '26395856', 'option2', '1', 'jueces/September2023/QmqIJrzNnYuSz6kjYmnN.jpg', '2', 11, '1977-12-26'),
(82, '2023-09-02 04:06:59', '2023-09-02 04:06:59', NULL, 'NATALIA', 'RIVERO', '-', '25324456', 'option2', '1', 'jueces/September2023/fA7iJfpnCqFWtYwgfwXX.jpeg', '2', 11, '1976-08-10');

-- --------------------------------------------------------

--
-- Estructura de tabla para la tabla `menus`
--

CREATE TABLE `menus` (
  `id` int UNSIGNED NOT NULL,
  `name` varchar(191) CHARACTER SET utf8mb4 COLLATE utf8mb4_unicode_ci NOT NULL,
  `created_at` timestamp NULL DEFAULT NULL,
  `updated_at` timestamp NULL DEFAULT NULL
) ENGINE=InnoDB DEFAULT CHARSET=utf8mb4 COLLATE=utf8mb4_unicode_ci;

--
-- Volcado de datos para la tabla `menus`
--

INSERT INTO `menus` (`id`, `name`, `created_at`, `updated_at`) VALUES
(1, 'admin', '2020-02-20 12:46:09', '2020-02-20 12:46:09');

-- --------------------------------------------------------

--
-- Estructura de tabla para la tabla `menu_items`
--

CREATE TABLE `menu_items` (
  `id` int UNSIGNED NOT NULL,
  `menu_id` int UNSIGNED DEFAULT NULL,
  `title` varchar(191) CHARACTER SET utf8mb4 COLLATE utf8mb4_unicode_ci NOT NULL,
  `url` varchar(191) CHARACTER SET utf8mb4 COLLATE utf8mb4_unicode_ci NOT NULL,
  `target` varchar(191) CHARACTER SET utf8mb4 COLLATE utf8mb4_unicode_ci NOT NULL DEFAULT '_self',
  `icon_class` varchar(191) CHARACTER SET utf8mb4 COLLATE utf8mb4_unicode_ci DEFAULT NULL,
  `color` varchar(191) CHARACTER SET utf8mb4 COLLATE utf8mb4_unicode_ci DEFAULT NULL,
  `parent_id` int DEFAULT NULL,
  `order` int NOT NULL,
  `created_at` timestamp NULL DEFAULT NULL,
  `updated_at` timestamp NULL DEFAULT NULL,
  `route` varchar(191) CHARACTER SET utf8mb4 COLLATE utf8mb4_unicode_ci DEFAULT NULL,
  `parameters` text CHARACTER SET utf8mb4 COLLATE utf8mb4_unicode_ci
) ENGINE=InnoDB DEFAULT CHARSET=utf8mb4 COLLATE=utf8mb4_unicode_ci;

--
-- Volcado de datos para la tabla `menu_items`
--

INSERT INTO `menu_items` (`id`, `menu_id`, `title`, `url`, `target`, `icon_class`, `color`, `parent_id`, `order`, `created_at`, `updated_at`, `route`, `parameters`) VALUES
(1, 1, 'Tablero', 'admin', '_self', 'voyager-dashboard', '#000000', NULL, 1, '2020-02-20 12:46:09', '2020-03-09 13:40:32', NULL, ''),
(2, 1, 'Media', '', '_self', 'voyager-images', NULL, 5, 6, '2020-02-20 12:46:09', '2020-02-27 23:45:28', 'voyager.media.index', NULL),
(3, 1, 'Usuarios', '', '_self', 'voyager-person', '#000000', 27, 2, '2020-02-20 12:46:09', '2020-02-27 23:42:39', 'voyager.users.index', 'null'),
(4, 1, 'Roles', '', '_self', 'voyager-lock', NULL, 27, 1, '2020-02-20 12:46:09', '2020-02-27 23:42:29', 'voyager.roles.index', NULL),
(5, 1, 'Solo Desarrolladores', '', '_self', 'voyager-tools', '#000000', NULL, 5, '2020-02-20 12:46:09', '2020-03-09 18:35:33', NULL, ''),
(6, 1, 'Menu Builder', '', '_self', 'voyager-list', NULL, 5, 1, '2020-02-20 12:46:09', '2020-02-21 17:51:58', 'voyager.menus.index', NULL),
(7, 1, 'Database', '', '_self', 'voyager-data', NULL, 5, 2, '2020-02-20 12:46:09', '2020-02-21 17:51:58', 'voyager.database.index', NULL),
(8, 1, 'Compass', '', '_self', 'voyager-compass', NULL, 5, 3, '2020-02-20 12:46:09', '2020-02-21 17:51:58', 'voyager.compass.index', NULL),
(9, 1, 'BREAD', '', '_self', 'voyager-bread', NULL, 5, 4, '2020-02-20 12:46:09', '2020-02-21 17:51:58', 'voyager.bread.index', NULL),
(10, 1, 'Settings', '', '_self', 'voyager-settings', NULL, 5, 7, '2020-02-20 12:46:09', '2020-02-27 23:45:28', 'voyager.settings.index', NULL),
(14, 1, 'Hooks', '', '_self', 'voyager-hook', NULL, 5, 5, '2020-02-20 12:46:11', '2020-02-21 17:51:58', 'voyager.hooks', NULL),
(17, 1, 'Paises', '', '_self', 'voyager-world', NULL, 27, 5, '2020-02-21 17:03:51', '2020-02-27 23:43:03', 'voyager.paises.index', NULL),
(20, 1, 'Disciplinas', '', '_self', 'voyager-megaphone', NULL, 27, 3, '2020-02-23 14:11:23', '2020-02-27 23:42:49', 'voyager.disciplinas.index', NULL),
(21, 1, 'Roles de Integrantes', '', '_self', 'voyager-tag', '#000000', 27, 4, '2020-02-23 14:28:45', '2020-02-27 23:42:53', 'voyager.rolintegrantes.index', 'null'),
(23, 1, 'Deportistas', '', '_self', 'voyager-person', NULL, 30, 3, '2020-02-27 02:19:40', '2020-03-01 14:51:15', 'voyager.deportistas.index', NULL),
(24, 1, 'Themes', '/admin/themes', '_self', 'voyager-paint-bucket', NULL, 5, 8, '2020-02-27 06:06:53', '2020-02-27 23:45:28', NULL, NULL),
(25, 1, 'Jueces', '', '_self', 'voyager-person', NULL, 30, 2, '2020-02-27 23:15:03', '2020-03-01 14:51:15', 'voyager.jueces.index', NULL),
(26, 1, 'Oficiales', '', '_self', 'voyager-person', NULL, 30, 1, '2020-02-27 23:31:23', '2020-03-01 14:51:15', 'voyager.oficiales.index', NULL),
(27, 1, 'Administracion', '', '_self', 'voyager-tools', '#000000', NULL, 2, '2020-02-27 23:41:22', '2020-02-27 23:42:39', NULL, ''),
(28, 1, 'Pruebas', '', '_self', 'voyager-trophy', NULL, 27, 6, '2020-02-28 00:11:26', '2020-02-28 00:19:28', 'voyager.pruebas.index', NULL),
(29, 1, 'Inscripciones', '', '_self', 'voyager-window-list', NULL, 30, 4, '2020-03-01 12:58:55', '2020-03-01 14:51:22', 'voyager.inscripciones.index', NULL),
(30, 1, 'Delegaciones', '', '_self', 'voyager-people', '#000000', NULL, 3, '2020-03-01 14:49:56', '2020-03-01 14:50:58', NULL, ''),
(31, 1, 'Descargar Reportes', 'admin', '_self', 'voyager-cloud-download', '#000000', NULL, 4, '2020-03-02 23:57:57', '2020-03-10 02:47:51', NULL, ''),
(33, 1, 'Delegacion', 'admin/exports-delegacion', '_self', 'voyager-angle-right', '#000000', 31, 1, '2020-03-09 17:07:52', '2020-03-09 18:40:27', NULL, ''),
(34, 1, 'Mis Inscripciones', 'admin/exports-inscripcionespais', '_self', 'voyager-angle-right', '#000000', 31, 2, '2020-03-09 18:35:21', '2020-03-09 18:40:41', NULL, ''),
(35, 1, 'Todas las Pruebas', 'admin/exports-inscripcionespaisall', '_self', 'voyager-angle-right', '#000000', 31, 3, '2020-03-10 02:46:02', '2020-03-10 02:46:13', NULL, ''),
(36, 1, 'Descargar Imagenes', 'https://sudamericano.cadda.org.ar/admin/export-images', '_self', 'voyager-book-download', '#000000', 27, 7, '2023-08-18 05:16:44', '2023-08-18 15:32:31', NULL, '');

-- --------------------------------------------------------

--
-- Estructura de tabla para la tabla `migrations`
--

CREATE TABLE `migrations` (
  `id` int UNSIGNED NOT NULL,
  `migration` varchar(191) CHARACTER SET utf8mb4 COLLATE utf8mb4_unicode_ci NOT NULL,
  `batch` int NOT NULL
) ENGINE=InnoDB DEFAULT CHARSET=utf8mb4 COLLATE=utf8mb4_unicode_ci;

--
-- Volcado de datos para la tabla `migrations`
--

INSERT INTO `migrations` (`id`, `migration`, `batch`) VALUES
(1, '2014_10_12_000000_create_users_table', 1),
(2, '2014_10_12_100000_create_password_resets_table', 1),
(3, '2016_01_01_000000_add_voyager_user_fields', 1),
(4, '2016_01_01_000000_create_data_types_table', 1),
(5, '2016_05_19_173453_create_menu_table', 1),
(6, '2016_10_21_190000_create_roles_table', 1),
(7, '2016_10_21_190000_create_settings_table', 1),
(8, '2016_11_30_135954_create_permission_table', 1),
(9, '2016_11_30_141208_create_permission_role_table', 1),
(10, '2016_12_26_201236_data_types__add__server_side', 1),
(11, '2017_01_13_000000_add_route_to_menu_items_table', 1),
(12, '2017_01_14_005015_create_translations_table', 1),
(13, '2017_01_15_000000_make_table_name_nullable_in_permissions_table', 1),
(14, '2017_03_06_000000_add_controller_to_data_types_table', 1),
(15, '2017_04_21_000000_add_order_to_data_rows_table', 1),
(16, '2017_07_05_210000_add_policyname_to_data_types_table', 1),
(17, '2017_08_05_000000_add_group_to_settings_table', 1),
(18, '2017_11_26_013050_add_user_role_relationship', 1),
(19, '2017_11_26_015000_create_user_roles_table', 1),
(20, '2018_03_11_000000_add_user_settings', 1),
(21, '2018_03_14_000000_add_details_to_data_types_table', 1),
(22, '2018_03_16_000000_make_settings_value_nullable', 1),
(23, '2016_01_01_000000_create_pages_table', 2),
(24, '2016_01_01_000000_create_posts_table', 2),
(25, '2016_02_15_204651_create_categories_table', 2),
(26, '2017_04_11_000000_alter_post_nullable_fields_table', 2);

-- --------------------------------------------------------

--
-- Estructura de tabla para la tabla `oficiales`
--

CREATE TABLE `oficiales` (
  `id` int UNSIGNED NOT NULL,
  `created_at` timestamp NULL DEFAULT NULL,
  `updated_at` timestamp NULL DEFAULT NULL,
  `deleted_at` timestamp NULL DEFAULT NULL,
  `nombre` tinytext CHARACTER SET utf8mb4 COLLATE utf8mb4_unicode_ci NOT NULL,
  `apellidopaterno` tinytext CHARACTER SET utf8mb4 COLLATE utf8mb4_unicode_ci NOT NULL,
  `apellidomaterno` tinytext CHARACTER SET utf8mb4 COLLATE utf8mb4_unicode_ci,
  `dni` tinytext CHARACTER SET utf8mb4 COLLATE utf8mb4_unicode_ci NOT NULL,
  `sexo` tinytext CHARACTER SET utf8mb4 COLLATE utf8mb4_unicode_ci NOT NULL,
  `paises_id` tinytext CHARACTER SET utf8mb4 COLLATE utf8mb4_unicode_ci,
  `foto` varchar(255) CHARACTER SET utf8mb4 COLLATE utf8mb4_unicode_ci DEFAULT NULL,
  `disciplina_id` tinytext CHARACTER SET utf8mb4 COLLATE utf8mb4_unicode_ci,
  `rolintegrante_id` tinytext CHARACTER SET utf8mb4 COLLATE utf8mb4_unicode_ci,
  `fechanacimiento` date NOT NULL
) ENGINE=InnoDB DEFAULT CHARSET=utf8mb4 COLLATE=utf8mb4_unicode_ci;

--
-- Volcado de datos para la tabla `oficiales`
--

INSERT INTO `oficiales` (`id`, `created_at`, `updated_at`, `deleted_at`, `nombre`, `apellidopaterno`, `apellidomaterno`, `dni`, `sexo`, `paises_id`, `foto`, `disciplina_id`, `rolintegrante_id`, `fechanacimiento`) VALUES
(50, '2023-08-08 01:26:44', '2023-08-08 01:26:44', NULL, 'ABRAHAM ABEL', 'SUAREZ', 'COELLO', '596592857', 'option1', '9', 'oficiales/August2023/V8bC1WDUkDEjgvV7Bfoo.jpg', '3', '2', '1968-04-08'),
(51, '2023-08-08 01:31:40', '2023-08-08 01:31:40', NULL, 'ULISES ALEJANDRO', 'ALVARADO', 'SALAZAR', 'A8127745', 'option1', '9', 'oficiales/August2023/c9ky9mI61VPF7ldr2XQ5.jpeg', '3', '1', '1973-11-15'),
(52, '2023-08-09 05:56:11', '2023-08-09 05:56:11', NULL, 'MAURA LUCIA', 'DE AGUIAR', 'XAVIER', 'YC921458', 'option2', '4', 'oficiales/August2023/1uW6nfBEpbUxornmHbxY.jpg', '4', '2', '1968-10-30'),
(53, '2023-08-09 05:57:52', '2023-08-09 05:57:52', NULL, 'MARIAFE', 'LOPEZ', 'CORONADO', '72035135', 'option2', '4', 'oficiales/August2023/Q34mqRPOXV5jGQyq8vt7.jpg', '4', '3', '2001-03-07'),
(54, '2023-08-09 05:58:51', '2023-08-09 05:58:51', NULL, 'MAURA LUCIA', 'DE AGUIAR', 'XAVIER', 'YC921458', 'option2', '4', 'oficiales/August2023/ZyzNxRstQ3z3FKaXizhW.jpg', '4', '1', '1968-10-30'),
(55, '2023-08-10 18:12:35', '2023-08-10 18:12:35', NULL, 'Alfredo Xavier', 'Eguez', 'Arjona', '0911241941', 'option1', '9', 'oficiales/August2023/W9biH0EBVeQMJuQzQ2ee.jpg', '1', '5', '1977-08-10'),
(56, '2023-08-10 18:13:37', '2023-08-10 18:13:37', NULL, 'Esther Mariela', 'Coello', 'Rivera', '0919775569', 'option2', '9', 'oficiales/August2023/3O3CFM4NkF14x3USmsAw.jpg', '1', '1', '1980-05-09'),
(57, '2023-08-10 18:30:26', '2023-08-10 18:30:26', NULL, 'Eduardo David', 'Sandoval', 'Jaramillo', '1708212723', 'option1', '9', 'oficiales/August2023/bqgKhSvB31UeLAztpbQk.jpg', '1', '2', '1980-04-10'),
(58, '2023-08-10 18:33:44', '2023-08-10 18:33:44', NULL, 'Santiago Paul', 'Enderica', 'Salgado', '0103675146', 'option1', '9', 'oficiales/August2023/blmcNrsLWovnqPRbfmjq.jpg', '2', '1', '1988-02-11'),
(59, '2023-08-10 19:23:09', '2023-08-10 19:23:09', NULL, 'Yordan', 'De Armas', 'Mesa', 'K489714', 'option1', '9', 'oficiales/August2023/Z0CNON0hj3FBmwn5CmR9.jpg', '1', '2', '1981-11-02'),
(60, '2023-08-10 19:39:56', '2023-08-15 22:18:08', NULL, 'Johndry', 'Segovia', '-Ramos', '27042696-4', 'option1', '7', 'oficiales/August2023/YLrqcVnPPCGEeWSPIUyA.jpg', '2', '2', '1987-09-07'),
(61, '2023-08-10 19:41:58', '2023-08-16 02:50:58', NULL, 'Juan Carlos', 'Moral', '-Lopez', '23316858-0', 'option1', '7', 'oficiales/August2023/fF2N1pP86HpfZHRr7IQm.jpg', '2', '2', '1969-12-22'),
(62, '2023-08-10 19:43:57', '2023-08-16 18:31:30', NULL, 'Igor', 'Loan', 'Urra', '15559157-9', 'option1', '7', 'oficiales/August2023/R0XL6ztrM4Eyh4fc0E7T.jpg', '2', '2', '1983-12-12'),
(63, '2023-08-10 19:45:10', '2023-08-16 04:04:00', NULL, 'Patricia', 'Camaran', '-Acevedo', '23185637-4', 'option2', '7', 'oficiales/August2023/0S7LkqBjMUcH06VWdgg2.jpeg', '4', '2', '1992-08-10'),
(64, '2023-08-10 19:47:46', '2023-08-16 18:32:37', NULL, 'Marcia', 'Schweizer', '-Leite', '14548385-9', 'option2', '7', 'oficiales/August2023/T9eat8Qv5Z7hHaTrVfyi.jpeg', '4', '2', '1962-12-10'),
(66, '2023-08-10 19:49:16', '2023-08-16 02:40:52', NULL, 'Sandra', 'Mella', '-Reyes', '13689099-9', 'option2', '7', 'oficiales/August2023/GlV5rwr1jrNk8FRV9aHW.jpg', '4', '2', '1979-10-23'),
(67, '2023-08-10 19:51:12', '2023-08-16 18:33:04', NULL, 'Maria Gabriela', 'Pedemonte', 'Masaccessi', '7013303-2', 'option2', '7', 'oficiales/August2023/fhkPsq8coJT2gGToI7Ts.jpeg', '4', '2', '1962-08-05'),
(68, '2023-08-10 19:52:57', '2023-08-16 21:04:05', NULL, 'Joao', 'Brandao', '-Silva', '25898322k', 'option1', '7', 'oficiales/August2023/RocWbewQaqfb2QXPTaJk.jpeg', '5', '2', '1982-02-01'),
(69, '2023-08-10 19:54:00', '2023-08-15 18:36:04', NULL, 'IVAN', 'PEREIRA', '-PIZARRO', '18.896.851-1', 'option1', '7', 'oficiales/August2023/CslYQHgG891zGa9ycGUL.jpeg', '5', '2', '1994-07-24'),
(70, '2023-08-10 19:56:52', '2023-08-16 03:54:50', NULL, 'Diego', 'Vallejos', 'Siles', '15680747-1', 'option1', '7', 'oficiales/August2023/brzIoKnkR5aEErq7bDV0.jpg', '5', '2', '1985-04-30'),
(71, '2023-08-10 19:58:15', '2023-08-16 18:42:23', NULL, 'Víctor Eduardo', 'Lobos', '-González', '12.859.645-3', 'option1', '7', 'oficiales/August2023/x0k1xDJsWLmP92gGnf7u.jpeg', '1', '5', '1975-07-15'),
(72, '2023-08-10 20:02:37', '2023-08-16 22:17:21', NULL, 'Angelo', 'Coelho', '-Pereira', 'FO876012', 'option1', '7', 'oficiales/August2023/Xr2nr2nLN4CHbtodq1gG.jpg', '5', '2', '1963-11-30'),
(73, '2023-08-13 14:38:34', '2023-08-13 14:38:34', NULL, 'Sergio Luiz', 'Silva', 'Sampaio Lacerda Silva', '923597', 'option1', '6', 'oficiales/August2023/RY0ZBxrJL0gKcTOQytNc.jpeg', '2', '5', '1951-06-07'),
(74, '2023-08-13 14:41:16', '2023-08-13 14:54:58', NULL, 'Luiza', 'Maciel', 'Fantoni', 'FX436575', 'option2', '6', 'oficiales/August2023/lPujbWSMM5v5m3STu0Pk.jpeg', '2', '2', '1991-11-22'),
(75, '2023-08-13 14:46:37', '2023-08-13 14:47:29', NULL, 'João Flavio', 'de Godoi', 'Alves', 'FV985569', 'option1', '6', 'oficiales/August2023/jJR6zTAp6z2HaayUkNKq.png', '2', '2', '1989-06-03'),
(76, '2023-08-13 14:54:25', '2023-08-13 14:54:25', NULL, 'Jorge Luis', 'Demori', 'Castro', 'FV985569', 'option1', '6', 'oficiales/August2023/FHHVpLtzBxaGcWN2pq1t.jpg', '2', '4', '1993-12-28'),
(77, '2023-08-13 14:59:18', '2023-08-13 14:59:18', NULL, 'José Juan', 'Blanco', 'Herrera', 'FW752015', 'option1', '6', 'oficiales/August2023/T0eP94MU1wf2G250ELvO.jpg', '2', '8', '1949-11-26'),
(78, '2023-08-13 15:10:12', '2023-08-13 15:11:03', NULL, 'Luara Maria', 'Lobo', 'de Freitas', 'FP913568', 'option2', '6', 'oficiales/August2023/EXw3VHFf5qC1I3mcDAIb.png', '2', '8', '1990-09-17'),
(79, '2023-08-13 17:27:01', '2023-08-13 17:27:01', NULL, 'Alexandre', 'Filinto Antunes', '-', 'FR179625', 'option1', '6', 'oficiales/August2023/TbVIL1yTqTP9wUhjbj0e.jpeg', '2', '3', '1965-10-16'),
(80, '2023-08-14 15:00:35', '2023-08-14 15:00:35', NULL, 'Ken', 'Hamada Sorgi', '-', 'FS790899', 'option1', '6', 'oficiales/August2023/PwOoavDj1KNxG2thFr2z.jpeg', '2', '3', '1985-02-03'),
(81, '2023-08-14 15:01:48', '2023-08-14 15:01:48', NULL, 'João Luiz', 'Bizerra', '-', 'FS817112', 'option1', '6', 'oficiales/August2023/AeFo5jNI11hq3jEUyRiu.jpeg', '2', '3', '1960-11-01'),
(82, '2023-08-15 05:45:53', '2023-08-15 05:45:53', NULL, 'Cristina', 'Callou', '-', 'FV906763', 'option2', '6', 'oficiales/August2023/VvAg5koH5AVpWSkMIIfg.jpg', '5', '5', '1968-11-28'),
(83, '2023-08-15 05:47:10', '2023-08-15 05:47:10', NULL, 'Rafael', 'Hall', 'da Costa', 'FV873847', 'option1', '6', 'oficiales/August2023/S3lJpiT5K4uqxcTWCl97.jpeg', '5', '2', '1977-12-02'),
(84, '2023-08-15 05:48:19', '2023-08-15 05:48:19', NULL, 'Italo Vitor', 'Figueiredo', 'de Souza', '68586778-X', 'option1', '6', 'oficiales/August2023/UcuTgezbapnufu5QieXR.jpeg', '5', '3', '1985-10-16'),
(85, '2023-08-15 06:23:24', '2023-08-15 06:23:24', NULL, 'Solon', 'dos Santos', '-', '12730173-2', 'option1', '6', 'oficiales/August2023/GFeTs7eRIX75Km8nrZFW.jpg', '5', '2', '1965-01-25'),
(86, '2023-08-15 06:24:57', '2023-08-15 06:24:57', NULL, 'Gilberto', 'Guimaraes Jr', 'Marques de Freitas', '10315765-7', 'option1', '6', 'oficiales/August2023/vICrlVaFdEVLdBMuJHBb.jpg', '5', '3', '1961-01-17'),
(87, '2023-08-15 06:26:42', '2023-08-15 06:26:42', NULL, 'Luis Guilherme', 'Prates', 'Sanches', 'FV485804', 'option1', '6', 'oficiales/August2023/nZh30h9XQsrqYf1uNVWX.jpg', '5', '5', '1967-11-30'),
(88, '2023-08-15 17:50:12', '2023-08-15 17:50:12', NULL, 'ARIEL ARMANDO', 'CABANAS', 'BARRETO', 'K738112', 'option1', '9', 'oficiales/August2023/30yc8XGamdshLr3yfrKz.jpg', '1', '3', '1970-03-20'),
(89, '2023-08-16 03:46:59', '2023-08-16 03:46:59', NULL, 'RAFAEL', 'HERBAS', 'MUÑOZ', '0909694705', 'option1', '9', 'oficiales/August2023/6VzSasXM1eACUGvigXh7.jpeg', '1', '3', '1972-02-11'),
(90, '2023-08-16 04:30:49', '2023-08-16 04:31:14', NULL, 'DAVID MANUEL', 'MARTINEZ', 'LUZBET', '1751186360', 'option1', '9', 'oficiales/August2023/LN3tn8ArGVzSIZ1ekFaW.jpeg', '2', '3', '1954-06-26'),
(91, '2023-08-16 04:34:08', '2023-08-16 04:34:08', NULL, 'LUCIO AUGUSTO', 'ROJAS', 'MARTINEZ', '1705084463', 'option1', '9', 'oficiales/August2023/ShVNa9ae7oRqVKgzfeh2.jpeg', '1', '3', '1959-07-21'),
(93, '2023-08-16 04:49:05', '2023-08-16 04:49:05', NULL, 'CLAUDIA NELYDA', 'MOLKEMBUHR', 'SAPUNAR', '12716499-1', 'option2', '7', 'oficiales/August2023/W6I6R1lQuY86QWU2IBdD.JPG', '1', '9', '1974-03-03'),
(95, '2023-08-16 04:51:40', '2023-08-16 04:51:40', NULL, 'LUIS ENRIQUE', 'ROJAS', 'CARPENA', '26830414-2', 'option1', '7', 'oficiales/August2023/xrPjhOO0CgSoMgsZ5FXD.jpeg', '1', '2', '1979-07-05'),
(96, '2023-08-16 04:54:19', '2023-08-16 04:54:19', NULL, 'CAROLINA', 'NOCHES', 'MARIN', '10677021-2', 'option2', '7', 'oficiales/August2023/0a4i4RjDTamp3LCxj6wS.jpg', '2', '1', '1977-04-03'),
(98, '2023-08-16 04:57:38', '2023-08-16 04:57:38', NULL, 'CLAUDIO', 'REGINATO', 'VASQUEZ', '10315423-5', 'option1', '7', 'oficiales/August2023/Ak90XOPPnVbMcz7pKVi0.jpeg', '5', '5', '1972-08-11'),
(100, '2023-08-16 05:02:44', '2023-08-16 05:02:44', NULL, 'EUGENIO', 'DUCOING', 'CORDERO', '7436706-2', 'option1', '7', 'oficiales/August2023/xiV3uDtgujBirRMZjiIA.jpeg', '1', '2', '1954-12-07'),
(101, '2023-08-16 05:10:36', '2023-08-16 18:52:52', NULL, 'ALFREDO', 'SUEREZ DEL VILLAR', 'PLACERES', '14741542-7', 'option1', '7', 'oficiales/August2023/nRHYkeCVxtuZES5UeNMI.jpg', '1', '2', '1971-10-15'),
(102, '2023-08-16 05:12:43', '2023-08-16 21:03:19', NULL, 'ADOLFO MATIAS', 'JAQUE', 'PAEZ', '15771327-2', 'option1', '7', 'oficiales/August2023/4ctflB4FrqF2BoYzYDK0.jpeg', '1', '2', '1984-06-12'),
(103, '2023-08-16 05:46:35', '2023-08-16 05:46:35', NULL, 'Alfredo', 'BORGES', 'ZAMBRANO', '179387591', 'option1', '4', 'oficiales/August2023/5NQDSKhG8G69ktJqWTeq.jpg', '3', '2', '1958-09-28'),
(104, '2023-08-16 05:49:01', '2023-08-16 05:49:01', NULL, 'Jessica Beatriz', 'Borges', '-', '081745771', 'option2', '4', 'oficiales/August2023/aKpEjLt6MlM7Pedp1SJK.jpeg', '3', '1', '1984-02-28'),
(105, '2023-08-16 05:50:26', '2023-08-16 05:50:26', NULL, 'Jessica Beatriz', 'Borges', '-', '081745771', 'option2', '4', 'oficiales/August2023/cJxI6ReYEgVGcHKeSj7z.jpeg', '3', '2', '1984-02-28'),
(106, '2023-08-16 06:43:30', '2023-08-16 06:43:30', NULL, 'DIEGO FERNANDO', 'GOMEZ', 'VANEGAS', 'AP826036', 'option1', '4', 'oficiales/August2023/rQbltyDfAgfugEwOHjBv.jpg', '5', '2', '1987-02-11'),
(107, '2023-08-16 06:49:16', '2023-08-16 06:49:16', NULL, 'CARLOS JAVIER', 'VILLANUEVA', 'CABRERA', 'PA0786677', 'option1', '4', 'oficiales/August2023/iMlWIcitauDc2B7Eo74j.jpg', '5', '3', '1991-06-12'),
(108, '2023-08-16 06:52:27', '2023-08-16 06:52:27', NULL, 'JORGE', 'GALINDEZ', 'QUINTERO', '175666339', 'option1', '4', 'oficiales/August2023/Nl6o1Zdz4dc5glfvKOTh.jpg', '5', '2', '1988-01-25'),
(109, '2023-08-16 07:40:18', '2023-08-16 07:40:18', NULL, 'Felipe Ignacio', 'Pinillos', 'Cordova', '122053757', 'option1', '4', 'oficiales/August2023/UNJZurZBos3AzAqXnnWQ.jpeg', '5', '3', '2003-02-23'),
(110, '2023-08-16 16:47:04', '2023-08-16 16:47:04', NULL, 'Walter', 'Rodriguez', '-', '16930473', 'option1', '1', 'oficiales/August2023/HlfFZXWxMBNg5fAMZy11.jpg', '1', '2', '1964-03-11'),
(111, '2023-08-16 16:49:32', '2023-08-16 16:49:32', NULL, 'Josefina', 'Bandrowsky', '-', '22618545', 'option2', '1', 'oficiales/August2023/6pZE4UR9BlxzIsJqtZOt.jpg', '1', '5', '1972-08-24'),
(112, '2023-08-16 16:52:30', '2023-08-16 16:52:30', NULL, 'Jose Luis', 'Weigandt', '-', '14420485', 'option1', '1', 'oficiales/August2023/RoSUmJH2AUOO6ANXg415.JPG', '1', '2', '1960-12-31'),
(113, '2023-08-16 16:53:28', '2023-08-16 16:53:28', NULL, 'Nicolas', 'Ciampoli', '-', '30217929', 'option1', '1', 'oficiales/August2023/XniOsF1Zrj4FVfq9SK0x.jpg', '1', '7', '1983-04-13'),
(114, '2023-08-16 16:54:22', '2023-08-16 16:54:22', NULL, 'Sebastian', 'Montero', '-', '32468142', 'option1', '1', 'oficiales/August2023/KYovyJQxSKZCLBFmfQ4d.jpg', '1', '2', '1986-06-13'),
(115, '2023-08-16 16:55:14', '2023-08-16 16:55:14', NULL, 'Anibal', 'Gaviglio', '-', '14622349', 'option1', '1', 'oficiales/August2023/9TxXmq0U8HuhPW86wgri.jpg', '1', '2', '1962-02-17'),
(116, '2023-08-16 16:56:17', '2023-08-16 16:56:17', NULL, 'Federico', 'Diez', 'Andersen', '29767122', 'option1', '1', 'oficiales/August2023/I4kz37XcMKU1cwksRjXe.jpg', '1', '2', '1982-08-25'),
(117, '2023-08-16 17:12:09', '2023-08-16 17:12:09', NULL, 'Pablo', 'Malvacio', '-', '33134111', 'option1', '1', 'oficiales/August2023/F5eEDRcbEnNJH9lcrDbL.jpg', '1', '2', '1987-07-18'),
(118, '2023-08-16 17:13:22', '2023-08-16 17:13:22', NULL, 'Gustavo', 'D´andrea', '-', '23061266', 'option1', '1', 'oficiales/August2023/fMiAn2V28n0doevXotGl.jpg', '1', '2', '1973-01-10'),
(119, '2023-08-16 17:17:38', '2023-08-16 17:17:38', NULL, 'Ruben Dario', 'Bustos', '-', '10048161', 'option1', '1', 'oficiales/August2023/ty1vpeyah1RxFW3JkoH7.jpeg', '1', '6', '1952-02-28'),
(120, '2023-08-16 17:30:46', '2023-08-16 17:30:46', NULL, 'Andres', 'Fuentes', '-', '25513424', 'option1', '1', 'oficiales/August2023/Q0Sslwu4J889ze1v0b7K.jpg', '1', '2', '1976-09-22'),
(121, '2023-08-16 18:47:22', '2023-08-16 18:49:20', NULL, 'RICARDO', 'PENAILILLO', 'ESCOBAR', '11671025-0', 'option1', '7', 'oficiales/August2023/CCStkQinTB4OdPbZsEwk.png', '1', '1', '1970-03-12'),
(122, '2023-08-16 21:58:53', '2023-08-16 21:58:53', NULL, 'YASSIR FERNANDO', 'ABDALLA', 'HURTADO', '5372728', 'option1', '5', 'oficiales/August2023/sDVvT8440223BrWaXUbB.jpeg', '1', '2', '1987-04-20'),
(123, '2023-08-16 22:16:49', '2023-08-16 22:16:49', NULL, 'PEDRO ALEJANDRO', 'CERVANTES', 'PORCEL', '3645828', 'option1', '5', 'oficiales/August2023/PB30KTX93pPIU8jezkrR.jpg', '1', '9', '1976-12-15'),
(124, '2023-08-16 22:19:57', '2023-08-16 22:19:57', NULL, 'SIMON PEDRO', 'FERNANDEZ', 'LAGOS', '16744500-4', 'option1', '7', 'oficiales/August2023/lUf9Rqfv8G0wbmIDbQBW.jpg', '1', '2', '1987-11-07'),
(125, '2023-08-16 22:20:11', '2023-08-16 22:20:11', NULL, 'FERNANDO VLADIMIR', 'SOLIZ', 'MEJIA', '3766298', 'option1', '5', 'oficiales/August2023/8YfoQ7tBKVNV6Ug9WR0e.jpg', '1', '4', '1973-03-29'),
(126, '2023-08-16 22:25:37', '2023-08-16 22:25:37', NULL, 'MERCES', 'NOGUEIRA', 'PAULO', 'YC372175', 'option2', '5', 'oficiales/August2023/mGNRi3obO6K6cPjwowWZ.jpeg', '1', '2', '1959-02-11'),
(127, '2023-08-16 22:33:22', '2023-08-17 05:49:28', NULL, 'JUAN MOISES', 'MARTINEZ', 'BLANCO', '7710798-3', 'option1', '7', 'oficiales/August2023/aRn0r96H9Qfrm5RLBLrg.jpeg', '5', '2', '1959-02-24'),
(128, '2023-08-16 23:14:17', '2023-08-18 18:43:16', NULL, 'Juliana', 'da Silva', 'Dias Gomes', 'FU830360', 'option2', '6', 'oficiales/August2023/e88nqM56FiUV2nsc12Fs.jpeg', '4', '5', '1986-04-08'),
(129, '2023-08-16 23:16:03', '2023-08-18 20:50:36', NULL, 'Ana Maria', 'Lobo', 'da Silveira', 'FY711099', 'option2', '6', 'oficiales/August2023/Y4VAynbNNVzmTEdHmaD6.jpeg', '4', '5', '1945-06-30'),
(130, '2023-08-16 23:17:26', '2023-08-18 18:43:01', NULL, 'Rodrigo', 'de Araújo', 'Leandro Alves', 'GC435847', 'option1', '6', 'oficiales/August2023/xIHMYZwKqprUGdc4qC5w.jpeg', '4', '7', '1991-03-16'),
(131, '2023-08-16 23:18:23', '2023-08-18 18:42:49', NULL, 'Gustavo', 'Aragão', 'Risso Simões', 'FO849147', 'option1', '6', 'oficiales/August2023/byaO0W770WI72w8C0y5a.jpeg', '4', '4', '1990-09-19'),
(132, '2023-08-16 23:20:18', '2023-08-18 18:42:37', NULL, 'Priscila', 'Pedron', 'Cezarino', 'FV932224', 'option2', '6', 'oficiales/August2023/JzsDizvQ4aJvv2YW3Tlt.jpeg', '4', '2', '1983-10-27'),
(133, '2023-08-16 23:21:45', '2023-08-18 18:42:25', NULL, 'Marina', 'Valladão', 'Neves', 'FO171614', 'option2', '6', 'oficiales/August2023/yRudodIH4Fr998GsDbJk.jpeg', '4', '3', '1988-01-20'),
(134, '2023-08-16 23:22:50', '2023-08-18 18:42:13', NULL, 'Jéssica', 'Gonçalves', 'Noutel', 'GF822776', 'option2', '6', 'oficiales/August2023/KWBpljJ0NoJjSLLilxnJ.jpeg', '4', '2', '1993-04-08'),
(135, '2023-08-16 23:24:07', '2023-08-18 18:42:00', NULL, 'Angélica', 'de Souza', 'Gregório', 'GH457478', 'option2', '6', 'oficiales/August2023/nRVT1f5J6ntu0TodrtNr.jpeg', '4', '3', '1986-08-10'),
(136, '2023-08-16 23:25:13', '2023-08-18 18:41:48', NULL, 'Orlando', 'da Silva Junior', 'Enedino', 'GA722078', 'option1', '6', 'oficiales/August2023/NQ9hnoLFjqP33uaWfBVb.jpeg', '4', '8', '1976-01-12'),
(137, '2023-08-17 04:34:51', '2023-08-17 04:34:51', NULL, 'María Cecilia', 'Zunzunegui', 'Mingardo', '23513945', 'option2', '1', 'oficiales/August2023/gAeDEU3eS29kwJKZQ7Du.jpg', '4', '5', '1974-01-16'),
(138, '2023-08-17 04:42:48', '2023-08-17 04:42:48', NULL, 'Constanza', 'Re', 'Ruiz', '41947686', 'option2', '1', 'oficiales/August2023/FEEBwQQL4GHxsdwMNJ0i.jpeg', '4', '2', '1999-07-27'),
(139, '2023-08-17 04:47:06', '2023-08-17 04:47:06', NULL, 'Roscoe', 'Carina', 'Santos', '21962319', 'option2', '1', 'oficiales/August2023/9CAwz5YaSsBKVxf74ZHc.jpg', '4', '2', '1971-01-11'),
(140, '2023-08-17 04:48:21', '2023-08-17 04:48:21', NULL, 'Irina', 'Bandurek', 'Blanco', '27934072', 'option2', '1', 'oficiales/August2023/CB5kRM5NiuitDZmA45OZ.jpg', '4', '2', '1980-01-16'),
(141, '2023-08-17 04:49:42', '2023-08-17 04:49:42', NULL, 'LUCINA', 'SIMÓN', 'TELLGET', '31186871', 'option2', '1', 'oficiales/August2023/JA7SMyaICzptnPkNTtiq.jpg', '4', '2', '1984-11-22'),
(142, '2023-08-17 04:51:30', '2023-08-17 04:51:30', NULL, 'ANA', 'FERNANDEZ', 'ROURA', '38145775', 'option2', '1', 'oficiales/August2023/79X2AZPYaMTn5HrT77wH.jpg', '4', '2', '1993-11-18'),
(143, '2023-08-17 05:51:23', '2023-08-17 14:44:29', NULL, 'LUIS ALBERTO', 'ARAYA', 'GUZMAN', '11564873-K', 'option1', '7', 'oficiales/August2023/zdyDhkwCp6BzpmqmWusY.jpeg', '1', '4', '1970-07-07'),
(144, '2023-08-17 18:29:42', '2023-08-17 18:29:42', NULL, 'Juan', 'Alterman', '-', '31073737', 'option1', '1', 'oficiales/August2023/hqwgI4rbNKVp80Q2f2Ow.jpg', '1', '2', '1984-04-22'),
(145, '2023-08-17 19:04:11', '2023-08-22 18:42:01', NULL, 'PAULA ANDREA', 'GARCIA', 'PIZARRO', 'AW706298', 'option2', '8', 'oficiales/August2023/Byhpb3kFpkxc7beiThfb.JPG', '4', '2', '1978-11-10'),
(146, '2023-08-17 19:04:47', '2023-08-17 19:04:47', NULL, 'HERNAN MAXIMILIANO', 'MAZZINI', 'GOMEZ', '28081378', 'option1', '1', 'oficiales/August2023/v7v83Uv1XaffdWn5AVl8.JPG', '5', '2', '1980-04-22'),
(147, '2023-08-17 19:05:45', '2023-08-17 19:05:45', NULL, 'JULIANA MARCELA', 'OSORIO', 'DOMINGUEZ', 'AP814048', 'option2', '8', 'oficiales/August2023/6Zo3k8xBUCocTHQdWVzq.jpeg', '4', '2', '1995-10-31'),
(148, '2023-08-17 19:06:19', '2023-08-17 19:06:19', NULL, 'GABRIEL ALBERTO', 'MARTINO', 'PERRONE', '20643032', 'option1', '1', 'oficiales/August2023/Rletv2JZC2W4GRLmlfki.JPG', '5', '3', '1968-12-13'),
(149, '2023-08-17 19:07:18', '2023-08-17 19:07:18', NULL, 'ALEJANDRA', 'OTERO', 'LEYTON', 'AR215367', 'option2', '8', 'oficiales/August2023/FdHUBawWZs0jVAllflyu.jpeg', '4', '2', '1996-10-17'),
(150, '2023-08-17 19:08:39', '2023-08-17 19:08:39', NULL, 'CAROLINA', 'ACEVEDO', 'JIMENEZ', 'AR536879', 'option2', '8', 'oficiales/August2023/2lwwQ16oM0NJMKBpXxdk.jpeg', '4', '2', '1988-07-08'),
(151, '2023-08-17 19:09:44', '2023-08-17 19:09:44', NULL, 'GUILLERMO LUIS', 'SETTI', 'ANGELETTI', '22252596', 'option1', '1', 'oficiales/August2023/ELoIdIqTVcXRbQu9spMS.JPG', '5', '2', '1971-08-14'),
(152, '2023-08-17 19:11:38', '2023-08-18 14:11:12', NULL, 'ROCIO MARIEL', 'DE VIRGILIO', 'LASTRETO', '32737977', 'option1', '1', 'oficiales/August2023/4tH4J3SgOGJIY8yg4puY.JPG', '5', '3', '1986-11-07'),
(153, '2023-08-17 19:42:01', '2023-08-18 17:19:21', NULL, 'JUAN PABLO', 'GIRI', 'TOLOSA', '22896167', 'option1', '1', 'oficiales/August2023/oh7pYtmzml0aOIZtyIf3.jpeg', '5', '5', '1972-09-08'),
(154, '2023-08-17 19:44:56', '2023-08-18 13:59:17', NULL, 'FABIO ROBERTO', 'LOMBARDO', 'BELCASTRO', '20298764', 'option1', '1', 'oficiales/August2023/OIdD7VMxJ6o1wvwXs2wx.jpeg', '5', '3', '1969-06-18'),
(155, '2023-08-17 19:48:06', '2023-08-17 19:48:06', NULL, 'VERONICA  ELIDA', 'GRIECO', 'SILVEIRA', '23878943', 'option2', '1', 'oficiales/August2023/mkdRU52LO5fosYVCvHPT.JPG', '5', '1', '1974-12-11'),
(156, '2023-08-17 19:49:09', '2023-08-18 23:15:26', NULL, 'MARCELO', 'AULIEL', 'FILIPPONI', '16962347', 'option1', '1', 'oficiales/August2023/GAsc5ZufVVGWbsTp6JBw.jpeg', '5', '6', '1964-09-22'),
(157, '2023-08-17 22:00:58', '2023-08-19 05:18:16', NULL, 'JUAN CARLOS', 'MONTOYA', '-', 'AU225730', 'option1', '8', 'oficiales/August2023/KolVaWbnPdBFfj8xx3eK.jpeg', '4', '1', '1961-09-12'),
(158, '2023-08-17 22:14:52', '2023-08-17 22:14:52', NULL, 'DISNARDO', 'BORRERO', 'CARDOSO', 'K746084', 'option1', '8', 'oficiales/August2023/s5dbZ7bIX0GNkOPFZKAn.jpeg', '3', '2', '1971-08-31'),
(159, '2023-08-17 22:17:20', '2023-08-17 22:17:20', NULL, 'DIANA CAROLINA', 'SALDARRIAGA', 'BUSTAMANTE', 'BA877892', 'option2', '8', 'oficiales/August2023/MaEsEzjvQw2zbHtkvGjX.jpeg', '3', '2', '1989-02-25'),
(160, '2023-08-17 22:18:48', '2023-08-17 22:18:48', NULL, 'JUAN SEBASTIAN', 'ANGEL VASQUEZ', NULL, 'AQ027577', 'option1', '8', 'oficiales/August2023/8VYz8dJHTOVRQ11tPOIe.jpg', '3', '2', '1993-04-18'),
(161, '2023-08-17 23:06:42', '2023-08-17 23:06:42', NULL, 'MÓNICA', 'LOPEZ', 'DOMÍNGUEZ', '13509496', 'option2', '1', 'oficiales/August2023/wFEsL645hdgiZG4007b3.jpg', '4', '1', '1959-12-19'),
(162, '2023-08-17 23:06:45', '2023-08-17 23:07:16', NULL, 'Aldo Diego', 'Murakami', 'Calatayud', '10573697', 'option1', '4', 'oficiales/August2023/CwXqiA5tGlBNJQJV0sFg.jpg', '1', '2', '1967-05-11'),
(163, '2023-08-19 00:18:23', '2023-08-19 00:18:23', NULL, 'MONICA MARIA', 'CORTINEZ', 'BEDOYA', 'BC554149', 'option2', '8', 'oficiales/August2023/DP1qHv8YXKEPOh3LVyRv.jpg', '1', '2', '1989-11-27'),
(164, '2023-08-19 00:20:53', '2023-08-19 00:20:53', NULL, 'JEINER ENRIQUE', 'SAN JUAN', 'ROMERO', 'AQ292459', 'option1', '8', 'oficiales/August2023/fzZpSV9mpWf5ZGDwY4eK.jpg', '1', '2', '1974-10-01'),
(165, '2023-08-19 01:25:11', '2023-08-19 01:25:11', NULL, 'MARIO ERNESTO', 'OCHOA', 'BEJARANO', 'AS651032', 'option1', '8', 'oficiales/August2023/Nk5SWh80w0eZJNwdgDOj.jpg', '5', '2', '1969-01-05'),
(166, '2023-08-19 01:26:17', '2023-08-19 01:26:17', NULL, 'ALEXANDER', 'GONZALEZ', 'ORTEGON', 'BA668633', 'option1', '8', 'oficiales/August2023/Q23bpNq17Dji3gkSiKwb.jpg', '5', '3', '1983-08-30'),
(167, '2023-08-19 04:39:50', '2023-08-19 05:35:11', NULL, 'JUAN FERNANDO', 'MEZA', 'RIVERA', 'AY932240', 'option1', '8', 'oficiales/August2023/4uqhB6SsVG5mpiLpNT7l.jpg', '5', '3', '1993-04-01'),
(168, '2023-08-19 04:41:10', '2023-08-19 05:34:53', NULL, 'SEBASTIAN', 'ZAPATA', 'DIAZ', 'AQ784658', 'option1', '8', 'oficiales/August2023/wAM0LrFAior1nYqTPgJs.jpg', '5', '2', '1985-03-09'),
(169, '2023-08-19 04:43:28', '2023-08-19 04:46:06', NULL, 'CESAR', 'DELGADO', 'ALARCON', 'AQ737445', 'option1', '8', 'oficiales/August2023/y0rzzSoz2Qsw6zm4tWrS.jpeg', '1', '2', '1982-01-12'),
(170, '2023-08-19 05:12:57', '2023-08-19 05:12:57', NULL, 'JOSE FERNANDO', 'BERMEO', 'HENAO', 'AS543935', 'option1', '8', 'oficiales/August2023/5GWyV4swqxEiUBezob3C.jpg', '2', '2', '1970-07-07'),
(172, '2023-08-19 05:21:14', '2023-08-28 22:39:44', NULL, 'JAIME AUGUSTO', 'OSORIO', 'LEONEL', 'AX729893', 'option1', '8', 'oficiales/August2023/y2MjG4hPI41YxTl1GQ96.jpeg', '5', '1', '1972-09-16'),
(173, '2023-08-19 05:26:31', '2023-08-19 05:26:31', NULL, 'EMILIA ANTONIA', 'MORAN', 'TEYEYE', 'AX218963', 'option2', '8', 'oficiales/August2023/dQ1I17hzNqee6OebO518.jpeg', '1', '1', '1979-06-29'),
(174, '2023-08-19 05:28:38', '2023-08-19 22:55:02', NULL, 'VANESSA', 'MUÑOZ', '-', 'AQ970857', 'option2', '8', 'oficiales/August2023/GKBva27uZPV4KSbivGP9.jpeg', '1', '8', '1989-05-14'),
(175, '2023-08-19 05:29:35', '2023-08-19 22:54:46', NULL, 'YESSICA', 'MORENO', '-', 'AR836003', 'option2', '8', 'oficiales/August2023/uBLhbH6EYPXDsVQxbzgD.jpg', '1', '4', '1975-10-16'),
(176, '2023-08-19 05:30:23', '2023-08-23 17:21:07', NULL, 'LORAYNE', 'OROZCO', '-', 'BC291864', 'option2', '8', 'oficiales/August2023/CK1kdKiZrJpqhQK8huUo.jpeg', '1', '4', '1992-10-15'),
(178, '2023-08-19 06:47:42', '2023-08-19 22:51:52', NULL, 'LINA', 'ARANGO', 'OSPINA', 'AQ546713', 'option2', '8', 'oficiales/August2023/VEz9flNNQMnXdhCUgJwh.jpeg', '1', '4', '1979-12-28'),
(179, '2023-08-19 20:08:47', '2023-08-19 20:08:47', NULL, 'JOSE ALEJO', 'MONTES', '-', 'M8295484', 'option1', '1', 'oficiales/August2023/qiExlDJgFkcaVlAyhM87.jpg', '3', '2', '1950-04-12'),
(180, '2023-08-19 20:44:11', '2023-08-19 20:44:11', NULL, 'GABRIEL', 'HAUSBERGER', '-', '26439854', 'option1', '1', 'oficiales/August2023/IAHwZb1Mac1ZpYwMwkls.jpg', '3', '2', '1978-02-24'),
(181, '2023-08-19 20:47:42', '2023-08-19 20:47:42', NULL, 'MARIANA', 'MONTES', '-', '18775862', 'option2', '1', 'oficiales/August2023/oJx7eDA4FgTZQE9R6njA.jpg', '3', '2', '1974-05-13'),
(182, '2023-08-19 20:56:21', '2023-08-19 20:56:21', NULL, 'Silvia M arcela', 'TORRES', 'MEDNIK', '21965099', 'option2', '1', 'oficiales/August2023/kMUyNfeNHmHZLMBoKSFv.jpg', '3', '6', '1971-01-15'),
(183, '2023-08-20 01:06:04', '2023-08-20 01:06:04', NULL, 'CRISTIAN', 'BURDILES', 'ABARZUA-', '15760024-9', 'option1', '7', 'oficiales/August2023/pRV5Rg3ZtZXSKxZoTKg7.jpeg', '2', '2', '1984-05-12'),
(184, '2023-08-20 04:53:41', '2023-08-20 04:53:41', NULL, 'Alexei', 'Perez', 'Hurtado', '7987980', 'option1', '11', 'oficiales/August2023/HUvjPibGdYZOL9cNYqsA.jpeg', '5', '2', '1986-01-31'),
(185, '2023-08-21 00:26:50', '2023-08-21 00:26:50', NULL, 'NAYRELIS', 'CACERES', '-', '18936410', 'option2', '14', NULL, '2', '2', '1988-03-10'),
(186, '2023-08-21 00:28:59', '2023-08-21 00:28:59', NULL, 'CARLOS E', 'BELLO', '-', '10584602', 'option1', '14', NULL, '2', '1', '1972-05-07'),
(187, '2023-08-21 00:41:18', '2023-08-21 03:39:29', NULL, 'JUAN F', 'MORALES', '-', '18612309', 'option1', '14', NULL, '1', '2', '1988-11-15'),
(188, '2023-08-21 00:42:36', '2023-08-21 00:51:11', NULL, 'RAUL', 'AVILA', '-', '9548455', 'option1', '14', NULL, '1', '2', '1966-07-30'),
(189, '2023-08-21 00:44:29', '2023-08-21 00:57:39', NULL, 'JESUS', 'SOSA', '-', '16077742', 'option1', '14', NULL, '1', '3', '1982-09-25'),
(190, '2023-08-21 00:45:37', '2023-08-21 00:54:07', NULL, 'GABRIELA', 'LOREFICE', '-', '11286159', 'option2', '14', NULL, '1', '1', '1971-11-23'),
(191, '2023-08-21 00:47:14', '2023-08-21 00:59:32', NULL, 'GAMAL', 'KABCHI', '-', '11228373', 'option1', '14', NULL, '1', '1', '1972-09-10'),
(192, '2023-08-21 00:48:57', '2023-08-21 00:50:03', NULL, 'VANESSA', 'CHRISTENSEN', '-', '10793281', 'option2', '14', NULL, '1', '5', '1972-01-19'),
(193, '2023-08-21 00:53:20', '2023-08-21 00:53:20', NULL, 'BETTY', 'MARQUEZ', '-', '4588699', 'option2', '14', NULL, '1', '5', '1955-01-21'),
(194, '2023-08-21 00:56:04', '2023-08-21 00:56:04', NULL, 'ADRIANA', 'TOLEDO', '-', '14186698', 'option2', '14', NULL, '1', '1', '1978-10-27'),
(195, '2023-08-21 01:01:42', '2023-08-21 01:01:42', NULL, 'NAYRELIS', 'CACERES', '-', '18936410', 'option2', '14', NULL, '1', '3', '1988-03-10'),
(196, '2023-08-21 01:17:25', '2023-08-21 01:17:25', NULL, 'FLOR', 'RODRIGUEZ', '-', '12855597', 'option2', '14', NULL, '1', '5', '1976-03-14'),
(197, '2023-08-21 07:10:54', '2023-08-22 17:25:55', NULL, 'FABIO HENRIQUE', 'CREMONEZ', '-', 'FO534015', 'option1', '6', 'oficiales/August2023/fNX2gOu917HGY2wAwpdH.jpeg', '1', '2', '1987-02-23'),
(198, '2023-08-21 07:13:06', '2023-08-22 17:24:17', NULL, 'MURILO', 'BARRETO', 'MOREIRA', 'GC448264', 'option1', '6', 'oficiales/August2023/apqqC72MTGJc2oX0z9BX.jpeg', '1', '2', '1970-04-22'),
(199, '2023-08-21 07:15:18', '2023-08-22 17:52:04', NULL, 'DANILO', 'CARVALHO', 'ALCANTARA LIMA VIVIANI DE', 'FR838713', 'option1', '6', 'oficiales/August2023/Yqp5IKdZOIeU05sru1RC.jpg', '1', '2', '1980-03-08'),
(200, '2023-08-21 07:19:08', '2023-08-22 17:23:19', NULL, 'RAFAEL LUIZ', 'SOUZA', 'GOVERNO DE', 'GH482869', 'option1', '6', 'oficiales/August2023/y4ajZsrMBUCpl1qmz41S.jpg', '1', '2', '1996-08-23'),
(201, '2023-08-21 07:21:37', '2023-08-22 18:30:13', NULL, 'LEANDRO', 'SANTOS', 'NUNES DOS', 'FV414178', 'option1', '6', 'oficiales/August2023/xdYBiHEyqswiBhr7loWB.JPG', '1', '2', '1981-07-02'),
(202, '2023-08-21 07:25:31', '2023-08-22 17:22:26', NULL, 'GUSTAVO', 'CARNEIRO', 'LIMA', 'GC500140', 'option1', '6', 'oficiales/August2023/JYZZC9AZA3xDV4RPxWxM.jpeg', '1', '2', '1985-04-06'),
(203, '2023-08-21 07:30:41', '2023-08-22 17:21:04', NULL, 'VAGNER', 'NASCIMENTO', 'RODRIGUES DO', 'FP777614', 'option1', '6', 'oficiales/August2023/oo7C2fApxdfod734fMBj.jpg', '1', '4', '1979-08-28'),
(204, '2023-08-21 19:50:29', '2023-08-21 20:46:26', NULL, 'BERENIS', 'BENCOMO', '-', '9319876', 'option2', '14', NULL, '1', '5', '1967-04-01'),
(205, '2023-08-21 21:34:37', '2023-08-21 21:34:37', NULL, 'Luis Rogerio', 'Lima Arapiraca', '-', 'FY281709', 'option1', '6', 'oficiales/August2023/Ihh5c0EJ0IGCxRG4byud.jpeg', '2', '3', '1987-12-26'),
(206, '2023-08-21 22:39:05', '2023-08-22 06:24:23', NULL, 'EROS', 'DAMASCENO', '-', 'FZ918452', 'option1', '6', 'oficiales/August2023/6riwk2qkGre8H9e8VOAj.jpeg', '1', '5', '1938-02-27'),
(207, '2023-08-21 23:36:21', '2023-08-26 01:12:03', NULL, 'Macarena', 'Anzuela', '-', '48031354', 'option2', '13', 'oficiales/August2023/zrcYHvh0aMaTVFGE3yyl.jpg', '4', '2', '1993-05-06'),
(208, '2023-08-21 23:37:09', '2023-08-26 01:11:15', NULL, 'Julieta', 'Oberti', '-', '49066263', 'option2', '13', 'oficiales/August2023/6pOTFZzbxhot9CSiycE2.jpg', '4', '2', '1999-07-17'),
(209, '2023-08-21 23:40:57', '2023-08-26 01:10:42', NULL, 'Maria Victoria', 'Zubilllaga', '-', '49152965', 'option2', '13', 'oficiales/August2023/HJZ9LQt0EFElg3FVpnk9.jpg', '4', '2', '1988-08-22'),
(210, '2023-08-21 23:44:38', '2023-08-26 01:26:54', NULL, 'Agustina', 'Medina', '-', '52335693', 'option2', '13', 'oficiales/August2023/FkFipFs78g8fhL7Oo6wa.jpg', '4', '2', '2002-06-28'),
(211, '2023-08-21 23:46:21', '2023-08-21 23:46:21', NULL, 'Jorge', 'Oyhenard', 'Pereira', '36414104', 'option1', '13', 'oficiales/August2023/w64brfs2hAW5E6CaGLT4.jpg', '4', '6', '1973-06-07'),
(212, '2023-08-21 23:58:04', '2023-08-21 23:58:16', NULL, 'Jorge', 'Oyhenard', 'Pereira', '36414104', 'option1', '13', 'oficiales/August2023/4B90pDfwQg252SoBJdXc.jpg', '5', '6', '1973-06-07'),
(213, '2023-08-22 01:03:52', '2023-08-22 01:03:52', NULL, 'ELIZABETH', 'CORRALES', 'PAEZ', '73050406437', 'option2', '14', NULL, '3', '2', '1973-05-04'),
(214, '2023-08-22 01:25:47', '2023-08-22 01:25:47', NULL, 'FERNANDO CASTO', 'TORDOYA', 'RODRIGUEZ', '3797937', 'option1', '5', 'oficiales/August2023/T75XgYCxLRdEoTUgJYMH.jpg', '2', '3', '1976-01-15'),
(215, '2023-08-22 01:39:51', '2023-08-22 01:39:51', NULL, 'SEBASTIAN IGNACIO', 'CERVANTES', 'TIRAO', '7563676', 'option1', '5', 'oficiales/August2023/yDyLHKgpMfnoZ7W6aZMX.jpg', '2', '2', '1997-01-06'),
(216, '2023-08-22 02:29:12', '2023-08-22 02:29:12', NULL, 'VANINA', 'GIORGIO', '-', '26838876', 'option2', '1', 'oficiales/August2023/yScugHeDIpdPviuZ5TxI.jpeg', '2', '5', '1979-07-04'),
(217, '2023-08-22 02:32:30', '2023-08-22 02:32:30', NULL, 'ADRIÁN', 'TUR', '-', '21411111', 'option1', '1', 'oficiales/August2023/rH2NJBlz9rpcSi8KHpZC.jpeg', '2', '2', '1970-03-07'),
(218, '2023-08-22 02:34:01', '2023-08-22 02:34:01', NULL, 'CRISTHIAN', 'PRIMON', '-', '22087249', 'option1', '1', 'oficiales/August2023/2AYDQCnzuZ6P8qqWe6nu.jpg', '2', '2', '1971-03-31'),
(219, '2023-08-22 02:35:25', '2023-08-22 02:35:25', NULL, 'GERMÁN', 'CALVELLO', '-', '30026792', 'option1', '1', 'oficiales/August2023/M3OVTBNTR6DoSAAI3ZSc.jpg', '2', '4', '1983-06-17'),
(220, '2023-08-22 02:43:11', '2023-08-22 02:43:11', NULL, 'HECTOR', 'SOSA', '-', '13538726', 'option1', '1', 'oficiales/August2023/eXZ5vvyKIRLm59VsJ2HS.jpg', '2', '3', '1959-10-12'),
(221, '2023-08-22 04:39:01', '2023-08-22 04:39:01', NULL, 'GABRIEL', 'CHAILLOU', '-', '18409643', 'option1', '1', 'oficiales/August2023/WexKaFVkI7hZ2KJgM8Kx.jpeg', '2', '3', '1967-12-11'),
(222, '2023-08-22 06:16:49', '2023-08-22 06:21:38', NULL, 'MARIANA', 'CAMARGO DE SOUZA', 'SILVA', 'FU121249', 'option1', '6', 'oficiales/August2023/SNcTxeSNt46pmBxczxpe.jpeg', '1', '8', '1995-04-17'),
(223, '2023-08-22 20:58:29', '2023-08-22 20:58:29', NULL, 'Vanderlei', 'Vanderlei Sales de Barros', '-', 'FX211149', 'option1', '6', 'oficiales/August2023/wNWVFrIP30NVR2DtI9zv.png', '3', '2', '1978-09-25'),
(224, '2023-08-22 20:59:34', '2023-08-22 20:59:34', NULL, 'Gabriel', 'Rodrigues Serra', '-', 'FZ421699', 'option1', '6', 'oficiales/August2023/2rgnFqBRU7mql362TMem.png', '3', '2', '1989-08-02'),
(225, '2023-08-22 21:05:30', '2023-08-22 21:05:30', NULL, 'Ana Paula', 'Shalders Fernandes', '-', 'GG093046', 'option2', '6', 'oficiales/August2023/3beeWcafNuDmCxc5F0d1.jpeg', '3', '2', '1976-03-14'),
(226, '2023-08-22 21:06:48', '2023-08-22 21:06:48', NULL, 'Renato', 'Antunes Teixeira Leite', '-', 'FW096505', 'option1', '6', 'oficiales/August2023/Pb5kBGRVaZI4DMw0mQOo.png', '3', '2', '1991-08-19'),
(227, '2023-08-22 21:07:39', '2023-08-22 21:07:39', NULL, 'Fabiana', 'Izumi Hashimoto', '-', 'FT542918', 'option2', '6', 'oficiales/August2023/pDmcFiLthJGHm55RHoqP.jpeg', '3', '2', '1974-05-09'),
(228, '2023-08-22 21:10:10', '2023-08-22 21:10:10', NULL, 'Hugo', 'Pellicer Parisi', '-', 'FV093400', 'option1', '6', 'oficiales/August2023/1zADzDjwVybEJWEcw7Pl.png', '3', '5', '1984-08-10'),
(229, '2023-08-22 21:12:16', '2023-08-22 21:12:16', NULL, 'Mauro', 'Cristiano Freitas', '-', 'FZ564534', 'option1', '6', 'oficiales/August2023/ZQeY5nDL4d5qvMwEDI5F.png', '3', '6', '1971-11-06'),
(230, '2023-08-22 21:31:25', '2023-08-22 21:32:14', NULL, 'Diego', 'Chiriff', 'Rodriguez', '38893007', 'option1', '13', 'oficiales/August2023/EpBrRIQhSMzCYyZ0lw5c.jpg', '2', '2', '1981-10-28'),
(231, '2023-08-22 21:33:02', '2023-08-22 21:33:02', NULL, 'Jorge', 'Oyhenard', '-', '36414104', 'option1', '13', 'oficiales/August2023/EmpebkVXeyybzJNfjH4o.jpg', '2', '6', '1973-06-07'),
(232, '2023-08-22 23:36:36', '2023-08-22 23:36:36', NULL, 'Tanyi del Carmen', 'Jijon', 'Motato', '0801921669', 'option2', '9', 'oficiales/August2023/juxzHhMXfMALQHYmv5Cg.jpg', '1', '3', '1976-06-16'),
(234, '2023-08-23 07:39:56', '2023-08-23 07:39:56', NULL, 'Martha Cecilia', 'Camino', 'Elias', '40587084', 'option2', '4', 'oficiales/August2023/s6vFx60Dk7VTCgqhrx4r.jpeg', '2', '1', '1980-06-14'),
(235, '2023-08-23 07:40:40', '2023-08-23 07:40:40', NULL, 'Martha Cecilia', 'Camino', 'Elias', '40587084', 'option2', '4', 'oficiales/August2023/fZGQ0WWpNayojSXgrwKW.jpeg', '5', '1', '1980-06-14'),
(236, '2023-08-23 09:36:44', '2023-08-23 09:36:44', NULL, 'Jorge', 'Oyhenard', '-', '36414104', 'option1', '13', 'oficiales/August2023/kEOphS21CKcVl7NC3Jsb.jpg', '1', '6', '1973-06-07'),
(237, '2023-08-23 16:41:26', '2023-08-23 16:41:26', NULL, 'Leandro', 'Luy Peixoto', '-', 'GH19222', 'option1', '6', 'oficiales/August2023/19mMSsSNIGONCXSSPCS2.jpeg', '2', '3', '1981-12-01'),
(239, '2023-08-25 04:19:57', '2023-08-25 04:19:57', NULL, 'Ingrid Marlies', 'Feltes', 'Casola', '3205401', 'option2', '11', 'oficiales/August2023/YkZiMXl7K25KwTJwJEwZ.jpeg', '1', '2', '1989-02-22'),
(240, '2023-08-25 04:21:10', '2023-08-25 04:21:10', NULL, 'Omar Fernando', 'Diaz', 'Iseas', '971618', 'option1', '11', 'oficiales/August2023/0bWzudIFd4L77ufxRhce.jpeg', '1', '2', '1978-08-11'),
(241, '2023-08-25 04:22:50', '2023-08-25 04:22:50', NULL, 'Esteban David', 'Gimenez', 'Benitez', '5071254', 'option1', '11', 'oficiales/August2023/Ibl4BoGQAixWvGwiSmZA.jpeg', '1', '4', '1991-10-17'),
(242, '2023-08-25 04:29:31', '2023-08-25 04:29:31', NULL, 'Diana Haydee Geraldine', 'Dominguez de Rolon', '-', 'Q600962', 'option2', '11', 'oficiales/August2023/zghfunt7IotuEnMv6i2Y.jpeg', '1', '1', '1967-08-01'),
(243, '2023-08-25 04:33:50', '2023-08-25 04:33:50', NULL, 'Liz Marlene', 'Flor', 'Gonzalez', '1409527', 'option2', '11', 'oficiales/August2023/5Zl5ffwIxuuhGo5pbfYw.jpeg', '1', '1', '1975-11-16'),
(244, '2023-08-25 04:46:36', '2023-08-25 04:46:36', NULL, 'Maria Ines', 'Coronel', 'Vargas', 'R688121', 'option2', '11', 'oficiales/August2023/6KwwfpfAdM8P8jZs35fr.jpeg', '2', '1', '1980-05-20'),
(245, '2023-08-25 04:48:04', '2023-08-25 04:48:04', NULL, 'Liz Karina', 'Prieto', 'Gonzalez', 'P478254', 'option2', '11', 'oficiales/August2023/WeBqtr5ZnLF5ephv5Z3N.jpg', '2', '2', '1981-03-07'),
(246, '2023-08-25 04:49:44', '2023-08-25 04:49:44', NULL, 'Matias Emanuel', 'Peralta', 'Hoge', 'S718918', 'option1', '11', 'oficiales/August2023/AuM7Tn03Oh4dAlAGA3wV.jpeg', '2', '2', '2002-12-12'),
(247, '2023-08-25 04:52:56', '2023-08-25 04:52:56', NULL, 'Edgar Eduardo', 'Garcete', 'Flecha', 'R691074', 'option1', '11', 'oficiales/August2023/nAi6mc94fEbfzEXQYjiW.jpeg', '2', '11', '1970-11-07'),
(248, '2023-08-25 04:59:08', '2023-08-25 04:59:08', NULL, 'Rodrigo Nicolas', 'Mendez', 'Aguero', '4010559', 'option1', '11', 'oficiales/August2023/puYga2FDXYbTBCCbzw96.jpeg', '1', '11', '1995-06-22'),
(249, '2023-08-25 05:01:08', '2023-08-25 05:01:08', NULL, 'Gloria Nilza', 'Cardozo de Galiano', '-', '563844', 'option2', '11', 'oficiales/August2023/awTrX1EE5GhIx1VSSJ0I.jpeg', '5', '1', '1958-07-15'),
(250, '2023-08-25 05:02:25', '2023-08-29 03:21:45', NULL, 'Julio Antonio', 'Galiano', 'Moran', 'Q605015', 'option1', '11', 'oficiales/August2023/8VuwlktoMyxt6UkgwKA0.jpeg', '5', '6', '1959-12-31'),
(253, '2023-08-25 10:46:23', '2023-08-26 01:05:06', NULL, 'Carolina', 'Aguilera', '-', '123456', 'option2', '13', 'oficiales/August2023/rlWDow5C4ykGaBYALcjq.jpg', '1', '2', '1990-01-01'),
(254, '2023-08-25 10:46:57', '2023-08-26 00:58:59', NULL, 'Matias', 'Acosta', '-', '123456', 'option1', '13', 'oficiales/August2023/6TPk5MpUjZKva5AIr5w4.jpg', '1', '2', '1990-01-01'),
(255, '2023-08-25 10:47:44', '2023-08-26 01:06:02', NULL, 'Miguel', 'Caraballo', '-', '123456', 'option1', '13', 'oficiales/August2023/m6arI5lyFY8xp6kps7Gv.jpg', '1', '2', '1990-01-01'),
(256, '2023-08-25 10:48:19', '2023-08-26 01:24:10', NULL, 'Cristian', 'Sosa', '-', '123456', 'option1', '13', 'oficiales/August2023/R1zCvepXJkQFWgSjjc7e.jpg', '1', '2', '1990-01-01'),
(257, '2023-08-25 10:50:51', '2023-08-26 01:00:00', NULL, 'Rafael', 'Scelza', '-', '17569667', 'option1', '13', 'oficiales/August2023/WAVs3FVDBCRSkFqF61FX.jpg', '5', '2', '1970-01-01'),
(258, '2023-08-25 10:51:39', '2023-08-26 00:59:33', NULL, 'Juan', 'Hill', '-', '51945095', 'option1', '13', 'oficiales/August2023/9MEtTzXSl8TIoKIbt9oj.jpg', '5', '2', '1980-01-01'),
(260, '2023-08-25 23:59:22', '2023-08-25 23:59:22', NULL, 'MARIA ISABEL', 'BARRAGAN', 'ROSPIGLIOSI', '07852798', 'option2', '4', 'oficiales/August2023/fwjunCGVFxJyTxD5EtDe.jpeg', '1', '2', '1957-07-05'),
(261, '2023-08-26 00:00:53', '2023-08-26 00:00:53', NULL, 'ORLANDO OSCAR', 'MOCCAGATTA', 'ALVAREZ', '12557087', 'option1', '4', 'oficiales/August2023/8qhhdGOrorpGo4kIrF8V.png', '1', '2', '1956-12-20'),
(262, '2023-08-26 00:01:54', '2023-08-26 00:01:54', NULL, 'DIEGO RAUL', 'SOSA', 'OBESO', '43284966', 'option1', '4', 'oficiales/August2023/POApIWyjt80nxfAMeVdS.jpg', '1', '2', '1958-12-07'),
(263, '2023-08-26 00:03:26', '2023-08-26 00:03:26', NULL, 'FACUNDO', 'VILA', NULL, 'AAE682303', 'option1', '4', 'oficiales/August2023/SxXeR5MdoABIzNjUfzUs.jpeg', '1', '2', '1986-12-09'),
(265, '2023-08-26 00:13:34', '2023-08-26 00:13:34', NULL, 'FERNANDO', 'VALERA', 'LLANOS', '10221584', 'option1', '4', 'oficiales/August2023/xFSn8yIp3Fd2Ns3Xb2SD.jpeg', '2', '2', '1975-02-23'),
(267, '2023-08-26 01:08:05', '2023-08-26 01:08:05', NULL, 'VERONICA', 'STANHAM', '-VANRELL', '123456', 'option2', '13', 'oficiales/August2023/gOgmniYu4aKwiK9HVAIQ.jpg', '1', '9', '1964-11-12'),
(268, '2023-08-26 01:19:17', '2023-08-26 01:19:17', NULL, 'XIMENA', 'PARDIÑAS', NULL, '3049286-9', 'option1', '13', 'oficiales/August2023/4m3ju99ykSJM98AlOKTJ.jpg', '4', '11', '1976-03-29'),
(269, '2023-08-26 01:43:18', '2023-08-26 01:43:18', NULL, 'PIA', 'PODESTA', '-', '12345', 'option1', '13', 'oficiales/August2023/ioKX8nGn9PtnsWZNIIIA.jpg', '4', '2', '1982-09-14'),
(270, '2023-08-26 05:15:47', '2023-08-26 05:15:47', NULL, 'TANIA', 'YEPES', 'ANDIA', '4417060', 'option2', '5', 'oficiales/August2023/65iyu9LOoj2zfCMdNF6v.jpg', '2', '7', '1976-11-22'),
(271, '2023-08-27 20:30:24', '2023-08-27 20:30:24', NULL, 'CARLOS MAURO', 'KOLEP', '-', '29948808', 'option1', '1', 'oficiales/August2023/B9MxHR1z5AzIb9Ke7hgj.jpeg', '2', '3', '1982-11-11'),
(272, '2023-08-27 20:32:26', '2023-08-27 20:32:26', NULL, 'JOAQUIN FERNANDO', 'MENDEZ', 'ORZUZA', '37976300', 'option1', '1', 'oficiales/August2023/1LFtZ4BRLZK7OK1vxocV.jpeg', '2', '3', '1994-02-15'),
(273, '2023-08-27 21:43:44', '2023-08-27 21:43:44', NULL, 'ADRIAN', 'BELLO', '-', '14860761', 'option1', '1', 'oficiales/August2023/I52kJFTUt8aZD5ChONcM.jpeg', '2', '3', '1961-10-02'),
(274, '2023-08-28 02:22:10', '2023-08-28 02:22:10', NULL, 'CARLOS DANTE', 'SCOCCO', NULL, '8452028', 'option1', '1', 'oficiales/August2023/MuwL1sjBUTQgcY3pvPls.jpeg', '2', '3', '1947-02-13'),
(275, '2023-08-28 02:23:36', '2023-08-28 02:23:36', NULL, 'GUSTAVO JOSÉ', 'D\' ANDREA', '-', '23061266', 'option1', '1', 'oficiales/August2023/MOVE1kqQCtUyNuYMAHXV.jpeg', '2', '3', '1973-01-10'),
(276, '2023-08-29 03:44:56', '2023-08-29 03:44:56', NULL, 'Alma Jazmin', 'Hoge de Paralta', '-', '1921071', 'option2', '11', 'oficiales/August2023/7zivJ9y0i93ZTeLGI8sx.jpg', '5', '1', '1982-10-08'),
(277, '2023-08-29 03:46:41', '2023-08-29 03:46:41', NULL, 'Lilian Teresa', 'Gomez', 'Velazquez', 'R628346', 'option2', '11', 'oficiales/August2023/vIyW0IE9LLJvhf9eL8vr.jpeg', '5', '1', '1975-09-06'),
(278, '2023-08-29 03:49:39', '2023-08-29 03:49:39', NULL, 'Diego Hernan', 'Garibaldi', '-', '29502317', 'option1', '11', 'oficiales/August2023/4dE7zJCMPvE0jHP8XSzi.jpeg', '5', '11', '1982-05-05'),
(279, '2023-08-29 03:51:50', '2023-08-29 03:51:50', NULL, 'Miguel Julian', 'Ayala', 'Mignarro', '786416', 'option1', '11', 'oficiales/August2023/6jnsr1WEDCQWmdL1cfFM.jpg', '5', '1', '1965-01-08'),
(280, '2023-08-29 03:53:39', '2023-08-29 03:53:39', NULL, 'Caroline Verenis', 'Rivarola', 'Cristaldo', '3670561', 'option2', '11', 'oficiales/August2023/BuB4dYJCemYJOyXFBt8X.jpg', '5', '1', '1982-05-09'),
(281, '2023-08-29 03:56:55', '2023-08-29 03:56:55', NULL, 'Mabel Alice', 'Lopez de Ayala', '-', '987740', 'option2', '11', 'oficiales/August2023/75gJp07Y8V4DinmRdrSw.jpg', '5', '1', '1967-05-03'),
(282, '2023-08-30 16:58:38', '2023-08-30 16:58:38', NULL, 'MILTON', 'ALEGRIA', 'ZATAPA', 'AV824703', 'option1', '8', 'oficiales/August2023/Pf9YrdRTFXjXYklp9cIA.jpeg', '3', '1', '1991-06-19'),
(283, '2023-08-31 04:58:28', '2023-08-31 04:58:28', NULL, 'Ezequiel Alejandro', 'SOSA', '-', '38465203', 'option1', '1', 'oficiales/August2023/N7pigughzjXHv1LrWAUZ.jpeg', '2', '3', '0001-01-01'),
(284, '2023-08-31 05:03:33', '2023-08-31 05:03:33', NULL, 'Claudio', 'Biagioli', '-', '29062669', 'option1', '1', 'oficiales/August2023/b7fRayYptTMy9JhWokGW.jpeg', '2', '3', '0001-01-01'),
(285, '2023-08-31 05:07:02', '2023-09-02 22:43:54', NULL, 'Yanina Carla', 'Primón', 'Ferrari', '25459451', 'option2', '1', 'oficiales/September2023/3s8TwcheV5bs5VpRVoEW.jpeg', '2', '14', '1976-10-27');

-- --------------------------------------------------------

--
-- Estructura de tabla para la tabla `orders`
--

CREATE TABLE `orders` (
  `id` int UNSIGNED NOT NULL,
  `customer_id` int UNSIGNED NOT NULL,
  `order_status_id` int UNSIGNED NOT NULL,
  `address_id` int UNSIGNED NOT NULL,
  `details` text COLLATE utf8mb4_unicode_ci,
  `created_at` timestamp NULL DEFAULT NULL,
  `updated_at` timestamp NULL DEFAULT NULL
) ENGINE=InnoDB DEFAULT CHARSET=utf8mb4 COLLATE=utf8mb4_unicode_ci;

-- --------------------------------------------------------

--
-- Estructura de tabla para la tabla `order_lines`
--

CREATE TABLE `order_lines` (
  `id` int UNSIGNED NOT NULL,
  `order_id` int UNSIGNED NOT NULL,
  `product_id` int UNSIGNED NOT NULL,
  `qty` int NOT NULL,
  `unit_price` double NOT NULL,
  `created_at` timestamp NULL DEFAULT NULL,
  `updated_at` timestamp NULL DEFAULT NULL
) ENGINE=InnoDB DEFAULT CHARSET=utf8mb4 COLLATE=utf8mb4_unicode_ci;

-- --------------------------------------------------------

--
-- Estructura de tabla para la tabla `order_status`
--

CREATE TABLE `order_status` (
  `id` int UNSIGNED NOT NULL,
  `description` varchar(255) COLLATE utf8mb4_unicode_ci NOT NULL,
  `created_at` timestamp NULL DEFAULT NULL,
  `updated_at` timestamp NULL DEFAULT NULL
) ENGINE=InnoDB DEFAULT CHARSET=utf8mb4 COLLATE=utf8mb4_unicode_ci;

-- --------------------------------------------------------

--
-- Estructura de tabla para la tabla `pages`
--

CREATE TABLE `pages` (
  `id` int UNSIGNED NOT NULL,
  `author_id` int NOT NULL,
  `title` varchar(191) CHARACTER SET utf8mb4 COLLATE utf8mb4_unicode_ci NOT NULL,
  `excerpt` text CHARACTER SET utf8mb4 COLLATE utf8mb4_unicode_ci,
  `body` text CHARACTER SET utf8mb4 COLLATE utf8mb4_unicode_ci,
  `image` varchar(191) CHARACTER SET utf8mb4 COLLATE utf8mb4_unicode_ci DEFAULT NULL,
  `slug` varchar(191) CHARACTER SET utf8mb4 COLLATE utf8mb4_unicode_ci NOT NULL,
  `meta_description` text CHARACTER SET utf8mb4 COLLATE utf8mb4_unicode_ci,
  `meta_keywords` text CHARACTER SET utf8mb4 COLLATE utf8mb4_unicode_ci,
  `status` enum('ACTIVE','INACTIVE') CHARACTER SET utf8mb4 COLLATE utf8mb4_unicode_ci NOT NULL DEFAULT 'INACTIVE',
  `created_at` timestamp NULL DEFAULT NULL,
  `updated_at` timestamp NULL DEFAULT NULL
) ENGINE=InnoDB DEFAULT CHARSET=utf8mb4 COLLATE=utf8mb4_unicode_ci;

--
-- Volcado de datos para la tabla `pages`
--

INSERT INTO `pages` (`id`, `author_id`, `title`, `excerpt`, `body`, `image`, `slug`, `meta_description`, `meta_keywords`, `status`, `created_at`, `updated_at`) VALUES
(1, 1, 'Hello World', 'Hang the jib grog grog blossom grapple dance the hempen jig gangway pressgang bilge rat to go on account lugger. Nelsons folly gabion line draught scallywag fire ship gaff fluke fathom case shot. Sea Legs bilge rat sloop matey gabion long clothes run a shot across the bow Gold Road cog league.', '<p>Hello World. Scallywag grog swab Cat o\'nine tails scuttle rigging hardtack cable nipper Yellow Jack. Handsomely spirits knave lad killick landlubber or just lubber deadlights chantey pinnace crack Jennys tea cup. Provost long clothes black spot Yellow Jack bilged on her anchor league lateen sail case shot lee tackle.</p>\r\n<p>Ballast spirits fluke topmast me quarterdeck schooner landlubber or just lubber gabion belaying pin. Pinnace stern galleon starboard warp carouser to go on account dance the hempen jig jolly boat measured fer yer chains. Man-of-war fire in the hole nipperkin handsomely doubloon barkadeer Brethren of the Coast gibbet driver squiffy.</p>', 'pages/page1.jpg', 'hello-world', 'Yar Meta Description', 'Keyword1, Keyword2', 'INACTIVE', '2020-02-20 12:46:11', '2020-02-20 21:28:35');

-- --------------------------------------------------------

--
-- Estructura de tabla para la tabla `paises`
--

CREATE TABLE `paises` (
  `id` int UNSIGNED NOT NULL,
  `created_at` timestamp NULL DEFAULT NULL,
  `updated_at` timestamp NULL DEFAULT NULL,
  `deleted_at` timestamp NULL DEFAULT NULL,
  `nombre` tinytext CHARACTER SET utf8mb4 COLLATE utf8mb4_unicode_ci
) ENGINE=InnoDB DEFAULT CHARSET=utf8mb4 COLLATE=utf8mb4_unicode_ci;

--
-- Volcado de datos para la tabla `paises`
--

INSERT INTO `paises` (`id`, `created_at`, `updated_at`, `deleted_at`, `nombre`) VALUES
(1, '2020-02-21 17:04:00', '2020-02-21 17:04:00', NULL, 'Argentina'),
(4, '2020-02-21 18:29:08', '2020-02-21 18:29:08', NULL, 'Peru'),
(5, '2020-03-04 18:27:18', '2020-03-04 18:27:18', NULL, 'Bolivia'),
(6, '2020-03-04 18:27:25', '2020-03-04 18:27:25', NULL, 'Brasil'),
(7, '2020-03-04 18:27:32', '2020-03-04 18:27:32', NULL, 'Chile'),
(8, '2020-03-04 18:27:39', '2020-03-04 18:27:39', NULL, 'Colombia'),
(9, '2020-03-04 18:27:46', '2020-03-04 18:27:46', NULL, 'Ecuador'),
(10, '2020-03-04 18:28:05', '2020-03-04 18:28:05', NULL, 'Guyana'),
(11, '2020-03-04 18:28:17', '2020-03-04 18:28:17', NULL, 'Paraguay'),
(12, '2020-03-04 18:28:30', '2020-03-04 18:28:30', NULL, 'Surinam'),
(13, '2020-03-04 18:28:38', '2020-03-04 18:28:38', NULL, 'Uruguay'),
(14, '2020-03-04 18:28:45', '2020-03-04 18:28:45', NULL, 'Venezuela'),
(15, '2020-03-05 19:08:47', '2020-03-05 19:08:47', NULL, 'Aruba'),
(16, '2020-03-05 20:37:10', '2020-03-05 20:37:10', NULL, 'Guayana');

-- --------------------------------------------------------

--
-- Estructura de tabla para la tabla `password_resets`
--

CREATE TABLE `password_resets` (
  `email` varchar(191) CHARACTER SET utf8mb4 COLLATE utf8mb4_unicode_ci NOT NULL,
  `token` varchar(191) CHARACTER SET utf8mb4 COLLATE utf8mb4_unicode_ci NOT NULL,
  `created_at` timestamp NULL DEFAULT NULL
) ENGINE=InnoDB DEFAULT CHARSET=utf8mb4 COLLATE=utf8mb4_unicode_ci;

-- --------------------------------------------------------

--
-- Estructura de tabla para la tabla `payments`
--

CREATE TABLE `payments` (
  `id` int UNSIGNED NOT NULL,
  `invoice_id` int UNSIGNED NOT NULL,
  `amount` double NOT NULL,
  `created_at` datetime DEFAULT NULL
) ENGINE=InnoDB DEFAULT CHARSET=utf8mb4 COLLATE=utf8mb4_unicode_ci;

-- --------------------------------------------------------

--
-- Estructura de tabla para la tabla `payment_methods`
--

CREATE TABLE `payment_methods` (
  `id` int UNSIGNED NOT NULL,
  `description` varchar(255) COLLATE utf8mb4_unicode_ci NOT NULL
) ENGINE=InnoDB DEFAULT CHARSET=utf8mb4 COLLATE=utf8mb4_unicode_ci;

-- --------------------------------------------------------

--
-- Estructura de tabla para la tabla `permissions`
--

CREATE TABLE `permissions` (
  `id` bigint UNSIGNED NOT NULL,
  `key` varchar(191) CHARACTER SET utf8mb4 COLLATE utf8mb4_unicode_ci NOT NULL,
  `table_name` varchar(191) CHARACTER SET utf8mb4 COLLATE utf8mb4_unicode_ci DEFAULT NULL,
  `created_at` timestamp NULL DEFAULT NULL,
  `updated_at` timestamp NULL DEFAULT NULL
) ENGINE=InnoDB DEFAULT CHARSET=utf8mb4 COLLATE=utf8mb4_unicode_ci;

--
-- Volcado de datos para la tabla `permissions`
--

INSERT INTO `permissions` (`id`, `key`, `table_name`, `created_at`, `updated_at`) VALUES
(1, 'browse_admin', NULL, '2020-02-20 12:46:09', '2020-02-20 12:46:09'),
(2, 'browse_bread', NULL, '2020-02-20 12:46:09', '2020-02-20 12:46:09'),
(3, 'browse_database', NULL, '2020-02-20 12:46:09', '2020-02-20 12:46:09'),
(4, 'browse_media', NULL, '2020-02-20 12:46:09', '2020-02-20 12:46:09'),
(5, 'browse_compass', NULL, '2020-02-20 12:46:09', '2020-02-20 12:46:09'),
(6, 'browse_menus', 'menus', '2020-02-20 12:46:09', '2020-02-20 12:46:09'),
(7, 'read_menus', 'menus', '2020-02-20 12:46:09', '2020-02-20 12:46:09'),
(8, 'edit_menus', 'menus', '2020-02-20 12:46:09', '2020-02-20 12:46:09'),
(9, 'add_menus', 'menus', '2020-02-20 12:46:09', '2020-02-20 12:46:09'),
(10, 'delete_menus', 'menus', '2020-02-20 12:46:09', '2020-02-20 12:46:09'),
(11, 'browse_roles', 'roles', '2020-02-20 12:46:09', '2020-02-20 12:46:09'),
(12, 'read_roles', 'roles', '2020-02-20 12:46:09', '2020-02-20 12:46:09'),
(13, 'edit_roles', 'roles', '2020-02-20 12:46:09', '2020-02-20 12:46:09'),
(14, 'add_roles', 'roles', '2020-02-20 12:46:09', '2020-02-20 12:46:09'),
(15, 'delete_roles', 'roles', '2020-02-20 12:46:09', '2020-02-20 12:46:09'),
(16, 'browse_users', 'users', '2020-02-20 12:46:09', '2020-02-20 12:46:09'),
(17, 'read_users', 'users', '2020-02-20 12:46:09', '2020-02-20 12:46:09'),
(18, 'edit_users', 'users', '2020-02-20 12:46:09', '2020-02-20 12:46:09'),
(19, 'add_users', 'users', '2020-02-20 12:46:09', '2020-02-20 12:46:09'),
(20, 'delete_users', 'users', '2020-02-20 12:46:09', '2020-02-20 12:46:09'),
(21, 'browse_settings', 'settings', '2020-02-20 12:46:09', '2020-02-20 12:46:09'),
(22, 'read_settings', 'settings', '2020-02-20 12:46:09', '2020-02-20 12:46:09'),
(23, 'edit_settings', 'settings', '2020-02-20 12:46:09', '2020-02-20 12:46:09'),
(24, 'add_settings', 'settings', '2020-02-20 12:46:09', '2020-02-20 12:46:09'),
(25, 'delete_settings', 'settings', '2020-02-20 12:46:09', '2020-02-20 12:46:09'),
(26, 'browse_categories', 'categories', '2020-02-20 12:46:10', '2020-02-20 12:46:10'),
(27, 'read_categories', 'categories', '2020-02-20 12:46:10', '2020-02-20 12:46:10'),
(28, 'edit_categories', 'categories', '2020-02-20 12:46:10', '2020-02-20 12:46:10'),
(29, 'add_categories', 'categories', '2020-02-20 12:46:10', '2020-02-20 12:46:10'),
(30, 'delete_categories', 'categories', '2020-02-20 12:46:10', '2020-02-20 12:46:10'),
(31, 'browse_posts', 'posts', '2020-02-20 12:46:11', '2020-02-20 12:46:11'),
(32, 'read_posts', 'posts', '2020-02-20 12:46:11', '2020-02-20 12:46:11'),
(33, 'edit_posts', 'posts', '2020-02-20 12:46:11', '2020-02-20 12:46:11'),
(34, 'add_posts', 'posts', '2020-02-20 12:46:11', '2020-02-20 12:46:11'),
(35, 'delete_posts', 'posts', '2020-02-20 12:46:11', '2020-02-20 12:46:11'),
(36, 'browse_pages', 'pages', '2020-02-20 12:46:11', '2020-02-20 12:46:11'),
(37, 'read_pages', 'pages', '2020-02-20 12:46:11', '2020-02-20 12:46:11'),
(38, 'edit_pages', 'pages', '2020-02-20 12:46:11', '2020-02-20 12:46:11'),
(39, 'add_pages', 'pages', '2020-02-20 12:46:11', '2020-02-20 12:46:11'),
(40, 'delete_pages', 'pages', '2020-02-20 12:46:11', '2020-02-20 12:46:11'),
(41, 'browse_hooks', NULL, '2020-02-20 12:46:11', '2020-02-20 12:46:11'),
(47, 'browse_themes', 'admin', '2020-02-20 20:03:25', '2020-02-20 20:03:25'),
(48, 'browse_paises', 'paises', '2020-02-21 17:03:51', '2020-02-21 17:03:51'),
(49, 'read_paises', 'paises', '2020-02-21 17:03:51', '2020-02-21 17:03:51'),
(50, 'edit_paises', 'paises', '2020-02-21 17:03:51', '2020-02-21 17:03:51'),
(51, 'add_paises', 'paises', '2020-02-21 17:03:51', '2020-02-21 17:03:51'),
(52, 'delete_paises', 'paises', '2020-02-21 17:03:51', '2020-02-21 17:03:51'),
(53, 'browse_disciplinas', 'disciplinas', '2020-02-23 14:11:23', '2020-02-23 14:11:23'),
(54, 'read_disciplinas', 'disciplinas', '2020-02-23 14:11:23', '2020-02-23 14:11:23'),
(55, 'edit_disciplinas', 'disciplinas', '2020-02-23 14:11:23', '2020-02-23 14:11:23'),
(56, 'add_disciplinas', 'disciplinas', '2020-02-23 14:11:23', '2020-02-23 14:11:23'),
(57, 'delete_disciplinas', 'disciplinas', '2020-02-23 14:11:23', '2020-02-23 14:11:23'),
(63, 'browse_rolintegrantes', 'rolintegrantes', '2020-02-23 14:32:12', '2020-02-23 14:32:12'),
(64, 'read_rolintegrantes', 'rolintegrantes', '2020-02-23 14:32:12', '2020-02-23 14:32:12'),
(65, 'edit_rolintegrantes', 'rolintegrantes', '2020-02-23 14:32:12', '2020-02-23 14:32:12'),
(66, 'add_rolintegrantes', 'rolintegrantes', '2020-02-23 14:32:12', '2020-02-23 14:32:12'),
(67, 'delete_rolintegrantes', 'rolintegrantes', '2020-02-23 14:32:12', '2020-02-23 14:32:12'),
(68, 'browse_deportistas', 'deportistas', '2020-02-27 02:19:40', '2020-02-27 02:19:40'),
(69, 'read_deportistas', 'deportistas', '2020-02-27 02:19:40', '2020-02-27 02:19:40'),
(70, 'edit_deportistas', 'deportistas', '2020-02-27 02:19:40', '2020-02-27 02:19:40'),
(71, 'add_deportistas', 'deportistas', '2020-02-27 02:19:40', '2020-02-27 02:19:40'),
(72, 'delete_deportistas', 'deportistas', '2020-02-27 02:19:40', '2020-02-27 02:19:40'),
(73, 'browse_jueces', 'jueces', '2020-02-27 23:15:03', '2020-02-27 23:15:03'),
(74, 'read_jueces', 'jueces', '2020-02-27 23:15:03', '2020-02-27 23:15:03'),
(75, 'edit_jueces', 'jueces', '2020-02-27 23:15:03', '2020-02-27 23:15:03'),
(76, 'add_jueces', 'jueces', '2020-02-27 23:15:03', '2020-02-27 23:15:03'),
(77, 'delete_jueces', 'jueces', '2020-02-27 23:15:03', '2020-02-27 23:15:03'),
(78, 'browse_oficiales', 'oficiales', '2020-02-27 23:31:23', '2020-02-27 23:31:23'),
(79, 'read_oficiales', 'oficiales', '2020-02-27 23:31:23', '2020-02-27 23:31:23'),
(80, 'edit_oficiales', 'oficiales', '2020-02-27 23:31:23', '2020-02-27 23:31:23'),
(81, 'add_oficiales', 'oficiales', '2020-02-27 23:31:23', '2020-02-27 23:31:23'),
(82, 'delete_oficiales', 'oficiales', '2020-02-27 23:31:23', '2020-02-27 23:31:23'),
(88, 'browse_pruebas', 'pruebas', '2020-02-28 00:28:17', '2020-02-28 00:28:17'),
(89, 'read_pruebas', 'pruebas', '2020-02-28 00:28:17', '2020-02-28 00:28:17'),
(90, 'edit_pruebas', 'pruebas', '2020-02-28 00:28:17', '2020-02-28 00:28:17'),
(91, 'add_pruebas', 'pruebas', '2020-02-28 00:28:17', '2020-02-28 00:28:17'),
(92, 'delete_pruebas', 'pruebas', '2020-02-28 00:28:17', '2020-02-28 00:28:17'),
(93, 'browse_inscripciones', 'inscripciones', '2020-03-01 12:58:55', '2020-03-01 12:58:55'),
(94, 'read_inscripciones', 'inscripciones', '2020-03-01 12:58:55', '2020-03-01 12:58:55'),
(95, 'edit_inscripciones', 'inscripciones', '2020-03-01 12:58:55', '2020-03-01 12:58:55'),
(96, 'add_inscripciones', 'inscripciones', '2020-03-01 12:58:55', '2020-03-01 12:58:55'),
(97, 'delete_inscripciones', 'inscripciones', '2020-03-01 12:58:55', '2020-03-01 12:58:55'),
(98, 'browse_exports', 'exports', '2020-03-02 23:57:57', '2020-03-02 23:57:57'),
(99, 'read_exports', 'exports', '2020-03-02 23:57:57', '2020-03-02 23:57:57'),
(100, 'edit_exports', 'exports', '2020-03-02 23:57:57', '2020-03-02 23:57:57'),
(101, 'add_exports', 'exports', '2020-03-02 23:57:57', '2020-03-02 23:57:57'),
(102, 'delete_exports', 'exports', '2020-03-02 23:57:57', '2020-03-02 23:57:57');

-- --------------------------------------------------------

--
-- Estructura de tabla para la tabla `permission_role`
--

CREATE TABLE `permission_role` (
  `permission_id` bigint UNSIGNED NOT NULL,
  `role_id` bigint UNSIGNED NOT NULL
) ENGINE=InnoDB DEFAULT CHARSET=utf8mb4 COLLATE=utf8mb4_unicode_ci;

--
-- Volcado de datos para la tabla `permission_role`
--

INSERT INTO `permission_role` (`permission_id`, `role_id`) VALUES
(1, 1),
(1, 2),
(2, 1),
(3, 1),
(4, 1),
(5, 1),
(6, 1),
(7, 1),
(8, 1),
(9, 1),
(10, 1),
(11, 1),
(12, 1),
(13, 1),
(14, 1),
(15, 1),
(16, 1),
(17, 1),
(18, 1),
(19, 1),
(20, 1),
(21, 1),
(22, 1),
(23, 1),
(24, 1),
(25, 1),
(26, 1),
(27, 1),
(28, 1),
(29, 1),
(30, 1),
(31, 1),
(32, 1),
(33, 1),
(34, 1),
(35, 1),
(36, 1),
(37, 1),
(38, 1),
(39, 1),
(40, 1),
(41, 1),
(47, 1),
(48, 1),
(49, 1),
(50, 1),
(51, 1),
(52, 1),
(53, 1),
(54, 1),
(55, 1),
(56, 1),
(57, 1),
(63, 1),
(64, 1),
(65, 1),
(66, 1),
(67, 1),
(68, 1),
(68, 2),
(69, 1),
(69, 2),
(70, 1),
(70, 2),
(71, 1),
(71, 2),
(72, 1),
(72, 2),
(73, 1),
(73, 2),
(74, 1),
(74, 2),
(75, 1),
(75, 2),
(76, 1),
(76, 2),
(77, 1),
(77, 2),
(78, 1),
(78, 2),
(79, 1),
(79, 2),
(80, 1),
(80, 2),
(81, 1),
(81, 2),
(82, 1),
(82, 2),
(88, 1),
(89, 1),
(90, 1),
(91, 1),
(92, 1),
(93, 1),
(93, 2),
(94, 1),
(94, 2),
(95, 1),
(95, 2),
(96, 1),
(96, 2),
(97, 1),
(97, 2),
(98, 1),
(99, 1),
(100, 1),
(101, 1),
(102, 1);

-- --------------------------------------------------------

--
-- Estructura de tabla para la tabla `posts`
--

CREATE TABLE `posts` (
  `id` int UNSIGNED NOT NULL,
  `author_id` int NOT NULL,
  `category_id` int DEFAULT NULL,
  `title` varchar(191) CHARACTER SET utf8mb4 COLLATE utf8mb4_unicode_ci NOT NULL,
  `seo_title` varchar(191) CHARACTER SET utf8mb4 COLLATE utf8mb4_unicode_ci DEFAULT NULL,
  `excerpt` text CHARACTER SET utf8mb4 COLLATE utf8mb4_unicode_ci,
  `body` text CHARACTER SET utf8mb4 COLLATE utf8mb4_unicode_ci NOT NULL,
  `image` varchar(191) CHARACTER SET utf8mb4 COLLATE utf8mb4_unicode_ci DEFAULT NULL,
  `slug` varchar(191) CHARACTER SET utf8mb4 COLLATE utf8mb4_unicode_ci NOT NULL,
  `meta_description` text CHARACTER SET utf8mb4 COLLATE utf8mb4_unicode_ci,
  `meta_keywords` text CHARACTER SET utf8mb4 COLLATE utf8mb4_unicode_ci,
  `status` enum('PUBLISHED','DRAFT','PENDING') CHARACTER SET utf8mb4 COLLATE utf8mb4_unicode_ci NOT NULL DEFAULT 'DRAFT',
  `featured` tinyint(1) NOT NULL DEFAULT '0',
  `created_at` timestamp NULL DEFAULT NULL,
  `updated_at` timestamp NULL DEFAULT NULL
) ENGINE=InnoDB DEFAULT CHARSET=utf8mb4 COLLATE=utf8mb4_unicode_ci;

--
-- Volcado de datos para la tabla `posts`
--

INSERT INTO `posts` (`id`, `author_id`, `category_id`, `title`, `seo_title`, `excerpt`, `body`, `image`, `slug`, `meta_description`, `meta_keywords`, `status`, `featured`, `created_at`, `updated_at`) VALUES
(1, 0, NULL, 'Lorem Ipsum Post', NULL, 'This is the excerpt for the Lorem Ipsum Post', '<p>This is the body of the lorem ipsum post</p>', 'posts/post1.jpg', 'lorem-ipsum-post', 'This is the meta description', 'keyword1, keyword2, keyword3', 'PUBLISHED', 0, '2020-02-20 12:46:11', '2020-02-20 12:46:11');

-- --------------------------------------------------------

--
-- Estructura de tabla para la tabla `products`
--

CREATE TABLE `products` (
  `id` int UNSIGNED NOT NULL,
  `product_category_id` int UNSIGNED NOT NULL,
  `name` varchar(200) COLLATE utf8mb4_unicode_ci NOT NULL,
  `price` double NOT NULL,
  `color` varchar(100) COLLATE utf8mb4_unicode_ci DEFAULT NULL,
  `size` varchar(50) COLLATE utf8mb4_unicode_ci DEFAULT NULL,
  `description` text COLLATE utf8mb4_unicode_ci NOT NULL,
  `other_details` text COLLATE utf8mb4_unicode_ci,
  `created_at` timestamp NULL DEFAULT NULL,
  `updated_at` timestamp NULL DEFAULT NULL,
  `deleted_at` timestamp NULL DEFAULT NULL,
  `slug` varchar(255) COLLATE utf8mb4_unicode_ci DEFAULT NULL
) ENGINE=InnoDB DEFAULT CHARSET=utf8mb4 COLLATE=utf8mb4_unicode_ci;

-- --------------------------------------------------------

--
-- Estructura de tabla para la tabla `product_categories`
--

CREATE TABLE `product_categories` (
  `id` int UNSIGNED NOT NULL,
  `parent_id` int UNSIGNED DEFAULT NULL,
  `description` varchar(255) COLLATE utf8mb4_unicode_ci NOT NULL
) ENGINE=InnoDB DEFAULT CHARSET=utf8mb4 COLLATE=utf8mb4_unicode_ci;

-- --------------------------------------------------------

--
-- Estructura de tabla para la tabla `product_images`
--

CREATE TABLE `product_images` (
  `id` int UNSIGNED NOT NULL,
  `product_id` int UNSIGNED NOT NULL,
  `picture` varchar(200) COLLATE utf8mb4_unicode_ci NOT NULL,
  `description` varchar(255) COLLATE utf8mb4_unicode_ci NOT NULL
) ENGINE=InnoDB DEFAULT CHARSET=utf8mb4 COLLATE=utf8mb4_unicode_ci;

-- --------------------------------------------------------

--
-- Estructura de tabla para la tabla `pruebas`
--

CREATE TABLE `pruebas` (
  `id` int UNSIGNED NOT NULL,
  `created_at` timestamp NULL DEFAULT NULL,
  `updated_at` timestamp NULL DEFAULT NULL,
  `deleted_at` timestamp NULL DEFAULT NULL,
  `nombre` tinytext CHARACTER SET utf8mb4 COLLATE utf8mb4_unicode_ci,
  `disciplina_id` tinytext CHARACTER SET utf8mb4 COLLATE utf8mb4_unicode_ci,
  `inscripcion_id` tinytext CHARACTER SET utf8mb4 COLLATE utf8mb4_unicode_ci,
  `jornada` tinytext CHARACTER SET utf8mb4 COLLATE utf8mb4_unicode_ci,
  `ganador_id` int DEFAULT NULL
) ENGINE=InnoDB DEFAULT CHARSET=utf8mb4 COLLATE=utf8mb4_unicode_ci;

--
-- Volcado de datos para la tabla `pruebas`
--

INSERT INTO `pruebas` (`id`, `created_at`, `updated_at`, `deleted_at`, `nombre`, `disciplina_id`, `inscripcion_id`, `jornada`, `ganador_id`) VALUES
(2, '2020-02-28 00:32:52', '2020-02-28 00:32:52', NULL, 'TRAMPOLÍN DE 3 METROS VARONES', '3', NULL, 'option1', NULL),
(3, '2020-02-28 00:33:12', '2020-02-28 00:33:12', NULL, 'TRAMPOLÍN DE 1 METRO DAMAS', '3', NULL, 'option1', NULL),
(4, '2020-02-28 00:33:33', '2020-02-28 00:33:33', NULL, 'SINCRONIZADO TRAMPOLÍN DE 3 METROS VARONES', '3', NULL, 'option1', NULL),
(5, '2020-02-28 00:33:53', '2020-02-28 00:33:53', NULL, 'SINCRONIZADO PLATAFORMA MIXTO', '3', NULL, 'option1', NULL),
(6, '2020-02-28 00:34:29', '2020-02-28 00:34:29', NULL, 'SINCRONIZADO PLATAFORMA VARONES', '3', NULL, 'option2', NULL),
(7, '2020-02-28 00:34:47', '2020-02-28 00:34:47', NULL, 'PLATAFORMA DAMAS', '3', NULL, 'option2', NULL),
(8, '2020-02-28 00:35:05', '2020-02-28 00:35:05', NULL, 'SINCRONIZADO TRAMPOLIN 3 METROS MIXTO', '3', NULL, 'option2', NULL),
(9, '2020-02-28 00:35:44', '2020-02-28 00:35:44', NULL, 'TRAMPOLÍN DE 3 METROS DAMAS', '3', NULL, 'option3', NULL),
(10, '2020-02-28 00:36:06', '2020-02-28 00:36:06', NULL, 'TRAMPOLÍN DE 1 METRO VARONES', '3', NULL, 'option3', NULL),
(11, '2020-02-28 00:36:24', '2020-02-28 00:36:24', NULL, 'SINCRONIZADO TRAMPOLN DE 3 METROS DAMAS', '3', NULL, 'option3', NULL),
(12, '2020-02-28 00:37:08', '2020-02-28 00:37:08', NULL, 'SINCRONIZADO PLATAFORMA DAMAS', '3', NULL, 'option4', NULL),
(13, '2020-02-28 00:37:24', '2020-02-28 00:37:24', NULL, 'PLATAFORMA VARONES', '3', NULL, 'option4', NULL),
(14, '2020-02-28 00:37:48', '2020-02-28 00:37:48', NULL, 'EQUIPO (TRAMPOLIN 3 METROS Y PLATAFORMA) MIXTO', '3', NULL, 'option4', NULL),
(15, '2020-02-28 00:40:13', '2020-02-28 00:40:13', NULL, 'SOLO TECNICO', '4', NULL, 'option11', NULL),
(16, '2020-02-28 00:40:29', '2020-02-28 00:40:29', NULL, 'SOLO LIBRE', '4', NULL, 'option11', NULL),
(17, '2020-02-28 00:40:43', '2020-02-28 00:40:43', NULL, 'DUETO TECNICO', '4', NULL, 'option11', NULL),
(18, '2020-02-28 00:40:57', '2020-02-28 00:40:57', NULL, 'DUETO LIBRE', '4', NULL, 'option11', NULL),
(19, '2020-02-28 00:41:11', '2020-02-28 00:41:11', NULL, 'DUETO TECNICO MIXTO', '4', NULL, 'option11', NULL),
(20, '2020-02-28 00:41:27', '2020-02-28 00:41:27', NULL, 'EQUIPO TECNICO', '4', NULL, 'option11', NULL),
(21, '2020-02-28 00:41:42', '2020-02-28 00:41:42', NULL, 'EQUIPO LIBRE', '4', NULL, 'option11', NULL),
(22, '2020-02-28 00:42:13', '2020-02-28 00:42:13', NULL, 'COMBINADA', '4', NULL, 'option11', NULL),
(23, '2020-02-28 00:42:25', '2023-08-18 23:11:16', NULL, 'ACROBÁTICA', '4', NULL, 'option11', NULL),
(24, '2020-02-28 00:42:56', '2020-02-28 00:42:56', NULL, '5 KM VARONES', '2', NULL, 'option11', NULL),
(25, '2020-02-28 00:43:05', '2020-02-28 00:43:05', NULL, '5 KM DAMAS', '2', NULL, 'option11', NULL),
(26, '2020-02-28 00:43:16', '2020-02-28 00:43:16', NULL, '10 KM VARONES', '2', NULL, 'option11', NULL),
(27, '2020-02-28 00:43:36', '2020-02-28 00:43:36', NULL, '10 KM DAMAS', '2', NULL, 'option11', NULL),
(28, '2020-02-28 00:43:50', '2023-08-10 23:02:07', NULL, '5 KM RELEVO MIXTO 14,15 Y 16', '2', NULL, 'option11', NULL),
(29, '2020-02-28 01:00:38', '2020-02-28 01:00:38', NULL, '200 LIBRE DAMAS', '1', NULL, 'option1', NULL),
(30, '2020-02-28 01:01:01', '2020-02-28 01:01:01', NULL, '200 LIBRE VARONES', '1', NULL, 'option1', NULL),
(31, '2020-02-28 01:01:18', '2020-02-28 01:01:18', NULL, '200 COMBINADO DAMAS', '1', NULL, 'option1', NULL),
(32, '2020-02-28 01:01:35', '2020-02-28 01:01:35', NULL, '200 COMBINADO VARONES', '1', NULL, 'option1', NULL),
(33, '2020-02-28 01:01:52', '2020-02-28 01:01:52', NULL, '100 ESPALDAS DAMAS', '1', NULL, 'option1', NULL),
(34, '2020-02-28 01:02:10', '2020-02-28 01:02:10', NULL, '100 ESPALDAS VARONES', '1', NULL, 'option1', NULL),
(35, '2020-02-28 01:02:25', '2020-02-28 01:02:25', NULL, '100 PECHO DAMAS', '1', NULL, 'option1', NULL),
(36, '2020-02-28 01:02:42', '2020-02-28 01:02:42', NULL, '100 PECHO VARONES', '1', NULL, 'option1', NULL),
(37, '2020-02-28 01:02:56', '2020-02-28 01:02:56', NULL, '4X100 LIBRE DAMAS', '1', NULL, 'option1', NULL),
(38, '2020-02-28 01:03:11', '2020-02-28 01:03:11', NULL, '4X100 LIBRE VARONES', '1', NULL, 'option1', NULL),
(39, '2020-02-28 01:03:32', '2020-02-28 01:03:32', NULL, '50 PECHO DAMAS', '1', NULL, 'option2', NULL),
(40, '2020-02-28 01:03:47', '2020-02-28 01:03:47', NULL, '50 PECHO VARONES', '1', NULL, 'option2', NULL),
(41, '2020-02-28 01:04:04', '2020-02-28 01:04:04', NULL, '200 ESPALDA DAMAS', '1', NULL, 'option2', NULL),
(42, '2020-02-28 01:04:19', '2020-02-28 01:04:19', NULL, '200 ESPALDA VARONES', '1', NULL, 'option2', NULL),
(43, '2020-02-28 01:04:52', '2020-02-28 01:04:52', NULL, '400 LIBRE DAMAS', '1', NULL, 'option2', NULL),
(44, '2020-02-28 01:05:05', '2020-02-28 01:05:05', NULL, '400 LIBRE VARONES', '1', NULL, 'option2', NULL),
(45, '2020-02-28 01:05:20', '2020-02-28 01:05:20', NULL, '4X100 COMBINADO MIXTO', '1', NULL, 'option2', NULL),
(46, '2020-02-28 01:05:39', '2020-02-28 01:05:39', NULL, '50 LIBRE DAMAS', '1', NULL, 'option3', NULL),
(47, '2020-02-28 01:05:55', '2020-02-28 01:05:55', NULL, '50 LIBRE VARONES', '1', NULL, 'option3', NULL),
(48, '2020-02-28 01:06:10', '2020-02-28 01:06:10', NULL, '200 MARIPOSA DAMAS', '1', NULL, 'option3', NULL),
(49, '2020-02-28 01:06:28', '2020-02-28 01:06:28', NULL, '200 MARIPOSA VARONES', '1', NULL, 'option3', NULL),
(50, '2020-02-28 01:06:47', '2020-02-28 01:06:47', NULL, '1500 LIBRE DAMAS', '1', NULL, 'option3', NULL),
(51, '2020-02-28 01:07:04', '2020-02-28 01:07:04', NULL, '800 LIBRE VARONES', '1', NULL, 'option3', NULL),
(52, '2020-02-28 01:07:22', '2020-02-28 01:07:22', NULL, '4X100 LIBRE MIXTO', '1', NULL, 'option3', NULL),
(53, '2020-02-28 01:07:38', '2020-02-28 01:07:38', NULL, '100 LIBRE DAMAS', '1', NULL, 'option4', NULL),
(54, '2020-02-28 01:07:54', '2020-02-28 01:07:54', NULL, '100 LIBRE VARONES', '1', NULL, 'option4', NULL),
(55, '2020-02-28 01:08:08', '2020-02-28 01:08:08', NULL, '50 ESPALDA DAMAS', '1', NULL, 'option4', NULL),
(56, '2020-02-28 01:08:21', '2020-02-28 01:08:21', NULL, '50 ESPALDA VARONES', '1', NULL, 'option4', NULL),
(57, '2020-02-28 01:08:41', '2020-02-28 01:08:41', NULL, '50 MARIPOSA DAMAS', '1', NULL, 'option4', NULL),
(58, '2020-02-28 01:08:55', '2020-02-28 01:08:55', NULL, '50 MARIPOSA VARONES', '1', NULL, 'option4', NULL),
(59, '2020-02-28 01:09:26', '2020-02-28 01:09:26', NULL, '400 COMBINADO DAMAS', '1', NULL, 'option4', NULL),
(60, '2020-02-28 01:09:44', '2020-02-28 01:09:44', NULL, '400 COMBINADO VARONES', '1', NULL, 'option4', NULL),
(61, '2020-02-28 01:10:10', '2020-02-28 01:10:10', NULL, '4X200 LIBRE DAMAS', '1', NULL, 'option4', NULL),
(62, '2020-02-28 01:10:25', '2020-02-28 01:10:25', NULL, '4X200 LIBRE VARONES', '1', NULL, 'option4', NULL),
(63, '2020-02-28 01:10:44', '2020-02-28 01:10:44', NULL, '100 MARIPOSA DAMAS', '1', NULL, 'option5', NULL),
(64, '2020-02-28 01:11:00', '2020-02-28 01:11:00', NULL, '100 MARIPOSA VARONES', '1', NULL, 'option5', NULL),
(65, '2020-02-28 01:11:18', '2020-02-28 01:11:18', NULL, '200 PECHO DAMAS', '1', NULL, 'option5', NULL),
(66, '2020-02-28 01:11:36', '2020-02-28 01:11:36', NULL, '200 PECHO VARONES', '1', NULL, 'option5', NULL),
(67, '2020-02-28 01:11:52', '2020-02-28 01:11:52', NULL, '800 LIBRE DAMAS', '1', NULL, 'option5', NULL),
(68, '2020-02-28 01:12:10', '2020-02-28 01:12:10', NULL, '1500 LIBRE VARONES', '1', NULL, 'option5', NULL),
(69, '2020-02-28 01:12:28', '2020-02-28 01:12:28', NULL, '4X100 COMBINADO DAMAS', '1', NULL, 'option5', NULL),
(70, '2020-02-28 01:12:46', '2020-02-28 01:12:46', NULL, '4X100 COMBINADO VARONES', '1', NULL, 'option5', NULL),
(71, '2023-08-10 22:53:23', '2023-08-10 22:53:23', NULL, '7,5 KM DAMAS', '2', NULL, 'option11', NULL),
(72, '2023-08-10 22:54:00', '2023-08-10 22:54:00', NULL, '7,5 KM VARONES', '2', NULL, 'option11', NULL),
(73, '2023-08-10 23:01:44', '2023-08-10 23:01:44', NULL, '5 KM RELEVO MIXTO 17,18 Y 19', '2', NULL, 'option11', NULL),
(74, '2023-08-18 23:12:37', '2023-08-18 23:12:37', NULL, 'DUETO LIBRE MIXTO', '4', NULL, 'option11', NULL),
(75, '2023-08-26 00:11:08', '2023-08-26 00:11:08', NULL, 'Equipo Femenino', '5', NULL, 'option11', NULL),
(76, '2023-08-26 00:11:39', '2023-08-26 00:11:39', NULL, 'Equipo Masculino', '5', NULL, 'option11', NULL);

-- --------------------------------------------------------

--
-- Estructura de tabla para la tabla `roles`
--

CREATE TABLE `roles` (
  `id` bigint UNSIGNED NOT NULL,
  `name` varchar(191) CHARACTER SET utf8mb4 COLLATE utf8mb4_unicode_ci NOT NULL,
  `display_name` varchar(191) CHARACTER SET utf8mb4 COLLATE utf8mb4_unicode_ci NOT NULL,
  `created_at` timestamp NULL DEFAULT NULL,
  `updated_at` timestamp NULL DEFAULT NULL
) ENGINE=InnoDB DEFAULT CHARSET=utf8mb4 COLLATE=utf8mb4_unicode_ci;

--
-- Volcado de datos para la tabla `roles`
--

INSERT INTO `roles` (`id`, `name`, `display_name`, `created_at`, `updated_at`) VALUES
(1, 'admin', 'Administrator', '2020-02-20 12:46:09', '2020-02-20 12:46:09'),
(2, 'user', 'Normal User', '2020-02-20 12:46:09', '2020-02-20 12:46:09');

-- --------------------------------------------------------

--
-- Estructura de tabla para la tabla `rolintegrantes`
--

CREATE TABLE `rolintegrantes` (
  `id` int UNSIGNED NOT NULL,
  `created_at` timestamp NULL DEFAULT NULL,
  `updated_at` timestamp NULL DEFAULT NULL,
  `deleted_at` timestamp NULL DEFAULT NULL,
  `nombre` tinytext CHARACTER SET utf8mb4 COLLATE utf8mb4_unicode_ci
) ENGINE=InnoDB DEFAULT CHARSET=utf8mb4 COLLATE=utf8mb4_unicode_ci;

--
-- Volcado de datos para la tabla `rolintegrantes`
--

INSERT INTO `rolintegrantes` (`id`, `created_at`, `updated_at`, `deleted_at`, `nombre`) VALUES
(1, '2020-02-23 14:32:47', '2020-02-23 14:32:47', NULL, 'Delegado'),
(2, '2020-02-23 14:33:03', '2020-02-23 14:33:03', NULL, 'Entrenador'),
(3, '2020-02-23 14:33:15', '2020-02-23 14:33:15', NULL, 'Entrenador Asistente'),
(4, '2020-02-23 14:33:35', '2020-02-23 14:33:35', NULL, 'Fisioterapeuta'),
(5, '2020-02-23 14:33:52', '2020-02-23 14:33:52', NULL, 'Jefe de Disciplina'),
(6, '2020-02-23 14:34:01', '2020-02-23 14:34:01', NULL, 'Jefe de Delegacion'),
(7, '2020-02-23 14:34:15', '2020-02-23 14:34:15', NULL, 'Masajista'),
(8, '2020-02-23 14:34:23', '2020-02-23 14:34:23', NULL, 'Medico'),
(9, '2020-02-23 14:34:42', '2020-02-23 14:34:42', NULL, 'Presidente de Federacion'),
(10, '2020-02-23 14:35:25', '2020-02-23 14:35:25', NULL, 'Secretario General de Federacion'),
(11, '2020-02-23 14:38:20', '2020-02-23 14:38:20', NULL, 'Arbitro'),
(12, '2020-02-23 14:38:40', '2020-02-23 14:38:40', NULL, 'Asistente de Arbitro'),
(13, '2023-08-30 20:54:51', '2023-08-30 20:54:51', NULL, 'STAFF'),
(14, '2023-08-30 20:55:07', '2023-08-30 20:55:07', NULL, 'PRESIDENTE COMISIÓN TÉCNICA'),
(15, '2023-08-30 20:55:18', '2023-08-30 20:55:18', NULL, 'VOLUNTARIO');

-- --------------------------------------------------------

--
-- Estructura de tabla para la tabla `settings`
--

CREATE TABLE `settings` (
  `id` int UNSIGNED NOT NULL,
  `key` varchar(191) CHARACTER SET utf8mb4 COLLATE utf8mb4_unicode_ci NOT NULL,
  `display_name` varchar(191) CHARACTER SET utf8mb4 COLLATE utf8mb4_unicode_ci NOT NULL,
  `value` text CHARACTER SET utf8mb4 COLLATE utf8mb4_unicode_ci,
  `details` text CHARACTER SET utf8mb4 COLLATE utf8mb4_unicode_ci,
  `type` varchar(191) CHARACTER SET utf8mb4 COLLATE utf8mb4_unicode_ci NOT NULL,
  `order` int NOT NULL DEFAULT '1',
  `group` varchar(191) CHARACTER SET utf8mb4 COLLATE utf8mb4_unicode_ci DEFAULT NULL
) ENGINE=InnoDB DEFAULT CHARSET=utf8mb4 COLLATE=utf8mb4_unicode_ci;

--
-- Volcado de datos para la tabla `settings`
--

INSERT INTO `settings` (`id`, `key`, `display_name`, `value`, `details`, `type`, `order`, `group`) VALUES
(1, 'site.title', 'Site Title', 'Torneto Sudamericano Natacion', '', 'text', 1, 'Site'),
(2, 'site.description', 'Site Description', 'Torneto Sudamericano Natacion', '', 'text', 2, 'Site'),
(3, 'site.logo', 'Site Logo', 'settings/April2023/e2W1eBNZogmBtS3ODmVa.png', '', 'image', 3, 'Site'),
(5, 'admin.bg_image', 'Admin Background Image', 'settings/February2020/FJXhSIyPGGGNj6Kp2gTA.jpg', '', 'image', 5, 'Admin'),
(6, 'admin.title', 'Admin Title', 'Torneo Cadda', '', 'text', 1, 'Admin'),
(7, 'admin.description', 'Admin Description', 'Bienvenido a la pagina del torneo Sudamericano de Natacion', '', 'text', 2, 'Admin'),
(8, 'admin.loader', 'Admin Loader', 'settings/April2023/jjHkHFLJvwdjelSxhIqS.png', '', 'image', 3, 'Admin'),
(9, 'admin.icon_image', 'Admin Icon Image', 'settings/April2023/LyYs1QjKdZeLXyAzmwj6.png', '', 'image', 4, 'Admin');

-- --------------------------------------------------------

--
-- Estructura de tabla para la tabla `shipments`
--

CREATE TABLE `shipments` (
  `id` int UNSIGNED NOT NULL,
  `order_id` int UNSIGNED NOT NULL,
  `invoice_id` int UNSIGNED NOT NULL,
  `tracking_number` int NOT NULL,
  `details` text COLLATE utf8mb4_unicode_ci,
  `created_at` timestamp NULL DEFAULT NULL,
  `updated_at` timestamp NULL DEFAULT NULL
) ENGINE=InnoDB DEFAULT CHARSET=utf8mb4 COLLATE=utf8mb4_unicode_ci;

-- --------------------------------------------------------

--
-- Estructura de tabla para la tabla `translations`
--

CREATE TABLE `translations` (
  `id` int UNSIGNED NOT NULL,
  `table_name` varchar(191) CHARACTER SET utf8mb4 COLLATE utf8mb4_unicode_ci NOT NULL,
  `column_name` varchar(191) CHARACTER SET utf8mb4 COLLATE utf8mb4_unicode_ci NOT NULL,
  `foreign_key` int UNSIGNED NOT NULL,
  `locale` varchar(191) CHARACTER SET utf8mb4 COLLATE utf8mb4_unicode_ci NOT NULL,
  `value` text CHARACTER SET utf8mb4 COLLATE utf8mb4_unicode_ci NOT NULL,
  `created_at` timestamp NULL DEFAULT NULL,
  `updated_at` timestamp NULL DEFAULT NULL
) ENGINE=InnoDB DEFAULT CHARSET=utf8mb4 COLLATE=utf8mb4_unicode_ci;

-- --------------------------------------------------------

--
-- Estructura de tabla para la tabla `users`
--

CREATE TABLE `users` (
  `id` int UNSIGNED NOT NULL,
  `role_id` bigint UNSIGNED DEFAULT NULL,
  `name` varchar(191) CHARACTER SET utf8mb4 COLLATE utf8mb4_unicode_ci NOT NULL,
  `email` varchar(191) CHARACTER SET utf8mb4 COLLATE utf8mb4_unicode_ci NOT NULL,
  `avatar` varchar(191) CHARACTER SET utf8mb4 COLLATE utf8mb4_unicode_ci DEFAULT 'users/default.png',
  `password` varchar(191) CHARACTER SET utf8mb4 COLLATE utf8mb4_unicode_ci NOT NULL,
  `remember_token` varchar(100) CHARACTER SET utf8mb4 COLLATE utf8mb4_unicode_ci DEFAULT NULL,
  `settings` text CHARACTER SET utf8mb4 COLLATE utf8mb4_unicode_ci,
  `created_at` timestamp NULL DEFAULT NULL,
  `updated_at` timestamp NULL DEFAULT NULL,
  `paises_id` int UNSIGNED DEFAULT NULL
) ENGINE=InnoDB DEFAULT CHARSET=utf8mb4 COLLATE=utf8mb4_unicode_ci;

--
-- Volcado de datos para la tabla `users`
--

INSERT INTO `users` (`id`, `role_id`, `name`, `email`, `avatar`, `password`, `remember_token`, `settings`, `created_at`, `updated_at`, `paises_id`) VALUES
(1, 1, 'Admin', 'admin@cadda.org.ar', 'users/April2023/8lHdgoftsZKbF17tQ9JH.png', '$2y$10$FyY7SkdJkdZsejuk3NsWXe/IMbXgu9ApJ8lre39tRDhtKa7/zS0Mu', 'CtpDD9U8tGKWzUbQ916m1PbDHLRCCJwZMjCO7dvl6y8yKdgZnikZskvX2x5I', '{\"locale\":\"es\"}', '2020-02-20 12:46:10', '2023-04-26 14:20:56', NULL),
(3, 2, 'Argentina', 'argentina@cadda.org.ar', 'users/April2023/eXN18whJh29Qc9byiQPY.png', '$2y$10$lFV6c6W/g.c8hDuTlwZDa.YqWvgjgkUMuJa9I50A4pXVO.1VutaSy', 'kVeBnAcPA4cPqicowDsBvYJOGQ0LfUTjWwqggHrH8uavuB9j72Pn5zEmaPr1', NULL, '2020-02-20 21:11:17', '2023-08-31 19:12:15', 1),
(4, 2, 'Bolivia', 'bolivia@cadda.org.ar', 'users/April2023/4Bb5hCsgIMc1kkVVfjVG.png', '$2y$10$QseaefZobvoz.slD4GMhi.ZqJCO2fWJQPTb6CGUoMIhu.L3km2lxC', 'L9etaZPMs35vvRnHVN1ZLSW60AV6K0hCtXGIolVqNBzt8IPYDGPB3l9yNAXO', NULL, '2020-03-04 18:36:52', '2023-08-26 22:31:23', 5),
(5, 2, 'Chile', 'chile@cadda.org.ar', 'users/April2023/wJCBlb3tR2vpr2Jtxsey.png', '$2y$10$.xU2XKucEG8WpFoEH5YcdeKwOsbhRbrUu3ckgNPirAGjh26v35gXC', 'kDjfNTfMLpBuU6Rjy8wGnwuNWdWeGFvVYA8W7td9qcqSEZPUD2nDBdGGq0eU', NULL, '2020-03-04 22:12:28', '2023-08-26 22:31:06', 7),
(6, 2, 'Peru', 'peru@cadda.org.ar', 'users/April2023/9J0Z1QW0awfW1WRG7hLW.png', '$2y$10$slH2obINB1LzWbAsi.I8n.iQXvFOfVCKWmUh2vw3atsQFQd3HonaK', 'MfdNCs6xlMJrP4H1RdEFc7rP966YRz5ntQhgxMANALPtqvE775842f94YHi0', NULL, '2020-03-04 22:14:15', '2023-08-26 22:30:52', 4),
(7, 2, 'Ecuador', 'ecuador@cadda.org.ar', 'users/April2023/x5sBPm5VjE4AQHtInBdb.png', '$2y$10$l3Q1Q9prvaaooZDHQ3iXhuu.2VyRwQWJ.DCEbyKMGPTMs5CY9tPuC', 'IN7Htj5uDtBlgnfSNB928bcbxfJPIAt6raAGT0xE9pv2MFdgIPWvgZfb6BnJ', NULL, '2020-03-04 22:14:45', '2023-08-26 22:30:40', 9),
(8, 2, 'Brasil', 'brasil@cadda.org.ar', 'users/April2023/3z3zKtMGRzlS3FdxFAuc.png', '$2y$10$sTjoZ5LqKyD.kn2El1aqguFYqkwhUxJ6UfgtHwPPYJRxgKY7m2Dce', 'CCMXSt8MTUSkvZpsN7bGu2HnpFHkeJHlCexfJLiLIg0NZucQHAKVSGU2RNat', NULL, '2020-03-04 22:15:17', '2023-08-26 22:30:10', 6),
(9, 2, 'Uruguay', 'uruguay@cadda.org.ar', 'users/April2023/VpQi7hAeDM1E4xfeFmz4.png', '$2y$10$Zwz31RVQM1SzCjDOlgmBVuJwJ6AsV2TZ0nPjRD2pFsAAXaW/h0/9S', '13JcGpkUlJYJ193nuBIHJ6lR0ZSMgiXJeul2ZK9HiAq4DI3FOkMpfTRHiXNt', NULL, '2020-03-04 22:15:53', '2023-08-30 20:54:14', 13),
(10, 2, 'Paraguay', 'paraguay@cadda.org.ar', 'users/April2023/Zd3hykKL9ysAxYf9raaf.png', '$2y$10$ZsN1CHik3PCRpacsq.lyrOgU3jcC9B1LTz9u1SKFa6Ld9tWS9/aI2', 'ho39Y9ALSVgbgYQLsGfNzpSpKuJv1hawpNhqfkls9Kez1Ejgngj39fCbyrwf', NULL, '2020-03-04 22:16:54', '2023-08-30 20:53:40', 11),
(11, 2, 'Colombia', 'colombia@cadda.org.ar', 'users/April2023/1uAWju5aXkmxrlHAFRu5.png', '$2y$10$1Sc7MH/8AvC3vhHFNZEB/eee5FMGsHHIMh4B5mQGUYnuaLMCcxYX2', 'rYVhsQmiadXfHaixTVQ3lteTFYezWj67YDVOaA2QfeObDfuGsB7UQi6rP4wA', NULL, '2020-03-04 22:17:25', '2023-08-31 17:02:54', 8),
(12, 2, 'Venezuela', 'venezuela@cadda.org.ar', 'users/April2023/JF0i85tZtN0EBcxHui2N.png', '$2y$10$8aeNXx9z/ZBnLsq6cRuoM.hIfQop5IbQ73pn85umunmDHaO07yqsS', 'lYckNbs2O0y14kduhNWK6BWDl1B6fQAG2AaBHTSZxbn2G7iyJDAmFwKx17w6', NULL, '2020-03-04 22:18:04', '2023-08-26 22:29:09', 14),
(13, 2, 'Surinam', 'surinam@cadda.org.ar', 'users/April2023/KDah2VhKlkI2Xgmu5eQv.png', '$2y$10$iNqLJgqyFF20GDH19k9y5Od.W7SO4lRKt.dx/563geaSe5uoagobe', '1bN5eKcpkfqDh4Vjf7fk1xqVVVzrQfKhtD12KmxFrhAVRZkIFW4Q1Bg719Pc', NULL, '2020-03-05 19:10:56', '2023-08-23 20:08:04', 12),
(14, 2, 'Aruba', 'aruba@cadda.org.ar', 'users/April2023/nCZfeVnGfBvIabTNfIFo.png', '$2y$10$IilbfD4fD.uOZ2vaYU.C4ufBlLropc7NIhGJqy5/ulfKc9NXRmHNe', 'hpFsokwir7nvqWyFArzqZ2YuKhlUKR7IAjzBLHiR3xfyVYZVmdurFoUscPuG', NULL, '2020-03-05 19:12:26', '2023-08-23 20:07:46', 15),
(15, 2, 'Guyana', 'guyana@cadda.org.ar', 'users/April2023/U2NrNtCvyccda8fltbS5.png', '$2y$10$QOPPWoFDLcCQ2nNRZjB01.yosH.L86/ycWpFRUxkPWo/Zza3I152m', 'M3tlzW8Gw5HFZ070kqmj088icoCTJBnatDq8GDaOrm3CU0kAHzqyYt0e0FMQ', NULL, '2020-03-05 20:39:41', '2023-08-03 00:34:17', 10),
(16, 1, 'Dario', 'dariomartinelli02+cadda@gmail.com', 'users/default.png', '$2y$10$UVoAN9H8aeFeVyLN6YuipOMt6CRoGTCd/76o7nR/0ipHixSjkgV4G', NULL, NULL, NULL, NULL, NULL);

-- --------------------------------------------------------

--
-- Estructura de tabla para la tabla `user_roles`
--

CREATE TABLE `user_roles` (
  `user_id` int UNSIGNED NOT NULL,
  `role_id` bigint UNSIGNED NOT NULL
) ENGINE=InnoDB DEFAULT CHARSET=utf8mb4 COLLATE=utf8mb4_unicode_ci;

-- --------------------------------------------------------

--
-- Estructura de tabla para la tabla `voyager_themes`
--

CREATE TABLE `voyager_themes` (
  `id` int UNSIGNED NOT NULL,
  `name` varchar(255) CHARACTER SET utf8mb4 COLLATE utf8mb4_unicode_ci NOT NULL,
  `folder` varchar(191) CHARACTER SET utf8mb4 COLLATE utf8mb4_unicode_ci NOT NULL,
  `active` tinyint(1) NOT NULL DEFAULT '0',
  `version` varchar(255) CHARACTER SET utf8mb4 COLLATE utf8mb4_unicode_ci NOT NULL DEFAULT '',
  `created_at` timestamp NULL DEFAULT NULL,
  `updated_at` timestamp NULL DEFAULT NULL
) ENGINE=InnoDB DEFAULT CHARSET=utf8mb4 COLLATE=utf8mb4_unicode_ci;

--
-- Volcado de datos para la tabla `voyager_themes`
--

INSERT INTO `voyager_themes` (`id`, `name`, `folder`, `active`, `version`, `created_at`, `updated_at`) VALUES
(1, 'Tema para la tienda', 'shop-theme', 0, '1.0', '2020-02-20 20:48:19', '2020-02-20 20:48:19');

-- --------------------------------------------------------

--
-- Estructura de tabla para la tabla `voyager_theme_options`
--

CREATE TABLE `voyager_theme_options` (
  `id` int UNSIGNED NOT NULL,
  `voyager_theme_id` int UNSIGNED NOT NULL,
  `key` varchar(255) CHARACTER SET utf8mb4 COLLATE utf8mb4_unicode_ci NOT NULL,
  `value` text CHARACTER SET utf8mb4 COLLATE utf8mb4_unicode_ci,
  `created_at` timestamp NULL DEFAULT NULL,
  `updated_at` timestamp NULL DEFAULT NULL
) ENGINE=InnoDB DEFAULT CHARSET=utf8mb4 COLLATE=utf8mb4_unicode_ci;

--
-- Índices para tablas volcadas
--

--
-- Indices de la tabla `categories`
--
ALTER TABLE `categories`
  ADD PRIMARY KEY (`id`),
  ADD UNIQUE KEY `categories_slug_unique` (`slug`),
  ADD KEY `categories_parent_id_foreign` (`parent_id`);

--
-- Indices de la tabla `customers`
--
ALTER TABLE `customers`
  ADD PRIMARY KEY (`id`),
  ADD KEY `customers_user_id_foreign` (`user_id`);

--
-- Indices de la tabla `customer_addresses`
--
ALTER TABLE `customer_addresses`
  ADD PRIMARY KEY (`id`),
  ADD KEY `customer_addresses_customer_id_foreign` (`customer_id`);

--
-- Indices de la tabla `customer_payment_methods`
--
ALTER TABLE `customer_payment_methods`
  ADD PRIMARY KEY (`id`),
  ADD KEY `customer_payment_methods_customer_id_foreign` (`customer_id`),
  ADD KEY `customer_payment_methods_payment_method_id_foreign` (`payment_method_id`);

--
-- Indices de la tabla `data_rows`
--
ALTER TABLE `data_rows`
  ADD PRIMARY KEY (`id`),
  ADD KEY `data_rows_data_type_id_foreign` (`data_type_id`);

--
-- Indices de la tabla `data_types`
--
ALTER TABLE `data_types`
  ADD PRIMARY KEY (`id`),
  ADD UNIQUE KEY `data_types_name_unique` (`name`),
  ADD UNIQUE KEY `data_types_slug_unique` (`slug`);

--
-- Indices de la tabla `deportistas`
--
ALTER TABLE `deportistas`
  ADD PRIMARY KEY (`id`);

--
-- Indices de la tabla `disciplinas`
--
ALTER TABLE `disciplinas`
  ADD PRIMARY KEY (`id`);

--
-- Indices de la tabla `exports`
--
ALTER TABLE `exports`
  ADD PRIMARY KEY (`id`);

--
-- Indices de la tabla `inscripciones`
--
ALTER TABLE `inscripciones`
  ADD PRIMARY KEY (`id`);

--
-- Indices de la tabla `invoices`
--
ALTER TABLE `invoices`
  ADD PRIMARY KEY (`id`),
  ADD KEY `invoices_order_id_foreign` (`order_id`),
  ADD KEY `invoices_invoice_status_id_foreign` (`invoice_status_id`);

--
-- Indices de la tabla `invoice_status`
--
ALTER TABLE `invoice_status`
  ADD PRIMARY KEY (`id`);

--
-- Indices de la tabla `jueces`
--
ALTER TABLE `jueces`
  ADD PRIMARY KEY (`id`);

--
-- Indices de la tabla `menus`
--
ALTER TABLE `menus`
  ADD PRIMARY KEY (`id`),
  ADD UNIQUE KEY `menus_name_unique` (`name`);

--
-- Indices de la tabla `menu_items`
--
ALTER TABLE `menu_items`
  ADD PRIMARY KEY (`id`),
  ADD KEY `menu_items_menu_id_foreign` (`menu_id`);

--
-- Indices de la tabla `migrations`
--
ALTER TABLE `migrations`
  ADD PRIMARY KEY (`id`);

--
-- Indices de la tabla `oficiales`
--
ALTER TABLE `oficiales`
  ADD PRIMARY KEY (`id`);

--
-- Indices de la tabla `orders`
--
ALTER TABLE `orders`
  ADD PRIMARY KEY (`id`),
  ADD KEY `orders_customer_id_foreign` (`customer_id`),
  ADD KEY `orders_order_status_id_foreign` (`order_status_id`),
  ADD KEY `orders_address_id_foreign` (`address_id`);

--
-- Indices de la tabla `order_lines`
--
ALTER TABLE `order_lines`
  ADD PRIMARY KEY (`id`),
  ADD KEY `order_lines_order_id_foreign` (`order_id`),
  ADD KEY `order_lines_product_id_foreign` (`product_id`);

--
-- Indices de la tabla `order_status`
--
ALTER TABLE `order_status`
  ADD PRIMARY KEY (`id`);

--
-- Indices de la tabla `pages`
--
ALTER TABLE `pages`
  ADD PRIMARY KEY (`id`),
  ADD UNIQUE KEY `pages_slug_unique` (`slug`);

--
-- Indices de la tabla `paises`
--
ALTER TABLE `paises`
  ADD PRIMARY KEY (`id`);

--
-- Indices de la tabla `password_resets`
--
ALTER TABLE `password_resets`
  ADD KEY `password_resets_email_index` (`email`);

--
-- Indices de la tabla `payments`
--
ALTER TABLE `payments`
  ADD PRIMARY KEY (`id`),
  ADD KEY `payments_invoice_id_foreign` (`invoice_id`);

--
-- Indices de la tabla `payment_methods`
--
ALTER TABLE `payment_methods`
  ADD PRIMARY KEY (`id`);

--
-- Indices de la tabla `permissions`
--
ALTER TABLE `permissions`
  ADD PRIMARY KEY (`id`),
  ADD KEY `permissions_key_index` (`key`);

--
-- Indices de la tabla `permission_role`
--
ALTER TABLE `permission_role`
  ADD PRIMARY KEY (`permission_id`,`role_id`),
  ADD KEY `permission_role_permission_id_index` (`permission_id`),
  ADD KEY `permission_role_role_id_index` (`role_id`);

--
-- Indices de la tabla `posts`
--
ALTER TABLE `posts`
  ADD PRIMARY KEY (`id`),
  ADD UNIQUE KEY `posts_slug_unique` (`slug`);

--
-- Indices de la tabla `products`
--
ALTER TABLE `products`
  ADD PRIMARY KEY (`id`),
  ADD KEY `products_product_category_id_foreign` (`product_category_id`);

--
-- Indices de la tabla `product_categories`
--
ALTER TABLE `product_categories`
  ADD PRIMARY KEY (`id`),
  ADD KEY `product_categories_parent_id_foreign` (`parent_id`);

--
-- Indices de la tabla `product_images`
--
ALTER TABLE `product_images`
  ADD PRIMARY KEY (`id`),
  ADD KEY `product_images_product_id_foreign` (`product_id`);

--
-- Indices de la tabla `pruebas`
--
ALTER TABLE `pruebas`
  ADD PRIMARY KEY (`id`);

--
-- Indices de la tabla `roles`
--
ALTER TABLE `roles`
  ADD PRIMARY KEY (`id`),
  ADD UNIQUE KEY `roles_name_unique` (`name`);

--
-- Indices de la tabla `rolintegrantes`
--
ALTER TABLE `rolintegrantes`
  ADD PRIMARY KEY (`id`);

--
-- Indices de la tabla `settings`
--
ALTER TABLE `settings`
  ADD PRIMARY KEY (`id`),
  ADD UNIQUE KEY `settings_key_unique` (`key`);

--
-- Indices de la tabla `shipments`
--
ALTER TABLE `shipments`
  ADD PRIMARY KEY (`id`),
  ADD KEY `shipments_order_id_foreign` (`order_id`),
  ADD KEY `shipments_invoice_id_foreign` (`invoice_id`);

--
-- Indices de la tabla `translations`
--
ALTER TABLE `translations`
  ADD PRIMARY KEY (`id`),
  ADD UNIQUE KEY `translations_table_name_column_name_foreign_key_locale_unique` (`table_name`,`column_name`,`foreign_key`,`locale`);

--
-- Indices de la tabla `users`
--
ALTER TABLE `users`
  ADD PRIMARY KEY (`id`),
  ADD UNIQUE KEY `users_email_unique` (`email`),
  ADD KEY `users_role_id_foreign` (`role_id`);

--
-- Indices de la tabla `user_roles`
--
ALTER TABLE `user_roles`
  ADD PRIMARY KEY (`user_id`,`role_id`),
  ADD KEY `user_roles_user_id_index` (`user_id`),
  ADD KEY `user_roles_role_id_index` (`role_id`);

--
-- Indices de la tabla `voyager_themes`
--
ALTER TABLE `voyager_themes`
  ADD PRIMARY KEY (`id`),
  ADD UNIQUE KEY `voyager_themes_folder_unique` (`folder`);

--
-- Indices de la tabla `voyager_theme_options`
--
ALTER TABLE `voyager_theme_options`
  ADD PRIMARY KEY (`id`),
  ADD KEY `voyager_theme_options_voyager_theme_id_index` (`voyager_theme_id`);

--
-- AUTO_INCREMENT de las tablas volcadas
--

--
-- AUTO_INCREMENT de la tabla `categories`
--
ALTER TABLE `categories`
  MODIFY `id` int UNSIGNED NOT NULL AUTO_INCREMENT, AUTO_INCREMENT=3;

--
-- AUTO_INCREMENT de la tabla `customers`
--
ALTER TABLE `customers`
  MODIFY `id` int UNSIGNED NOT NULL AUTO_INCREMENT;

--
-- AUTO_INCREMENT de la tabla `customer_addresses`
--
ALTER TABLE `customer_addresses`
  MODIFY `id` int UNSIGNED NOT NULL AUTO_INCREMENT;

--
-- AUTO_INCREMENT de la tabla `customer_payment_methods`
--
ALTER TABLE `customer_payment_methods`
  MODIFY `id` int UNSIGNED NOT NULL AUTO_INCREMENT;

--
-- AUTO_INCREMENT de la tabla `data_rows`
--
ALTER TABLE `data_rows`
  MODIFY `id` int UNSIGNED NOT NULL AUTO_INCREMENT, AUTO_INCREMENT=159;

--
-- AUTO_INCREMENT de la tabla `data_types`
--
ALTER TABLE `data_types`
  MODIFY `id` int UNSIGNED NOT NULL AUTO_INCREMENT, AUTO_INCREMENT=23;

--
-- AUTO_INCREMENT de la tabla `deportistas`
--
ALTER TABLE `deportistas`
  MODIFY `id` int UNSIGNED NOT NULL AUTO_INCREMENT, AUTO_INCREMENT=1029;

--
-- AUTO_INCREMENT de la tabla `disciplinas`
--
ALTER TABLE `disciplinas`
  MODIFY `id` int UNSIGNED NOT NULL AUTO_INCREMENT, AUTO_INCREMENT=6;

--
-- AUTO_INCREMENT de la tabla `exports`
--
ALTER TABLE `exports`
  MODIFY `id` int UNSIGNED NOT NULL AUTO_INCREMENT, AUTO_INCREMENT=16;

--
-- AUTO_INCREMENT de la tabla `inscripciones`
--
ALTER TABLE `inscripciones`
  MODIFY `id` int UNSIGNED NOT NULL AUTO_INCREMENT, AUTO_INCREMENT=2420;

--
-- AUTO_INCREMENT de la tabla `invoices`
--
ALTER TABLE `invoices`
  MODIFY `id` int UNSIGNED NOT NULL AUTO_INCREMENT;

--
-- AUTO_INCREMENT de la tabla `invoice_status`
--
ALTER TABLE `invoice_status`
  MODIFY `id` int UNSIGNED NOT NULL AUTO_INCREMENT;

--
-- AUTO_INCREMENT de la tabla `jueces`
--
ALTER TABLE `jueces`
  MODIFY `id` int UNSIGNED NOT NULL AUTO_INCREMENT, AUTO_INCREMENT=83;

--
-- AUTO_INCREMENT de la tabla `menus`
--
ALTER TABLE `menus`
  MODIFY `id` int UNSIGNED NOT NULL AUTO_INCREMENT, AUTO_INCREMENT=2;

--
-- AUTO_INCREMENT de la tabla `menu_items`
--
ALTER TABLE `menu_items`
  MODIFY `id` int UNSIGNED NOT NULL AUTO_INCREMENT, AUTO_INCREMENT=37;

--
-- AUTO_INCREMENT de la tabla `migrations`
--
ALTER TABLE `migrations`
  MODIFY `id` int UNSIGNED NOT NULL AUTO_INCREMENT, AUTO_INCREMENT=27;

--
-- AUTO_INCREMENT de la tabla `oficiales`
--
ALTER TABLE `oficiales`
  MODIFY `id` int UNSIGNED NOT NULL AUTO_INCREMENT, AUTO_INCREMENT=287;

--
-- AUTO_INCREMENT de la tabla `orders`
--
ALTER TABLE `orders`
  MODIFY `id` int UNSIGNED NOT NULL AUTO_INCREMENT;

--
-- AUTO_INCREMENT de la tabla `order_lines`
--
ALTER TABLE `order_lines`
  MODIFY `id` int UNSIGNED NOT NULL AUTO_INCREMENT;

--
-- AUTO_INCREMENT de la tabla `order_status`
--
ALTER TABLE `order_status`
  MODIFY `id` int UNSIGNED NOT NULL AUTO_INCREMENT;

--
-- AUTO_INCREMENT de la tabla `pages`
--
ALTER TABLE `pages`
  MODIFY `id` int UNSIGNED NOT NULL AUTO_INCREMENT, AUTO_INCREMENT=2;

--
-- AUTO_INCREMENT de la tabla `paises`
--
ALTER TABLE `paises`
  MODIFY `id` int UNSIGNED NOT NULL AUTO_INCREMENT, AUTO_INCREMENT=17;

--
-- AUTO_INCREMENT de la tabla `payments`
--
ALTER TABLE `payments`
  MODIFY `id` int UNSIGNED NOT NULL AUTO_INCREMENT;

--
-- AUTO_INCREMENT de la tabla `payment_methods`
--
ALTER TABLE `payment_methods`
  MODIFY `id` int UNSIGNED NOT NULL AUTO_INCREMENT;

--
-- AUTO_INCREMENT de la tabla `permissions`
--
ALTER TABLE `permissions`
  MODIFY `id` bigint UNSIGNED NOT NULL AUTO_INCREMENT, AUTO_INCREMENT=103;

--
-- AUTO_INCREMENT de la tabla `posts`
--
ALTER TABLE `posts`
  MODIFY `id` int UNSIGNED NOT NULL AUTO_INCREMENT, AUTO_INCREMENT=2;

--
-- AUTO_INCREMENT de la tabla `products`
--
ALTER TABLE `products`
  MODIFY `id` int UNSIGNED NOT NULL AUTO_INCREMENT;

--
-- AUTO_INCREMENT de la tabla `product_categories`
--
ALTER TABLE `product_categories`
  MODIFY `id` int UNSIGNED NOT NULL AUTO_INCREMENT;

--
-- AUTO_INCREMENT de la tabla `product_images`
--
ALTER TABLE `product_images`
  MODIFY `id` int UNSIGNED NOT NULL AUTO_INCREMENT;

--
-- AUTO_INCREMENT de la tabla `pruebas`
--
ALTER TABLE `pruebas`
  MODIFY `id` int UNSIGNED NOT NULL AUTO_INCREMENT, AUTO_INCREMENT=77;

--
-- AUTO_INCREMENT de la tabla `roles`
--
ALTER TABLE `roles`
  MODIFY `id` bigint UNSIGNED NOT NULL AUTO_INCREMENT, AUTO_INCREMENT=3;

--
-- AUTO_INCREMENT de la tabla `rolintegrantes`
--
ALTER TABLE `rolintegrantes`
  MODIFY `id` int UNSIGNED NOT NULL AUTO_INCREMENT, AUTO_INCREMENT=16;

--
-- AUTO_INCREMENT de la tabla `settings`
--
ALTER TABLE `settings`
  MODIFY `id` int UNSIGNED NOT NULL AUTO_INCREMENT, AUTO_INCREMENT=10;

--
-- AUTO_INCREMENT de la tabla `shipments`
--
ALTER TABLE `shipments`
  MODIFY `id` int UNSIGNED NOT NULL AUTO_INCREMENT;

--
-- AUTO_INCREMENT de la tabla `translations`
--
ALTER TABLE `translations`
  MODIFY `id` int UNSIGNED NOT NULL AUTO_INCREMENT, AUTO_INCREMENT=31;

--
-- AUTO_INCREMENT de la tabla `users`
--
ALTER TABLE `users`
  MODIFY `id` int UNSIGNED NOT NULL AUTO_INCREMENT, AUTO_INCREMENT=17;

--
-- AUTO_INCREMENT de la tabla `voyager_themes`
--
ALTER TABLE `voyager_themes`
  MODIFY `id` int UNSIGNED NOT NULL AUTO_INCREMENT, AUTO_INCREMENT=2;

--
-- AUTO_INCREMENT de la tabla `voyager_theme_options`
--
ALTER TABLE `voyager_theme_options`
  MODIFY `id` int UNSIGNED NOT NULL AUTO_INCREMENT;

--
-- Restricciones para tablas volcadas
--

--
-- Filtros para la tabla `categories`
--
ALTER TABLE `categories`
  ADD CONSTRAINT `categories_parent_id_foreign` FOREIGN KEY (`parent_id`) REFERENCES `categories` (`id`) ON DELETE SET NULL ON UPDATE CASCADE;

--
-- Filtros para la tabla `customers`
--
ALTER TABLE `customers`
  ADD CONSTRAINT `customers_user_id_foreign` FOREIGN KEY (`user_id`) REFERENCES `users` (`id`);

--
-- Filtros para la tabla `customer_addresses`
--
ALTER TABLE `customer_addresses`
  ADD CONSTRAINT `customer_addresses_customer_id_foreign` FOREIGN KEY (`customer_id`) REFERENCES `customers` (`id`);

--
-- Filtros para la tabla `customer_payment_methods`
--
ALTER TABLE `customer_payment_methods`
  ADD CONSTRAINT `customer_payment_methods_customer_id_foreign` FOREIGN KEY (`customer_id`) REFERENCES `customers` (`id`),
  ADD CONSTRAINT `customer_payment_methods_payment_method_id_foreign` FOREIGN KEY (`payment_method_id`) REFERENCES `payment_methods` (`id`);

--
-- Filtros para la tabla `data_rows`
--
ALTER TABLE `data_rows`
  ADD CONSTRAINT `data_rows_data_type_id_foreign` FOREIGN KEY (`data_type_id`) REFERENCES `data_types` (`id`) ON DELETE CASCADE ON UPDATE CASCADE;

--
-- Filtros para la tabla `invoices`
--
ALTER TABLE `invoices`
  ADD CONSTRAINT `invoices_invoice_status_id_foreign` FOREIGN KEY (`invoice_status_id`) REFERENCES `invoice_status` (`id`),
  ADD CONSTRAINT `invoices_order_id_foreign` FOREIGN KEY (`order_id`) REFERENCES `orders` (`id`);

--
-- Filtros para la tabla `menu_items`
--
ALTER TABLE `menu_items`
  ADD CONSTRAINT `menu_items_menu_id_foreign` FOREIGN KEY (`menu_id`) REFERENCES `menus` (`id`) ON DELETE CASCADE;

--
-- Filtros para la tabla `orders`
--
ALTER TABLE `orders`
  ADD CONSTRAINT `orders_address_id_foreign` FOREIGN KEY (`address_id`) REFERENCES `customer_addresses` (`id`),
  ADD CONSTRAINT `orders_customer_id_foreign` FOREIGN KEY (`customer_id`) REFERENCES `customers` (`id`),
  ADD CONSTRAINT `orders_order_status_id_foreign` FOREIGN KEY (`order_status_id`) REFERENCES `order_status` (`id`);

--
-- Filtros para la tabla `order_lines`
--
ALTER TABLE `order_lines`
  ADD CONSTRAINT `order_lines_order_id_foreign` FOREIGN KEY (`order_id`) REFERENCES `orders` (`id`),
  ADD CONSTRAINT `order_lines_product_id_foreign` FOREIGN KEY (`product_id`) REFERENCES `products` (`id`);

--
-- Filtros para la tabla `payments`
--
ALTER TABLE `payments`
  ADD CONSTRAINT `payments_invoice_id_foreign` FOREIGN KEY (`invoice_id`) REFERENCES `invoices` (`id`);

--
-- Filtros para la tabla `permission_role`
--
ALTER TABLE `permission_role`
  ADD CONSTRAINT `permission_role_permission_id_foreign` FOREIGN KEY (`permission_id`) REFERENCES `permissions` (`id`) ON DELETE CASCADE,
  ADD CONSTRAINT `permission_role_role_id_foreign` FOREIGN KEY (`role_id`) REFERENCES `roles` (`id`) ON DELETE CASCADE;

--
-- Filtros para la tabla `products`
--
ALTER TABLE `products`
  ADD CONSTRAINT `products_product_category_id_foreign` FOREIGN KEY (`product_category_id`) REFERENCES `product_categories` (`id`);

--
-- Filtros para la tabla `product_categories`
--
ALTER TABLE `product_categories`
  ADD CONSTRAINT `product_categories_parent_id_foreign` FOREIGN KEY (`parent_id`) REFERENCES `product_categories` (`id`);

--
-- Filtros para la tabla `product_images`
--
ALTER TABLE `product_images`
  ADD CONSTRAINT `product_images_product_id_foreign` FOREIGN KEY (`product_id`) REFERENCES `products` (`id`);

--
-- Filtros para la tabla `shipments`
--
ALTER TABLE `shipments`
  ADD CONSTRAINT `shipments_invoice_id_foreign` FOREIGN KEY (`invoice_id`) REFERENCES `invoices` (`id`),
  ADD CONSTRAINT `shipments_order_id_foreign` FOREIGN KEY (`order_id`) REFERENCES `orders` (`id`);

--
-- Filtros para la tabla `users`
--
ALTER TABLE `users`
  ADD CONSTRAINT `users_role_id_foreign` FOREIGN KEY (`role_id`) REFERENCES `roles` (`id`);

--
-- Filtros para la tabla `user_roles`
--
ALTER TABLE `user_roles`
  ADD CONSTRAINT `user_roles_role_id_foreign` FOREIGN KEY (`role_id`) REFERENCES `roles` (`id`) ON DELETE CASCADE,
  ADD CONSTRAINT `user_roles_user_id_foreign` FOREIGN KEY (`user_id`) REFERENCES `users` (`id`) ON DELETE CASCADE;

--
-- Filtros para la tabla `voyager_theme_options`
--
ALTER TABLE `voyager_theme_options`
  ADD CONSTRAINT `voyager_theme_options_voyager_theme_id_foreign` FOREIGN KEY (`voyager_theme_id`) REFERENCES `voyager_themes` (`id`) ON DELETE CASCADE;
COMMIT;

