--
-- Host: localhost    Database: admin
-- ------------------------------------------------------


--
-- Table structure for table `categories`
--

CREATE TABLE `categories` (
  `id` int(10) unsigned NOT NULL AUTO_INCREMENT,
  `parent_id` int(10) unsigned DEFAULT NULL,
  `order` int(11) NOT NULL DEFAULT '1',
  `name` varchar(191) COLLATE utf8mb4_unicode_ci NOT NULL,
  `slug` varchar(191) COLLATE utf8mb4_unicode_ci NOT NULL,
  `created_at` timestamp NULL DEFAULT NULL,
  `updated_at` timestamp NULL DEFAULT NULL,
  PRIMARY KEY (`id`),
  UNIQUE KEY `categories_slug_unique` (`slug`),
  KEY `categories_parent_id_foreign` (`parent_id`),
  CONSTRAINT `categories_parent_id_foreign` FOREIGN KEY (`parent_id`) REFERENCES `categories` (`id`) ON DELETE SET NULL ON UPDATE CASCADE
) ENGINE=InnoDB AUTO_INCREMENT=3 DEFAULT CHARSET=utf8mb4 COLLATE=utf8mb4_unicode_ci;

--
-- Dumping data for table `categories`
--

INSERT INTO `categories` VALUES (1,NULL,1,'Category 1','category-1','2020-02-20 12:46:10','2020-02-20 12:46:10'),(2,NULL,1,'Category 2','category-2','2020-02-20 12:46:10','2020-02-20 12:46:10');

--
-- Table structure for table `data_rows`
--

CREATE TABLE `data_rows` (
  `id` int(10) unsigned NOT NULL AUTO_INCREMENT,
  `data_type_id` int(10) unsigned NOT NULL,
  `field` varchar(191) COLLATE utf8mb4_unicode_ci NOT NULL,
  `type` varchar(191) COLLATE utf8mb4_unicode_ci NOT NULL,
  `display_name` varchar(191) COLLATE utf8mb4_unicode_ci NOT NULL,
  `required` tinyint(1) NOT NULL DEFAULT '0',
  `browse` tinyint(1) NOT NULL DEFAULT '1',
  `read` tinyint(1) NOT NULL DEFAULT '1',
  `edit` tinyint(1) NOT NULL DEFAULT '1',
  `add` tinyint(1) NOT NULL DEFAULT '1',
  `delete` tinyint(1) NOT NULL DEFAULT '1',
  `details` text COLLATE utf8mb4_unicode_ci,
  `order` int(11) NOT NULL DEFAULT '1',
  PRIMARY KEY (`id`),
  KEY `data_rows_data_type_id_foreign` (`data_type_id`),
  CONSTRAINT `data_rows_data_type_id_foreign` FOREIGN KEY (`data_type_id`) REFERENCES `data_types` (`id`) ON DELETE CASCADE ON UPDATE CASCADE
) ENGINE=InnoDB AUTO_INCREMENT=159 DEFAULT CHARSET=utf8mb4 COLLATE=utf8mb4_unicode_ci;

--
-- Dumping data for table `data_rows`
--

INSERT INTO `data_rows` VALUES (1,1,'id','number','ID',1,0,0,0,0,0,NULL,1),(2,1,'name','text','Nombre',1,1,1,1,1,1,NULL,2),(3,1,'email','text','Email',1,1,1,1,1,1,NULL,3),(4,1,'password','password','Password',1,0,0,1,1,0,NULL,4),(5,1,'remember_token','text','Remember Token',0,0,0,0,0,0,NULL,5),(6,1,'created_at','timestamp','Created At',0,1,1,0,0,0,NULL,6),(7,1,'updated_at','timestamp','Updated At',0,0,0,0,0,0,NULL,7),(8,1,'avatar','image','Avatar',0,1,1,1,1,1,NULL,8),(9,1,'user_belongsto_role_relationship','relationship','Role',0,1,1,1,1,0,'{\"model\":\"TCG\\\\Voyager\\\\Models\\\\Role\",\"table\":\"roles\",\"type\":\"belongsTo\",\"column\":\"role_id\",\"key\":\"id\",\"label\":\"display_name\",\"pivot_table\":\"roles\",\"pivot\":\"0\",\"taggable\":\"0\"}',10),(10,1,'user_belongstomany_role_relationship','relationship','Roles',0,1,1,1,1,0,'{\"model\":\"TCG\\\\Voyager\\\\Models\\\\Role\",\"table\":\"roles\",\"type\":\"belongsToMany\",\"column\":\"id\",\"key\":\"id\",\"label\":\"display_name\",\"pivot_table\":\"user_roles\",\"pivot\":\"1\",\"taggable\":\"0\"}',11),(11,1,'settings','hidden','Settings',0,0,0,0,0,0,NULL,12),(12,2,'id','number','ID',1,0,0,0,0,0,NULL,1),(13,2,'name','text','Name',1,1,1,1,1,1,NULL,2),(14,2,'created_at','timestamp','Created At',0,0,0,0,0,0,NULL,3),(15,2,'updated_at','timestamp','Updated At',0,0,0,0,0,0,NULL,4),(16,3,'id','number','ID',1,0,0,0,0,0,NULL,1),(17,3,'name','text','Name',1,1,1,1,1,1,NULL,2),(18,3,'created_at','timestamp','Created At',0,0,0,0,0,0,NULL,3),(19,3,'updated_at','timestamp','Updated At',0,0,0,0,0,0,NULL,4),(20,3,'display_name','text','Display Name',1,1,1,1,1,1,NULL,5),(21,1,'role_id','text','Role',0,1,1,1,1,1,NULL,9),(22,4,'id','number','ID',1,0,0,0,0,0,NULL,1),(23,4,'parent_id','select_dropdown','Parent',0,0,1,1,1,1,'{\"default\":\"\",\"null\":\"\",\"options\":{\"\":\"-- None --\"},\"relationship\":{\"key\":\"id\",\"label\":\"name\"}}',2),(24,4,'order','text','Order',1,1,1,1,1,1,'{\"default\":1}',3),(25,4,'name','text','Name',1,1,1,1,1,1,NULL,4),(26,4,'slug','text','Slug',1,1,1,1,1,1,'{\"slugify\":{\"origin\":\"name\"}}',5),(27,4,'created_at','timestamp','Created At',0,0,1,0,0,0,NULL,6),(28,4,'updated_at','timestamp','Updated At',0,0,0,0,0,0,NULL,7),(29,5,'id','number','ID',1,0,0,0,0,0,NULL,1),(30,5,'author_id','text','Author',1,0,1,1,0,1,NULL,2),(31,5,'category_id','text','Category',1,0,1,1,1,0,NULL,3),(32,5,'title','text','Title',1,1,1,1,1,1,NULL,4),(33,5,'excerpt','text_area','Excerpt',1,0,1,1,1,1,NULL,5),(34,5,'body','rich_text_box','Body',1,0,1,1,1,1,NULL,6),(35,5,'image','image','Post Image',0,1,1,1,1,1,'{\"resize\":{\"width\":\"1000\",\"height\":\"null\"},\"quality\":\"70%\",\"upsize\":true,\"thumbnails\":[{\"name\":\"medium\",\"scale\":\"50%\"},{\"name\":\"small\",\"scale\":\"25%\"},{\"name\":\"cropped\",\"crop\":{\"width\":\"300\",\"height\":\"250\"}}]}',7),(36,5,'slug','text','Slug',1,0,1,1,1,1,'{\"slugify\":{\"origin\":\"title\",\"forceUpdate\":true},\"validation\":{\"rule\":\"unique:posts,slug\"}}',8),(37,5,'meta_description','text_area','Meta Description',1,0,1,1,1,1,NULL,9),(38,5,'meta_keywords','text_area','Meta Keywords',1,0,1,1,1,1,NULL,10),(39,5,'status','select_dropdown','Status',1,1,1,1,1,1,'{\"default\":\"DRAFT\",\"options\":{\"PUBLISHED\":\"published\",\"DRAFT\":\"draft\",\"PENDING\":\"pending\"}}',11),(40,5,'created_at','timestamp','Created At',0,1,1,0,0,0,NULL,12),(41,5,'updated_at','timestamp','Updated At',0,0,0,0,0,0,NULL,13),(42,5,'seo_title','text','SEO Title',0,1,1,1,1,1,NULL,14),(43,5,'featured','checkbox','Featured',1,1,1,1,1,1,NULL,15),(44,6,'id','number','ID',1,0,0,0,0,0,NULL,1),(45,6,'author_id','text','Author',1,0,0,0,0,0,NULL,2),(46,6,'title','text','Title',1,1,1,1,1,1,NULL,3),(47,6,'excerpt','text_area','Excerpt',1,0,1,1,1,1,NULL,4),(48,6,'body','rich_text_box','Body',1,0,1,1,1,1,NULL,5),(49,6,'slug','text','Slug',1,0,1,1,1,1,'{\"slugify\":{\"origin\":\"title\"},\"validation\":{\"rule\":\"unique:pages,slug\"}}',6),(50,6,'meta_description','text','Meta Description',1,0,1,1,1,1,NULL,7),(51,6,'meta_keywords','text','Meta Keywords',1,0,1,1,1,1,NULL,8),(52,6,'status','select_dropdown','Status',1,1,1,1,1,1,'{\"default\":\"INACTIVE\",\"options\":{\"INACTIVE\":\"INACTIVE\",\"ACTIVE\":\"ACTIVE\"}}',9),(53,6,'created_at','timestamp','Created At',1,1,1,0,0,0,NULL,10),(54,6,'updated_at','timestamp','Updated At',1,0,0,0,0,0,NULL,11),(55,6,'image','image','Page Image',0,1,1,1,1,1,NULL,12),(56,8,'id','text','Id',1,0,0,0,0,0,NULL,1),(57,8,'created_at','timestamp','Created At',0,0,0,0,0,0,NULL,2),(58,8,'updated_at','timestamp','Updated At',0,0,0,0,0,0,NULL,3),(59,8,'deleted_at','timestamp','Deleted At',0,0,0,0,0,0,NULL,4),(60,8,'nombre','text','Nombre',0,1,1,1,1,1,NULL,5),(61,1,'user_belongsto_paise_relationship','relationship','paises',0,1,1,1,1,1,'{\"model\":\"App\\\\Paise\",\"table\":\"paises\",\"type\":\"belongsTo\",\"column\":\"paises_id\",\"key\":\"id\",\"label\":\"nombre\",\"pivot_table\":\"categories\",\"pivot\":\"0\",\"taggable\":\"0\"}',13),(62,1,'paises_id','text','Paises Id',0,1,1,1,1,1,NULL,11),(63,10,'id','text','Id',1,0,0,0,0,0,NULL,1),(64,10,'nombre','text','Nombre',0,1,1,1,1,1,NULL,2),(70,13,'id','text','Id',1,0,0,0,0,0,NULL,1),(71,13,'created_at','timestamp','Created At',0,0,0,0,0,0,NULL,2),(72,13,'updated_at','timestamp','Updated At',0,0,0,0,0,0,NULL,3),(73,13,'deleted_at','timestamp','Deleted At',0,0,0,0,0,0,NULL,4),(74,13,'nombre','text','Nombre',0,1,1,1,1,1,NULL,5),(75,14,'id','text','Id',1,0,0,0,0,0,NULL,1),(76,14,'deleted_at','timestamp','Deleted At',0,0,0,0,0,0,NULL,2),(77,14,'created_at','timestamp','Created At',0,0,0,0,0,0,NULL,3),(78,14,'updated_at','timestamp','Updated At',0,0,0,0,0,0,NULL,4),(79,14,'nombre','text','Nombre',1,1,1,1,1,1,'{\"validation\":{\"rule\":\"required\"}}',5),(80,14,'apellidopaterno','text','Apellido Paterno',1,1,1,1,1,1,'{\"validation\":{\"rule\":\"required\"}}',6),(81,14,'apellidomaterno','text','Apellido Materno',0,1,1,1,1,1,'{\"default\":\"-\"}',7),(82,14,'dni','text','Documento de Identidad',1,1,1,1,1,1,'{\"validation\":{\"rule\":\"required\"}}',8),(83,14,'sexo','select_dropdown','Sexo',1,1,1,1,1,1,'{\"default\":\"option1\",\"options\":{\"option1\":\"Masculino\",\"option2\":\"Femenino\"}}',9),(84,14,'paises_id','select_dropdown','Paises Id',1,1,1,1,1,1,'{\"validation\":{\"rule\":\"required\"}}',10),(85,14,'foto','image','Foto',0,1,1,1,1,1,'{\"resize\":{\"width\":\"300\",\"height\":\"null\"},\"quality\":\"80%\",\"upsize\":true,\"thumbnails\":[{\"name\":\"medium\",\"scale\":\"50%\"},{\"name\":\"small\",\"scale\":\"25%\"},{\"name\":\"cropped\",\"crop\":{\"width\":\"300\",\"height\":\"250\"}}]}',11),(86,14,'deportista_belongsto_paise_relationship','relationship','Pais',0,1,1,1,1,1,'{\"model\":\"App\\\\Paise\",\"table\":\"paises\",\"type\":\"belongsTo\",\"column\":\"paises_id\",\"key\":\"id\",\"label\":\"nombre\",\"pivot_table\":\"categories\",\"pivot\":\"0\",\"taggable\":\"0\"}',12),(87,14,'deportista_belongsto_disciplina_relationship','relationship','Disciplina',0,1,1,1,1,1,'{\"model\":\"App\\\\Disciplina\",\"table\":\"disciplinas\",\"type\":\"belongsTo\",\"column\":\"disciplina_id\",\"key\":\"id\",\"label\":\"nombre\",\"pivot_table\":\"categories\",\"pivot\":\"0\",\"taggable\":\"0\"}',13),(88,14,'disciplina_id','text','Disciplina Id',1,0,0,0,1,1,'{\"validation\":{\"rule\":\"required\"}}',12),(89,16,'id','text','Id',1,0,0,0,0,0,NULL,1),(90,16,'created_at','timestamp','Created At',0,0,0,0,0,0,NULL,2),(91,16,'updated_at','timestamp','Updated At',0,0,0,0,0,0,NULL,3),(92,16,'deleted_at','timestamp','Deleted At',0,0,0,0,0,0,NULL,4),(93,16,'nombre','text','Nombre',1,1,1,1,1,1,'{\"validation\":{\"rule\":\"required\"}}',5),(94,16,'apellidopaterno','text','Apellido Paterno',1,1,1,1,1,1,'{\"validation\":{\"rule\":\"required\"}}',6),(95,16,'apellidomaterno','text','Apellido Materno',1,1,1,1,1,1,'{\"default\":\"-\"}',7),(96,16,'dni','text','Documento de Identidad',1,1,1,1,1,1,'{\"validation\":{\"rule\":\"required\"}}',8),(97,16,'sexo','select_dropdown','Sexo',1,1,1,1,1,1,'{\"default\":\"option1\",\"options\":{\"option1\":\"Masculino\",\"option2\":\"Femenino\"}}',9),(98,16,'paises_id','text','Paises Id',0,0,0,0,1,1,'{\"validation\":{\"rule\":\"required\"}}',10),(99,16,'foto','image','Foto',0,1,1,1,1,1,'{\"resize\":{\"width\":\"300\",\"height\":\"null\"},\"quality\":\"80%\",\"upsize\":true,\"thumbnails\":[{\"name\":\"medium\",\"scale\":\"50%\"},{\"name\":\"small\",\"scale\":\"25%\"},{\"name\":\"cropped\",\"crop\":{\"width\":\"300\",\"height\":\"250\"}}]}',11),(100,16,'disciplina_id','text','Disciplina Id',0,0,0,0,1,1,'{\"validation\":{\"rule\":\"required\"}}',12),(101,16,'rolintegrante_id','text','Rolintegrante Id',0,1,1,1,1,1,'{\"validation\":{\"rule\":\"required\"}}',13),(102,16,'juece_belongsto_paise_relationship','relationship','Pais',0,1,1,1,1,1,'{\"model\":\"App\\\\Paise\",\"table\":\"paises\",\"type\":\"belongsTo\",\"column\":\"paises_id\",\"key\":\"id\",\"label\":\"nombre\",\"pivot_table\":\"categories\",\"pivot\":\"0\",\"taggable\":\"0\"}',14),(103,16,'juece_belongsto_disciplina_relationship','relationship','Disciplina',0,1,1,1,1,1,'{\"model\":\"App\\\\Disciplina\",\"table\":\"disciplinas\",\"type\":\"belongsTo\",\"column\":\"disciplina_id\",\"key\":\"id\",\"label\":\"nombre\",\"pivot_table\":\"categories\",\"pivot\":\"0\",\"taggable\":\"0\"}',15),(104,16,'juece_belongsto_rolintegrante_relationship','relationship','Rol',0,1,1,1,1,1,'{\"model\":\"App\\\\Rolintegrante\",\"table\":\"rolintegrantes\",\"type\":\"belongsTo\",\"column\":\"rolintegrante_id\",\"key\":\"id\",\"label\":\"nombre\",\"pivot_table\":\"categories\",\"pivot\":\"0\",\"taggable\":\"0\"}',16),(105,18,'id','text','Id',1,0,0,0,0,0,NULL,1),(106,18,'created_at','timestamp','Created At',0,0,0,0,0,0,NULL,2),(107,18,'updated_at','timestamp','Updated At',0,0,0,0,0,0,NULL,3),(108,18,'deleted_at','timestamp','Deleted At',0,0,0,0,0,0,NULL,4),(109,18,'nombre','text','Nombre',1,1,1,1,1,1,'{\"validation\":{\"rule\":\"required\"}}',5),(110,18,'apellidopaterno','text','Apellido Paterno',1,1,1,1,1,1,'{\"validation\":{\"rule\":\"required\"}}',6),(111,18,'apellidomaterno','text','Apellido Materno',0,1,1,1,1,1,'{\"default\":\"-\"}',7),(112,18,'dni','text','Documento de Identidad',1,1,1,1,1,1,'{\"validation\":{\"rule\":\"required\"}}',8),(113,18,'sexo','select_dropdown','Sexo',1,1,1,1,1,1,'{\"default\":\"option1\",\"options\":{\"option1\":\"Masculino\",\"option2\":\"Femenino\"}}',9),(114,18,'paises_id','text','Paises Id',0,1,1,1,1,1,'{\"validation\":{\"rule\":\"required\"}}',10),(115,18,'foto','image','Foto',0,1,1,1,1,1,'{\"resize\":{\"width\":\"300\",\"height\":\"null\"},\"quality\":\"80%\",\"upsize\":true,\"thumbnails\":[{\"name\":\"medium\",\"scale\":\"50%\"},{\"name\":\"small\",\"scale\":\"25%\"},{\"name\":\"cropped\",\"crop\":{\"width\":\"300\",\"height\":\"250\"}}]}',11),(116,18,'disciplina_id','text','Disciplina Id',0,1,1,1,1,1,'{\"validation\":{\"rule\":\"required\"}}',12),(117,18,'rolintegrante_id','text','Rolintegrante Id',0,1,1,1,1,1,'{\"validation\":{\"rule\":\"required\"}}',13),(118,18,'oficiale_belongsto_paise_relationship','relationship','Pais',0,1,1,1,1,1,'{\"model\":\"App\\\\Paise\",\"table\":\"paises\",\"type\":\"belongsTo\",\"column\":\"paises_id\",\"key\":\"id\",\"label\":\"nombre\",\"pivot_table\":\"categories\",\"pivot\":\"0\",\"taggable\":\"0\"}',14),(119,18,'oficiale_belongsto_disciplina_relationship','relationship','Disciplina',0,1,1,1,1,1,'{\"model\":\"App\\\\Disciplina\",\"table\":\"disciplinas\",\"type\":\"belongsTo\",\"column\":\"disciplina_id\",\"key\":\"id\",\"label\":\"nombre\",\"pivot_table\":\"categories\",\"pivot\":\"0\",\"taggable\":\"0\"}',15),(120,18,'oficiale_belongsto_rolintegrante_relationship','relationship','Rol',0,1,1,1,1,1,'{\"model\":\"App\\\\Rolintegrante\",\"table\":\"rolintegrantes\",\"type\":\"belongsTo\",\"column\":\"rolintegrante_id\",\"key\":\"id\",\"label\":\"nombre\",\"pivot_table\":\"categories\",\"pivot\":\"0\",\"taggable\":\"0\"}',16),(131,20,'id','text','Id',1,0,0,0,0,0,NULL,1),(132,20,'created_at','timestamp','Created At',0,0,0,0,0,0,NULL,2),(133,20,'updated_at','timestamp','Updated At',0,0,0,0,0,0,NULL,3),(134,20,'deleted_at','timestamp','Deleted At',0,0,0,0,0,0,NULL,4),(135,20,'nombre','text','Nombre',0,1,1,1,1,1,NULL,5),(136,20,'disciplina_id','text','Disciplina Id',0,1,1,1,1,1,NULL,6),(137,20,'inscripcion_id','text','Inscripcion Id',0,0,0,0,0,0,NULL,7),(138,20,'jornada','select_dropdown','Jornada',0,1,1,1,1,1,'{\"default\":\"option11\",\"options\":{\"option1\":\"1ra Jornada\",\"option2\":\"2da Jornada\",\"option3\":\"3ra Jornada\",\"option4\":\"4ta Jornada\",\"option5\":\"5ta Jornada\",\"option6\":\"6ta Jornada\",\"option7\":\"7ma Jornada\",\"option8\":\"8va Jornada\",\"option9\":\"9na Jornada\",\"option10\":\"10ma Jornada\",\"option11\":\"Elegir\"}}',8),(139,20,'ganador_id','text','Ganador Id',0,0,0,0,0,0,NULL,9),(140,20,'prueba_belongsto_disciplina_relationship','relationship','disciplinas',0,1,1,1,1,1,'{\"model\":\"App\\\\Disciplina\",\"table\":\"disciplinas\",\"type\":\"belongsTo\",\"column\":\"disciplina_id\",\"key\":\"id\",\"label\":\"nombre\",\"pivot_table\":\"categories\",\"pivot\":\"0\",\"taggable\":\"0\"}',10),(141,21,'id','text','Id',1,0,0,0,0,0,NULL,1),(142,21,'created_at','timestamp','Created At',0,0,0,0,0,0,NULL,2),(143,21,'updated_at','timestamp','Updated At',0,0,0,0,0,0,NULL,3),(144,21,'deleted_at','timestamp','Deleted At',0,0,0,0,0,0,NULL,4),(145,21,'deportista_id','text','Deportista Id',0,1,1,1,1,1,'{\"validation\":{\"rule\":\"required\"}}',5),(146,21,'prueba_id','text','Prueba Id',0,1,1,1,1,1,'{\"validation\":{\"rule\":\"required\"}}',6),(147,21,'marca','text','Mejor Marca',0,1,1,1,1,1,NULL,9),(148,21,'inscripcione_belongsto_deportista_relationship','relationship','Deportista',0,1,1,1,1,1,'{\"model\":\"App\\\\Deportista\",\"table\":\"deportistas\",\"type\":\"belongsTo\",\"column\":\"deportista_id\",\"key\":\"id\",\"label\":\"full_name\",\"pivot_table\":\"categories\",\"pivot\":\"0\",\"taggable\":\"0\"}',7),(149,21,'inscripcione_belongsto_prueba_relationship','relationship','Prueba',0,1,1,1,1,1,'{\"model\":\"App\\\\Prueba\",\"table\":\"pruebas\",\"type\":\"belongsTo\",\"column\":\"prueba_id\",\"key\":\"id\",\"label\":\"full_name\",\"pivot_table\":\"categories\",\"pivot\":\"0\",\"taggable\":\"0\"}',8),(150,14,'fechanacimiento','date','Fecha de nacimiento',0,1,1,1,1,1,'{\"validation\":{\"rule\":\"required\"}}',13),(151,16,'fechanacimiento','date','Fecha  de nacimiento',1,1,1,1,1,1,'{\"validation\":{\"rule\":\"required\"}}',14),(152,18,'fechanacimiento','date','Fecha de nacimiento',1,1,1,1,1,1,'{\"validation\":{\"rule\":\"required\"}}',14),(153,22,'id','text','Id',1,0,0,0,0,0,NULL,1),(155,22,'created_at','timestamp','Created At',0,0,0,0,0,0,NULL,3),(156,22,'updated_at','timestamp','Updated At',0,0,0,0,0,0,NULL,4),(157,22,'deleted_at','timestamp','Deleted At',0,0,0,0,0,0,NULL,5),(158,22,'model','text','Model',0,1,1,1,1,1,NULL,2);

--
-- Table structure for table `data_types`
--

CREATE TABLE `data_types` (
  `id` int(10) unsigned NOT NULL AUTO_INCREMENT,
  `name` varchar(191) COLLATE utf8mb4_unicode_ci NOT NULL,
  `slug` varchar(191) COLLATE utf8mb4_unicode_ci NOT NULL,
  `display_name_singular` varchar(191) COLLATE utf8mb4_unicode_ci NOT NULL,
  `display_name_plural` varchar(191) COLLATE utf8mb4_unicode_ci NOT NULL,
  `icon` varchar(191) COLLATE utf8mb4_unicode_ci DEFAULT NULL,
  `model_name` varchar(191) COLLATE utf8mb4_unicode_ci DEFAULT NULL,
  `policy_name` varchar(191) COLLATE utf8mb4_unicode_ci DEFAULT NULL,
  `controller` varchar(191) COLLATE utf8mb4_unicode_ci DEFAULT NULL,
  `description` varchar(191) COLLATE utf8mb4_unicode_ci DEFAULT NULL,
  `generate_permissions` tinyint(1) NOT NULL DEFAULT '0',
  `server_side` tinyint(4) NOT NULL DEFAULT '0',
  `details` text COLLATE utf8mb4_unicode_ci,
  `created_at` timestamp NULL DEFAULT NULL,
  `updated_at` timestamp NULL DEFAULT NULL,
  PRIMARY KEY (`id`),
  UNIQUE KEY `data_types_name_unique` (`name`),
  UNIQUE KEY `data_types_slug_unique` (`slug`)
) ENGINE=InnoDB AUTO_INCREMENT=23 DEFAULT CHARSET=utf8mb4 COLLATE=utf8mb4_unicode_ci;

--
-- Dumping data for table `data_types`
--

INSERT INTO `data_types` VALUES (1,'users','users','User','Users','voyager-person','TCG\\Voyager\\Models\\User','TCG\\Voyager\\Policies\\UserPolicy',NULL,NULL,1,0,'{\"order_column\":null,\"order_display_column\":null}','2020-02-20 12:46:08','2020-02-20 20:58:38'),(2,'menus','menus','Menu','Menus','voyager-list','TCG\\Voyager\\Models\\Menu',NULL,'','',1,0,NULL,'2020-02-20 12:46:08','2020-02-20 12:46:08'),(3,'roles','roles','Rol','Roles','voyager-lock','TCG\\Voyager\\Models\\Role',NULL,NULL,NULL,1,0,'{\"order_column\":null,\"order_display_column\":null}','2020-02-20 12:46:08','2020-03-01 14:42:57'),(4,'categories','categories','Category','Categories','voyager-categories','TCG\\Voyager\\Models\\Category',NULL,'','',1,0,NULL,'2020-02-20 12:46:10','2020-02-20 12:46:10'),(5,'posts','posts','Post','Posts','voyager-news','TCG\\Voyager\\Models\\Post','TCG\\Voyager\\Policies\\PostPolicy','','',1,0,NULL,'2020-02-20 12:46:10','2020-02-20 12:46:10'),(6,'pages','pages','Page','Pages','voyager-file-text','TCG\\Voyager\\Models\\Page',NULL,'','',1,0,NULL,'2020-02-20 12:46:11','2020-02-20 12:46:11'),(8,'paises','paises','Pais','Paises','voyager-world','App\\Paise',NULL,NULL,NULL,1,0,'{\"order_column\":null,\"order_display_column\":null}','2020-02-21 17:03:51','2020-03-01 14:42:30'),(10,'disciplinas','disciplinas','Disciplina','Disciplinas','voyager-megaphone','App\\Disciplina',NULL,NULL,NULL,1,0,'{\"order_column\":null,\"order_display_column\":null}','2020-02-23 14:11:23','2020-02-23 14:11:23'),(13,'rolintegrantes','rolintegrantes','Rol de integrante','Rol de integrantes',NULL,'App\\Rolintegrante',NULL,NULL,NULL,1,0,'{\"order_column\":null,\"order_display_column\":null}','2020-02-23 14:32:12','2020-03-01 14:43:22'),(14,'deportistas','deportistas','Deportista','Deportistas',NULL,'App\\Deportista',NULL,NULL,NULL,1,0,'{\"order_column\":null,\"order_display_column\":null}','2020-02-27 02:19:40','2020-02-27 06:03:55'),(16,'jueces','jueces','Juez','Jueces','voyager-person','App\\Juece',NULL,NULL,NULL,1,0,'{\"order_column\":null,\"order_display_column\":null}','2020-02-27 23:15:03','2020-02-27 23:15:44'),(18,'oficiales','oficiales','Oficial','Oficiales','voyager-person','App\\Oficiale',NULL,NULL,NULL,1,0,'{\"order_column\":null,\"order_display_column\":null}','2020-02-27 23:31:23','2020-02-27 23:31:23'),(20,'pruebas','pruebas','Prueba','Pruebas','voyager-sound','App\\Prueba',NULL,NULL,NULL,1,0,'{\"order_column\":null,\"order_display_column\":null}','2020-02-28 00:28:16','2020-02-28 00:28:16'),(21,'inscripciones','inscripciones','Inscripcion','Inscripciones',NULL,'App\\Inscripcione',NULL,NULL,NULL,1,0,'{\"order_column\":null,\"order_display_column\":null}','2020-03-01 12:58:55','2020-03-01 14:42:02'),(22,'exports','exports','Reporte','Reportes','voyager-cloud-download','App\\Export',NULL,'ExporterController',NULL,1,0,'{\"order_column\":null,\"order_display_column\":null}','2020-03-02 23:57:57','2020-03-02 23:57:57');

--
-- Table structure for table `deportistas`
--

CREATE TABLE `deportistas` (
  `id` int(10) unsigned NOT NULL AUTO_INCREMENT,
  `deleted_at` timestamp NULL DEFAULT NULL,
  `created_at` timestamp NULL DEFAULT NULL,
  `updated_at` timestamp NULL DEFAULT NULL,
  `nombre` tinytext COLLATE utf8mb4_unicode_ci NOT NULL,
  `apellidopaterno` tinytext COLLATE utf8mb4_unicode_ci NOT NULL,
  `apellidomaterno` tinytext COLLATE utf8mb4_unicode_ci,
  `dni` tinytext COLLATE utf8mb4_unicode_ci NOT NULL,
  `sexo` tinytext COLLATE utf8mb4_unicode_ci NOT NULL,
  `paises_id` tinytext COLLATE utf8mb4_unicode_ci NOT NULL,
  `foto` varchar(255) COLLATE utf8mb4_unicode_ci DEFAULT NULL,
  `disciplina_id` tinytext COLLATE utf8mb4_unicode_ci NOT NULL,
  `fechanacimiento` date DEFAULT NULL,
  PRIMARY KEY (`id`)
) ENGINE=InnoDB AUTO_INCREMENT=237 DEFAULT CHARSET=utf8mb4 COLLATE=utf8mb4_unicode_ci;

--
-- Dumping data for table `deportistas`
--

INSERT INTO `deportistas` VALUES (1,NULL,'2020-03-05 21:54:12','2020-03-05 21:54:12','JESERIK ANDREINA','PINTO','SEQUERA','083350508','option2','14',NULL,'1','1990-03-21'),(2,NULL,'2020-03-05 21:55:25','2020-03-05 21:55:25','MERCEDES CAROLINA','TOLEDO','SALAZAR','140123005','option2','14',NULL,'1','1989-05-17'),(4,NULL,'2020-03-05 21:59:05','2020-03-05 21:59:05','MARIA VICTORIA','YEGRES','COTTIN','121312149','option2','14',NULL,'1','2005-11-23'),(6,NULL,'2020-03-05 22:01:33','2020-03-05 22:01:33','FABIANA ANTONELLA','PESCE','FLORES','140127588','option2','14',NULL,'1','2003-02-13'),(7,NULL,'2020-03-05 22:02:53','2020-03-05 22:02:53','CARLOS EDUARDO','CLAVERIE','BORGIANI','124678626','option1','14',NULL,'1','1995-09-19'),(9,NULL,'2020-03-05 22:04:36','2020-03-05 22:04:36','ALBERTO ABEL','MESTRE','VIVAS','134056807','option1','14',NULL,'1','1999-02-10'),(10,NULL,'2020-03-05 22:06:12','2020-03-05 22:06:12','CRISTIAN DANIEL','QUINTERO','VALERO','072059638','option1','14',NULL,'1','1992-10-14'),(11,NULL,'2020-03-05 22:07:19','2020-03-05 22:07:19','BRYAN RAFAEL','CHAVEZ','AVENDANO','086048521','option1','14',NULL,'1','1999-05-24'),(12,NULL,'2020-03-05 22:08:14','2020-03-05 22:08:14','JESUS DANIEL','LOPEZ','YANEZ','145750118','option1','14',NULL,'1','1995-03-01'),(13,NULL,'2020-03-05 22:09:22','2020-03-05 22:09:22','RAFAEL ANGEL','DAVILA','ZAMBRANO','103477925','option1','14',NULL,'1','1998-06-07'),(14,NULL,'2020-03-05 22:11:41','2020-03-05 22:11:41','ANDY JOSE','ARTETA','GOMEZ','117812503','option1','14',NULL,'1','1995-10-28'),(15,NULL,'2020-03-05 22:14:06','2020-03-05 22:14:06','PAOLA VALENTINA','PEREZ','SIERRA','135150155','option2','14',NULL,'2','1991-04-05'),(16,NULL,'2020-03-05 22:15:10','2020-03-05 22:15:10','LILIANA ESTEFANIA','HERNANDEZ','VERA','135397792','option2','14',NULL,'2','1991-07-11'),(17,NULL,'2020-03-05 22:16:08','2020-03-05 22:16:08','DIEGO ARMANDO','VERA','DELGADO','099539795','option1','14',NULL,'2','1996-06-21'),(18,NULL,'2020-03-05 22:17:14','2020-03-05 22:17:14','JOHNDRY JOSE','SEGOVIA','RAMOS','111692565','option1','14',NULL,'2','1987-09-07'),(19,NULL,'2020-03-05 22:25:54','2020-03-05 22:25:54','OSCAR EDUARDO','ARIZA','BRICENO','127362700','option1','14',NULL,'3','1995-09-25'),(20,NULL,'2020-03-05 22:26:56','2020-03-05 22:26:56','JESUS EDUARDO','GONZALEZ','REYES','139276213','option1','14',NULL,'3','2004-03-11'),(22,NULL,'2020-03-05 22:29:08','2020-03-05 22:29:08','MARIA FLORENCIA','BETANCOURT','ORTEGA','087842836','option1','14',NULL,'3','1994-12-26'),(23,NULL,'2020-03-05 22:30:29','2020-03-05 22:30:29','LISETTE CASANDRA','RAMIREZ','CHANCAY','077111383','option2','14',NULL,'3','1989-02-26'),(27,NULL,'2020-03-05 22:50:09','2020-03-09 15:26:37','TRINIDAD','ARDILES','-QUIROZ','21.295.665-1','option2','7','deportistas/March2020/82GbEmLltAL7Mgt5dHxJ.jpeg','1','2010-05-03'),(28,NULL,'2020-03-05 22:51:55','2020-03-05 22:51:55','ANTONIA','CUBILLOS','VARGAS','21.336.782-k','option2','7','deportistas/March2020/zCtvpf2b0X2NroI66LDM.jpeg','1','2015-07-03'),(29,NULL,'2020-03-05 22:53:01','2020-03-09 19:27:37','INES','MARIN','ALEXANDRE','20.677.506-8','option2','7','deportistas/March2020/M2JcYo6BsqhmszDxzQMN.jpeg','1','2019-04-01'),(30,NULL,'2020-03-05 22:54:16','2020-03-09 15:49:25','GABRIELA','CONTRERAS','RODRIGUEZ','20.723.214-9','option2','7','deportistas/March2020/3n5G2PGGc9b5ZNPpb5P7.jpg','1','2008-02-01'),(31,NULL,'2020-03-05 23:00:32','2020-03-09 15:57:55','SARAH','SZKLARUK','TRAIPE','21.065.999-4','option2','7','deportistas/March2020/kwXsUlhyyTGlU3vIyVlg.jpg','1','2006-07-02'),(32,NULL,'2020-03-06 23:17:12','2020-03-06 23:17:12','TOMAS ALBERTO','PERIBONIO','AVILA','0919310326','option1','9','deportistas/March2020/dXol0RCIXpLJpUrZ9a2U.jpg','1','1996-01-16'),(33,NULL,'2020-03-06 23:42:38','2020-03-06 23:42:38','ANICKA RAIN MARIE','DELGADO','KOTEK','3050300452','option2','9','deportistas/March2020/3wYEe785BNRniEaGbYy0.jpg','1','2002-06-13'),(34,NULL,'2020-03-06 23:54:26','2020-03-06 23:54:26','JOSEPH AGUSTIN','MACIAS','RUBIO','0924146772','option1','9','deportistas/March2020/FBXvnK21jnWsn8xnlshn.jpg','1','2000-06-30'),(35,NULL,'2020-03-09 00:30:05','2020-03-09 01:13:30','Mikel','Schreuders','-','NYL9RH6R8','option1','15','deportistas/March2020/HWAbfnepXst2hutBLgn0.jpg','1','1998-09-21'),(36,NULL,'2020-03-09 00:32:58','2020-03-09 00:32:58','Anahi','Schreuders','-','NX5D8F940','option2','15','deportistas/March2020/dD8YvJpGbq590kPzQ6Hl.jpg','1','2000-02-17'),(37,NULL,'2020-03-09 01:29:23','2020-03-10 13:46:06','Allyson','Ponson','-','NPP7RPP56','option2','15','deportistas/March2020/7jeUwHeSSadE6sa86dxM.jpg','1','1995-12-04'),(38,NULL,'2020-03-09 14:51:18','2020-03-09 15:48:34','GABRIEL','ARAYA ','SANTANDER','20.063.828-K','option1','7','deportistas/March2020/SpqxmSU68lxXIEEbNz95.jpg','1','1999-04-08'),(39,NULL,'2020-03-09 14:52:47','2020-03-09 15:50:41','VICENTE','ARAYA','ZUÑIGA','20.286.269-1','option1','7','deportistas/March2020/SmAuGffeL2uUgjmIvY6n.jpg','1','1999-11-23'),(40,NULL,'2020-03-09 14:54:03','2020-03-09 15:50:08','JORGE','DEPASSIER','SEPULVEDA','20.287.333-2','option1','7','deportistas/March2020/lbZQVMXLvW6qLecHX460.jpg','1','2002-01-06'),(41,NULL,'2020-03-09 14:55:12','2020-03-09 21:25:02','MARIANO','LAZZERINI','ANGELI','21.458.793-9','option1','7','deportistas/March2020/JkLeGwQ3CU0HNlIb1eGz.jpeg','1','2003-12-06'),(42,NULL,'2020-03-09 14:56:11','2020-03-09 15:14:30','MAXIMILIANO','CERECEDA','HERRERA','21.510.175-4','option1','7','deportistas/March2020/zynweHIMrPd4E6e7Hixk.jpeg','1','1994-02-15'),(43,NULL,'2020-03-09 14:57:41','2020-03-09 15:14:15','EDUARDO ALBERTO','CISTERNAS','GÓMEZ','21480944-3','option1','7','deportistas/March2020/eOieCDeBXYkQbsLr7eg3.jpeg','1','2004-01-10'),(44,NULL,'2020-03-09 14:59:08','2020-03-09 19:40:25','OLIVER','ELLIOT','BAÑADOS','16574873-5','option2','7','deportistas/March2020/GK2KkK2BN8qJqkwUuq0f.jpeg','1','1987-06-19'),(45,NULL,'2020-03-09 15:00:19','2020-03-09 15:13:51','MANUEL','OSORIO','MORAN','21.494.074-4','option1','7','deportistas/March2020/XSYhX42rMEYEPjaq1Uha.jpeg','1','2003-05-23'),(46,NULL,'2020-03-09 15:01:33','2020-03-09 15:46:13','SCHNNAP','CONTRERAS','BENJAMIN','20.755.642- 4','option1','7','deportistas/March2020/e6p5E8uLWGaI4IOCr9AM.jpg','1','2001-05-11'),(47,NULL,'2020-03-09 15:07:28','2020-03-09 15:46:54','ALEJANDRA','ALVARERELLOS','VALENTINO','16.370.195-2','option2','7','deportistas/March2020/zYmoOHYsxZt51py87663.jpg','5','1989-09-02'),(48,NULL,'2020-03-09 15:11:50','2020-03-09 17:46:11','VALENTINA PAZ','TORRES','BRAVO','20.557.624-K','option2','7','deportistas/March2020/4J9hCMH0hViEBIGoSJv5.jpg','5','2000-08-02'),(49,NULL,'2020-03-09 15:14:10','2020-03-09 17:45:12','FIORELLA','RAVIZZA','REBOLLEDO','20.694.169-3','option2','7','deportistas/March2020/QlV1pNU7YXLZUgRxYM3o.jpg','5','2001-08-02'),(50,NULL,'2020-03-09 15:16:21','2020-03-09 17:42:47','OLIVIA','SERRANO','SAELZER','19.438.037-2','option2','7','deportistas/March2020/smbuk1RuQUtXR8ATlU43.jpg','5','1996-05-16'),(51,NULL,'2020-03-09 15:17:53','2020-03-09 17:41:41','CAROLINA','ACEVEDO','PEREZ','16.622.843-3','option2','7','deportistas/March2020/uB7smsKr4Kp38zA4TJWQ.jpg','5','1987-04-23'),(52,NULL,'2020-03-09 15:20:44','2020-03-09 17:04:54','BARBARA','GUTIERREZ','HERNANDEZ','21.800.760-0','option2','7','deportistas/March2020/TI0YMYU1IudD2V00H6Bm.jpg','5','2005-03-19'),(53,NULL,'2020-03-09 15:23:05','2020-03-09 17:39:25','NATHALIE','BEROS','SARRAZIN','18.023.761-5','option2','7','deportistas/March2020/gCHRUqz0VUIlukDWHG4q.jpg','5','1992-06-27'),(54,NULL,'2020-03-09 15:28:13','2020-03-09 17:40:25','VALENTINA','ROA','PORTALES','21.374.335-K','option2','7','deportistas/March2020/nLF2BjsLj73pfjOMTiAh.jpg','5','2003-08-18'),(55,NULL,'2020-03-09 15:29:40','2020-03-09 17:37:34','CONSTANZA','BELTRAN','CORTES','21.467.176-K','option2','7','deportistas/March2020/86Ik4r4xXTVJ0GsmFqJ7.jpg','5','2003-12-16'),(56,NULL,'2020-03-09 15:30:59','2020-03-10 18:39:21','KIARA BELEN','HENRIQUEZ','REYES','20.467.233-4','option2','7','deportistas/March2020/qy7sqIew7r8wKknfk8KF.jpg','5','2000-04-29'),(57,NULL,'2020-03-09 15:32:30','2020-03-09 17:35:16','VALENTINA','MUÑOZ','LISBOA','21.538.606-6','option2','7','deportistas/March2020/9ot757LwIrmXGfOVQONX.png','5','2004-03-25'),(58,NULL,'2020-03-09 15:35:05','2020-03-09 17:33:55','EVA VICTORIA','QUIÑONES','ROBLES','20.820.406-8','option2','7','deportistas/March2020/zjY9grQge0XabC2W2xQo.jpg','5','2002-03-25'),(59,NULL,'2020-03-09 15:37:27','2020-03-09 19:21:32','FERNANDA','CRUZ','MARTINEZ','21.374.335-K','option2','7','deportistas/March2020/it9pqiEcnFlf4cl1t1Ag.jpeg','5','2005-11-15'),(60,NULL,'2020-03-09 15:38:59','2020-03-09 17:29:13','FRANCO','MASSONI','VICUÑA','21.030.623-4','option1','7','deportistas/March2020/qP9HMYnwPrFnROKd7Lnx.png','5','2002-06-17'),(61,NULL,'2020-03-09 15:40:25','2020-03-09 17:28:01','FRANCO','VERA','NAVARRO','21.878.421-6','option1','7','deportistas/March2020/Q3FuSW7KXMtLbY6u4Vpp.jpg','5','2005-07-05'),(63,NULL,'2020-03-09 15:42:25','2020-03-09 19:20:49','ISACC FELIPE','MOYA','CORTES','20.984.477-K','option1','7','deportistas/March2020/3YJDW9jgqjuMFcupWE3w.jpeg','5','2002-03-12'),(64,NULL,'2020-03-09 15:44:33','2020-03-09 17:25:34','JOAQUIN','DIAZ','ROJAS','19.209.131-4','option1','7','deportistas/March2020/9tABC65jWk50p3AmqJF4.jpg','5','1996-07-08'),(65,NULL,'2020-03-09 15:46:48','2020-03-09 17:23:51','GUSTAVO','ZUÑIGA','LIBANO','18.021.394-5','option1','7','deportistas/March2020/oAHP4kLHRuYoUkxmgOds.jpg','5','1992-03-14'),(66,NULL,'2020-03-09 15:48:37','2020-03-09 17:22:42','GIACOMO','ILLINO','GONZALEZ','20.300.221-1','option1','7','deportistas/March2020/qcKYqDhUcaWp0IFhOlpK.jpg','5','2000-03-06'),(67,NULL,'2020-03-09 15:51:19','2020-03-09 22:08:37','FREDY','CATALAN','PEÑA','21.147.054-2','option1','7','deportistas/March2020/FQwKCj3PDNU26VcOrBDj.jpg','5','2002-10-14'),(68,NULL,'2020-03-09 15:54:28','2020-03-09 17:16:56','JOAQUIN ALEJANDRO','RUIZ','VILLAROEL','21.009.586-1','option1','7','deportistas/March2020/CFBu2RL6kp9h1WmftVXg.jpg','5','2002-04-30'),(69,NULL,'2020-03-09 15:56:17','2020-03-09 21:22:26','JOAQUIN IGNACIO','AGUILERA','SALGADO','21.268.480-5','option1','7','deportistas/March2020/hZWlc9jttqTwnQcqP4dW.jpeg','5','2003-03-05'),(70,NULL,'2020-03-09 15:58:22','2020-03-09 17:12:11','JAVIER','CARCAMO','ESPINOZA','21.286.921-K','option1','7','deportistas/March2020/PBi6KCPv6SrfgzzTA25Q.jpg','5','2006-04-09'),(71,NULL,'2020-03-09 15:59:41','2020-03-09 17:10:35','FRANCISCO','SANCHEZ','FIGUEROA','19.435.980-2','option1','7','deportistas/March2020/qHQq56bHZcbi2eqfSlGj.jpg','5','1997-03-20'),(72,NULL,'2020-03-09 16:01:01','2020-03-09 17:09:05','IÑAKI','AGUIRRE','CHAVEZ','21.128.948-1','option1','7','deportistas/March2020/RQz4rTF2J7tsz1y1pm1m.jpg','5','2002-09-07'),(74,NULL,'2020-03-09 16:05:29','2020-03-09 18:18:26','ISIDORA','LETELIER','MARTINEZ','19.640.290-K','option2','7','deportistas/March2020/PvcturHuXLynvDqC5jX0.jpeg','4','1998-12-21'),(75,NULL,'2020-03-09 16:07:10','2020-03-09 21:23:55','NATALIE','LUSBASCHER','MENA','17.402.208-9','option2','7','deportistas/March2020/EC40djk5cOuJ1cm9xSvF.jpeg','4','1998-09-14'),(76,NULL,'2020-03-09 16:08:38','2020-03-09 19:07:13','BEATRIZ','OSORIO','LIZANA','20.807.348-6','option2','7','deportistas/March2020/AO8n39nCBnnioXgVBGx6.jpeg','4','2001-08-30'),(77,NULL,'2020-03-09 16:10:14','2020-03-09 18:05:50','FERNANADA','MASSONI','VICUÑA','21.030.624-2','option2','7','deportistas/March2020/PKPYK5Ugha53CbHYwWWH.jpg','4','2002-06-17'),(78,NULL,'2020-03-09 16:11:30','2020-03-09 18:02:18','SOLEDAD','GARCIA','ROVIRA','21.486.372-3','option2','7','deportistas/March2020/rDaKSuNnuRl6uMRNPFwC.jpg','4','2004-01-17'),(79,NULL,'2020-03-09 16:13:03','2020-03-09 18:01:18','TRINIDAD','GARCIA','ROVIRA','21.486.334-0','option2','7','deportistas/March2020/BRBpFNgicmAkf3zGnMC5.jpg','4','2004-01-17'),(80,NULL,'2020-03-09 16:14:41','2020-03-09 18:08:21','JOSEFA','MORALES','DAZA','21.561.052-7','option2','7','deportistas/March2020/FpaDpWEDWeivBniz7Tav.jpg','4','2004-04-29'),(81,NULL,'2020-03-09 16:16:20','2020-03-09 18:19:00','ROCIO','VARGAS','PARIS','21.843.971-3','option2','7','deportistas/March2020/u5nGEXfL64igjTqkOz8X.jpeg','4','2005-05-12'),(82,NULL,'2020-03-09 16:19:15','2020-03-09 16:19:15','Benjamin Thomas','Hockin','Brusquetti','2176423','option1','11','deportistas/March2020/ukZECaFkQC9irm5qpuuu.png','1','1986-09-27'),(83,NULL,'2020-03-09 16:19:32','2020-03-09 17:57:03','VALENTINA','VALDIVIA','DANNENBERG','21749022-7','option2','7','deportistas/March2020/dPH6UTA1aiY5Q1myhsFk.jpg','4','2005-01-07'),(84,NULL,'2020-03-09 16:20:37','2020-03-09 16:20:37','Charles Daniel','Hockin','Brusquetti','4364541','option1','11','deportistas/March2020/6qW0rGaqdhRDpKpd5gfZ.png','1','1989-11-04'),(85,NULL,'2020-03-09 16:20:57','2020-03-09 17:52:09','MAGDALENA','ALVAREZ','BAS','21.861.021-8','option2','7','deportistas/March2020/Jc28Fe4QQV0PukyCsb9u.jpg','4','2005-12-29'),(86,NULL,'2020-03-09 16:21:59','2020-03-09 17:50:00','ANTONIA','MELLA','AINZUA','21.900.796-5','option2','7','deportistas/March2020/MySByQHuEpp8D8K4R9Em.jpg','4','2005-08-07'),(87,NULL,'2020-03-09 16:22:02','2020-03-09 16:22:02','Renato David','Prono','Fernandez','3027369','option1','11','deportistas/March2020/4Ei8X6ibGcfmv6x5Gork.png','1','1991-03-02'),(88,NULL,'2020-03-09 16:23:10','2020-03-09 17:48:47','ELISA','CARRIER','VALENCIA','21.512.554-8','option2','7','deportistas/March2020/3yGrEEQs3zgWbpalAAux.jpg','4','2004-02-23'),(89,NULL,'2020-03-09 16:24:25','2020-03-09 16:24:25','Matias Eduardo','Lopez','Chaparro','4920200','option1','11','deportistas/March2020/jlZzLmgpjnaRy8j3ghCf.png','1','1996-01-29'),(90,NULL,'2020-03-09 16:25:35','2020-03-10 15:34:48','ALISON','MAILLIARD','JAROLIMEK','22.457.958-6','option2','7','deportistas/March2020/P0ojmOSDyK5Q2QIpJD7F.png','3','1998-08-05'),(91,NULL,'2020-03-09 16:25:56','2020-03-09 16:25:56','Matheo Fabrizio','Mateos','Mongelos','4979561','option1','11','deportistas/March2020/T77KkrxGmXzyojFaUw8y.png','1','2000-11-10'),(92,NULL,'2020-03-09 16:27:16','2020-03-09 16:27:16','Maximiliano','Benitez','Secchia','5458541','option1','11','deportistas/March2020/kvEYoFsMmPb4PrIJGe3x.png','1','2005-03-23'),(93,NULL,'2020-03-09 16:27:50','2020-03-09 19:51:27','DIEGO','CARQUIN','SAAVEDRA','18.105.107-3','option1','7','deportistas/March2020/RmbP7qx728e7PcdbvL6S.jpg','3','1993-01-31'),(94,NULL,'2020-03-09 16:28:31','2020-03-09 16:28:31','Luana Maria','Alonso','Mendez','5268917','option2','11','deportistas/March2020/nALyx3B2pAaQpTAP8pIv.png','1','2004-03-13'),(95,NULL,'2020-03-09 16:29:26','2020-03-10 17:54:39','DONATO','NEGLIA','ESCUDERO','18.170.814-K','option1','7','deportistas/March2020/8gbvvZBNW38ifuHTa27R.jpeg','3','1996-08-15'),(96,NULL,'2020-03-09 16:29:45','2020-03-09 16:29:45','Maria Jose','Arrua','Villagra','5597572','option2','11','deportistas/March2020/akmq0ir2zN61EjCIoVwk.png','1','1999-03-03'),(97,NULL,'2020-03-09 16:30:56','2020-03-10 18:34:57','VLADIMIR','BADILLA','CARMONA','19.377.903-4','option1','7','deportistas/March2020/EcoThhUAqNxSVjj3XgCZ.jpeg','3','1992-11-19'),(98,NULL,'2020-03-09 16:35:02','2020-03-11 15:06:05','SANTIAGO','MARIN','QUEZADA','21.081.855-','option1','7','deportistas/March2020/a7liohksMoArH80FqeV6.jpeg','2','2003-01-16'),(99,NULL,'2020-03-09 16:37:44','2020-03-09 16:38:00','MAHINA','VALDIVIA','-DANNENBERG','19.323.992-7','option2','7',NULL,'2','1996-02-15'),(100,NULL,'2020-03-09 16:40:00','2020-03-10 17:02:47','GIULIANA','ALBERTI','MIALANI','21.621.655-5','option2','7','deportistas/March2020/R1yhyx3LyTX5mMQxp7sp.jpeg','2','2004-07-14'),(101,NULL,'2020-03-09 16:41:37','2020-03-11 15:05:22','SANTIAGO','MENA','BASTIDAS','20.0730.441-7','option1','7','deportistas/March2020/KjwJCPCUSILESO6ctPzw.jpeg','2','2001-04-10'),(102,NULL,'2020-03-09 17:20:15','2020-03-09 17:20:15','JOSE ALBERTO','QUINTANILLA','MORENO','5875079','option1','5','deportistas/March2020/9RqpcV7bKvvruZFLJo4u.jpg','1','1997-01-01'),(103,NULL,'2020-03-09 17:22:16','2020-03-09 17:22:16','KAREN MILENKA','TORREZ','GUZMAN','4539417','option2','5','deportistas/March2020/7GFoQ0h31Sq6wgTSVbD6.jpg','1','1992-07-29'),(104,NULL,'2020-03-09 17:24:03','2020-03-09 17:24:03','VALENTINA','ALOISIO','DELGADO','6138071','option2','5','deportistas/March2020/biJL2p70BRtJG2WDZLFa.jpg','1','2000-09-15'),(105,NULL,'2020-03-09 17:25:51','2020-03-09 17:25:51','ADRIANA','GILES','LOPEZ','9751713','option2','5','deportistas/March2020/wSKj45wHbla3WJQ1fsV8.JPG','1','2004-10-29'),(106,NULL,'2020-03-09 17:27:21','2020-03-09 17:27:21','HUGO IVAN','SORUCO','GUTIERREZ','5625608','option1','5','deportistas/March2020/lqInzkPmzVYW6tRJbLWk.jpg','1','0096-02-20'),(107,NULL,'2020-03-09 17:29:31','2020-03-09 17:29:31','SANTIAGO ROBERTO','CAVANAGH','-','6390019','option1','5','deportistas/March2020/or3t6KdPf2ZrnD2DBf7P.jpg','1','1985-08-02'),(108,NULL,'2020-03-09 17:30:54','2020-03-09 17:30:54','GABRIEL ALEJANDRO','CASTILLO','SULCA','6223358','option1','5','deportistas/March2020/W5obqsgcBYRyDLY1toaL.jpg','1','2001-04-24'),(109,NULL,'2020-03-09 17:32:19','2020-03-09 17:32:19','JAIME','AREVALO','ENCINAS','7914247','option1','5','deportistas/March2020/uWjm1ueK82euq7v4iKlX.jpg','2','1994-03-14'),(110,NULL,'2020-03-09 17:33:23','2020-03-09 17:33:23','SEBASTIAN','AUZA','PEÑARRIETA','6811040','option1','5','deportistas/March2020/m4oaQNkB5rqU3jlTRfo8.jpg','2','2002-01-04'),(111,NULL,'2020-03-09 17:34:09','2020-03-09 17:34:09','ZEDHEIR','TORREZ','VILLACORTA','7906427','option1','5','deportistas/March2020/3Znr6OvjHtfE1RvQbo2l.jpg','2','1994-04-23'),(112,NULL,'2020-03-09 19:01:43','2020-03-09 19:01:43','Sofia Magali','Lopez','Chaparro','5091421','option2','11','deportistas/March2020/VlGIGgskR6IVaXRJ7CN8.png','1','1997-08-18'),(113,NULL,'2020-03-09 19:03:10','2020-03-09 19:03:10','Nicole','Rautemberg','Maidana','4654213','option2','11','deportistas/March2020/ID5E9noGRfUPoGeDTFzr.png','1','1999-08-01'),(114,NULL,'2020-03-09 19:04:21','2020-03-09 19:04:21','TOMAS','RAMIREZ','SARMIENTO','18.933.409-5','option1','7','deportistas/March2020/qSTHzm6KmsgYBtDlwwmp.jpg','4','1994-09-21'),(115,NULL,'2020-03-09 19:04:38','2020-03-09 19:04:38','Astrid Monserrath','Caballero','Genes','6519042','option2','11','deportistas/March2020/63uGqwo4uQDI47lW6iO5.png','1','2004-03-19'),(116,NULL,'2020-03-09 19:06:07','2020-03-09 19:06:07','Stefania Monserrat','Piccardo','Uriarte','4370228','option2','11','deportistas/March2020/m5VLK7v0vapsiHFRTjPI.png','1','1998-11-17'),(117,NULL,'2020-03-09 19:07:35','2020-03-09 19:07:35','Sofia Belen','Castillo','Segovia','4235243','option2','11','deportistas/March2020/bGhuHZhPyBHPPlW6Dv7t.png','1','1997-07-05'),(118,NULL,'2020-03-09 19:32:25','2020-03-09 19:32:25','Alexei','Perez','Hurtado','7987980','option1','11','deportistas/March2020/x3g1581njGyS1YVXBj5H.png','5','1986-01-31'),(119,NULL,'2020-03-09 19:40:28','2020-03-09 19:40:28','Javier Fernando','Miralles','Moreno','8532556','option1','11','deportistas/March2020/p6ReDAd5Lp81cNw55F8l.png','5','1983-12-25'),(120,NULL,'2020-03-09 19:43:16','2020-03-09 19:43:16','Renato Fabrizio','Fretes','Rodriguez','4994619','option1','11','deportistas/March2020/ejVAevH7RRGUuZn8Cwf4.png','5','2002-01-26'),(121,NULL,'2020-03-09 19:50:07','2020-03-10 19:09:56','CARLOS RUBEN','NARVAEZ','HIDALGO','21.221.190-7','option1','7','deportistas/March2020/qIRyVUtg8W58bA2yEpBu.jpeg','5','2003-01-17'),(122,NULL,'2020-03-09 19:53:37','2020-03-09 19:53:37','Martin Sebastian','Mainero','Sarubbi','3486090','option1','11','deportistas/March2020/QdFGTWordMWxXgg3V27e.png','5','1990-05-19'),(123,NULL,'2020-03-09 19:59:40','2020-03-09 19:59:40','Jose Federico','Pucciarelli','Schaefer','4334186','option1','11','deportistas/March2020/uyhk7v1OjCyC6bRfVoDr.png','5','1997-04-04'),(124,NULL,'2020-03-09 20:05:14','2020-03-09 20:05:14','Carlos Alberto','Gomez','Moran','4890152','option1','11','deportistas/March2020/LCiqEeEUGanuEXqdnY68.png','5','1991-03-28'),(125,NULL,'2020-03-09 20:16:01','2020-03-09 20:16:01','Pablo Andres','Nuñez','Almeida','4603162','option1','11','deportistas/March2020/aR688l3S6d9I7KRYzXbZ.png','5','1993-09-27'),(126,NULL,'2020-03-09 20:17:48','2020-03-09 20:17:48','Mario Sila','Olmedo','Gonzalez','2360587','option1','11','deportistas/March2020/Cy8spsiQJ0NscjobQ9zf.png','5','1978-10-25'),(127,NULL,'2020-03-09 20:19:22','2020-03-09 20:19:22','Joaquin','Urbieta','Dinatale','5691145','option1','11','deportistas/March2020/exzSFNfqINv5Ajk8Wdc3.png','5','2005-10-23'),(128,NULL,'2020-03-09 20:20:18','2020-03-09 20:20:18','Guillermo','Urbieta','Acosta','1432248','option1','11','deportistas/March2020/JrRiDhCJkbtGB21E7W3n.png','5','1982-08-04'),(129,NULL,'2020-03-09 20:28:08','2020-03-09 20:28:08','Juan Matias','Quiroz','Salomon','4980166','option1','11','deportistas/March2020/HS8maBSEVoYBYj4V7CsU.png','5','1995-06-21'),(130,NULL,'2020-03-09 20:30:00','2020-03-09 20:30:00','Alejandro','Galiano','-','4618281','option1','11','deportistas/March2020/td2BbNDPUm0dYFZGc5M3.png','5','1994-12-21'),(131,NULL,'2020-03-09 20:52:57','2020-03-09 20:52:57','Sebastian','martinez','Sanabria','5593278','option1','11','deportistas/March2020/BX8uaK4Mao1QLDWd3LDW.png','5','2004-12-09'),(132,NULL,'2020-03-09 21:03:24','2020-03-09 21:03:24','Elena victoria','Fernandez','Ruiz Diaz','42554830','option2','11','deportistas/March2020/5tMT4D1GSLfwSs82ndLY.png','5','1991-01-13'),(133,NULL,'2020-03-09 21:05:02','2020-03-09 21:05:02','Ruth Laura','Pucciarelli','Schaefer','2599119','option2','11','deportistas/March2020/kEfBfDwYrAUXgM9cgbkY.png','5','1988-11-05'),(134,NULL,'2020-03-09 21:07:20','2020-03-09 21:07:20','Teresa Beatriz','Fernandez','Ruiz Diaz','4354829','option2','11','deportistas/March2020/2cdamt5XlBuigqUoV6Gb.png','5','1989-10-15'),(135,NULL,'2020-03-09 21:08:41','2020-03-09 21:08:41','Maria','Lopez','Nery Huerta','4188384','option2','11','deportistas/March2020/hsDJ30TmgCikSP9P2Bbp.png','5','1993-02-20'),(136,NULL,'2020-03-09 21:10:19','2020-03-09 21:10:19','Ingrid Marlis','Feltes','Casola','3205401','option2','11','deportistas/March2020/aKxtCxCJF3dkCtpGgrxI.png','5','1989-02-22'),(137,NULL,'2020-03-09 21:12:20','2020-03-09 21:12:20','Wendy Natalia','Aguilar','Roa','5007021','option2','11','deportistas/March2020/1eKsYMJhTT7aQO9pCQCc.png','5','2001-10-14'),(138,NULL,'2020-03-09 21:17:31','2020-03-09 21:17:31','Paula Agostina','Zotti','De Hollanda','5278340','option2','11','deportistas/March2020/mfsmm8fmVbZqlQYn05fi.png','5','2001-02-22'),(139,NULL,'2020-03-09 21:18:55','2020-03-09 21:18:55','Lujan','Amarilla','Vargas','3529662','option2','11','deportistas/March2020/dcJoEBii4ZcuWkWdXFuM.png','5','1993-07-13'),(140,NULL,'2020-03-09 21:19:47','2020-03-09 21:19:47','Maria Belen','Garcete','Achon','4912129','option2','11','deportistas/March2020/eIsxBCPij2mC29fEqxyT.png','5','1995-06-02'),(141,NULL,'2020-03-09 21:20:52','2020-03-09 21:20:52','Liz Paola','Estigarribia','Almeida','4742197','option2','11','deportistas/March2020/9M9FLhgOyKxhuAtMf6Kf.png','5','1995-11-07'),(142,NULL,'2020-03-09 21:21:54','2020-03-09 21:21:54','Laura Ayelen','Locatti','Gimenez','5389809','option2','11','deportistas/March2020/gobVfAWCTgrFZcdzL9Ny.png','5','2003-01-20'),(143,NULL,'2020-03-09 21:22:47','2020-03-09 21:22:47','Adriana Benita','Arias','Alvarenga','1074630','option2','11','deportistas/March2020/eCGfKlSURN30la1JZprI.png','5','1979-07-30'),(144,NULL,'2020-03-09 21:23:54','2020-03-09 21:23:54','Augusto Rafael','Corrales','Corrales','5283088','option1','11','deportistas/March2020/tndhSzaAtDQIk16byQkp.png','2','2002-10-09'),(145,NULL,'2020-03-09 21:25:02','2020-03-09 21:25:02','Guillermo Rafael','Villalba','Rodriguez','5707256','option1','11','deportistas/March2020/WWntyZEKWHh0fSVshDDu.png','2','2004-03-12'),(146,NULL,'2020-03-09 21:26:20','2020-03-09 21:26:20','Santiago','Bogado','Barreto','5411435','option1','11','deportistas/March2020/DosTWWf1LlkyRNCthp3K.png','2','2004-04-15'),(147,NULL,'2020-03-09 21:29:13','2020-03-09 21:29:13','Ignacio Manuel','Talavera','Pallares','5393753','option1','11','deportistas/March2020/rq9DSbtV9J7YWvMsNQPL.png','2','2006-06-27'),(148,NULL,'2020-03-09 21:36:16','2020-03-09 21:36:16','Maria Rebeca','Da silva','Bejarano','5458640','option2','11','deportistas/March2020/JAH5TH1m2pjGcivhbVrn.png','2','2003-06-22'),(149,NULL,'2020-03-09 21:37:14','2020-03-09 21:37:14','Elma Andrea','Arestivo','Flores','5132676','option2','11','deportistas/March2020/3tnj386sMbIiwWbBRzV5.png','2','2003-11-20'),(150,NULL,'2020-03-09 21:38:19','2020-03-09 21:38:19','Fatima','Decoud','Rivera','5234732','option2','11','deportistas/March2020/XwzaN8LVQ11CFg8zQgHm.png','2','2002-11-21'),(151,NULL,'2020-03-10 21:27:42','2020-03-10 23:39:02','Abril','Aunchayna','Gozategui','5.013.155-0','option2','13','deportistas/March2020/siSAvaJDtvDQFQcNoX4M.jpg','1','1999-08-04'),(152,NULL,'2020-03-10 21:30:42','2020-03-11 00:04:27','Belen	 ','Castro','Fuentes','5.418.751-9','option2','13','deportistas/March2020/QUn6688TW2jbYBcWN3SS.jpg','1','2004-12-01'),(153,NULL,'2020-03-10 21:41:12','2020-03-11 00:07:54','Fernando','Cotelo','-','4.752.411-4','option1','13','deportistas/March2020/wG6qnqYy1ygHFYKWg1fe.jpg','1','1994-12-12'),(154,NULL,'2020-03-10 21:47:01','2020-03-11 00:38:24','María Belén','Cunha','Maianti','4.682.139-9','option2','13','deportistas/March2020/Kx1asMxGbzFelWylqwf7.jpg','1','1995-11-22'),(155,NULL,'2020-03-10 21:49:15','2020-03-11 00:28:46','Pedro','Chiancone','Stanham','4.873.844-7','option1','13','deportistas/March2020/cqojWpsn9KkjjL1XkrII.jpg','1','1997-07-20'),(156,NULL,'2020-03-10 21:51:39','2020-03-11 00:23:27','Sara','Erniaga','Schiaffarino','5.283.194-8','option2','13','deportistas/March2020/TAPklCDEXAcYhp9AIKJX.jpg','1','2001-06-25'),(157,NULL,'2020-03-10 21:53:07','2020-03-11 00:21:40','Gabriel','Fleitas','-','4.677.577-4','option1','13','deportistas/March2020/boc8aFJBT4IlbZMHK9RC.jpg','1','1995-03-20'),(158,NULL,'2020-03-10 21:55:33','2020-03-11 00:13:21','Nicole','Frank','Rodriguez','5.356.989-7','option2','13','deportistas/March2020/tMi9PmvHDUj1Tblp04pv.jpg','1','2003-09-08'),(159,NULL,'2020-03-10 21:59:10','2020-03-10 23:35:50','Andrea','Guerra','Suarez','5.006.332-3','option2','13','deportistas/March2020/4lr4utT2B8smcCGpWdzT.jpg','1','1992-12-12'),(160,NULL,'2020-03-10 22:01:00','2020-03-10 23:27:41','Juan','Kenny','-','5.210.117-7','option1','13','deportistas/March2020/lnu5DOp0iX5YyFIwWrj0.jpg','1','1996-02-02'),(161,NULL,'2020-03-10 22:03:13','2020-03-10 23:17:13','Manuel','Machado','De Benedetti','4.658.935-3','option1','13','deportistas/March2020/Nkrjc1yyukiaabQNGy74.jpg','1','1992-05-22'),(162,NULL,'2020-03-10 22:04:41','2020-03-10 23:15:31','Enzo','Martinez','Scarpr','4.568.414-0','option1','13','deportistas/March2020/4b5h5JjfyfAJjSp3QFQP.jpeg','1','1994-08-15'),(163,NULL,'2020-03-10 22:09:25','2020-03-10 23:14:08','Martín','Melconian','Alvez','4.279.753-6','option1','13','deportistas/March2020/SptRGe5datuhwdWVGfk9.jpg','1','1990-02-01'),(164,NULL,'2020-03-10 22:11:14','2020-03-10 23:04:01','Taissa','Pedreira','Vico','5.192.575-4','option2','13','deportistas/March2020/uGdnKNZJD6KiQZqVvqh4.jpg','1','2001-06-11'),(165,NULL,'2020-03-10 22:12:36','2020-03-10 22:44:28','Ines','Remersaro','Coronel','4.606.890-1','option2','13','deportistas/March2020/7rJyvsajWXJ4Hyx7kdEO.jpg','1','1992-02-12'),(166,NULL,'2020-03-10 22:14:32','2020-03-10 22:38:13','Santiago','Saint-Upery','Diaz','5.081.605-3','option1','13','deportistas/March2020/XjEidvB5zp9kHB1s0KM7.jpg','1','2000-10-31'),(167,NULL,'2020-03-10 22:16:12','2020-03-10 22:34:29','Andrea','Sanchis','Bisio','5.197.912-5','option2','13','deportistas/March2020/r2Nfjy8d8B4KScibgEGi.jpg','1','2002-07-17'),(168,NULL,'2020-03-10 22:17:54','2020-03-10 22:31:35','Micaela','Sierra','-','5.464.822-6','option2','13','deportistas/March2020/DoSaIeKPU4fXizolzFQd.jpg','1','2004-08-06'),(169,NULL,'2020-03-10 22:52:20','2020-03-11 01:51:19','YAMILE NUR NAYIAT','CARRASCO','CHAVEZ','76528842','option2','4','deportistas/March2020/DCD3G1K3h0ms52ORbYw8.jpg','4','2003-10-08'),(170,NULL,'2020-03-10 23:01:46','2020-03-10 23:01:46','MARIA JOSE','CCOYLLO','RUMICHE','71655980','option2','4','deportistas/March2020/upwYyarCyvquFvuAGl8c.jpg','4','2003-10-28'),(171,NULL,'2020-03-10 23:03:12','2020-03-10 23:03:12','FIORELLA CAMILA','DE LA CRUZ','VIVAR','72130338','option2','4','deportistas/March2020/tDXKHCDGfvGVf7lirizq.jpg','4','2000-03-23'),(172,NULL,'2020-03-10 23:06:58','2020-03-10 23:06:58','MARIAFE','LOPEZ','CORONADO','72035135','option2','4','deportistas/March2020/j3zF0dJVhoT1AHdCjFgm.jpg','4','2001-03-07'),(173,NULL,'2020-03-10 23:07:42','2020-03-10 23:07:42','CARLA LUCIA','MORALES','GAMBOA','70452597','option2','4','deportistas/March2020/SF7rkdM4cfofCgPZ9yPQ.jpg','4','1999-12-10'),(174,NULL,'2020-03-10 23:08:29','2020-03-10 23:08:29','ADRIANA FERNANDA','MORAN','VERA','73684230','option2','4',NULL,'4','2004-05-11'),(175,NULL,'2020-03-10 23:10:03','2020-03-10 23:10:03','ANGIE CELESTE','PAREDES','GARAY','74528803','option2','4',NULL,'4','2003-12-30'),(176,NULL,'2020-03-10 23:11:00','2020-03-10 23:11:00','TANIA ALEJANDRA','PATIÑO','HUERTA','76553721','option2','4','deportistas/March2020/Rl1nIn4IukjnfDLhd63u.jpg','4','2001-03-30'),(177,NULL,'2020-03-10 23:12:24','2020-03-10 23:12:24','SANDY','QUIROZ','VILLARAN','72497749','option2','4','deportistas/March2020/waxc2PUbKyC3TAaUl03t.jpg','4','1996-09-03'),(178,NULL,'2020-03-10 23:13:15','2020-03-10 23:13:15','ADRIANA DEL CARMEN','TOULIER','SALCEDO','72914390','option2','4',NULL,'4','2004-07-16'),(179,NULL,'2020-03-10 23:16:13','2020-03-10 23:16:13','ALVARO GONZALO','ARONES','SALAS','71418850','option1','4',NULL,'4','1998-11-08'),(180,NULL,'2020-03-10 23:25:01','2020-03-10 23:25:01','JÚLIA','DIOGO','RODRIGUES VIVIAN','49.834.533-6','option2','6','deportistas/March2020/ZBGsQdRFiwGivTY1wILD.jpg','2','1999-01-03'),(181,NULL,'2020-03-10 23:40:13','2020-03-10 23:40:13','MARIA ALEJANDRA','BRAMONT-ARIAS','GARCIA','72209181','option2','4','deportistas/March2020/ObzmKUUAggOrdEDo9XVx.jpg','2','1999-08-13'),(182,NULL,'2020-03-10 23:41:07','2020-03-11 01:53:30','ALONSO','CASTRO','HABLUTZEL','73357023','option1','4','deportistas/March2020/l1YtMPFQ4u1dD6cnMNJO.jpg','2','2001-09-13'),(183,NULL,'2020-03-10 23:41:50','2020-03-10 23:41:50','FANNY GABRIELA','CCOLLCCA','SANCHEZ','71716809','option2','4','deportistas/March2020/IVIVOXjkzba9fFqLJg7d.jpg','2','2001-05-18'),(184,NULL,'2020-03-10 23:42:37','2020-03-10 23:42:37','DIEGO','SERIDA','MATSUMOTO','73994978','option1','4','deportistas/March2020/V0VMh6vJZHiNRX7vyQSu.jpg','2','1999-02-19'),(185,NULL,'2020-03-10 23:58:30','2020-03-11 01:54:20','JOSHUA ANDRE','BALBI','ALAYO','81665412','option1','4','deportistas/March2020/jm5UAUBk57NjkWlHzdHz.jpg','1','2002-03-23'),(186,NULL,'2020-03-11 00:00:17','2020-03-11 00:00:17','MARIA ALEJANDRA','BRAMONT-ARIAS','GARCIA','72209181','option2','4','deportistas/March2020/zPlS28I2mF4UfmBYwMrg.jpg','1','1999-08-13'),(187,NULL,'2020-03-11 00:01:28','2020-03-11 00:01:28','CIBELLE','JUNGBLUT','EICHELBERGER','9121527833','option2','6','deportistas/March2020/UrGL4duRzvNWHCpkqoXn.jpg','2','2003-05-07'),(188,NULL,'2020-03-11 00:01:34','2020-03-11 00:01:34','SILVANA CLAUDIA','CABRERA','CORNEJO','70667064','option2','4','deportistas/March2020/aU5BQxdtM1QEbKMCA68c.jpg','1','2001-09-14'),(189,NULL,'2020-03-11 00:03:14','2020-03-11 00:03:14','MCKENNA VICTORIA','DE BEVER','ELLIOT','61889683','option2','4','deportistas/March2020/E9PTw2DCSXALsyEEaA66.jpg','1','1996-06-05'),(190,NULL,'2020-03-11 00:03:57','2020-03-11 00:03:57','RICARDO OCTAVIO','ESPINOSA','WILLIG','78375130','option1','4','deportistas/March2020/caO83jrbw8Dy4ChYuD1u.jpg','1','2002-03-22'),(191,NULL,'2020-03-11 00:05:45','2020-03-11 00:05:45','JÚLIA','NINA','LEAL','0367597320099','option2','6','deportistas/March2020/wZ1266Wn9Np5XwF0zwXr.jpg','2','2001-11-18'),(192,NULL,'2020-03-11 00:06:38','2020-03-11 00:06:38','GUSTAVO GIOVANNI','GUTIERREZ','LOZANO','70746637','option1','4','deportistas/March2020/2aos7cvosPo357GSLvME.jpg','1','1998-12-26'),(193,NULL,'2020-03-11 00:07:34','2020-03-11 00:07:34','CHRISTIAN','MAYER','MARTINELLI','70795852','option1','4','deportistas/March2020/Hl0z3hE1NoOrBNzWBQxo.jpg','1','1998-02-14'),(194,NULL,'2020-03-11 00:09:14','2020-03-11 00:09:14','MARIA FE','MUÑOZ','MACHUCA','73817296','option2','4','deportistas/March2020/5SsAQKo9XaU46XYpm8dJ.jpg','1','1999-06-20'),(195,NULL,'2020-03-11 00:10:29','2020-03-11 00:10:29','Henrique','Figueirinha','Ferreira','52181196x','option2','6','deportistas/March2020/4D9AMHyAih3XaH5YDrOA.jpg','2','2000-07-17'),(196,NULL,'2020-03-11 00:13:05','2020-03-11 00:13:05','MACKENZIE SUSANA','NEDOM','RODRIGUEZ','81426477','option2','4','deportistas/March2020/0KEVsInAFcYW9R607LVZ.jpg','1','2004-03-12'),(197,NULL,'2020-03-11 00:14:19','2020-03-11 01:56:04','RAFAEL NICOLAS','PONCE DE LEON','CASTILLA','74166714','option1','4','deportistas/March2020/Iz6B8oBgaFeg7VONXxtm.jpg','1','2000-11-27'),(198,NULL,'2020-03-11 00:15:15','2020-03-11 00:15:15','ALEXIA PATRICIA','SOTOMAYOR','ACUÑA','70483483','option2','4','deportistas/March2020/LbcRQro3bR8TrpeTj49S.jpg','1','2006-07-18'),(199,NULL,'2020-03-11 00:15:16','2020-03-11 00:15:16','BRUCE','DE ALMEIDA','HANSON CRUZ','36.365.213-9','option1','6','deportistas/March2020/iLPxB1qXFeUcIvYrE1k1.jpg','2','1998-07-22'),(200,NULL,'2020-03-11 00:16:25','2020-03-11 00:16:25','JOAQUIN DANIEL','VARGAS','GALLO','75999420','option1','4','deportistas/March2020/9wVEcGULFuC9IQtQe6ol.jpg','1','2002-02-19'),(201,NULL,'2020-03-11 00:17:21','2020-03-11 00:17:21','LUIS ALEXANDER','VILCHEZ','MERCADO','71212001','option1','4','deportistas/March2020/zrgANjOB63XxPIWmicwR.jpg','1','2000-06-22'),(202,NULL,'2020-03-11 00:18:41','2020-03-11 00:18:41','ENZO','KIHARA','PUTINATI','533437271','option1','6','deportistas/March2020/1Ljy1Lsysdqt8wXmbBv0.jpg','2','2000-06-12'),(203,NULL,'2020-03-11 00:23:58','2020-03-11 00:23:58','FACUNDO','MEZA','ORE','71701743','option1','4','deportistas/March2020/MYQ8nqUMZ2Wl0E83KD0H.jpg','3','2001-03-03'),(204,NULL,'2020-03-11 00:25:07','2020-03-11 00:25:07','DANIEL  ALFREDO','PINTO','SOTO','61916579','option1','4','deportistas/March2020/jogRPvjLMp6LxmcuhdZ0.jpg','3','1999-02-18'),(205,NULL,'2020-03-11 00:26:04','2020-03-11 00:26:04','ANA CRISTINA','RICCI','CABREJOS','70596983','option2','4','deportistas/March2020/zjzTfKPRP3uDUrnTicjc.jpg','3','2006-12-21'),(206,NULL,'2020-03-11 00:26:51','2020-03-11 00:26:51','MAYTE CAMILA','SALINAS','LIMACO','49007818','option2','4','deportistas/March2020/jRokkqWG5HYhsQrFpVww.jpg','3','1999-06-21'),(207,NULL,'2020-03-11 00:45:57','2020-03-11 00:45:57','NICOLAS SEBASTIAN','ACEVEDO','AQUINO','71336181','option1','4','deportistas/March2020/CBCvxAcrG53BHIX7dyYT.jpg','5','2001-10-10'),(208,NULL,'2020-03-11 00:46:46','2020-03-11 00:46:46','VICTOR GABRIEL','AGUILERA','GUERRERO','75739799','option1','4','deportistas/March2020/mfGarnmkFDWIeNehOWNN.jpg','5','2000-08-12'),(209,NULL,'2020-03-11 00:47:30','2020-03-11 00:47:30','JULIO EDUARDO','ALZAMORA','GARCIA','71509419','option1','4','deportistas/March2020/q8aR2VDcsMN8cnq38zUi.jpg','5','2000-09-14'),(210,NULL,'2020-03-11 00:49:47','2020-03-11 00:49:47','ULISES EDUARDO','ANGULO','HUAMAN','71483501','option1','4','deportistas/March2020/pJ4AahcmEbQPhNgDDKJX.jpg','5','1996-01-20'),(211,NULL,'2020-03-11 00:52:29','2020-03-11 00:52:29','SCARLETT ELIZABETH','BACA','ANGLAS','71337575','option2','4','deportistas/March2020/55EJK44q3G7HPr8CXFLz.jpg','5','2000-09-30'),(212,NULL,'2020-03-11 00:53:41','2020-03-11 00:53:41','GRECIA','BOJORQUEZ','APAESTIGA','72657279','option2','4','deportistas/March2020/t5f8fPnUI1pkEXUye81l.jpg','5','2002-01-15'),(213,NULL,'2020-03-11 00:54:25','2020-03-11 00:54:25','ARIANA','BURGA','ACHA','76372114','option2','4','deportistas/March2020/8wbhS7r4wkqmKpcAKBW0.jpg','5','2000-04-27'),(214,NULL,'2020-03-11 00:55:29','2020-03-11 00:55:29','YRAYA ODETH','CHAVEZ','PALOMINO','76367705','option2','4','deportistas/March2020/4TFOnCp4LJE2wLWq1u1o.jpg','5','2001-11-09'),(215,NULL,'2020-03-11 00:56:46','2020-03-11 00:56:46','DIANA','GARNICA','FRANCO','72519340','option2','4','deportistas/March2020/Wz7QDhKv7E3WCnYKdNCc.jpg','5','2001-01-09'),(216,NULL,'2020-03-11 00:57:44','2020-03-11 00:57:44','EDUARDO','GRANDEZ','CARDENAS','72527019','option1','4','deportistas/March2020/hqWS4dlhQKQMI4HVKUER.jpg','5','1995-04-20'),(217,NULL,'2020-03-11 00:59:09','2020-03-11 00:59:09','YAMIL FARID','LEON','RAMIREZ','74050624','option1','4','deportistas/March2020/oRIfVr744Zb3OWlyjth7.jpg','5','2002-12-03'),(218,NULL,'2020-03-11 01:00:38','2020-03-11 01:00:38','ELISA','LOPEZ','DEZA','81696680','option2','4',NULL,'5','2000-07-27'),(219,NULL,'2020-03-11 01:01:52','2020-03-11 01:01:52','MELANI','LOPEZ','SU','72152183','option2','4','deportistas/March2020/Ko6SKsvhWGkYKWDz0zoM.jpg','5','2000-08-09'),(220,NULL,'2020-03-11 01:03:02','2020-03-11 01:03:02','MARIA FE','MENACHO','HUAPAYA','74889331','option2','4','deportistas/March2020/NhY0z8O2ZgubPTk84ecN.jpg','5','2000-02-14'),(221,NULL,'2020-03-11 01:04:11','2020-03-11 01:04:11','MIRANDA','NIETO','CEBREROS','71319070','option2','4','deportistas/March2020/Qcq1IXE1EuVTqyPhg3UV.jpg','5','2001-03-01'),(222,NULL,'2020-03-11 01:05:10','2020-03-11 01:05:10','GRECIA','NOLASCO','FALEN','61288344','option2','4','deportistas/March2020/jYGU4SP9yRKJiVEc13K7.jpg','5','2003-09-29'),(223,NULL,'2020-03-11 01:29:54','2020-03-11 01:30:21','SEBASTIAN','PASTOR','VALENZUELA','70336778','option1','4','deportistas/March2020/5fLmVo4uZTDK7N3PRJpN.jpg','5','2000-07-26'),(224,NULL,'2020-03-11 01:31:10','2020-03-11 01:31:10','JOAQUIN','ROBINSON','CUADROS','71307105','option1','4','deportistas/March2020/x0LRSZQbsbDcc6ZWjVCT.jpg','5','2000-05-03'),(225,NULL,'2020-03-11 01:31:59','2020-03-11 01:31:59','LORENZO','RODRIGUEZ','CARRANZA','76510336','option1','4','deportistas/March2020/K7cmfW8Lieo4ePEqUlt3.jpg','5','2003-08-20'),(226,NULL,'2020-03-11 01:33:00','2020-03-11 01:33:00','REBECA','RODRIGUEZ','PINTO','81726366','option2','4','deportistas/March2020/i4LozmkhZERyCZMt508D.jpg','5','2002-06-21'),(227,NULL,'2020-03-11 01:33:57','2020-03-11 01:33:57','ARELI','ROLANDO','SINARAHUA','72569408','option2','4','deportistas/March2020/OuzUWguaFGZ3tR8AwwvM.jpg','5','2001-10-25'),(228,NULL,'2020-03-11 01:34:51','2020-03-11 01:34:51','ANDRES','SIMAUCHI','FERNANDEZ','48872655','option1','4','deportistas/March2020/kBVuZkoz4HwLPiVjomLy.JPG','5','1990-03-21'),(229,NULL,'2020-03-11 01:36:03','2020-03-11 01:36:03','ABIGAIL','SIRIO','URQUIZA','71208749','option2','4','deportistas/March2020/QxIhpw7ofh606AI34ayG.jpg','5','1998-10-01'),(230,NULL,'2020-03-11 01:38:05','2020-03-11 01:38:05','ALFREDO','TASSANO','GARCIA','71835029','option1','4','deportistas/March2020/bzLAgCOCAqhqnbTre7ji.jpg','5','2001-04-06'),(231,NULL,'2020-03-11 01:39:07','2020-03-11 01:39:07','DIEGO','VILLAR','OSTERLING','74735153','option1','4','deportistas/March2020/RBuQ76O9UAwg32clXKSY.jpg','5','1998-04-16'),(232,NULL,'2020-03-11 01:40:00','2020-03-11 01:40:00','NICOLAS','VILLAR CORDOVA','ALVA','76923832','option1','4','deportistas/March2020/6iYgBQzC1VN0F5CStGuZ.jpg','5','1999-03-20'),(233,NULL,'2020-03-11 02:16:52','2020-03-11 02:16:52','Felipe','Lopez','-Lanz','5.375.438-7','option1','13',NULL,'2','2002-10-03'),(234,NULL,'2020-03-11 02:18:58','2020-03-11 02:55:27','Angela Maiza','Cardozo','Silvera','5.325.582-0','option2','13','deportistas/March2020/2pTtTzMbpCKFPTfK7GCK.jpg','2','2003-06-14'),(235,NULL,'2020-03-11 02:20:55','2020-03-11 02:20:55','Maximilano','Paccot','Piriz','4.680.564-0','option1','13',NULL,'2','1996-05-26'),(236,NULL,'2020-03-11 02:23:03','2020-03-11 02:23:03','CONSTANZA','FERREIRA','HIRSIGGER','5.460.417-1','option2','13',NULL,'2','2004-10-15');

--
-- Table structure for table `disciplinas`
--

CREATE TABLE `disciplinas` (
  `id` int(10) unsigned NOT NULL AUTO_INCREMENT,
  `nombre` tinytext COLLATE utf8mb4_unicode_ci,
  `created_at` timestamp NULL DEFAULT NULL,
  `updated_at` timestamp NULL DEFAULT NULL,
  `deleted_at` timestamp NULL DEFAULT NULL,
  PRIMARY KEY (`id`)
) ENGINE=InnoDB AUTO_INCREMENT=6 DEFAULT CHARSET=utf8mb4 COLLATE=utf8mb4_unicode_ci;

--
-- Dumping data for table `disciplinas`
--

INSERT INTO `disciplinas` VALUES (1,'Natacion','2020-02-23 14:15:21','2020-02-23 14:15:21',NULL),(2,'Aguas Abiertas','2020-02-23 14:15:43','2020-02-23 14:15:43',NULL),(3,'Clavados','2020-02-23 14:15:55','2020-02-23 14:15:55',NULL),(4,'Natacion Artistica','2020-02-23 14:16:12','2020-02-23 14:16:12',NULL),(5,'Polo Acuatico','2020-02-23 14:16:25','2020-02-23 14:16:25',NULL);

--
-- Table structure for table `exports`
--

CREATE TABLE `exports` (
  `id` int(10) unsigned NOT NULL AUTO_INCREMENT,
  `model` tinytext COLLATE utf8mb4_unicode_ci,
  `created_at` timestamp NULL DEFAULT NULL,
  `updated_at` timestamp NULL DEFAULT NULL,
  `deleted_at` timestamp NULL DEFAULT NULL,
  PRIMARY KEY (`id`)
) ENGINE=InnoDB AUTO_INCREMENT=16 DEFAULT CHARSET=utf8mb4 COLLATE=utf8mb4_unicode_ci;

--
-- Dumping data for table `exports`
--

INSERT INTO `exports` VALUES (1,NULL,'2020-03-03 00:26:49',NULL,NULL),(2,NULL,'2020-03-03 03:19:47',NULL,NULL),(3,NULL,'2020-03-03 03:20:58',NULL,NULL),(4,NULL,'2020-03-03 03:21:43',NULL,NULL),(5,NULL,'2020-03-03 03:25:31',NULL,NULL),(6,NULL,'2020-03-03 03:26:07',NULL,NULL),(7,NULL,'2020-03-03 03:26:15',NULL,NULL),(8,NULL,'2020-03-03 03:26:53',NULL,NULL),(9,NULL,'2020-03-03 03:27:22',NULL,NULL),(10,NULL,'2020-03-03 03:29:27',NULL,NULL),(11,NULL,'2020-03-03 03:30:20',NULL,NULL),(12,NULL,'2020-03-03 03:31:51',NULL,NULL),(13,NULL,'2020-03-03 03:32:54',NULL,NULL),(14,NULL,'2020-03-03 03:34:11',NULL,NULL),(15,NULL,'2020-03-03 03:35:23',NULL,NULL);

--
-- Table structure for table `inscripciones`
--

CREATE TABLE `inscripciones` (
  `id` int(10) unsigned NOT NULL AUTO_INCREMENT,
  `created_at` timestamp NULL DEFAULT NULL,
  `updated_at` timestamp NULL DEFAULT NULL,
  `deleted_at` timestamp NULL DEFAULT NULL,
  `deportista_id` tinytext COLLATE utf8mb4_unicode_ci,
  `prueba_id` tinytext COLLATE utf8mb4_unicode_ci,
  `marca` tinytext COLLATE utf8mb4_unicode_ci,
  PRIMARY KEY (`id`)
) ENGINE=InnoDB AUTO_INCREMENT=275 DEFAULT CHARSET=utf8mb4 COLLATE=utf8mb4_unicode_ci;

--
-- Dumping data for table `inscripciones`
--

INSERT INTO `inscripciones` VALUES (2,'2020-03-09 01:03:43','2020-03-09 01:03:43',NULL,'36','39','00:00:33:97'),(3,'2020-03-09 01:06:20','2020-03-09 01:06:20',NULL,'36','53','00:01:00:38'),(4,'2020-03-09 01:07:11','2020-03-09 01:07:11',NULL,'36','65','00:02:52:42'),(5,'2020-03-09 01:07:39','2020-03-09 01:07:39',NULL,'36','46','00:00:27:89'),(6,'2020-03-09 01:11:14','2020-03-09 01:11:14',NULL,'35','30','00:01:48:92'),(7,'2020-03-09 01:12:37','2020-03-09 01:12:37',NULL,'35','47','00:00:22:84'),(8,'2020-03-09 01:14:55','2020-03-09 01:14:55',NULL,'35','54','00:00:49:08'),(9,'2020-03-09 01:16:01','2020-03-09 01:16:01',NULL,'35','40','00:00:28:90'),(11,'2020-03-09 01:18:17','2020-03-09 01:18:17',NULL,'36','35','00:01:12:79'),(12,'2020-03-09 01:30:03','2020-03-09 01:30:03',NULL,'37','29','00:02:05:66'),(13,'2020-03-09 17:49:41','2020-03-09 17:49:41',NULL,'109','26',NULL),(14,'2020-03-09 17:50:07','2020-03-09 17:50:07',NULL,'111','26',NULL),(15,'2020-03-09 17:50:22','2020-03-09 17:50:22',NULL,'110','24',NULL),(16,'2020-03-09 18:02:52','2020-03-09 18:02:52',NULL,'102','40','00:00:30:10'),(17,'2020-03-09 18:03:42','2020-03-09 18:03:42',NULL,'102','47','00:00:23:35'),(18,'2020-03-09 18:04:07','2020-03-09 18:04:07',NULL,'102','58','00:00:25:27'),(19,'2020-03-09 18:05:03','2020-03-09 18:05:03',NULL,'102','64','00:00:56:28'),(20,'2020-03-09 18:07:13','2020-03-09 18:07:13',NULL,'108','34','00:00:58:40'),(21,'2020-03-09 18:07:39','2020-03-09 18:07:39',NULL,'108','56','00:00:26:67'),(22,'2020-03-09 18:08:02','2020-03-09 18:08:02',NULL,'108','58','00:00:25:31'),(23,'2020-03-09 18:09:47','2020-03-09 18:09:47',NULL,'107','36','00:01:04:09'),(24,'2020-03-09 18:10:14','2020-03-09 18:10:14',NULL,'107','40','00:00:29:26'),(25,'2020-03-09 22:52:46','2020-03-09 22:52:46',NULL,'27','33','00:01:04:36'),(26,'2020-03-09 22:53:36','2020-03-09 22:53:36',NULL,'27','41','00:02:18:77'),(27,'2020-03-09 22:54:12','2020-03-09 22:54:12',NULL,'27','55','00:00:30:47'),(28,'2020-03-09 22:54:44','2020-03-09 22:54:44',NULL,'27','63','00:01:04:88'),(29,'2020-03-09 22:55:18','2020-03-09 22:55:18',NULL,'28','35','00:01:15:06'),(30,'2020-03-09 22:55:44','2020-03-09 22:55:44',NULL,'28','39','00:00:34:90'),(31,'2020-03-09 22:56:46','2020-03-09 22:56:46',NULL,'28','59','00:05:19:30'),(32,'2020-03-09 22:57:14','2020-03-09 22:57:14',NULL,'28','65','00:02:40:18'),(33,'2020-03-09 23:00:08','2020-03-09 23:00:08',NULL,'29','29','00:02:05:77'),(34,'2020-03-09 23:00:36','2020-03-09 23:00:36',NULL,'29','46','00:00:26:90'),(35,'2020-03-09 23:00:44','2020-03-09 23:00:44',NULL,'29','46','00:00:26:90'),(36,'2020-03-09 23:01:13','2020-03-09 23:01:13',NULL,'29','53','00:00:57:89'),(37,'2020-03-09 23:01:44','2020-03-09 23:01:44',NULL,'29','63','00:01:02:90'),(38,'2020-03-09 23:02:16','2020-03-09 23:02:16',NULL,'31','33','00:01:03:79'),(39,'2020-03-09 23:02:40','2020-03-09 23:02:40',NULL,'31','41','00:02:18:90'),(40,'2020-03-09 23:03:13','2020-03-09 23:03:13',NULL,'31','55','00:00:30:77'),(41,'2020-03-09 23:07:12','2020-03-09 23:07:12',NULL,'30','29','00:02:11:87'),(42,'2020-03-09 23:07:44','2020-03-09 23:07:44',NULL,'30','46','00:00:27:60'),(43,'2020-03-09 23:09:18','2020-03-09 23:09:18',NULL,'30','53','00:00:59:67'),(44,'2020-03-09 23:13:01','2020-03-09 23:13:01',NULL,'38','30','00:01:51:78'),(45,'2020-03-09 23:13:33','2020-03-09 23:13:33',NULL,'38','49','00:02:00:42'),(46,'2020-03-09 23:14:32','2020-03-09 23:14:32',NULL,'38','54','00:00:51:04'),(47,'2020-03-09 23:15:04','2020-03-09 23:15:04',NULL,'38','64','00:00:54:60'),(48,'2020-03-09 23:59:56','2020-03-09 23:59:56',NULL,'40','30','00:01:51:94'),(49,'2020-03-10 00:01:17','2020-03-10 00:01:17',NULL,'40','47','00:00:23:90'),(50,'2020-03-10 00:02:00','2020-03-10 00:02:00',NULL,'40','54','00:00:51:50'),(51,'2020-03-10 00:03:19','2020-03-10 00:03:19',NULL,'46','49','00:02:04:65'),(52,'2020-03-10 00:04:32','2020-03-10 00:04:32',NULL,'46','58','00:00:25:21'),(53,'2020-03-10 00:05:08','2020-03-10 00:05:08',NULL,'46','64','00:00:55:23'),(54,'2020-03-10 00:05:13','2020-03-10 00:05:13',NULL,'46','64','00:00:55:23'),(55,'2020-03-10 00:05:45','2020-03-10 00:05:45',NULL,'44','47','00:00:23:06'),(56,'2020-03-10 00:06:49','2020-03-10 00:08:44',NULL,'44','58','00:00:25:15'),(57,'2020-03-10 00:09:09','2020-03-10 00:09:09',NULL,'42','34','00:00:58:78'),(58,'2020-03-10 00:10:31','2020-03-10 00:10:31',NULL,'42','36','00:01:06:47'),(59,'2020-03-10 00:11:00','2020-03-10 00:11:00',NULL,'42','40','00:00:30:24'),(60,'2020-03-10 00:11:24','2020-03-10 00:11:24',NULL,'42','56','00:00:27:86'),(61,'2020-03-10 00:12:26','2020-03-10 00:12:26',NULL,'41','36','00:01:03:63'),(62,'2020-03-10 00:12:48','2020-03-10 00:12:48',NULL,'41','40','00:00:28:80'),(63,'2020-03-10 00:13:20','2020-03-10 00:13:20',NULL,'41','66','00:02:20:48'),(64,'2020-03-10 00:15:54','2020-03-10 00:15:54',NULL,'45','32','00:02:07:38'),(65,'2020-03-10 00:16:26','2020-03-10 00:16:26',NULL,'45','60','00:04:37:20'),(66,'2020-03-10 00:18:23','2020-03-10 00:18:23',NULL,'43','44','00:03:58:91'),(67,'2020-03-10 00:19:01','2020-03-10 00:19:01',NULL,'43','51','00:08:22:28'),(68,'2020-03-10 00:19:26','2020-03-10 00:19:26',NULL,'43','68','00:15:56:22'),(69,'2020-03-10 00:19:48','2020-03-10 00:19:48',NULL,'39','34','00:00:58:51'),(70,'2020-03-10 00:20:15','2020-03-10 00:20:15',NULL,'39','42','00:02:08:87'),(71,'2020-03-10 00:20:44','2020-03-10 00:20:44',NULL,'39','56','00:00:27:34'),(72,'2020-03-10 13:47:41','2020-03-10 13:47:41',NULL,'37','46','00:00:25:61'),(73,'2020-03-10 13:48:25','2020-03-10 13:48:25',NULL,'37','53','00:00:56:78'),(74,'2020-03-10 16:55:05','2020-03-10 16:55:05',NULL,'90','3',NULL),(75,'2020-03-10 16:55:44','2020-03-10 16:55:44',NULL,'90','9',NULL),(76,'2020-03-10 16:56:33','2020-03-10 16:56:33',NULL,'90','14',NULL),(77,'2020-03-10 16:57:01','2020-03-10 16:57:01',NULL,'95','10',NULL),(78,'2020-03-10 16:57:25','2020-03-10 16:57:25',NULL,'95','2',NULL),(79,'2020-03-10 16:57:51','2020-03-10 16:57:51',NULL,'95','4',NULL),(80,'2020-03-10 16:58:26','2020-03-10 16:58:26',NULL,'95','8',NULL),(81,'2020-03-10 16:59:15','2020-03-10 16:59:15',NULL,'93','10',NULL),(82,'2020-03-10 16:59:38','2020-03-10 16:59:38',NULL,'93','4',NULL),(83,'2020-03-10 16:59:54','2020-03-10 16:59:54',NULL,'93','2',NULL),(84,'2020-03-10 17:00:18','2020-03-10 17:00:18',NULL,'97','13',NULL),(85,'2020-03-10 17:13:15','2020-03-10 17:13:15',NULL,'82','30','00:01:52:83'),(86,'2020-03-10 17:14:49','2020-03-10 17:14:49',NULL,'82','47','00:00:22:97'),(87,'2020-03-10 17:15:56','2020-03-10 17:15:56',NULL,'82','54','00:00:49:33'),(88,'2020-03-10 17:16:40','2020-03-10 17:16:40',NULL,'82','58','00:00:23:98'),(89,'2020-03-10 17:19:17','2020-03-10 17:19:17',NULL,'82','64','00:00:53:43'),(90,'2020-03-10 17:23:11','2020-03-10 17:23:11',NULL,'84','34','00:00:55:42'),(91,'2020-03-10 17:25:49','2020-03-10 17:25:49',NULL,'84','42','00:02:03:31'),(92,'2020-03-10 17:26:33','2020-03-10 17:26:33',NULL,'84','56','00:00:25:15'),(93,'2020-03-10 17:28:11','2020-03-10 17:28:11',NULL,'87','36','00:01:01:65'),(94,'2020-03-10 17:30:49','2020-03-10 17:30:49',NULL,'87','40','00:00:27:30'),(95,'2020-03-10 17:34:08','2020-03-10 17:34:08',NULL,'89','32','00:02:06:11'),(96,'2020-03-10 17:35:52','2020-03-10 17:35:52',NULL,'89','42','00:02:03:95'),(97,'2020-03-10 17:36:57','2020-03-10 17:36:57',NULL,'91','32','00:02:07:32'),(98,'2020-03-10 17:37:54','2020-03-10 17:37:54',NULL,'91','44','00:04:00:39'),(99,'2020-03-10 17:39:15','2020-03-10 17:39:15',NULL,'91','51','00:08:35:79'),(100,'2020-03-10 17:39:52','2020-03-10 17:39:52',NULL,'91','60','00:04:29:42'),(101,'2020-03-10 17:40:40','2020-03-10 17:40:40',NULL,'91','66','00:02:23:68'),(102,'2020-03-10 17:42:07','2020-03-10 17:42:07',NULL,'92','36','00:01:06:94'),(103,'2020-03-10 17:43:54','2020-03-10 17:43:54',NULL,'92','40','00:00:30:82'),(104,'2020-03-10 17:46:04','2020-03-10 17:46:04',NULL,'92','60','00:05:12:47'),(105,'2020-03-10 17:46:33','2020-03-10 17:46:33',NULL,'92','66','00:02:29:82'),(106,'2020-03-10 20:53:21','2020-03-10 20:53:21',NULL,'17','26',NULL),(107,'2020-03-10 20:53:41','2020-03-10 20:53:41',NULL,'17','24',NULL),(108,'2020-03-10 20:54:00','2020-03-10 20:54:00',NULL,'17','28',NULL),(109,'2020-03-10 20:54:22','2020-03-10 20:54:22',NULL,'18','26',NULL),(110,'2020-03-10 20:54:37','2020-03-10 20:54:37',NULL,'18','24',NULL),(111,'2020-03-10 20:54:51','2020-03-10 20:54:51',NULL,'18','28',NULL),(112,'2020-03-10 20:55:07','2020-03-10 20:55:07',NULL,'15','27',NULL),(113,'2020-03-10 20:55:22','2020-03-10 20:55:22',NULL,'16','27',NULL),(114,'2020-03-10 20:55:40','2020-03-10 20:55:40',NULL,'15','28',NULL),(115,'2020-03-10 20:56:03','2020-03-10 20:56:03',NULL,'16','28',NULL),(116,'2020-03-10 21:01:46','2020-03-10 21:01:46',NULL,'4','25',NULL),(117,'2020-03-10 21:07:12','2020-03-10 21:07:12',NULL,'4','28',NULL),(118,'2020-03-10 21:08:18','2020-03-10 21:08:18',NULL,'19','2',NULL),(119,'2020-03-10 21:10:46','2020-03-10 21:10:46',NULL,'19','13',NULL),(120,'2020-03-10 21:11:06','2020-03-10 21:11:06',NULL,'19','10',NULL),(121,'2020-03-10 21:11:27','2020-03-10 21:11:27',NULL,'19','6',NULL),(122,'2020-03-10 21:11:44','2020-03-10 21:11:44',NULL,'20','2',NULL),(123,'2020-03-10 21:11:59','2020-03-10 21:11:59',NULL,'20','6',NULL),(124,'2020-03-10 21:12:23','2020-03-10 21:12:23',NULL,'20','10',NULL),(125,'2020-03-10 21:12:45','2020-03-10 21:12:45',NULL,'20','13',NULL),(126,'2020-03-10 21:13:59','2020-03-10 21:13:59',NULL,'22','3',NULL),(127,'2020-03-10 21:14:21','2020-03-10 21:14:21',NULL,'22','7',NULL),(128,'2020-03-10 21:14:37','2020-03-10 21:14:37',NULL,'22','9',NULL),(129,'2020-03-10 21:15:40','2020-03-10 21:15:40',NULL,'22','12',NULL),(130,'2020-03-10 21:16:13','2020-03-10 21:16:13',NULL,'23','3',NULL),(131,'2020-03-10 21:16:31','2020-03-10 21:16:31',NULL,'23','7',NULL),(132,'2020-03-10 21:16:52','2020-03-10 21:16:52',NULL,'23','9',NULL),(133,'2020-03-10 21:17:11','2020-03-10 21:17:11',NULL,'23','12',NULL),(134,'2020-03-10 21:18:59','2020-03-10 21:18:59',NULL,'22','14',NULL),(135,'2020-03-10 21:19:16','2020-03-10 21:19:16',NULL,'19','14',NULL),(136,'2020-03-10 21:23:01','2020-03-10 21:23:01',NULL,'4','29','00:02:03:82'),(137,'2020-03-10 21:27:51','2020-03-10 21:27:51',NULL,'10','30','00:01:48:10'),(138,'2020-03-10 21:28:14','2020-03-10 21:28:14',NULL,'13','30','00:01:50:12'),(139,'2020-03-10 21:28:43','2020-03-10 21:28:43',NULL,'2','31','00:02:24:88'),(140,'2020-03-10 21:29:19','2020-03-10 21:29:19',NULL,'7','32','00:02:04:32'),(141,'2020-03-10 21:30:00','2020-03-10 21:30:00',NULL,'12','34','00:00:58:11'),(142,'2020-03-10 21:30:32','2020-03-10 21:30:32',NULL,'2','35','00:01:09:74'),(143,'2020-03-10 21:31:04','2020-03-10 21:31:04',NULL,'7','36','00:01:00:48'),(144,'2020-03-10 21:31:33','2020-03-10 21:31:33',NULL,'2','39','00:00:31:84'),(145,'2020-03-10 21:31:59','2020-03-10 21:31:59',NULL,'7','40','00:00:28:37'),(146,'2020-03-10 21:32:26','2020-03-10 21:32:26',NULL,'12','42','00:02:09:51'),(147,'2020-03-10 21:33:11','2020-03-10 21:33:11',NULL,'4','43','00:04:19:57'),(148,'2020-03-10 21:33:37','2020-03-10 21:33:37',NULL,'13','44','00:03:52:27'),(149,'2020-03-10 21:34:13','2020-03-10 21:34:13',NULL,'10','44','00:03:56:04'),(150,'2020-03-10 21:34:55','2020-03-10 21:34:55',NULL,'1','46','00:00:26:08'),(152,'2020-03-10 21:35:57','2020-03-10 21:35:57',NULL,'6','46','00:00:26:88'),(153,'2020-03-10 21:36:23','2020-03-10 21:36:23',NULL,'9','47','00:00:22:40'),(154,'2020-03-10 21:36:45','2020-03-10 21:36:45',NULL,'10','47','00:00:22:61'),(155,'2020-03-10 21:37:28','2020-03-10 21:37:28',NULL,'4','48','00:02:18:07'),(156,'2020-03-10 21:38:16','2020-03-10 21:38:16',NULL,'14','49','00:02:05:41'),(157,'2020-03-10 21:38:49','2020-03-10 21:38:49',NULL,'4','50','00:17:14:38'),(158,'2020-03-10 21:39:20','2020-03-10 21:39:20',NULL,'13','51','00:08:05:43'),(159,'2020-03-10 21:39:43','2020-03-10 21:39:43',NULL,'14','51','00:08:10:50'),(160,'2020-03-10 21:41:04','2020-03-10 21:41:04',NULL,'1','53','00:00:57:57'),(161,'2020-03-10 21:41:38','2020-03-10 21:41:38',NULL,'10','54','00:00:48:94'),(162,'2020-03-10 21:42:10','2020-03-10 21:42:10',NULL,'9','54','00:00:49:74'),(163,'2020-03-10 21:42:37','2020-03-10 21:42:37',NULL,'1','57','00:00:27:72'),(164,'2020-03-10 21:45:53','2020-03-10 21:45:53',NULL,'6','57','00:00:28:55'),(165,'2020-03-10 21:46:56','2020-03-10 21:46:56',NULL,'11','58','00:00:24:76'),(166,'2020-03-10 21:47:27','2020-03-10 21:47:27',NULL,'12','58','00:00:24:95'),(167,'2020-03-10 21:47:55','2020-03-10 21:47:55',NULL,'4','59','00:05:03:30'),(168,'2020-03-10 21:48:22','2020-03-10 21:48:22',NULL,'7','60','00:04:28:85'),(169,'2020-03-10 21:48:50','2020-03-10 21:48:50',NULL,'14','60','00:04:36:50'),(170,'2020-03-10 21:49:29','2020-03-10 21:49:29',NULL,'1','63','00:01:00:01'),(171,'2020-03-10 21:50:16','2020-03-10 21:50:16',NULL,'12','64','00:00:54:51'),(172,'2020-03-10 21:50:45','2020-03-10 21:50:45',NULL,'11','64','00:00:54:62'),(173,'2020-03-10 21:51:16','2020-03-10 21:51:16',NULL,'2','65','00:02:32:98'),(174,'2020-03-10 21:51:40','2020-03-10 21:51:40',NULL,'7','66','00:02:11:15'),(175,'2020-03-10 21:52:03','2020-03-10 21:52:03',NULL,'4','67','00:08:51:68'),(176,'2020-03-10 21:52:36','2020-03-10 21:52:36',NULL,'13','68','00:15:32:66'),(177,'2020-03-10 21:53:03','2020-03-10 21:53:03',NULL,'14','68','00:15:45:04'),(179,'2020-03-10 22:18:59','2020-03-10 22:18:59',NULL,'1','37','00:03:53:89'),(180,'2020-03-10 22:19:23','2020-03-10 22:19:23',NULL,'4','37','00:03:53:89'),(181,'2020-03-10 22:19:49','2020-03-10 22:19:49',NULL,'6','37','00:03:53:89'),(182,'2020-03-10 22:20:15','2020-03-10 22:20:15',NULL,'2','37','00:03:53:89'),(183,'2020-03-10 22:20:47','2020-03-10 22:20:47',NULL,'9','38','00:03:18:79'),(184,'2020-03-10 22:21:08','2020-03-10 22:21:08',NULL,'10','38','00:03:18:79'),(185,'2020-03-10 22:21:31','2020-03-10 22:21:31',NULL,'11','38','00:03:18:79'),(186,'2020-03-10 22:22:01','2020-03-10 22:22:01',NULL,'12','38','00:03:18:79'),(187,'2020-03-10 22:24:33','2020-03-10 22:24:33',NULL,'7','45','00:03:53:72'),(188,'2020-03-10 22:24:57','2020-03-10 22:24:57',NULL,'10','45','00:03:53:72'),(189,'2020-03-10 22:25:23','2020-03-10 22:25:23',NULL,'1','45','00:03:53:72'),(190,'2020-03-10 22:25:53','2020-03-10 22:25:53',NULL,'2','45','00:03:53:72'),(191,'2020-03-10 22:26:44','2020-03-10 22:26:44',NULL,'9','52','00:03:34:53'),(192,'2020-03-10 22:27:09','2020-03-10 22:27:09',NULL,'10','52','00:03:34:53'),(193,'2020-03-10 22:27:33','2020-03-10 22:27:33',NULL,'4','52','00:03:34:53'),(194,'2020-03-10 22:27:54','2020-03-10 22:27:54',NULL,'1','52','00:03:34:53'),(195,'2020-03-10 22:28:47','2020-03-10 22:28:47',NULL,'4','61','00:08:28:27'),(196,'2020-03-10 22:29:19','2020-03-10 22:29:19',NULL,'6','61','00:08:28:27'),(197,'2020-03-10 22:29:42','2020-03-10 22:29:42',NULL,'1','61','00:08:28:27'),(198,'2020-03-10 22:30:11','2020-03-10 22:30:11',NULL,'2','61','00:08:28:27'),(199,'2020-03-10 22:30:44','2020-03-10 22:30:44',NULL,'10','62','00:07:22:59'),(200,'2020-03-10 22:31:09','2020-03-10 22:31:09',NULL,'13','62','00:07:22:59'),(201,'2020-03-10 22:31:32','2020-03-10 22:31:32',NULL,'14','62','00:07:22:59'),(202,'2020-03-10 22:31:58','2020-03-10 22:31:58',NULL,'9','62','00:07:22:59'),(203,'2020-03-10 22:32:41','2020-03-10 22:32:41',NULL,'1','69','00:04:13:98'),(204,'2020-03-10 22:33:20','2020-03-10 22:33:20',NULL,'4','69','00:04:13:98'),(205,'2020-03-10 22:33:53','2020-03-10 22:33:53',NULL,'2','69','00:04:13:98'),(206,'2020-03-10 22:34:22','2020-03-10 22:34:22',NULL,'6','69','00:04:13:98'),(207,'2020-03-10 22:35:03','2020-03-10 22:35:03',NULL,'10','70','00:03:41:96'),(208,'2020-03-10 22:35:43','2020-03-10 22:35:53',NULL,'7','70','00:03:41:96'),(209,'2020-03-10 22:36:21','2020-03-10 22:36:21',NULL,'12','70','00:03:41:96'),(210,'2020-03-10 22:37:03','2020-03-10 22:37:03',NULL,'14','70','00:03:41:96'),(211,'2020-03-10 22:38:37','2020-03-10 22:38:37',NULL,'19','4',NULL),(212,'2020-03-10 22:38:53','2020-03-10 22:38:53',NULL,'20','4',NULL),(213,'2020-03-10 22:39:21','2020-03-10 22:40:03',NULL,'22','11',NULL),(214,'2020-03-10 22:39:37','2020-03-10 22:39:37',NULL,'23','11',NULL),(215,'2020-03-10 22:40:23','2020-03-10 22:40:23',NULL,'22','12',NULL),(216,'2020-03-10 22:40:41','2020-03-10 22:40:41',NULL,'23','12',NULL),(217,'2020-03-11 01:05:41','2020-03-11 01:05:41',NULL,'164','29','00:02:08:54'),(218,'2020-03-11 01:07:29','2020-03-11 01:07:29',NULL,'158','29','00:02:06:47'),(219,'2020-03-11 01:09:11','2020-03-11 01:09:11',NULL,'155','30','00:01:56:98'),(220,'2020-03-11 01:09:45','2020-03-11 01:09:45',NULL,'157','30','00:01:57:80'),(221,'2020-03-11 01:10:50','2020-03-11 01:10:50',NULL,'158','31','00:02:21:72'),(222,'2020-03-11 01:11:39','2020-03-11 01:11:39',NULL,'151','33','00:01:06:22'),(223,'2020-03-11 01:12:13','2020-03-11 01:12:13',NULL,'158','33','00:01:06:38'),(224,'2020-03-11 01:12:45','2020-03-11 01:12:45',NULL,'153','34','00:01:00:37'),(225,'2020-03-11 01:13:30','2020-03-11 01:13:30',NULL,'152','35','00:01:14:68'),(226,'2020-03-11 01:14:16','2020-03-11 01:14:16',NULL,'168','35','00:01:13:38'),(227,'2020-03-11 01:15:01','2020-03-11 01:15:01',NULL,'163','36','00:01:01:89'),(228,'2020-03-11 01:15:28','2020-03-11 01:15:28',NULL,'166','36','00:01:03:74'),(229,'2020-03-11 01:16:23','2020-03-11 01:16:23',NULL,'168','39','00:00:33:49'),(230,'2020-03-11 01:16:55','2020-03-11 01:16:55',NULL,'156','39','00:00:34:68'),(231,'2020-03-11 01:18:11','2020-03-11 01:18:11',NULL,'166','40','00:00:28:60'),(232,'2020-03-11 01:18:39','2020-03-11 01:18:39',NULL,'163','40','00:00:27:56'),(233,'2020-03-11 01:20:01','2020-03-11 01:20:01',NULL,'158','41','00:02:25:66'),(234,'2020-03-11 01:21:11','2020-03-11 01:26:54',NULL,'164','43','00:04:36:05'),(235,'2020-03-11 01:21:45','2020-03-11 01:21:45',NULL,'154','43','00:04:36:85'),(236,'2020-03-11 01:27:37','2020-03-11 01:27:37',NULL,'165','46','00:00:27:38'),(237,'2020-03-11 01:28:16','2020-03-11 01:28:16',NULL,'159','46','00:00:27:48'),(238,'2020-03-11 01:28:48','2020-03-11 01:28:48',NULL,'162','47','00:00:22:60'),(239,'2020-03-11 01:29:19','2020-03-11 01:29:19',NULL,'155','40','00:00:23:05'),(240,'2020-03-11 01:29:57','2020-03-11 01:29:57',NULL,'154','50','00:18:34:19'),(241,'2020-03-11 01:31:00','2020-03-11 01:31:00',NULL,'165','53','00:00:58:82'),(242,'2020-03-11 01:31:33','2020-03-11 01:31:33',NULL,'167','53','00:00:59:37'),(243,'2020-03-11 01:32:22','2020-03-11 01:32:22',NULL,'162','54','00:00:50:99'),(244,'2020-03-11 01:32:50','2020-03-11 01:32:50',NULL,'155','54','00:00:52:06'),(245,'2020-03-11 01:33:28','2020-03-11 01:33:28',NULL,'151','55','00:00:30:55'),(246,'2020-03-11 01:34:00','2020-03-11 01:34:00',NULL,'153','56','00:00:28:69'),(247,'2020-03-11 01:34:48','2020-03-11 01:34:48',NULL,'159','57','00:00:29:64'),(248,'2020-03-11 01:35:21','2020-03-11 01:35:21',NULL,'167','57','00:00:29:98'),(249,'2020-03-11 01:35:56','2020-03-11 01:35:56',NULL,'160','58','00:00:26:57'),(250,'2020-03-11 01:36:23','2020-03-11 01:36:23',NULL,'157','58','00:00:26:73'),(251,'2020-03-11 01:37:12','2020-03-11 01:37:12',NULL,'158','59','00:05:11:39'),(252,'2020-03-11 01:39:10','2020-03-11 01:39:10',NULL,'167','63','00:01:06:64'),(253,'2020-03-11 01:39:59','2020-03-11 01:39:59',NULL,'160','64','00:00:58:57'),(254,'2020-03-11 01:40:37','2020-03-11 01:40:37',NULL,'157','64','00:00:58:90'),(255,'2020-03-11 01:41:46','2020-03-11 01:41:46',NULL,'168','65','00:02:37:70'),(256,'2020-03-11 01:42:27','2020-03-11 01:42:27',NULL,'158','65','00:02:47:65'),(257,'2020-03-11 01:43:05','2020-03-11 01:43:05',NULL,'166','66','00:02:25:70'),(258,'2020-03-11 01:43:32','2020-03-11 01:43:32',NULL,'161','66','00:02:21:32'),(259,'2020-03-11 01:44:07','2020-03-11 01:44:07',NULL,'154','67','00:09:36:48'),(260,'2020-03-11 01:45:52','2020-03-11 01:45:52',NULL,'165','37','00:03:56:10'),(261,'2020-03-11 01:47:24','2020-03-11 01:47:24',NULL,'168','69','00:04:25:23'),(262,'2020-03-11 01:49:04','2020-03-11 01:49:04',NULL,'155','38','00:03:30:01'),(263,'2020-03-11 01:50:19','2020-03-11 01:50:19',NULL,'163','70','00:03:51:23'),(264,'2020-03-11 01:51:42','2020-03-11 01:51:42',NULL,'162','52','00:03:42:59'),(265,'2020-03-11 02:09:54','2020-03-11 02:09:54',NULL,'163','45','00:04:06:02'),(266,'2020-03-11 02:26:00','2020-03-11 02:26:00',NULL,'235','24','00:55:55:55'),(267,'2020-03-11 02:26:36','2020-03-11 02:26:36',NULL,'235','26','02:02:02:02'),(268,'2020-03-11 02:27:07','2020-03-11 02:27:07',NULL,'233','24','01:10:01:02'),(269,'2020-03-11 02:27:39','2020-03-11 02:27:39',NULL,'233','26','02:20:20:20'),(270,'2020-03-11 02:28:09','2020-03-11 02:28:09',NULL,'234','25','01:15:15:15'),(271,'2020-03-11 02:28:37','2020-03-11 02:28:37',NULL,'234','27','02:40:40:40'),(272,'2020-03-11 02:29:06','2020-03-11 02:29:06',NULL,'236','25','01:20:20:20'),(273,'2020-03-11 02:29:38','2020-03-11 02:29:38',NULL,'236','27','02:40:40:40'),(274,'2020-03-11 02:30:47','2020-03-11 02:30:47',NULL,'235','28','01:00:00:00');

--
-- Table structure for table `jueces`
--

CREATE TABLE `jueces` (
  `id` int(10) unsigned NOT NULL AUTO_INCREMENT,
  `created_at` timestamp NULL DEFAULT NULL,
  `updated_at` timestamp NULL DEFAULT NULL,
  `deleted_at` timestamp NULL DEFAULT NULL,
  `nombre` tinytext COLLATE utf8mb4_unicode_ci NOT NULL,
  `apellidopaterno` tinytext COLLATE utf8mb4_unicode_ci NOT NULL,
  `apellidomaterno` tinytext COLLATE utf8mb4_unicode_ci NOT NULL,
  `dni` tinytext COLLATE utf8mb4_unicode_ci NOT NULL,
  `sexo` tinytext COLLATE utf8mb4_unicode_ci NOT NULL,
  `paises_id` tinytext COLLATE utf8mb4_unicode_ci,
  `foto` varchar(255) COLLATE utf8mb4_unicode_ci DEFAULT NULL,
  `disciplina_id` tinytext COLLATE utf8mb4_unicode_ci,
  `rolintegrante_id` int(11) DEFAULT NULL,
  `fechanacimiento` date NOT NULL,
  PRIMARY KEY (`id`)
) ENGINE=InnoDB AUTO_INCREMENT=20 DEFAULT CHARSET=utf8mb4 COLLATE=utf8mb4_unicode_ci;

--
-- Dumping data for table `jueces`
--

INSERT INTO `jueces` VALUES (1,'2020-03-05 22:32:06','2020-03-05 22:32:06',NULL,'FERNANDO','DE BRITTO','TEODORO','fu757683','option1','6','jueces/March2020/1UBxzNiid8QH7PgH6efp.jpg','5',11,'1971-02-05'),(2,'2020-03-05 22:47:47','2020-03-05 22:47:47',NULL,'ANA BELL MARIA','ORTIZ','GUERRERO','077825034','option2','14',NULL,'1',11,'1976-10-25'),(3,'2020-03-05 22:49:37','2020-03-05 22:49:37',NULL,'AYEXA LORENA','BUSTILLOS','BAPTISTA','138813417','option2','14',NULL,'1',11,'1957-11-21'),(4,'2020-03-05 22:50:43','2020-03-05 22:50:43',NULL,'PEDRO JOSE','COVA','ZABALETA','078142848','option1','14',NULL,'2',11,'1977-07-15'),(5,'2020-03-05 22:52:10','2020-03-05 22:52:10',NULL,'ISABEL TERESA','SANTOS','FUENMAYOR','124466724','option2','14',NULL,'3',11,'1962-01-08'),(7,'2020-03-06 23:36:40','2020-03-06 23:37:26',NULL,'LUIS ALBERTO','OSORIO','SEDANO','06984264','option1','4','jueces/March2020/Q3wF0QUwUescB48lTF9F.png','1',11,'1966-01-30'),(8,'2020-03-06 23:39:28','2020-03-06 23:39:28',NULL,'ROSS MERIDA','CHOQUE','SANABRIA','09711009','option2','4','jueces/March2020/LHk2TzrN3885UCGW7eLk.jpg','2',11,'1970-05-16'),(10,'2020-03-06 23:42:24','2020-03-06 23:42:24',NULL,'MICHEL','ALVAN','CHARBONNEL','41486005','option1','4','jueces/March2020/fvd1p3QdQITzUdZVXQe2.jpg','3',11,'1982-09-21'),(11,'2020-03-06 23:43:39','2020-03-06 23:43:59',NULL,'SOFIA','SANCHEZ','FONSECA','43729346','option2','4','jueces/March2020/em6izh5SVUu8YIRwpQcR.jpg','4',11,'1986-09-04'),(12,'2020-03-09 01:24:46','2020-03-09 01:27:04',NULL,'Marlin','Tromp','-','NN868R4Ro','option2','15','jueces/March2020/bVJ0SGeSNfbA3U6ypj7o.jpg','1',11,'1956-11-28'),(13,'2020-03-09 01:26:06','2020-03-09 01:26:47',NULL,'Ronald','Leito','-','NS5B8RHK7','option1','15','jueces/March2020/tvjmKbXMCzIc0Lss9sDy.jpg','1',11,'1956-10-18'),(14,'2020-03-09 18:30:22','2020-03-09 18:30:22',NULL,'MONICA','MORCHIO','VALNTINO','7.774.899-7','option2','7','jueces/March2020/AE7iBthbXuKZQsuZw2PQ.jpg','4',11,'1967-01-28'),(15,'2020-03-09 18:32:02','2020-03-09 18:32:02',NULL,'Claudia','Aranguiz','Pasap','F 17365258','option2','7','jueces/March2020/UCYpCtpWzy2J3JlgCfym.JPG','4',11,'1970-08-11'),(16,'2020-03-09 18:33:39','2020-03-09 18:33:39',NULL,'Carmen','Orellana','CANE','9.259.575-7','option2','7','jueces/March2020/zMj34lwiAPNhRS3kI3Vv.jpg','4',11,'1967-04-28'),(18,'2020-03-09 18:39:45','2020-03-10 22:03:45',NULL,'HUGO			01-12-1978','ALFARO','ARANCIBIA','13.414.170-0','option1','7','jueces/March2020/sxUcyf5sg6qCRtMvPGbZ.jpeg','5',11,'1978-12-01'),(19,'2020-03-10 17:59:10','2020-03-10 17:59:30',NULL,'Judith','Salamanca','Fuentes','14.218.210-6','option2','7','jueces/March2020/rf3q3tWXvhOLUVxBcfOB.jpeg','1',11,'1981-06-05');

--
-- Table structure for table `menu_items`
--

CREATE TABLE `menu_items` (
  `id` int(10) unsigned NOT NULL AUTO_INCREMENT,
  `menu_id` int(10) unsigned DEFAULT NULL,
  `title` varchar(191) COLLATE utf8mb4_unicode_ci NOT NULL,
  `url` varchar(191) COLLATE utf8mb4_unicode_ci NOT NULL,
  `target` varchar(191) COLLATE utf8mb4_unicode_ci NOT NULL DEFAULT '_self',
  `icon_class` varchar(191) COLLATE utf8mb4_unicode_ci DEFAULT NULL,
  `color` varchar(191) COLLATE utf8mb4_unicode_ci DEFAULT NULL,
  `parent_id` int(11) DEFAULT NULL,
  `order` int(11) NOT NULL,
  `created_at` timestamp NULL DEFAULT NULL,
  `updated_at` timestamp NULL DEFAULT NULL,
  `route` varchar(191) COLLATE utf8mb4_unicode_ci DEFAULT NULL,
  `parameters` text COLLATE utf8mb4_unicode_ci,
  PRIMARY KEY (`id`),
  KEY `menu_items_menu_id_foreign` (`menu_id`),
  CONSTRAINT `menu_items_menu_id_foreign` FOREIGN KEY (`menu_id`) REFERENCES `menus` (`id`) ON DELETE CASCADE
) ENGINE=InnoDB AUTO_INCREMENT=36 DEFAULT CHARSET=utf8mb4 COLLATE=utf8mb4_unicode_ci;

--
-- Dumping data for table `menu_items`
--

INSERT INTO `menu_items` VALUES (1,1,'Tablero','admin','_self','voyager-dashboard','#000000',NULL,1,'2020-02-20 12:46:09','2020-03-09 13:40:32',NULL,''),(2,1,'Media','','_self','voyager-images',NULL,5,6,'2020-02-20 12:46:09','2020-02-27 23:45:28','voyager.media.index',NULL),(3,1,'Usuarios','','_self','voyager-person','#000000',27,2,'2020-02-20 12:46:09','2020-02-27 23:42:39','voyager.users.index','null'),(4,1,'Roles','','_self','voyager-lock',NULL,27,1,'2020-02-20 12:46:09','2020-02-27 23:42:29','voyager.roles.index',NULL),(5,1,'Solo Desarrolladores','','_self','voyager-tools','#000000',NULL,5,'2020-02-20 12:46:09','2020-03-09 18:35:33',NULL,''),(6,1,'Menu Builder','','_self','voyager-list',NULL,5,1,'2020-02-20 12:46:09','2020-02-21 17:51:58','voyager.menus.index',NULL),(7,1,'Database','','_self','voyager-data',NULL,5,2,'2020-02-20 12:46:09','2020-02-21 17:51:58','voyager.database.index',NULL),(8,1,'Compass','','_self','voyager-compass',NULL,5,3,'2020-02-20 12:46:09','2020-02-21 17:51:58','voyager.compass.index',NULL),(9,1,'BREAD','','_self','voyager-bread',NULL,5,4,'2020-02-20 12:46:09','2020-02-21 17:51:58','voyager.bread.index',NULL),(10,1,'Settings','','_self','voyager-settings',NULL,5,7,'2020-02-20 12:46:09','2020-02-27 23:45:28','voyager.settings.index',NULL),(14,1,'Hooks','','_self','voyager-hook',NULL,5,5,'2020-02-20 12:46:11','2020-02-21 17:51:58','voyager.hooks',NULL),(17,1,'Paises','','_self','voyager-world',NULL,27,5,'2020-02-21 17:03:51','2020-02-27 23:43:03','voyager.paises.index',NULL),(20,1,'Disciplinas','','_self','voyager-megaphone',NULL,27,3,'2020-02-23 14:11:23','2020-02-27 23:42:49','voyager.disciplinas.index',NULL),(21,1,'Roles de Integrantes','','_self','voyager-tag','#000000',27,4,'2020-02-23 14:28:45','2020-02-27 23:42:53','voyager.rolintegrantes.index','null'),(23,1,'Deportistas','','_self','voyager-person',NULL,30,3,'2020-02-27 02:19:40','2020-03-01 14:51:15','voyager.deportistas.index',NULL),(24,1,'Themes','/admin/themes','_self','voyager-paint-bucket',NULL,5,8,'2020-02-27 06:06:53','2020-02-27 23:45:28',NULL,NULL),(25,1,'Jueces','','_self','voyager-person',NULL,30,2,'2020-02-27 23:15:03','2020-03-01 14:51:15','voyager.jueces.index',NULL),(26,1,'Oficiales','','_self','voyager-person',NULL,30,1,'2020-02-27 23:31:23','2020-03-01 14:51:15','voyager.oficiales.index',NULL),(27,1,'Administracion','','_self','voyager-tools','#000000',NULL,2,'2020-02-27 23:41:22','2020-02-27 23:42:39',NULL,''),(28,1,'Pruebas','','_self','voyager-trophy',NULL,27,6,'2020-02-28 00:11:26','2020-02-28 00:19:28','voyager.pruebas.index',NULL),(29,1,'Inscripciones','','_self','voyager-window-list',NULL,30,4,'2020-03-01 12:58:55','2020-03-01 14:51:22','voyager.inscripciones.index',NULL),(30,1,'Delegaciones','','_self','voyager-people','#000000',NULL,3,'2020-03-01 14:49:56','2020-03-01 14:50:58',NULL,''),(31,1,'Descargar Reportes','admin','_self','voyager-cloud-download','#000000',NULL,4,'2020-03-02 23:57:57','2020-03-10 02:47:51',NULL,''),(33,1,'Delegacion','admin/exports-delegacion','_self','voyager-angle-right','#000000',31,1,'2020-03-09 17:07:52','2020-03-09 18:40:27',NULL,''),(34,1,'Mis Inscripciones','admin/exports-inscripcionespais','_self','voyager-angle-right','#000000',31,2,'2020-03-09 18:35:21','2020-03-09 18:40:41',NULL,''),(35,1,'Todas las Pruebas','admin/exports-inscripcionespaisall','_self','voyager-angle-right','#000000',31,3,'2020-03-10 02:46:02','2020-03-10 02:46:13',NULL,'');

--
-- Table structure for table `menus`
--

CREATE TABLE `menus` (
  `id` int(10) unsigned NOT NULL AUTO_INCREMENT,
  `name` varchar(191) COLLATE utf8mb4_unicode_ci NOT NULL,
  `created_at` timestamp NULL DEFAULT NULL,
  `updated_at` timestamp NULL DEFAULT NULL,
  PRIMARY KEY (`id`),
  UNIQUE KEY `menus_name_unique` (`name`)
) ENGINE=InnoDB AUTO_INCREMENT=2 DEFAULT CHARSET=utf8mb4 COLLATE=utf8mb4_unicode_ci;

--
-- Dumping data for table `menus`
--

INSERT INTO `menus` VALUES (1,'admin','2020-02-20 12:46:09','2020-02-20 12:46:09');

--
-- Table structure for table `migrations`
--

CREATE TABLE `migrations` (
  `id` int(10) unsigned NOT NULL AUTO_INCREMENT,
  `migration` varchar(191) COLLATE utf8mb4_unicode_ci NOT NULL,
  `batch` int(11) NOT NULL,
  PRIMARY KEY (`id`)
) ENGINE=InnoDB AUTO_INCREMENT=27 DEFAULT CHARSET=utf8mb4 COLLATE=utf8mb4_unicode_ci;

--
-- Dumping data for table `migrations`
--

INSERT INTO `migrations` VALUES (1,'2014_10_12_000000_create_users_table',1),(2,'2014_10_12_100000_create_password_resets_table',1),(3,'2016_01_01_000000_add_voyager_user_fields',1),(4,'2016_01_01_000000_create_data_types_table',1),(5,'2016_05_19_173453_create_menu_table',1),(6,'2016_10_21_190000_create_roles_table',1),(7,'2016_10_21_190000_create_settings_table',1),(8,'2016_11_30_135954_create_permission_table',1),(9,'2016_11_30_141208_create_permission_role_table',1),(10,'2016_12_26_201236_data_types__add__server_side',1),(11,'2017_01_13_000000_add_route_to_menu_items_table',1),(12,'2017_01_14_005015_create_translations_table',1),(13,'2017_01_15_000000_make_table_name_nullable_in_permissions_table',1),(14,'2017_03_06_000000_add_controller_to_data_types_table',1),(15,'2017_04_21_000000_add_order_to_data_rows_table',1),(16,'2017_07_05_210000_add_policyname_to_data_types_table',1),(17,'2017_08_05_000000_add_group_to_settings_table',1),(18,'2017_11_26_013050_add_user_role_relationship',1),(19,'2017_11_26_015000_create_user_roles_table',1),(20,'2018_03_11_000000_add_user_settings',1),(21,'2018_03_14_000000_add_details_to_data_types_table',1),(22,'2018_03_16_000000_make_settings_value_nullable',1),(23,'2016_01_01_000000_create_pages_table',2),(24,'2016_01_01_000000_create_posts_table',2),(25,'2016_02_15_204651_create_categories_table',2),(26,'2017_04_11_000000_alter_post_nullable_fields_table',2);

--
-- Table structure for table `oficiales`
--

CREATE TABLE `oficiales` (
  `id` int(10) unsigned NOT NULL AUTO_INCREMENT,
  `created_at` timestamp NULL DEFAULT NULL,
  `updated_at` timestamp NULL DEFAULT NULL,
  `deleted_at` timestamp NULL DEFAULT NULL,
  `nombre` tinytext COLLATE utf8mb4_unicode_ci NOT NULL,
  `apellidopaterno` tinytext COLLATE utf8mb4_unicode_ci NOT NULL,
  `apellidomaterno` tinytext COLLATE utf8mb4_unicode_ci,
  `dni` tinytext COLLATE utf8mb4_unicode_ci NOT NULL,
  `sexo` tinytext COLLATE utf8mb4_unicode_ci NOT NULL,
  `paises_id` tinytext COLLATE utf8mb4_unicode_ci,
  `foto` varchar(255) COLLATE utf8mb4_unicode_ci DEFAULT NULL,
  `disciplina_id` tinytext COLLATE utf8mb4_unicode_ci,
  `rolintegrante_id` tinytext COLLATE utf8mb4_unicode_ci,
  `fechanacimiento` date NOT NULL,
  PRIMARY KEY (`id`)
) ENGINE=InnoDB AUTO_INCREMENT=50 DEFAULT CHARSET=utf8mb4 COLLATE=utf8mb4_unicode_ci;

--
-- Dumping data for table `oficiales`
--

INSERT INTO `oficiales` VALUES (1,'2020-03-05 22:35:31','2020-03-05 22:35:31',NULL,'LUIS ALBERTO','VILLASMIL','CONTRERAS','105856782','option1','14',NULL,'1','2','1972-07-13'),(2,'2020-03-05 22:36:35','2020-03-05 22:36:35',NULL,'ROSALBO RAMON','VERASTEGUI','OROPEZA','148235209','option1','14',NULL,'1','2','1960-10-21'),(3,'2020-03-05 22:37:42','2020-03-05 22:41:45',NULL,'JESUS ALBERTO','VILLARREAL','TORRES','124745281','option1','14',NULL,'1','1','1954-08-17'),(4,'2020-03-05 22:38:52','2020-03-05 22:38:52',NULL,'ADALBERTO','VARGAS','DIAZ','143027102','option1','14',NULL,'2','2','1976-11-18'),(5,'2020-03-05 22:40:03','2020-03-05 22:40:03',NULL,'GEOVANNY ANTONIO','RIERA','FLORES','066348908','option1','14',NULL,'2','2','1976-10-11'),(6,'2020-03-05 22:41:32','2020-03-05 22:41:32',NULL,'ANTONIO JOSE','SAINT AUBYN','ACUNA','143945604','option1','14',NULL,'2','1','1975-03-10'),(7,'2020-03-05 22:42:56','2020-03-05 22:42:56',NULL,'CARLOS JULIAN','YZTURIZ','SERRANO','151873744','option1','14',NULL,'3','2','1960-05-02'),(8,'2020-03-05 22:44:04','2020-03-05 22:44:04',NULL,'ENDER ALFONSO','LUZARDO','NUNEZ','150708591','option1','14',NULL,'3','9','1959-10-18'),(10,'2020-03-05 22:58:21','2020-03-05 22:58:21',NULL,'CARLOS EDUARDO','JIMENEZ','COLMENAREZ','077798222','option1','14',NULL,'1','6','1978-03-04'),(11,'2020-03-06 23:33:35','2020-03-06 23:33:35',NULL,'ESTHER','COELLO','RIVERA','0919775569','option2','9','oficiales/March2020/0og1SJrXHujE62azHtZz.jpg','1','1','1980-05-09'),(12,'2020-03-09 00:36:46','2020-03-09 00:36:46',NULL,'Monica','Platiau','-','EN868555','option2','15','oficiales/March2020/Lnln2DMLSJtaPg5kBEnJ.jpg','1','1','1968-06-02'),(13,'2020-03-09 00:49:31','2020-03-09 00:49:31',NULL,'Gustavo Henrique','Rasia','-','F0733992','option1','15','oficiales/March2020/rXXtxn101wkUUZ6V0NRZ.jpg','1','2','1993-07-26'),(14,'2020-03-09 15:52:20','2020-03-09 15:52:20',NULL,'LUIS RODRIGO			25-06-1953','BAÑADOS','ESTANY','6.390.393-0','option1','7','oficiales/March2020/BKXj4Gi437p1G1nrxl9C.jpg','1','1','1953-06-25'),(15,'2020-03-09 15:53:29','2020-03-09 15:53:29',NULL,'GEOVANNY','RIERA','FLORES','26.017.960-8','option1','7','oficiales/March2020/OD8F4IHUzPwx157zixiZ.jpg','1','2','1976-10-11'),(16,'2020-03-09 15:54:33','2020-03-09 15:54:33',NULL,'MATIAS','JAQUE','PAEZ','15.771.327 - 2','option1','7','oficiales/March2020/Gi0fYY8Ld9Jp4LO3iPVQ.jpg','1','2','1984-06-12'),(17,'2020-03-09 15:55:33','2020-03-09 15:55:33',NULL,'MARCOS','JARA','-MONECINO','10.317.032-K','option1','7',NULL,'1','9','1966-01-14'),(18,'2020-03-09 17:35:58','2020-03-09 17:35:58',NULL,'JUAN JOSE','BRAVO','PLAZA','2778821','option1','5','oficiales/March2020/F7J3z9L1cdrZEeN5OSs5.jpg','2','2','1961-01-02'),(19,'2020-03-09 17:37:25','2020-03-09 17:37:25',NULL,'VANESSA','MEJIA','LOZA','2705978','option2','5','oficiales/March2020/NiZFybXZTehv4BiMMbHv.JPG','1','2','1977-09-28'),(20,'2020-03-09 17:38:46','2020-03-09 17:38:46',NULL,'YASSIR','ABDALLA','HURTADO','5372728','option1','5','oficiales/March2020/DbSGfv9SpD1VfHxh90vm.jpg','1','2','1987-04-20'),(21,'2020-03-09 17:40:09','2020-03-09 17:40:09',NULL,'JOSE','QUINTANILLA','ROSADO','3292826','option1','5','oficiales/March2020/v8U0GaR1dEVEiCDhViIU.jpg','1','2','1975-08-28'),(22,'2020-03-09 17:41:36','2020-03-09 17:41:36',NULL,'KATERINE','QUINTANILLA','MORENO','5874323','option2','5','oficiales/March2020/kbZALawPdTEQrGNX0JV0.JPG','1','4','1998-12-17'),(23,'2020-03-09 17:43:07','2020-03-09 17:43:07',NULL,'PEDRO','CERVANTES','PORCEL','3645828','option1','5','oficiales/March2020/pwzOE8ylejTmS5IeNNMF.jpg','1','5','1976-12-15'),(24,'2020-03-09 18:38:28','2020-03-10 15:41:06',NULL,'SEBASTIAN','OSORIO','FEITO','10.562.271-6','option1','7','oficiales/March2020/On3zIUYpMayeyCJtw6vs.jpeg','4','5','1972-03-25'),(26,'2020-03-09 18:42:25','2020-03-09 18:42:25',NULL,'FELIPE NERY','PALMA','RIVAS','26.608.629-6','option1','7','oficiales/March2020/KfUjL4tuZ1Y1ZY8LJxql.jpg','5','2','1978-01-26'),(27,'2020-03-09 18:43:41','2020-03-09 18:43:41',NULL,'JOÃO SILVIO','BRANDAO','-SILVA','25.898.322-K','option1','7','oficiales/March2020/JD6yxYah3vzgUpHEpmBe.jpg','5','2','1982-02-01'),(28,'2020-03-09 18:45:25','2020-03-09 18:50:19',NULL,'Marcia','Schweizer','-Leite','14. 548. 385','option2','7','oficiales/March2020/3ye59rXfJKqnqDa1vBiS.jpg','4','2','1962-10-17'),(29,'2020-03-09 18:46:32','2020-03-09 18:46:32',NULL,'Amanda		03-10-1991','Mendez','-	Laca','25.395.465','option2','7','oficiales/March2020/Q4R2ypVuxtbPPrzJ2riI.jpg','4','2','1991-10-03'),(30,'2020-03-09 18:47:36','2020-03-09 18:47:36',NULL,'Olalla			13-10-1990','De Pedro','-Herraz','XDC-326519','option2','7','oficiales/March2020/0mqY3kqpwSEexswKfCbn.jpg','4','2','1990-10-13'),(31,'2020-03-09 18:50:01','2020-03-10 18:54:13',NULL,'JUAN CARLOS			17-06-1969','TENORIO','VELASQUEZ','25.678.204-9','option1','7','oficiales/March2020/qBDtXT66ogVjGkk6LaST.png','2','2','1969-06-17'),(32,'2020-03-09 18:58:33','2020-03-09 18:58:33',NULL,'Ma. Soledad','Rovira','CARDEMIL','7758305-K','option2','7','oficiales/March2020/ErfEaCRdB58VjrOk7TfQ.jpg','4','1','1965-11-05'),(33,'2020-03-09 18:59:38','2020-03-10 15:37:27',NULL,'Marcos','Balbontin','-Riffo','10.127.619-8','option1','7','oficiales/March2020/U4pywB4L6YSw3dKvDwyM.png','3','2','1965-08-02'),(34,'2020-03-10 18:50:57','2020-03-10 18:50:57',NULL,'SERGIO','VALDIVIA','-MARTINE','12.778.591-0','option1','7','oficiales/March2020/A7k0QOs2YySoU2J9rmem.jpg','2','4','1975-05-10'),(35,'2020-03-10 22:44:25','2020-03-10 22:44:25',NULL,'DANIELA','DIAZ','CASADIEGO','121141237','option2','14',NULL,'1','2','1990-02-20'),(36,'2020-03-10 23:17:43','2020-03-10 23:17:43',NULL,'MAURA LUCIA','DE AGUIAR','XAVIER','OO2136911','option2','4',NULL,'4','2','1968-10-30'),(37,'2020-03-10 23:19:02','2020-03-10 23:19:02',NULL,'MARIA ALEJANDRA','BANDA','SERRA','47137602','option2','4',NULL,'4','2','1992-04-01'),(38,'2020-03-10 23:20:07','2020-03-10 23:20:07',NULL,'MIRTHA DEL CARMEN','VICUÑA','YONZ','40019123','option2','4','oficiales/March2020/aYvw8nZj4ElGxxMgBa0e.jpg','4','1','1978-10-24'),(39,'2020-03-10 23:43:58','2020-03-10 23:43:58',NULL,'MARIA ISABEL','BARRAGAN','ROSPIGLIOSI','07852798','option2','4','oficiales/March2020/iqkIZP7TPyrvA2CTWD1Y.jpg','2','2','1957-07-05'),(40,'2020-03-10 23:44:43','2020-03-10 23:44:43',NULL,'REYNALDO','MARTINEZ','CAMPOS','10302743','option1','4','oficiales/March2020/e8qJjB5lsKemToUcVqA9.jpg','2','1','1975-05-18'),(41,'2020-03-11 00:18:49','2020-03-11 00:18:49',NULL,'MARIA ISABEL','BARRAGAN','ROSPIGLIOSI','07852798','option2','4','oficiales/March2020/qnXTfOiL5Sczx5ajodoX.jpg','1','2','1957-07-05'),(42,'2020-03-11 00:20:48','2020-03-11 00:20:48',NULL,'IGNACIO','SANCHEZ LEON','VARGAS','40134456','option1','4','oficiales/March2020/XnrCzmMXJQQo2IE28dih.jpg','1','2','1979-02-10'),(43,'2020-03-11 00:21:43','2020-03-11 00:21:43',NULL,'PAMELA CHRISTINE','WILLIG','ALVARADO','48771621','option2','4',NULL,'1','1','1972-05-03'),(44,'2020-03-11 00:29:53','2020-03-11 00:29:53',NULL,'ALFREDO ANTONIO','BORGES','ZAMBRANO','131586413','option1','4','oficiales/March2020/bCKemWn4LRfhqo5Lo4fo.jpg','3','2','1958-09-09'),(45,'2020-03-11 00:30:41','2020-03-11 00:30:41',NULL,'JACQUELINE JANETT','DELGADO','ANAMPA DE PINILLOS','07215681','option2','4','oficiales/March2020/qxYXkYgpjmkgtBtW3iUI.jpg','3','1','1966-03-29'),(46,'2020-03-11 01:41:42','2020-03-11 01:41:42',NULL,'JOSE ANGEL','RAMOS','SOLER','OO1850888','option1','4',NULL,'5','2','1964-03-07'),(47,'2020-03-11 01:42:51','2020-03-11 01:42:51',NULL,'TINO','URGUELLES','Y FAEZ','OO2165750','option1','4','oficiales/March2020/AsO2zJNhkDoGfavbhEDz.jpg','5','2','1964-10-29'),(48,'2020-03-11 01:48:39','2020-03-11 01:48:39',NULL,'JORGE','SOUZA','VEIGA','OO1386603','option1','4',NULL,'5','2','1976-10-07'),(49,'2020-03-11 01:50:02','2020-03-11 01:50:02',NULL,'JOSE ALEJANDRO','TORRES','ROSADO','10474840','option1','4','oficiales/March2020/eVyTIdHdfd7EIbjzgIAv.jpg','5','1','1961-09-20');

--
-- Table structure for table `pages`
--

CREATE TABLE `pages` (
  `id` int(10) unsigned NOT NULL AUTO_INCREMENT,
  `author_id` int(11) NOT NULL,
  `title` varchar(191) COLLATE utf8mb4_unicode_ci NOT NULL,
  `excerpt` text COLLATE utf8mb4_unicode_ci,
  `body` text COLLATE utf8mb4_unicode_ci,
  `image` varchar(191) COLLATE utf8mb4_unicode_ci DEFAULT NULL,
  `slug` varchar(191) COLLATE utf8mb4_unicode_ci NOT NULL,
  `meta_description` text COLLATE utf8mb4_unicode_ci,
  `meta_keywords` text COLLATE utf8mb4_unicode_ci,
  `status` enum('ACTIVE','INACTIVE') COLLATE utf8mb4_unicode_ci NOT NULL DEFAULT 'INACTIVE',
  `created_at` timestamp NULL DEFAULT NULL,
  `updated_at` timestamp NULL DEFAULT NULL,
  PRIMARY KEY (`id`),
  UNIQUE KEY `pages_slug_unique` (`slug`)
) ENGINE=InnoDB AUTO_INCREMENT=2 DEFAULT CHARSET=utf8mb4 COLLATE=utf8mb4_unicode_ci;

--
-- Dumping data for table `pages`
--

INSERT INTO `pages` VALUES (1,1,'Hello World','Hang the jib grog grog blossom grapple dance the hempen jig gangway pressgang bilge rat to go on account lugger. Nelsons folly gabion line draught scallywag fire ship gaff fluke fathom case shot. Sea Legs bilge rat sloop matey gabion long clothes run a shot across the bow Gold Road cog league.','<p>Hello World. Scallywag grog swab Cat o\'nine tails scuttle rigging hardtack cable nipper Yellow Jack. Handsomely spirits knave lad killick landlubber or just lubber deadlights chantey pinnace crack Jennys tea cup. Provost long clothes black spot Yellow Jack bilged on her anchor league lateen sail case shot lee tackle.</p>\r\n<p>Ballast spirits fluke topmast me quarterdeck schooner landlubber or just lubber gabion belaying pin. Pinnace stern galleon starboard warp carouser to go on account dance the hempen jig jolly boat measured fer yer chains. Man-of-war fire in the hole nipperkin handsomely doubloon barkadeer Brethren of the Coast gibbet driver squiffy.</p>','pages/page1.jpg','hello-world','Yar Meta Description','Keyword1, Keyword2','INACTIVE','2020-02-20 12:46:11','2020-02-20 21:28:35');

--
-- Table structure for table `paises`
--

CREATE TABLE `paises` (
  `id` int(10) unsigned NOT NULL AUTO_INCREMENT,
  `created_at` timestamp NULL DEFAULT NULL,
  `updated_at` timestamp NULL DEFAULT NULL,
  `deleted_at` timestamp NULL DEFAULT NULL,
  `nombre` tinytext COLLATE utf8mb4_unicode_ci,
  PRIMARY KEY (`id`)
) ENGINE=InnoDB AUTO_INCREMENT=17 DEFAULT CHARSET=utf8mb4 COLLATE=utf8mb4_unicode_ci;

--
-- Dumping data for table `paises`
--

INSERT INTO `paises` VALUES (1,'2020-02-21 17:04:00','2020-02-21 17:04:00',NULL,'Argentina'),(4,'2020-02-21 18:29:08','2020-02-21 18:29:08',NULL,'Peru'),(5,'2020-03-04 18:27:18','2020-03-04 18:27:18',NULL,'Bolivia'),(6,'2020-03-04 18:27:25','2020-03-04 18:27:25',NULL,'Brasil'),(7,'2020-03-04 18:27:32','2020-03-04 18:27:32',NULL,'Chile'),(8,'2020-03-04 18:27:39','2020-03-04 18:27:39',NULL,'Colombia'),(9,'2020-03-04 18:27:46','2020-03-04 18:27:46',NULL,'Ecuador'),(10,'2020-03-04 18:28:05','2020-03-04 18:28:05',NULL,'Guyana'),(11,'2020-03-04 18:28:17','2020-03-04 18:28:17',NULL,'Paraguay'),(12,'2020-03-04 18:28:30','2020-03-04 18:28:30',NULL,'Surinam'),(13,'2020-03-04 18:28:38','2020-03-04 18:28:38',NULL,'Uruguay'),(14,'2020-03-04 18:28:45','2020-03-04 18:28:45',NULL,'Venezuela'),(15,'2020-03-05 19:08:47','2020-03-05 19:08:47',NULL,'Aruba'),(16,'2020-03-05 20:37:10','2020-03-05 20:37:10',NULL,'Guayana');

--
-- Table structure for table `password_resets`
--

CREATE TABLE `password_resets` (
  `email` varchar(191) COLLATE utf8mb4_unicode_ci NOT NULL,
  `token` varchar(191) COLLATE utf8mb4_unicode_ci NOT NULL,
  `created_at` timestamp NULL DEFAULT NULL,
  KEY `password_resets_email_index` (`email`)
) ENGINE=InnoDB DEFAULT CHARSET=utf8mb4 COLLATE=utf8mb4_unicode_ci;

--
-- Dumping data for table `password_resets`
--


--
-- Table structure for table `permission_role`
--

CREATE TABLE `permission_role` (
  `permission_id` bigint(20) unsigned NOT NULL,
  `role_id` bigint(20) unsigned NOT NULL,
  PRIMARY KEY (`permission_id`,`role_id`),
  KEY `permission_role_permission_id_index` (`permission_id`),
  KEY `permission_role_role_id_index` (`role_id`),
  CONSTRAINT `permission_role_permission_id_foreign` FOREIGN KEY (`permission_id`) REFERENCES `permissions` (`id`) ON DELETE CASCADE,
  CONSTRAINT `permission_role_role_id_foreign` FOREIGN KEY (`role_id`) REFERENCES `roles` (`id`) ON DELETE CASCADE
) ENGINE=InnoDB DEFAULT CHARSET=utf8mb4 COLLATE=utf8mb4_unicode_ci;

--
-- Dumping data for table `permission_role`
--

INSERT INTO `permission_role` VALUES (1,1),(1,2),(2,1),(3,1),(4,1),(5,1),(6,1),(7,1),(8,1),(9,1),(10,1),(11,1),(12,1),(13,1),(14,1),(15,1),(16,1),(17,1),(18,1),(19,1),(20,1),(21,1),(22,1),(23,1),(24,1),(25,1),(26,1),(27,1),(28,1),(29,1),(30,1),(31,1),(32,1),(33,1),(34,1),(35,1),(36,1),(37,1),(38,1),(39,1),(40,1),(41,1),(47,1),(48,1),(49,1),(50,1),(51,1),(52,1),(53,1),(54,1),(55,1),(56,1),(57,1),(63,1),(64,1),(65,1),(66,1),(67,1),(68,1),(68,2),(69,1),(69,2),(70,1),(70,2),(71,1),(71,2),(72,1),(72,2),(73,1),(73,2),(74,1),(74,2),(75,1),(75,2),(76,1),(76,2),(77,1),(77,2),(78,1),(78,2),(79,1),(79,2),(80,1),(80,2),(81,1),(81,2),(82,1),(82,2),(88,1),(89,1),(90,1),(91,1),(92,1),(93,1),(93,2),(94,1),(94,2),(95,1),(95,2),(96,1),(96,2),(97,1),(97,2),(98,1),(99,1),(100,1),(101,1),(102,1);

--
-- Table structure for table `permissions`
--

CREATE TABLE `permissions` (
  `id` bigint(20) unsigned NOT NULL AUTO_INCREMENT,
  `key` varchar(191) COLLATE utf8mb4_unicode_ci NOT NULL,
  `table_name` varchar(191) COLLATE utf8mb4_unicode_ci DEFAULT NULL,
  `created_at` timestamp NULL DEFAULT NULL,
  `updated_at` timestamp NULL DEFAULT NULL,
  PRIMARY KEY (`id`),
  KEY `permissions_key_index` (`key`)
) ENGINE=InnoDB AUTO_INCREMENT=103 DEFAULT CHARSET=utf8mb4 COLLATE=utf8mb4_unicode_ci;

--
-- Dumping data for table `permissions`
--

INSERT INTO `permissions` VALUES (1,'browse_admin',NULL,'2020-02-20 12:46:09','2020-02-20 12:46:09'),(2,'browse_bread',NULL,'2020-02-20 12:46:09','2020-02-20 12:46:09'),(3,'browse_database',NULL,'2020-02-20 12:46:09','2020-02-20 12:46:09'),(4,'browse_media',NULL,'2020-02-20 12:46:09','2020-02-20 12:46:09'),(5,'browse_compass',NULL,'2020-02-20 12:46:09','2020-02-20 12:46:09'),(6,'browse_menus','menus','2020-02-20 12:46:09','2020-02-20 12:46:09'),(7,'read_menus','menus','2020-02-20 12:46:09','2020-02-20 12:46:09'),(8,'edit_menus','menus','2020-02-20 12:46:09','2020-02-20 12:46:09'),(9,'add_menus','menus','2020-02-20 12:46:09','2020-02-20 12:46:09'),(10,'delete_menus','menus','2020-02-20 12:46:09','2020-02-20 12:46:09'),(11,'browse_roles','roles','2020-02-20 12:46:09','2020-02-20 12:46:09'),(12,'read_roles','roles','2020-02-20 12:46:09','2020-02-20 12:46:09'),(13,'edit_roles','roles','2020-02-20 12:46:09','2020-02-20 12:46:09'),(14,'add_roles','roles','2020-02-20 12:46:09','2020-02-20 12:46:09'),(15,'delete_roles','roles','2020-02-20 12:46:09','2020-02-20 12:46:09'),(16,'browse_users','users','2020-02-20 12:46:09','2020-02-20 12:46:09'),(17,'read_users','users','2020-02-20 12:46:09','2020-02-20 12:46:09'),(18,'edit_users','users','2020-02-20 12:46:09','2020-02-20 12:46:09'),(19,'add_users','users','2020-02-20 12:46:09','2020-02-20 12:46:09'),(20,'delete_users','users','2020-02-20 12:46:09','2020-02-20 12:46:09'),(21,'browse_settings','settings','2020-02-20 12:46:09','2020-02-20 12:46:09'),(22,'read_settings','settings','2020-02-20 12:46:09','2020-02-20 12:46:09'),(23,'edit_settings','settings','2020-02-20 12:46:09','2020-02-20 12:46:09'),(24,'add_settings','settings','2020-02-20 12:46:09','2020-02-20 12:46:09'),(25,'delete_settings','settings','2020-02-20 12:46:09','2020-02-20 12:46:09'),(26,'browse_categories','categories','2020-02-20 12:46:10','2020-02-20 12:46:10'),(27,'read_categories','categories','2020-02-20 12:46:10','2020-02-20 12:46:10'),(28,'edit_categories','categories','2020-02-20 12:46:10','2020-02-20 12:46:10'),(29,'add_categories','categories','2020-02-20 12:46:10','2020-02-20 12:46:10'),(30,'delete_categories','categories','2020-02-20 12:46:10','2020-02-20 12:46:10'),(31,'browse_posts','posts','2020-02-20 12:46:11','2020-02-20 12:46:11'),(32,'read_posts','posts','2020-02-20 12:46:11','2020-02-20 12:46:11'),(33,'edit_posts','posts','2020-02-20 12:46:11','2020-02-20 12:46:11'),(34,'add_posts','posts','2020-02-20 12:46:11','2020-02-20 12:46:11'),(35,'delete_posts','posts','2020-02-20 12:46:11','2020-02-20 12:46:11'),(36,'browse_pages','pages','2020-02-20 12:46:11','2020-02-20 12:46:11'),(37,'read_pages','pages','2020-02-20 12:46:11','2020-02-20 12:46:11'),(38,'edit_pages','pages','2020-02-20 12:46:11','2020-02-20 12:46:11'),(39,'add_pages','pages','2020-02-20 12:46:11','2020-02-20 12:46:11'),(40,'delete_pages','pages','2020-02-20 12:46:11','2020-02-20 12:46:11'),(41,'browse_hooks',NULL,'2020-02-20 12:46:11','2020-02-20 12:46:11'),(47,'browse_themes','admin','2020-02-20 20:03:25','2020-02-20 20:03:25'),(48,'browse_paises','paises','2020-02-21 17:03:51','2020-02-21 17:03:51'),(49,'read_paises','paises','2020-02-21 17:03:51','2020-02-21 17:03:51'),(50,'edit_paises','paises','2020-02-21 17:03:51','2020-02-21 17:03:51'),(51,'add_paises','paises','2020-02-21 17:03:51','2020-02-21 17:03:51'),(52,'delete_paises','paises','2020-02-21 17:03:51','2020-02-21 17:03:51'),(53,'browse_disciplinas','disciplinas','2020-02-23 14:11:23','2020-02-23 14:11:23'),(54,'read_disciplinas','disciplinas','2020-02-23 14:11:23','2020-02-23 14:11:23'),(55,'edit_disciplinas','disciplinas','2020-02-23 14:11:23','2020-02-23 14:11:23'),(56,'add_disciplinas','disciplinas','2020-02-23 14:11:23','2020-02-23 14:11:23'),(57,'delete_disciplinas','disciplinas','2020-02-23 14:11:23','2020-02-23 14:11:23'),(63,'browse_rolintegrantes','rolintegrantes','2020-02-23 14:32:12','2020-02-23 14:32:12'),(64,'read_rolintegrantes','rolintegrantes','2020-02-23 14:32:12','2020-02-23 14:32:12'),(65,'edit_rolintegrantes','rolintegrantes','2020-02-23 14:32:12','2020-02-23 14:32:12'),(66,'add_rolintegrantes','rolintegrantes','2020-02-23 14:32:12','2020-02-23 14:32:12'),(67,'delete_rolintegrantes','rolintegrantes','2020-02-23 14:32:12','2020-02-23 14:32:12'),(68,'browse_deportistas','deportistas','2020-02-27 02:19:40','2020-02-27 02:19:40'),(69,'read_deportistas','deportistas','2020-02-27 02:19:40','2020-02-27 02:19:40'),(70,'edit_deportistas','deportistas','2020-02-27 02:19:40','2020-02-27 02:19:40'),(71,'add_deportistas','deportistas','2020-02-27 02:19:40','2020-02-27 02:19:40'),(72,'delete_deportistas','deportistas','2020-02-27 02:19:40','2020-02-27 02:19:40'),(73,'browse_jueces','jueces','2020-02-27 23:15:03','2020-02-27 23:15:03'),(74,'read_jueces','jueces','2020-02-27 23:15:03','2020-02-27 23:15:03'),(75,'edit_jueces','jueces','2020-02-27 23:15:03','2020-02-27 23:15:03'),(76,'add_jueces','jueces','2020-02-27 23:15:03','2020-02-27 23:15:03'),(77,'delete_jueces','jueces','2020-02-27 23:15:03','2020-02-27 23:15:03'),(78,'browse_oficiales','oficiales','2020-02-27 23:31:23','2020-02-27 23:31:23'),(79,'read_oficiales','oficiales','2020-02-27 23:31:23','2020-02-27 23:31:23'),(80,'edit_oficiales','oficiales','2020-02-27 23:31:23','2020-02-27 23:31:23'),(81,'add_oficiales','oficiales','2020-02-27 23:31:23','2020-02-27 23:31:23'),(82,'delete_oficiales','oficiales','2020-02-27 23:31:23','2020-02-27 23:31:23'),(88,'browse_pruebas','pruebas','2020-02-28 00:28:17','2020-02-28 00:28:17'),(89,'read_pruebas','pruebas','2020-02-28 00:28:17','2020-02-28 00:28:17'),(90,'edit_pruebas','pruebas','2020-02-28 00:28:17','2020-02-28 00:28:17'),(91,'add_pruebas','pruebas','2020-02-28 00:28:17','2020-02-28 00:28:17'),(92,'delete_pruebas','pruebas','2020-02-28 00:28:17','2020-02-28 00:28:17'),(93,'browse_inscripciones','inscripciones','2020-03-01 12:58:55','2020-03-01 12:58:55'),(94,'read_inscripciones','inscripciones','2020-03-01 12:58:55','2020-03-01 12:58:55'),(95,'edit_inscripciones','inscripciones','2020-03-01 12:58:55','2020-03-01 12:58:55'),(96,'add_inscripciones','inscripciones','2020-03-01 12:58:55','2020-03-01 12:58:55'),(97,'delete_inscripciones','inscripciones','2020-03-01 12:58:55','2020-03-01 12:58:55'),(98,'browse_exports','exports','2020-03-02 23:57:57','2020-03-02 23:57:57'),(99,'read_exports','exports','2020-03-02 23:57:57','2020-03-02 23:57:57'),(100,'edit_exports','exports','2020-03-02 23:57:57','2020-03-02 23:57:57'),(101,'add_exports','exports','2020-03-02 23:57:57','2020-03-02 23:57:57'),(102,'delete_exports','exports','2020-03-02 23:57:57','2020-03-02 23:57:57');

--
-- Table structure for table `posts`
--

CREATE TABLE `posts` (
  `id` int(10) unsigned NOT NULL AUTO_INCREMENT,
  `author_id` int(11) NOT NULL,
  `category_id` int(11) DEFAULT NULL,
  `title` varchar(191) COLLATE utf8mb4_unicode_ci NOT NULL,
  `seo_title` varchar(191) COLLATE utf8mb4_unicode_ci DEFAULT NULL,
  `excerpt` text COLLATE utf8mb4_unicode_ci,
  `body` text COLLATE utf8mb4_unicode_ci NOT NULL,
  `image` varchar(191) COLLATE utf8mb4_unicode_ci DEFAULT NULL,
  `slug` varchar(191) COLLATE utf8mb4_unicode_ci NOT NULL,
  `meta_description` text COLLATE utf8mb4_unicode_ci,
  `meta_keywords` text COLLATE utf8mb4_unicode_ci,
  `status` enum('PUBLISHED','DRAFT','PENDING') COLLATE utf8mb4_unicode_ci NOT NULL DEFAULT 'DRAFT',
  `featured` tinyint(1) NOT NULL DEFAULT '0',
  `created_at` timestamp NULL DEFAULT NULL,
  `updated_at` timestamp NULL DEFAULT NULL,
  PRIMARY KEY (`id`),
  UNIQUE KEY `posts_slug_unique` (`slug`)
) ENGINE=InnoDB AUTO_INCREMENT=2 DEFAULT CHARSET=utf8mb4 COLLATE=utf8mb4_unicode_ci;

--
-- Dumping data for table `posts`
--

INSERT INTO `posts` VALUES (1,0,NULL,'Lorem Ipsum Post',NULL,'This is the excerpt for the Lorem Ipsum Post','<p>This is the body of the lorem ipsum post</p>','posts/post1.jpg','lorem-ipsum-post','This is the meta description','keyword1, keyword2, keyword3','PUBLISHED',0,'2020-02-20 12:46:11','2020-02-20 12:46:11');

--
-- Table structure for table `pruebas`
--

CREATE TABLE `pruebas` (
  `id` int(10) unsigned NOT NULL AUTO_INCREMENT,
  `created_at` timestamp NULL DEFAULT NULL,
  `updated_at` timestamp NULL DEFAULT NULL,
  `deleted_at` timestamp NULL DEFAULT NULL,
  `nombre` tinytext COLLATE utf8mb4_unicode_ci,
  `disciplina_id` tinytext COLLATE utf8mb4_unicode_ci,
  `inscripcion_id` tinytext COLLATE utf8mb4_unicode_ci,
  `jornada` tinytext COLLATE utf8mb4_unicode_ci,
  `ganador_id` int(11) DEFAULT NULL,
  PRIMARY KEY (`id`)
) ENGINE=InnoDB AUTO_INCREMENT=71 DEFAULT CHARSET=utf8mb4 COLLATE=utf8mb4_unicode_ci;

--
-- Dumping data for table `pruebas`
--

INSERT INTO `pruebas` VALUES (2,'2020-02-28 00:32:52','2020-02-28 00:32:52',NULL,'TRAMPOLÍN DE 3 METROS VARONES','3',NULL,'option1',NULL),(3,'2020-02-28 00:33:12','2020-02-28 00:33:12',NULL,'TRAMPOLÍN DE 1 METRO DAMAS','3',NULL,'option1',NULL),(4,'2020-02-28 00:33:33','2020-02-28 00:33:33',NULL,'SINCRONIZADO TRAMPOLÍN DE 3 METROS VARONES','3',NULL,'option1',NULL),(5,'2020-02-28 00:33:53','2020-02-28 00:33:53',NULL,'SINCRONIZADO PLATAFORMA MIXTO','3',NULL,'option1',NULL),(6,'2020-02-28 00:34:29','2020-02-28 00:34:29',NULL,'SINCRONIZADO PLATAFORMA VARONES','3',NULL,'option2',NULL),(7,'2020-02-28 00:34:47','2020-02-28 00:34:47',NULL,'PLATAFORMA DAMAS','3',NULL,'option2',NULL),(8,'2020-02-28 00:35:05','2020-02-28 00:35:05',NULL,'SINCRONIZADO TRAMPOLIN 3 METROS MIXTO','3',NULL,'option2',NULL),(9,'2020-02-28 00:35:44','2020-02-28 00:35:44',NULL,'TRAMPOLÍN DE 3 METROS DAMAS','3',NULL,'option3',NULL),(10,'2020-02-28 00:36:06','2020-02-28 00:36:06',NULL,'TRAMPOLÍN DE 1 METRO VARONES','3',NULL,'option3',NULL),(11,'2020-02-28 00:36:24','2020-02-28 00:36:24',NULL,'SINCRONIZADO TRAMPOLN DE 3 METROS DAMAS','3',NULL,'option3',NULL),(12,'2020-02-28 00:37:08','2020-02-28 00:37:08',NULL,'SINCRONIZADO PLATAFORMA DAMAS','3',NULL,'option4',NULL),(13,'2020-02-28 00:37:24','2020-02-28 00:37:24',NULL,'PLATAFORMA VARONES','3',NULL,'option4',NULL),(14,'2020-02-28 00:37:48','2020-02-28 00:37:48',NULL,'EQUIPO (TRAMPOLIN 3 METROS Y PLATAFORMA) MIXTO','3',NULL,'option4',NULL),(15,'2020-02-28 00:40:13','2020-02-28 00:40:13',NULL,'SOLO TECNICO','4',NULL,'option11',NULL),(16,'2020-02-28 00:40:29','2020-02-28 00:40:29',NULL,'SOLO LIBRE','4',NULL,'option11',NULL),(17,'2020-02-28 00:40:43','2020-02-28 00:40:43',NULL,'DUETO TECNICO','4',NULL,'option11',NULL),(18,'2020-02-28 00:40:57','2020-02-28 00:40:57',NULL,'DUETO LIBRE','4',NULL,'option11',NULL),(19,'2020-02-28 00:41:11','2020-02-28 00:41:11',NULL,'DUETO TECNICO MIXTO','4',NULL,'option11',NULL),(20,'2020-02-28 00:41:27','2020-02-28 00:41:27',NULL,'EQUIPO TECNICO','4',NULL,'option11',NULL),(21,'2020-02-28 00:41:42','2020-02-28 00:41:42',NULL,'EQUIPO LIBRE','4',NULL,'option11',NULL),(22,'2020-02-28 00:42:13','2020-02-28 00:42:13',NULL,'COMBINADA','4',NULL,'option11',NULL),(23,'2020-02-28 00:42:25','2020-02-28 00:42:25',NULL,'HIGHLIGHTS','4',NULL,'option11',NULL),(24,'2020-02-28 00:42:56','2020-02-28 00:42:56',NULL,'5 KM VARONES','2',NULL,'option11',NULL),(25,'2020-02-28 00:43:05','2020-02-28 00:43:05',NULL,'5 KM DAMAS','2',NULL,'option11',NULL),(26,'2020-02-28 00:43:16','2020-02-28 00:43:16',NULL,'10 KM VARONES','2',NULL,'option11',NULL),(27,'2020-02-28 00:43:36','2020-02-28 00:43:36',NULL,'10 KM DAMAS','2',NULL,'option11',NULL),(28,'2020-02-28 00:43:50','2020-02-28 00:43:50',NULL,'5 KM RELEVO MIXTO','2',NULL,'option11',NULL),(29,'2020-02-28 01:00:38','2020-02-28 01:00:38',NULL,'200 LIBRE DAMAS','1',NULL,'option1',NULL),(30,'2020-02-28 01:01:01','2020-02-28 01:01:01',NULL,'200 LIBRE VARONES','1',NULL,'option1',NULL),(31,'2020-02-28 01:01:18','2020-02-28 01:01:18',NULL,'200 COMBINADO DAMAS','1',NULL,'option1',NULL),(32,'2020-02-28 01:01:35','2020-02-28 01:01:35',NULL,'200 COMBINADO VARONES','1',NULL,'option1',NULL),(33,'2020-02-28 01:01:52','2020-02-28 01:01:52',NULL,'100 ESPALDAS DAMAS','1',NULL,'option1',NULL),(34,'2020-02-28 01:02:10','2020-02-28 01:02:10',NULL,'100 ESPALDAS VARONES','1',NULL,'option1',NULL),(35,'2020-02-28 01:02:25','2020-02-28 01:02:25',NULL,'100 PECHO DAMAS','1',NULL,'option1',NULL),(36,'2020-02-28 01:02:42','2020-02-28 01:02:42',NULL,'100 PECHO VARONES','1',NULL,'option1',NULL),(37,'2020-02-28 01:02:56','2020-02-28 01:02:56',NULL,'4X100 LIBRE DAMAS','1',NULL,'option1',NULL),(38,'2020-02-28 01:03:11','2020-02-28 01:03:11',NULL,'4X100 LIBRE VARONES','1',NULL,'option1',NULL),(39,'2020-02-28 01:03:32','2020-02-28 01:03:32',NULL,'50 PECHO DAMAS','1',NULL,'option2',NULL),(40,'2020-02-28 01:03:47','2020-02-28 01:03:47',NULL,'50 PECHO VARONES','1',NULL,'option2',NULL),(41,'2020-02-28 01:04:04','2020-02-28 01:04:04',NULL,'200 ESPALDA DAMAS','1',NULL,'option2',NULL),(42,'2020-02-28 01:04:19','2020-02-28 01:04:19',NULL,'200 ESPALDA VARONES','1',NULL,'option2',NULL),(43,'2020-02-28 01:04:52','2020-02-28 01:04:52',NULL,'400 LIBRE DAMAS','1',NULL,'option2',NULL),(44,'2020-02-28 01:05:05','2020-02-28 01:05:05',NULL,'400 LIBRE VARONES','1',NULL,'option2',NULL),(45,'2020-02-28 01:05:20','2020-02-28 01:05:20',NULL,'4X100 COMBINADO MIXTO','1',NULL,'option2',NULL),(46,'2020-02-28 01:05:39','2020-02-28 01:05:39',NULL,'50 LIBRE DAMAS','1',NULL,'option3',NULL),(47,'2020-02-28 01:05:55','2020-02-28 01:05:55',NULL,'50 LIBRE VARONES','1',NULL,'option3',NULL),(48,'2020-02-28 01:06:10','2020-02-28 01:06:10',NULL,'200 MARIPOSA DAMAS','1',NULL,'option3',NULL),(49,'2020-02-28 01:06:28','2020-02-28 01:06:28',NULL,'200 MARIPOSA VARONES','1',NULL,'option3',NULL),(50,'2020-02-28 01:06:47','2020-02-28 01:06:47',NULL,'1500 LIBRE DAMAS','1',NULL,'option3',NULL),(51,'2020-02-28 01:07:04','2020-02-28 01:07:04',NULL,'800 LIBRE VARONES','1',NULL,'option3',NULL),(52,'2020-02-28 01:07:22','2020-02-28 01:07:22',NULL,'4X100 LIBRE MIXTO','1',NULL,'option3',NULL),(53,'2020-02-28 01:07:38','2020-02-28 01:07:38',NULL,'100 LIBRE DAMAS','1',NULL,'option4',NULL),(54,'2020-02-28 01:07:54','2020-02-28 01:07:54',NULL,'100 LIBRE VARONES','1',NULL,'option4',NULL),(55,'2020-02-28 01:08:08','2020-02-28 01:08:08',NULL,'50 ESPALDA DAMAS','1',NULL,'option4',NULL),(56,'2020-02-28 01:08:21','2020-02-28 01:08:21',NULL,'50 ESPALDA VARONES','1',NULL,'option4',NULL),(57,'2020-02-28 01:08:41','2020-02-28 01:08:41',NULL,'50 MARIPOSA DAMAS','1',NULL,'option4',NULL),(58,'2020-02-28 01:08:55','2020-02-28 01:08:55',NULL,'50 MARIPOSA VARONES','1',NULL,'option4',NULL),(59,'2020-02-28 01:09:26','2020-02-28 01:09:26',NULL,'400 COMBINADO DAMAS','1',NULL,'option4',NULL),(60,'2020-02-28 01:09:44','2020-02-28 01:09:44',NULL,'400 COMBINADO VARONES','1',NULL,'option4',NULL),(61,'2020-02-28 01:10:10','2020-02-28 01:10:10',NULL,'4X200 LIBRE DAMAS','1',NULL,'option4',NULL),(62,'2020-02-28 01:10:25','2020-02-28 01:10:25',NULL,'4X200 LIBRE VARONES','1',NULL,'option4',NULL),(63,'2020-02-28 01:10:44','2020-02-28 01:10:44',NULL,'100 MARIPOSA DAMAS','1',NULL,'option5',NULL),(64,'2020-02-28 01:11:00','2020-02-28 01:11:00',NULL,'100 MARIPOSA VARONES','1',NULL,'option5',NULL),(65,'2020-02-28 01:11:18','2020-02-28 01:11:18',NULL,'200 PECHO DAMAS','1',NULL,'option5',NULL),(66,'2020-02-28 01:11:36','2020-02-28 01:11:36',NULL,'200 PECHO VARONES','1',NULL,'option5',NULL),(67,'2020-02-28 01:11:52','2020-02-28 01:11:52',NULL,'800 LIBRE DAMAS','1',NULL,'option5',NULL),(68,'2020-02-28 01:12:10','2020-02-28 01:12:10',NULL,'1500 LIBRE VARONES','1',NULL,'option5',NULL),(69,'2020-02-28 01:12:28','2020-02-28 01:12:28',NULL,'4X100 COMBINADO DAMAS','1',NULL,'option5',NULL),(70,'2020-02-28 01:12:46','2020-02-28 01:12:46',NULL,'4X100 COMBINADO VARONES','1',NULL,'option5',NULL);

--
-- Table structure for table `roles`
--

CREATE TABLE `roles` (
  `id` bigint(20) unsigned NOT NULL AUTO_INCREMENT,
  `name` varchar(191) COLLATE utf8mb4_unicode_ci NOT NULL,
  `display_name` varchar(191) COLLATE utf8mb4_unicode_ci NOT NULL,
  `created_at` timestamp NULL DEFAULT NULL,
  `updated_at` timestamp NULL DEFAULT NULL,
  PRIMARY KEY (`id`),
  UNIQUE KEY `roles_name_unique` (`name`)
) ENGINE=InnoDB AUTO_INCREMENT=3 DEFAULT CHARSET=utf8mb4 COLLATE=utf8mb4_unicode_ci;

--
-- Dumping data for table `roles`
--

INSERT INTO `roles` VALUES (1,'admin','Administrator','2020-02-20 12:46:09','2020-02-20 12:46:09'),(2,'user','Normal User','2020-02-20 12:46:09','2020-02-20 12:46:09');

--
-- Table structure for table `rolintegrantes`
--

CREATE TABLE `rolintegrantes` (
  `id` int(10) unsigned NOT NULL AUTO_INCREMENT,
  `created_at` timestamp NULL DEFAULT NULL,
  `updated_at` timestamp NULL DEFAULT NULL,
  `deleted_at` timestamp NULL DEFAULT NULL,
  `nombre` tinytext COLLATE utf8mb4_unicode_ci,
  PRIMARY KEY (`id`)
) ENGINE=InnoDB AUTO_INCREMENT=13 DEFAULT CHARSET=utf8mb4 COLLATE=utf8mb4_unicode_ci;

--
-- Dumping data for table `rolintegrantes`
--

INSERT INTO `rolintegrantes` VALUES (1,'2020-02-23 14:32:47','2020-02-23 14:32:47',NULL,'Delegado'),(2,'2020-02-23 14:33:03','2020-02-23 14:33:03',NULL,'Entrenador'),(3,'2020-02-23 14:33:15','2020-02-23 14:33:15',NULL,'Entrenador Asistente'),(4,'2020-02-23 14:33:35','2020-02-23 14:33:35',NULL,'Fisioterapeuta'),(5,'2020-02-23 14:33:52','2020-02-23 14:33:52',NULL,'Jefe de Disciplina'),(6,'2020-02-23 14:34:01','2020-02-23 14:34:01',NULL,'Jefe de Delegacion'),(7,'2020-02-23 14:34:15','2020-02-23 14:34:15',NULL,'Masajista'),(8,'2020-02-23 14:34:23','2020-02-23 14:34:23',NULL,'Medico'),(9,'2020-02-23 14:34:42','2020-02-23 14:34:42',NULL,'Presidente de Federacion'),(10,'2020-02-23 14:35:25','2020-02-23 14:35:25',NULL,'Secretario General de Federacion'),(11,'2020-02-23 14:38:20','2020-02-23 14:38:20',NULL,'Arbitro'),(12,'2020-02-23 14:38:40','2020-02-23 14:38:40',NULL,'Asistente de Arbitro');

--
-- Table structure for table `settings`
--

CREATE TABLE `settings` (
  `id` int(10) unsigned NOT NULL AUTO_INCREMENT,
  `key` varchar(191) COLLATE utf8mb4_unicode_ci NOT NULL,
  `display_name` varchar(191) COLLATE utf8mb4_unicode_ci NOT NULL,
  `value` text COLLATE utf8mb4_unicode_ci,
  `details` text COLLATE utf8mb4_unicode_ci,
  `type` varchar(191) COLLATE utf8mb4_unicode_ci NOT NULL,
  `order` int(11) NOT NULL DEFAULT '1',
  `group` varchar(191) COLLATE utf8mb4_unicode_ci DEFAULT NULL,
  PRIMARY KEY (`id`),
  UNIQUE KEY `settings_key_unique` (`key`)
) ENGINE=InnoDB AUTO_INCREMENT=10 DEFAULT CHARSET=utf8mb4 COLLATE=utf8mb4_unicode_ci;

--
-- Dumping data for table `settings`
--

INSERT INTO `settings` VALUES (1,'site.title','Site Title','Torneto Sudamericano Natacion','','text',1,'Site'),(2,'site.description','Site Description','Torneto Sudamericano Natacion','','text',2,'Site'),(3,'site.logo','Site Logo','settings/February2020/qVqcrnAY4N4YgU2nyIGp.png','','image',3,'Site'),(5,'admin.bg_image','Admin Background Image','settings/February2020/FJXhSIyPGGGNj6Kp2gTA.jpg','','image',5,'Admin'),(6,'admin.title','Admin Title','Torneo Cadda','','text',1,'Admin'),(7,'admin.description','Admin Description','Bienvenido a la pagina del torneo Sudamericano de Natacion','','text',2,'Admin'),(8,'admin.loader','Admin Loader','settings/February2020/WxrcpGSEHEkjRMUdU8M8.png','','image',3,'Admin'),(9,'admin.icon_image','Admin Icon Image','settings/February2020/EUNkuzuG8T2bBpe0O2VN.png','','image',4,'Admin');

--
-- Table structure for table `translations`
--

CREATE TABLE `translations` (
  `id` int(10) unsigned NOT NULL AUTO_INCREMENT,
  `table_name` varchar(191) COLLATE utf8mb4_unicode_ci NOT NULL,
  `column_name` varchar(191) COLLATE utf8mb4_unicode_ci NOT NULL,
  `foreign_key` int(10) unsigned NOT NULL,
  `locale` varchar(191) COLLATE utf8mb4_unicode_ci NOT NULL,
  `value` text COLLATE utf8mb4_unicode_ci NOT NULL,
  `created_at` timestamp NULL DEFAULT NULL,
  `updated_at` timestamp NULL DEFAULT NULL,
  PRIMARY KEY (`id`),
  UNIQUE KEY `translations_table_name_column_name_foreign_key_locale_unique` (`table_name`,`column_name`,`foreign_key`,`locale`)
) ENGINE=InnoDB AUTO_INCREMENT=31 DEFAULT CHARSET=utf8mb4 COLLATE=utf8mb4_unicode_ci;

--
-- Dumping data for table `translations`
--

INSERT INTO `translations` VALUES (1,'data_types','display_name_singular',5,'pt','Post','2020-02-20 12:46:11','2020-02-20 12:46:11'),(2,'data_types','display_name_singular',6,'pt','Página','2020-02-20 12:46:11','2020-02-20 12:46:11'),(3,'data_types','display_name_singular',1,'pt','Utilizador','2020-02-20 12:46:11','2020-02-20 12:46:11'),(4,'data_types','display_name_singular',4,'pt','Categoria','2020-02-20 12:46:11','2020-02-20 12:46:11'),(5,'data_types','display_name_singular',2,'pt','Menu','2020-02-20 12:46:11','2020-02-20 12:46:11'),(6,'data_types','display_name_singular',3,'pt','Função','2020-02-20 12:46:11','2020-02-20 12:46:11'),(7,'data_types','display_name_plural',5,'pt','Posts','2020-02-20 12:46:11','2020-02-20 12:46:11'),(8,'data_types','display_name_plural',6,'pt','Páginas','2020-02-20 12:46:11','2020-02-20 12:46:11'),(9,'data_types','display_name_plural',1,'pt','Utilizadores','2020-02-20 12:46:11','2020-02-20 12:46:11'),(10,'data_types','display_name_plural',4,'pt','Categorias','2020-02-20 12:46:11','2020-02-20 12:46:11'),(11,'data_types','display_name_plural',2,'pt','Menus','2020-02-20 12:46:11','2020-02-20 12:46:11'),(12,'data_types','display_name_plural',3,'pt','Funções','2020-02-20 12:46:11','2020-02-20 12:46:11'),(13,'categories','slug',1,'pt','categoria-1','2020-02-20 12:46:11','2020-02-20 12:46:11'),(14,'categories','name',1,'pt','Categoria 1','2020-02-20 12:46:11','2020-02-20 12:46:11'),(15,'categories','slug',2,'pt','categoria-2','2020-02-20 12:46:11','2020-02-20 12:46:11'),(16,'categories','name',2,'pt','Categoria 2','2020-02-20 12:46:11','2020-02-20 12:46:11'),(17,'pages','title',1,'pt','Olá Mundo','2020-02-20 12:46:11','2020-02-20 12:46:11'),(18,'pages','slug',1,'pt','ola-mundo','2020-02-20 12:46:11','2020-02-20 12:46:11'),(19,'pages','body',1,'pt','<p>Olá Mundo. Scallywag grog swab Cat o\'nine tails scuttle rigging hardtack cable nipper Yellow Jack. Handsomely spirits knave lad killick landlubber or just lubber deadlights chantey pinnace crack Jennys tea cup. Provost long clothes black spot Yellow Jack bilged on her anchor league lateen sail case shot lee tackle.</p>\r\n<p>Ballast spirits fluke topmast me quarterdeck schooner landlubber or just lubber gabion belaying pin. Pinnace stern galleon starboard warp carouser to go on account dance the hempen jig jolly boat measured fer yer chains. Man-of-war fire in the hole nipperkin handsomely doubloon barkadeer Brethren of the Coast gibbet driver squiffy.</p>','2020-02-20 12:46:11','2020-02-20 12:46:11'),(20,'menu_items','title',1,'pt','Painel de Controle','2020-02-20 12:46:11','2020-02-20 12:46:11'),(21,'menu_items','title',2,'pt','Media','2020-02-20 12:46:11','2020-02-20 12:46:11'),(22,'menu_items','title',12,'pt','Publicações','2020-02-20 12:46:11','2020-02-20 12:46:11'),(23,'menu_items','title',3,'pt','Utilizadores','2020-02-20 12:46:11','2020-02-20 12:46:11'),(24,'menu_items','title',11,'pt','Categorias','2020-02-20 12:46:11','2020-02-20 12:46:11'),(25,'menu_items','title',13,'pt','Páginas','2020-02-20 12:46:11','2020-02-20 12:46:11'),(26,'menu_items','title',4,'pt','Funções','2020-02-20 12:46:11','2020-02-20 12:46:11'),(27,'menu_items','title',5,'pt','Ferramentas','2020-02-20 12:46:11','2020-02-20 12:46:11'),(28,'menu_items','title',6,'pt','Menus','2020-02-20 12:46:11','2020-02-20 12:46:11'),(29,'menu_items','title',7,'pt','Base de dados','2020-02-20 12:46:11','2020-02-20 12:46:11'),(30,'menu_items','title',10,'pt','Configurações','2020-02-20 12:46:11','2020-02-20 12:46:11');

--
-- Table structure for table `user_roles`
--

CREATE TABLE `user_roles` (
  `user_id` int(10) unsigned NOT NULL,
  `role_id` bigint(20) unsigned NOT NULL,
  PRIMARY KEY (`user_id`,`role_id`),
  KEY `user_roles_user_id_index` (`user_id`),
  KEY `user_roles_role_id_index` (`role_id`),
  CONSTRAINT `user_roles_role_id_foreign` FOREIGN KEY (`role_id`) REFERENCES `roles` (`id`) ON DELETE CASCADE,
  CONSTRAINT `user_roles_user_id_foreign` FOREIGN KEY (`user_id`) REFERENCES `users` (`id`) ON DELETE CASCADE
) ENGINE=InnoDB DEFAULT CHARSET=utf8mb4 COLLATE=utf8mb4_unicode_ci;

--
-- Dumping data for table `user_roles`
--


--
-- Table structure for table `users`
--

CREATE TABLE `users` (
  `id` int(10) unsigned NOT NULL AUTO_INCREMENT,
  `role_id` bigint(20) unsigned DEFAULT NULL,
  `name` varchar(191) COLLATE utf8mb4_unicode_ci NOT NULL,
  `email` varchar(191) COLLATE utf8mb4_unicode_ci NOT NULL,
  `avatar` varchar(191) COLLATE utf8mb4_unicode_ci DEFAULT 'users/default.png',
  `password` varchar(191) COLLATE utf8mb4_unicode_ci NOT NULL,
  `remember_token` varchar(100) COLLATE utf8mb4_unicode_ci DEFAULT NULL,
  `settings` text COLLATE utf8mb4_unicode_ci,
  `created_at` timestamp NULL DEFAULT NULL,
  `updated_at` timestamp NULL DEFAULT NULL,
  `paises_id` int(10) unsigned DEFAULT NULL,
  PRIMARY KEY (`id`),
  UNIQUE KEY `users_email_unique` (`email`),
  KEY `users_role_id_foreign` (`role_id`),
  CONSTRAINT `users_role_id_foreign` FOREIGN KEY (`role_id`) REFERENCES `roles` (`id`)
) ENGINE=InnoDB AUTO_INCREMENT=16 DEFAULT CHARSET=utf8mb4 COLLATE=utf8mb4_unicode_ci;

--
-- Dumping data for table `users`
--

INSERT INTO `users` VALUES (1,1,'Admin','admin@cadda.org.ar','users/February2020/llcNjcvFeFjsejWjz70w.png','$2y$10$FyY7SkdJkdZsejuk3NsWXe/IMbXgu9ApJ8lre39tRDhtKa7/zS0Mu','CjXJKq4pcsBdHmWfQKQsROpC7XqRoY0gRj9drliYolNnbvPVxgID3MpLT1Jy','{\"locale\":\"es\"}','2020-02-20 12:46:10','2020-03-06 00:54:55',NULL),(3,2,'Argentina','argentina@cadda.org.ar','users/March2020/zOL3AVeTTip6esjjWcHk.png','$2y$10$RBWc8jwhi2Wz/mq1qfF46.NZ2dy8ycdj4.pW4/2DYCt7nSfUWKhdi','9BkcyFzmtgH6Akhl5xc9i9lqMDFMKcXYCxa2LjpQdj5kCl0Z4dc7oI86F7zk',NULL,'2020-02-20 21:11:17','2020-03-06 01:03:47',1),(4,2,'Bolivia','bolivia@cadda.org.ar','users/March2020/bUxy80zMpcEBdi19p6O4.png','$2y$10$egObt25hwb6jZo1dRGdiWeMcqyjLrqjRuc7gmVec3il23.YlvW2HO','mdcaTR2VP0gWfntUrNurT2TWTmOUXrlF1mKx1XVA36mhaBdtaz2YCU7XKmmA',NULL,'2020-03-04 18:36:52','2020-03-06 01:04:04',5),(5,2,'Chile','chile@cadda.org.ar','users/March2020/CfVRwms6d5dbOZS3svJ1.png','$2y$10$1il5cdBvGH1NpiCU2yUVe.zdTUygMFyNoOQABeGVhCobjEDvcsSTm',NULL,NULL,'2020-03-04 22:12:28','2020-03-06 01:04:23',7),(6,2,'Peru','peru@cadda.org.ar','users/March2020/Z1ugqmZAW4fHuVqPXbqu.png','$2y$10$v9gy8tiWsn0pNZ9T6Ort8uD/mqiQYirQp6kTwQghQcFef6XeVzeoa','R69VI5B8N1FVDvebx4NOXf6D26TkFIw5xXvy9JK4ohsavNAk8yNSwNNzoT2U',NULL,'2020-03-04 22:14:15','2020-03-06 01:04:39',4),(7,2,'Ecuador','ecuador@cadda.org.ar','users/March2020/ZmbZWggGeDSGvNRXXn2s.png','$2y$10$LA/4RwADZK3Lj/iv1sugjObyiItPe6GO0N1s7d21WrMlB.3xw5Xf6',NULL,NULL,'2020-03-04 22:14:45','2020-03-06 01:05:00',9),(8,2,'Brasil','brasil@cadda.org.ar','users/March2020/BVp2f0ptzPu4nVMmcxrT.png','$2y$10$fHSwVjJ/CIUH5oNPsVqaIedSp4UZcOkJgrSHggTAolEEUVPIUlX4K','4umL3fOjYXzrSDfcZ2CkJZbZvSwBSthytRTHpCXZV7mLk46pv4QxIfIRctRR',NULL,'2020-03-04 22:15:17','2020-03-06 01:05:16',6),(9,2,'Uruguay','uruguay@cadda.org.ar','users/March2020/CjSckvQD8p4UfCFY9H4C.png','$2y$10$LuSVyhHh.zDtT5oUq1l1eu9IiNl8czK14yLg0Pe25f0J9Nz0.pVFe',NULL,NULL,'2020-03-04 22:15:53','2020-03-06 01:05:32',13),(10,2,'Paraguay','paraguay@cadda.org.ar','users/March2020/bAEloMKzYUtpkenIF5Th.png','$2y$10$YsRAdhRLl23Ys05fkI7KxOLTagqENzPhoB6QD9E7fiXb9Q7.Y7HLe','5FbEOpp1s7Gh3zTC4fd6Vnv0M7bHroHWEcU9xhkPiGzb11pR4xw7tjTNxGpL',NULL,'2020-03-04 22:16:54','2020-03-06 01:05:50',11),(11,2,'Colombia','colombia@cadda.org.ar','users/March2020/BhADToh2IpQ3MK5AbJ6r.png','$2y$10$7PwcXvt/FyNhY/Huko9ujOZUqTkOZNabrjUnXldcugKsHehRZQ5.S',NULL,NULL,'2020-03-04 22:17:25','2020-03-06 01:06:05',8),(12,2,'Venezuela','venezuela@cadda.org.ar','users/March2020/VYSUcVDIhvpI0W41uDlA.png','$2y$10$WHqxyzKztfB.q.Obo2DU6.NIyUP45fZfSlW8vJjG92a1pDHq299DK',NULL,NULL,'2020-03-04 22:18:04','2020-03-06 01:06:17',14),(13,2,'Surinam','surinam@cadda.org.ar','users/March2020/uUePkGou1VUkYYuw4tjH.png','$2y$10$4BfY3MpEyZCqrEeqSHRCaOtgwOzg0ZT7adh8cfjJ028aMZRzs/EVW',NULL,NULL,'2020-03-05 19:10:56','2020-03-06 01:03:29',12),(14,2,'Aruba','aruba@cadda.org.ar','users/March2020/KVVPcacYJbDmXkREKKGD.png','$2y$10$2XGuGM4IXpycu9bUehxSGeNO6s/45s8Fa.Aaf4YGcT3p/QKamqExS','Tj5j51XCCFmm5K1jnxaynQ94nh9igY3VAMiZOOUkHqStdlGnBe51Ef1JN0w8',NULL,'2020-03-05 19:12:26','2020-03-06 01:03:13',15),(15,2,'Guyana','guyana@cadda.org.ar','users/March2020/NY6xXh00HivPrSU2TFps.png','$2y$10$bvm/hgQv9AYjEp5VOpxjYee5QGhpr0mcpCuAtKS1J.6XKSYqtx67q',NULL,NULL,'2020-03-05 20:39:41','2020-03-06 01:02:11',10);

--
-- Table structure for table `voyager_theme_options`
--

CREATE TABLE `voyager_theme_options` (
  `id` int(10) unsigned NOT NULL AUTO_INCREMENT,
  `voyager_theme_id` int(10) unsigned NOT NULL,
  `key` varchar(255) COLLATE utf8mb4_unicode_ci NOT NULL,
  `value` text COLLATE utf8mb4_unicode_ci,
  `created_at` timestamp NULL DEFAULT NULL,
  `updated_at` timestamp NULL DEFAULT NULL,
  PRIMARY KEY (`id`),
  KEY `voyager_theme_options_voyager_theme_id_index` (`voyager_theme_id`),
  CONSTRAINT `voyager_theme_options_voyager_theme_id_foreign` FOREIGN KEY (`voyager_theme_id`) REFERENCES `voyager_themes` (`id`) ON DELETE CASCADE
) ENGINE=InnoDB DEFAULT CHARSET=utf8mb4 COLLATE=utf8mb4_unicode_ci;

--
-- Dumping data for table `voyager_theme_options`
--


--
-- Table structure for table `voyager_themes`
--

CREATE TABLE `voyager_themes` (
  `id` int(10) unsigned NOT NULL AUTO_INCREMENT,
  `name` varchar(255) COLLATE utf8mb4_unicode_ci NOT NULL,
  `folder` varchar(191) COLLATE utf8mb4_unicode_ci NOT NULL,
  `active` tinyint(1) NOT NULL DEFAULT '0',
  `version` varchar(255) COLLATE utf8mb4_unicode_ci NOT NULL DEFAULT '',
  `created_at` timestamp NULL DEFAULT NULL,
  `updated_at` timestamp NULL DEFAULT NULL,
  PRIMARY KEY (`id`),
  UNIQUE KEY `voyager_themes_folder_unique` (`folder`)
) ENGINE=InnoDB AUTO_INCREMENT=2 DEFAULT CHARSET=utf8mb4 COLLATE=utf8mb4_unicode_ci;

--
-- Dumping data for table `voyager_themes`
--

INSERT INTO `voyager_themes` VALUES (1,'Tema para la tienda','shop-theme',0,'1.0','2020-02-20 20:48:19','2020-02-20 20:48:19');


